[INFO] fetching crate ruex-macro 0.1.3...
[INFO] testing ruex-macro-0.1.3 against 1.75.0 for beta-1.76-1
[INFO] extracting crate ruex-macro 0.1.3 into /workspace/builds/worker-7-tc1/source
[INFO] validating manifest of crates.io crate ruex-macro 0.1.3 on toolchain 1.75.0
[INFO] running `Command { std: CARGO_HOME="/workspace/cargo-home" RUSTUP_HOME="/workspace/rustup-home" "/workspace/cargo-home/bin/cargo" "+1.75.0" "metadata" "--manifest-path" "Cargo.toml" "--no-deps", kill_on_drop: false }`
[INFO] started tweaking crates.io crate ruex-macro 0.1.3
[INFO] finished tweaking crates.io crate ruex-macro 0.1.3
[INFO] tweaked toml for crates.io crate ruex-macro 0.1.3 written to /workspace/builds/worker-7-tc1/source/Cargo.toml
[INFO] running `Command { std: CARGO_HOME="/workspace/cargo-home" RUSTUP_HOME="/workspace/rustup-home" "/workspace/cargo-home/bin/cargo" "+1.75.0" "generate-lockfile" "--manifest-path" "Cargo.toml", kill_on_drop: false }`
[INFO] [stderr]     Updating crates.io index
[INFO] running `Command { std: CARGO_HOME="/workspace/cargo-home" RUSTUP_HOME="/workspace/rustup-home" "/workspace/cargo-home/bin/cargo" "+1.75.0" "fetch" "--manifest-path" "Cargo.toml", kill_on_drop: false }`
[INFO] [stderr]  Downloading crates ...
[INFO] [stderr]   Downloaded serde_tokenstream v0.1.7
[INFO] [stderr]   Downloaded rust-companion v0.1.1
[INFO] running `Command { std: "docker" "create" "-v" "/var/lib/crater-agent-workspace/builds/worker-7-tc1/target:/opt/rustwide/target:rw,Z" "-v" "/var/lib/crater-agent-workspace/builds/worker-7-tc1/source:/opt/rustwide/workdir:ro,Z" "-v" "/var/lib/crater-agent-workspace/cargo-home:/opt/rustwide/cargo-home:ro,Z" "-v" "/var/lib/crater-agent-workspace/rustup-home:/opt/rustwide/rustup-home:ro,Z" "-e" "SOURCE_DIR=/opt/rustwide/workdir" "-e" "CARGO_TARGET_DIR=/opt/rustwide/target" "-e" "CARGO_HOME=/opt/rustwide/cargo-home" "-e" "RUSTUP_HOME=/opt/rustwide/rustup-home" "-w" "/opt/rustwide/workdir" "-m" "1610612736" "--user" "0:0" "--network" "none" "ghcr.io/rust-lang/crates-build-env/linux@sha256:2788e3201cd34a07e3172128adcd8b3090168a8e3bcc40d7c032b9dda1df7d1c" "/opt/rustwide/cargo-home/bin/cargo" "+1.75.0" "metadata" "--no-deps" "--format-version=1", kill_on_drop: false }`
[INFO] [stdout] a06d589f94cb2e84d8f1b24d0bd8c4b5989d128fa9e567b399103aacf9ed1224
[INFO] running `Command { std: "docker" "start" "-a" "a06d589f94cb2e84d8f1b24d0bd8c4b5989d128fa9e567b399103aacf9ed1224", kill_on_drop: false }`
[INFO] running `Command { std: "docker" "inspect" "a06d589f94cb2e84d8f1b24d0bd8c4b5989d128fa9e567b399103aacf9ed1224", kill_on_drop: false }`
[INFO] running `Command { std: "docker" "rm" "-f" "a06d589f94cb2e84d8f1b24d0bd8c4b5989d128fa9e567b399103aacf9ed1224", kill_on_drop: false }`
[INFO] [stdout] a06d589f94cb2e84d8f1b24d0bd8c4b5989d128fa9e567b399103aacf9ed1224
[INFO] running `Command { std: "docker" "create" "-v" "/var/lib/crater-agent-workspace/builds/worker-7-tc1/target:/opt/rustwide/target:rw,Z" "-v" "/var/lib/crater-agent-workspace/builds/worker-7-tc1/source:/opt/rustwide/workdir:ro,Z" "-v" "/var/lib/crater-agent-workspace/cargo-home:/opt/rustwide/cargo-home:ro,Z" "-v" "/var/lib/crater-agent-workspace/rustup-home:/opt/rustwide/rustup-home:ro,Z" "-e" "SOURCE_DIR=/opt/rustwide/workdir" "-e" "CARGO_TARGET_DIR=/opt/rustwide/target" "-e" "CARGO_INCREMENTAL=0" "-e" "RUST_BACKTRACE=full" "-e" "RUSTFLAGS=--cap-lints=warn" "-e" "RUSTDOCFLAGS=--cap-lints=warn" "-e" "CARGO_HOME=/opt/rustwide/cargo-home" "-e" "RUSTUP_HOME=/opt/rustwide/rustup-home" "-w" "/opt/rustwide/workdir" "-m" "1610612736" "--user" "0:0" "--network" "none" "ghcr.io/rust-lang/crates-build-env/linux@sha256:2788e3201cd34a07e3172128adcd8b3090168a8e3bcc40d7c032b9dda1df7d1c" "/opt/rustwide/cargo-home/bin/cargo" "+1.75.0" "build" "--frozen" "--message-format=json", kill_on_drop: false }`
[INFO] [stdout] 363714e302c0e713b421ffa5bd22a88fc382168008e659a5e02a3768d8ddde97
[INFO] running `Command { std: "docker" "start" "-a" "363714e302c0e713b421ffa5bd22a88fc382168008e659a5e02a3768d8ddde97", kill_on_drop: false }`
[INFO] [stderr]    Compiling libc v0.2.151
[INFO] [stderr]    Compiling either v1.9.0
[INFO] [stderr]    Compiling bitflags v1.3.2
[INFO] [stderr]    Compiling pin-utils v0.1.0
[INFO] [stderr]    Compiling ryu v1.0.16
[INFO] [stderr]    Compiling once_cell v1.19.0
[INFO] [stderr]    Compiling crossbeam-utils v0.8.18
[INFO] [stderr]    Compiling serde v1.0.194
[INFO] [stderr]    Compiling memoffset v0.7.1
[INFO] [stderr]    Compiling rayon-core v1.12.0
[INFO] [stderr]    Compiling serde_json v1.0.111
[INFO] [stderr]    Compiling itoa v1.0.10
[INFO] [stderr]    Compiling syn v1.0.109
[INFO] [stderr]    Compiling proc-macro-error-attr v1.0.4
[INFO] [stderr]    Compiling crossbeam-epoch v0.9.17
[INFO] [stderr]    Compiling crossbeam-deque v0.8.4
[INFO] [stderr]    Compiling rayon v1.8.0
[INFO] [stderr]    Compiling nix v0.26.4
[INFO] [stderr]    Compiling bincode v1.3.3
[INFO] [stderr]    Compiling sysinfo v0.28.4
[INFO] [stderr]    Compiling proc-macro-error v1.0.4
[INFO] [stderr]    Compiling serde_tokenstream v0.1.7
[INFO] [stderr]    Compiling syn-serde v0.2.4
[INFO] [stderr]    Compiling rust-companion v0.1.1
[INFO] [stderr]    Compiling ruex-macro v0.1.3 (/opt/rustwide/workdir)
[INFO] [stderr]     Finished dev [unoptimized + debuginfo] target(s) in 14.43s
[INFO] running `Command { std: "docker" "inspect" "363714e302c0e713b421ffa5bd22a88fc382168008e659a5e02a3768d8ddde97", kill_on_drop: false }`
[INFO] running `Command { std: "docker" "rm" "-f" "363714e302c0e713b421ffa5bd22a88fc382168008e659a5e02a3768d8ddde97", kill_on_drop: false }`
[INFO] [stdout] 363714e302c0e713b421ffa5bd22a88fc382168008e659a5e02a3768d8ddde97
[INFO] running `Command { std: "docker" "create" "-v" "/var/lib/crater-agent-workspace/builds/worker-7-tc1/target:/opt/rustwide/target:rw,Z" "-v" "/var/lib/crater-agent-workspace/builds/worker-7-tc1/source:/opt/rustwide/workdir:ro,Z" "-v" "/var/lib/crater-agent-workspace/cargo-home:/opt/rustwide/cargo-home:ro,Z" "-v" "/var/lib/crater-agent-workspace/rustup-home:/opt/rustwide/rustup-home:ro,Z" "-e" "SOURCE_DIR=/opt/rustwide/workdir" "-e" "CARGO_TARGET_DIR=/opt/rustwide/target" "-e" "CARGO_INCREMENTAL=0" "-e" "RUST_BACKTRACE=full" "-e" "RUSTFLAGS=--cap-lints=warn" "-e" "RUSTDOCFLAGS=--cap-lints=warn" "-e" "CARGO_HOME=/opt/rustwide/cargo-home" "-e" "RUSTUP_HOME=/opt/rustwide/rustup-home" "-w" "/opt/rustwide/workdir" "-m" "1610612736" "--user" "0:0" "--network" "none" "ghcr.io/rust-lang/crates-build-env/linux@sha256:2788e3201cd34a07e3172128adcd8b3090168a8e3bcc40d7c032b9dda1df7d1c" "/opt/rustwide/cargo-home/bin/cargo" "+1.75.0" "test" "--frozen" "--no-run" "--message-format=json", kill_on_drop: false }`
[INFO] [stdout] 4f9b696e2ab5f172762174d91dcfe725b8a47241387f7cc0c39119601cd4b4c2
[INFO] running `Command { std: "docker" "start" "-a" "4f9b696e2ab5f172762174d91dcfe725b8a47241387f7cc0c39119601cd4b4c2", kill_on_drop: false }`
[INFO] [stderr]    Compiling ruex-macro v0.1.3 (/opt/rustwide/workdir)
[INFO] [stderr]     Finished test [unoptimized + debuginfo] target(s) in 4.93s
[INFO] running `Command { std: "docker" "inspect" "4f9b696e2ab5f172762174d91dcfe725b8a47241387f7cc0c39119601cd4b4c2", kill_on_drop: false }`
[INFO] running `Command { std: "docker" "rm" "-f" "4f9b696e2ab5f172762174d91dcfe725b8a47241387f7cc0c39119601cd4b4c2", kill_on_drop: false }`
[INFO] [stdout] 4f9b696e2ab5f172762174d91dcfe725b8a47241387f7cc0c39119601cd4b4c2
[INFO] running `Command { std: "docker" "create" "-v" "/var/lib/crater-agent-workspace/builds/worker-7-tc1/target:/opt/rustwide/target:rw,Z" "-v" "/var/lib/crater-agent-workspace/builds/worker-7-tc1/source:/opt/rustwide/workdir:ro,Z" "-v" "/var/lib/crater-agent-workspace/cargo-home:/opt/rustwide/cargo-home:ro,Z" "-v" "/var/lib/crater-agent-workspace/rustup-home:/opt/rustwide/rustup-home:ro,Z" "-e" "SOURCE_DIR=/opt/rustwide/workdir" "-e" "CARGO_TARGET_DIR=/opt/rustwide/target" "-e" "CARGO_INCREMENTAL=0" "-e" "RUST_BACKTRACE=full" "-e" "RUSTFLAGS=--cap-lints=warn" "-e" "RUSTDOCFLAGS=--cap-lints=warn" "-e" "CARGO_HOME=/opt/rustwide/cargo-home" "-e" "RUSTUP_HOME=/opt/rustwide/rustup-home" "-w" "/opt/rustwide/workdir" "-m" "1610612736" "--user" "0:0" "--network" "none" "ghcr.io/rust-lang/crates-build-env/linux@sha256:2788e3201cd34a07e3172128adcd8b3090168a8e3bcc40d7c032b9dda1df7d1c" "/opt/rustwide/cargo-home/bin/cargo" "+1.75.0" "test" "--frozen", kill_on_drop: false }`
[INFO] [stdout] e49f9697574b1d83affae00d5810f9ac14c5dde0a700cbb64d14ddc152060677
[INFO] running `Command { std: "docker" "start" "-a" "e49f9697574b1d83affae00d5810f9ac14c5dde0a700cbb64d14ddc152060677", kill_on_drop: false }`
[INFO] [stderr]     Finished test [unoptimized + debuginfo] target(s) in 0.02s
[INFO] [stderr]      Running unittests src/lib.rs (/opt/rustwide/target/debug/deps/ruex_macro-7a22dc712de3f2d4)
[INFO] [stdout] 
[INFO] [stdout] running 0 tests
[INFO] [stdout] 
[INFO] [stdout] test result: ok. 0 passed; 0 failed; 0 ignored; 0 measured; 0 filtered out; finished in 0.00s
[INFO] [stdout] 
[INFO] [stderr]    Doc-tests ruex-macro
[INFO] [stdout] 
[INFO] [stdout] running 10 tests
[INFO] [stdout] test src/lib.rs - main (line 31) ... FAILED
[INFO] [stdout] test src/lib.rs - delegate (line 260) ... FAILED
[INFO] [stdout] test src/lib.rs - delegate (line 164) ... FAILED
[INFO] [stdout] test src/lib.rs - delegate (line 182) ... FAILED
[INFO] [stdout] test src/lib.rs - delegate (line 206) ... FAILED
[INFO] [stdout] test src/lib.rs - decorate (line 97) ... FAILED
[INFO] [stdout] test src/lib.rs - main (line 47) - compile ... FAILED
[INFO] [stdout] test src/lib.rs - delegate (line 237) ... FAILED
[INFO] [stdout] test src/lib.rs - decorate (line 122) ... FAILED
[INFO] [stdout] test src/lib.rs - mock (line 283) ... FAILED
[INFO] [stdout] 
[INFO] [stdout] failures:
[INFO] [stdout] 
[INFO] [stdout] ---- src/lib.rs - main (line 31) stdout ----
[INFO] [stdout] error[E0433]: failed to resolve: use of undeclared crate or module `ruex`
[INFO] [stdout]  --> src/lib.rs:32:3
[INFO] [stdout]   |
[INFO] [stdout] 3 | #[ruex::main {
[INFO] [stdout]   |   ^^^^ use of undeclared crate or module `ruex`
[INFO] [stdout] 
[INFO] [stdout] error: aborting due to previous error
[INFO] [stdout] 
[INFO] [stdout] For more information about this error, try `rustc --explain E0433`.
[INFO] [stdout] Couldn't compile the test.
[INFO] [stdout] ---- src/lib.rs - delegate (line 260) stdout ----
[INFO] [stdout] error: associated function in `impl` without body
[INFO] [stdout]  --> src/lib.rs:266:5
[INFO] [stdout]   |
[INFO] [stdout] 9 |     fn len(&self) -> usize;
[INFO] [stdout]   |     ^^^^^^^^^^^^^^^^^^^^^^-
[INFO] [stdout]   |                           |
[INFO] [stdout]   |                           help: provide a definition for the function: `{ <body> }`
[INFO] [stdout] 
[INFO] [stdout] error[E0432]: unresolved import `delegate_attr`
[INFO] [stdout]  --> src/lib.rs:261:5
[INFO] [stdout]   |
[INFO] [stdout] 4 | use delegate_attr::delegate;
[INFO] [stdout]   |     ^^^^^^^^^^^^^ use of undeclared crate or module `delegate_attr`
[INFO] [stdout] 
[INFO] [stdout] error: cannot determine resolution for the attribute macro `delegate`
[INFO] [stdout]  --> src/lib.rs:265:7
[INFO] [stdout]   |
[INFO] [stdout] 8 |     #[delegate(self.0)]
[INFO] [stdout]   |       ^^^^^^^^
[INFO] [stdout]   |
[INFO] [stdout]   = note: import resolution is stuck, try simplifying macro imports
[INFO] [stdout] 
[INFO] [stdout] error: aborting due to 3 previous errors
[INFO] [stdout] 
[INFO] [stdout] For more information about this error, try `rustc --explain E0432`.
[INFO] [stdout] Couldn't compile the test.
[INFO] [stdout] ---- src/lib.rs - delegate (line 164) stdout ----
[INFO] [stdout] error: associated function in `impl` without body
[INFO] [stdout]   --> src/lib.rs:171:5
[INFO] [stdout]    |
[INFO] [stdout] 10 |     fn as_str(&self) -> &str;
[INFO] [stdout]    |     ^^^^^^^^^^^^^^^^^^^^^^^^-
[INFO] [stdout]    |                             |
[INFO] [stdout]    |                             help: provide a definition for the function: `{ <body> }`
[INFO] [stdout] 
[INFO] [stdout] error: associated function in `impl` without body
[INFO] [stdout]   --> src/lib.rs:172:5
[INFO] [stdout]    |
[INFO] [stdout] 11 |     fn into_bytes(self) -> Vec<u8>;
[INFO] [stdout]    |     ^^^^^^^^^^^^^^^^^^^^^^^^^^^^^^-
[INFO] [stdout]    |                                   |
[INFO] [stdout]    |                                   help: provide a definition for the function: `{ <body> }`
[INFO] [stdout] 
[INFO] [stdout] error[E0432]: unresolved import `delegate_attr`
[INFO] [stdout]  --> src/lib.rs:165:5
[INFO] [stdout]   |
[INFO] [stdout] 4 | use delegate_attr::delegate;
[INFO] [stdout]   |     ^^^^^^^^^^^^^ use of undeclared crate or module `delegate_attr`
[INFO] [stdout] 
[INFO] [stdout] error: cannot determine resolution for the attribute macro `delegate`
[INFO] [stdout]  --> src/lib.rs:169:3
[INFO] [stdout]   |
[INFO] [stdout] 8 | #[delegate(self.0)]
[INFO] [stdout]   |   ^^^^^^^^
[INFO] [stdout]   |
[INFO] [stdout]   = note: import resolution is stuck, try simplifying macro imports
[INFO] [stdout] 
[INFO] [stdout] error: aborting due to 4 previous errors
[INFO] [stdout] 
[INFO] [stdout] For more information about this error, try `rustc --explain E0432`.
[INFO] [stdout] Couldn't compile the test.
[INFO] [stdout] ---- src/lib.rs - delegate (line 182) stdout ----
[INFO] [stdout] error: associated function in `impl` without body
[INFO] [stdout]   --> src/lib.rs:190:5
[INFO] [stdout]    |
[INFO] [stdout] 11 |     fn next(&mut self) -> Option<u8>;
[INFO] [stdout]    |     ^^^^^^^^^^^^^^^^^^^^^^^^^^^^^^^^-
[INFO] [stdout]    |                                     |
[INFO] [stdout]    |                                     help: provide a definition for the function: `{ <body> }`
[INFO] [stdout] 
[INFO] [stdout] error: associated function in `impl` without body
[INFO] [stdout]   --> src/lib.rs:191:5
[INFO] [stdout]    |
[INFO] [stdout] 12 |     fn count(self) -> usize;
[INFO] [stdout]    |     ^^^^^^^^^^^^^^^^^^^^^^^-
[INFO] [stdout]    |                            |
[INFO] [stdout]    |                            help: provide a definition for the function: `{ <body> }`
[INFO] [stdout] 
[INFO] [stdout] error: associated function in `impl` without body
[INFO] [stdout]   --> src/lib.rs:192:5
[INFO] [stdout]    |
[INFO] [stdout] 13 |     fn size_hint(&self) -> (usize, Option<usize>);
[INFO] [stdout]    |     ^^^^^^^^^^^^^^^^^^^^^^^^^^^^^^^^^^^^^^^^^^^^^-
[INFO] [stdout]    |                                                  |
[INFO] [stdout]    |                                                  help: provide a definition for the function: `{ <body> }`
[INFO] [stdout] 
[INFO] [stdout] error: associated function in `impl` without body
[INFO] [stdout]   --> src/lib.rs:193:5
[INFO] [stdout]    |
[INFO] [stdout] 14 |     fn last(self) -> Option<u8>;
[INFO] [stdout]    |     ^^^^^^^^^^^^^^^^^^^^^^^^^^^-
[INFO] [stdout]    |                                |
[INFO] [stdout]    |                                help: provide a definition for the function: `{ <body> }`
[INFO] [stdout] 
[INFO] [stdout] error[E0432]: unresolved import `delegate_attr`
[INFO] [stdout]  --> src/lib.rs:183:5
[INFO] [stdout]   |
[INFO] [stdout] 4 | use delegate_attr::delegate;
[INFO] [stdout]   |     ^^^^^^^^^^^^^ use of undeclared crate or module `delegate_attr`
[INFO] [stdout] 
[INFO] [stdout] error: cannot determine resolution for the attribute macro `delegate`
[INFO] [stdout]  --> src/lib.rs:187:3
[INFO] [stdout]   |
[INFO] [stdout] 8 | #[delegate(self.0)]
[INFO] [stdout]   |   ^^^^^^^^
[INFO] [stdout]   |
[INFO] [stdout]   = note: import resolution is stuck, try simplifying macro imports
[INFO] [stdout] 
[INFO] [stdout] error: aborting due to 6 previous errors
[INFO] [stdout] 
[INFO] [stdout] For more information about this error, try `rustc --explain E0432`.
[INFO] [stdout] Couldn't compile the test.
[INFO] [stdout] ---- src/lib.rs - delegate (line 206) stdout ----
[INFO] [stdout] error: associated function in `impl` without body
[INFO] [stdout]   --> src/lib.rs:215:5
[INFO] [stdout]    |
[INFO] [stdout] 12 |     fn len(&self) -> usize;
[INFO] [stdout]    |     ^^^^^^^^^^^^^^^^^^^^^^-
[INFO] [stdout]    |                           |
[INFO] [stdout]    |                           help: provide a definition for the function: `{ <body> }`
[INFO] [stdout] 
[INFO] [stdout] error: associated function in `impl` without body
[INFO] [stdout]   --> src/lib.rs:220:5
[INFO] [stdout]    |
[INFO] [stdout] 17 |     fn push(&self, value: T);
[INFO] [stdout]    |     ^^^^^^^^^^^^^^^^^^^^^^^^-
[INFO] [stdout]    |                             |
[INFO] [stdout]    |                             help: provide a definition for the function: `{ <body> }`
[INFO] [stdout] 
[INFO] [stdout] error: associated function in `impl` without body
[INFO] [stdout]   --> src/lib.rs:225:5
[INFO] [stdout]    |
[INFO] [stdout] 22 |     fn into_boxed_slice(self) -> Box<[T]>;
[INFO] [stdout]    |     ^^^^^^^^^^^^^^^^^^^^^^^^^^^^^^^^^^^^^-
[INFO] [stdout]    |                                          |
[INFO] [stdout]    |                                          help: provide a definition for the function: `{ <body> }`
[INFO] [stdout] 
[INFO] [stdout] error[E0432]: unresolved import `delegate_attr`
[INFO] [stdout]  --> src/lib.rs:207:5
[INFO] [stdout]   |
[INFO] [stdout] 4 | use delegate_attr::delegate;
[INFO] [stdout]   |     ^^^^^^^^^^^^^ use of undeclared crate or module `delegate_attr`
[INFO] [stdout] 
[INFO] [stdout] error: cannot determine resolution for the attribute macro `delegate`
[INFO] [stdout]   --> src/lib.rs:213:3
[INFO] [stdout]    |
[INFO] [stdout] 10 | #[delegate(self.inner.borrow())]
[INFO] [stdout]    |   ^^^^^^^^
[INFO] [stdout]    |
[INFO] [stdout]    = note: import resolution is stuck, try simplifying macro imports
[INFO] [stdout] 
[INFO] [stdout] error: cannot determine resolution for the attribute macro `delegate`
[INFO] [stdout]   --> src/lib.rs:218:3
[INFO] [stdout]    |
[INFO] [stdout] 15 | #[delegate(self.inner.borrow_mut())]
[INFO] [stdout]    |   ^^^^^^^^
[INFO] [stdout]    |
[INFO] [stdout]    = note: import resolution is stuck, try simplifying macro imports
[INFO] [stdout] 
[INFO] [stdout] error: cannot determine resolution for the attribute macro `delegate`
[INFO] [stdout]   --> src/lib.rs:223:3
[INFO] [stdout]    |
[INFO] [stdout] 20 | #[delegate(self.inner.into_inner())]
[INFO] [stdout]    |   ^^^^^^^^
[INFO] [stdout]    |
[INFO] [stdout]    = note: import resolution is stuck, try simplifying macro imports
[INFO] [stdout] 
[INFO] [stdout] error: aborting due to 7 previous errors
[INFO] [stdout] 
[INFO] [stdout] For more information about this error, try `rustc --explain E0432`.
[INFO] [stdout] Couldn't compile the test.
[INFO] [stdout] ---- src/lib.rs - decorate (line 97) stdout ----
[INFO] [stdout] error[E0433]: failed to resolve: use of undeclared crate or module `ruex`
[INFO] [stdout]  --> src/lib.rs:98:5
[INFO] [stdout]   |
[INFO] [stdout] 4 | use ruex::prelude::*;
[INFO] [stdout]   |     ^^^^ use of undeclared crate or module `ruex`
[INFO] [stdout] 
[INFO] [stdout] error: cannot find attribute `decorate` in this scope
[INFO] [stdout]   --> src/lib.rs:112:3
[INFO] [stdout]    |
[INFO] [stdout] 18 | #[decorate(logging)]
[INFO] [stdout]    |   ^^^^^^^^
[INFO] [stdout]    |
[INFO] [stdout] help: consider importing this attribute macro
[INFO] [stdout]    |
[INFO] [stdout] 3  + use ruex_macro::decorate;
[INFO] [stdout]    |
[INFO] [stdout] 
[INFO] [stdout] error: aborting due to 2 previous errors
[INFO] [stdout] 
[INFO] [stdout] For more information about this error, try `rustc --explain E0433`.
[INFO] [stdout] Couldn't compile the test.
[INFO] [stdout] ---- src/lib.rs - main (line 47) stdout ----
[INFO] [stdout] error: cannot find attribute `default` in this scope
[INFO] [stdout]   --> src/lib.rs:59:7
[INFO] [stdout]    |
[INFO] [stdout] 15 |     #[default]
[INFO] [stdout]    |       ^^^^^^^
[INFO] [stdout]    |
[INFO] [stdout] help: consider adding a derive
[INFO] [stdout]    |
[INFO] [stdout] 14 + #[derive(Default)]
[INFO] [stdout] 15 | enum LogOutput {
[INFO] [stdout]    |
[INFO] [stdout] 
[INFO] [stdout] error: cannot find attribute `default` in this scope
[INFO] [stdout]   --> src/lib.rs:68:7
[INFO] [stdout]    |
[INFO] [stdout] 24 |     #[default]
[INFO] [stdout]    |       ^^^^^^^
[INFO] [stdout]    |
[INFO] [stdout] help: consider adding a derive
[INFO] [stdout]    |
[INFO] [stdout] 21 + #[derive(Default)]
[INFO] [stdout] 22 | enum LogLevel {
[INFO] [stdout]    |
[INFO] [stdout] 
[INFO] [stdout] error: cannot find attribute `default` in this scope
[INFO] [stdout]   --> src/lib.rs:80:7
[INFO] [stdout]    |
[INFO] [stdout] 36 |     #[default]
[INFO] [stdout]    |       ^^^^^^^
[INFO] [stdout]    |
[INFO] [stdout] help: consider adding a derive
[INFO] [stdout]    |
[INFO] [stdout] 34 + #[derive(Default)]
[INFO] [stdout] 35 | enum BactraceLevel {
[INFO] [stdout]    |
[INFO] [stdout] 
[INFO] [stdout] error: aborting due to 3 previous errors
[INFO] [stdout] 
[INFO] [stdout] Couldn't compile the test.
[INFO] [stdout] ---- src/lib.rs - delegate (line 237) stdout ----
[INFO] [stdout] error: associated function in `impl` without body
[INFO] [stdout]   --> src/lib.rs:250:5
[INFO] [stdout]    |
[INFO] [stdout] 16 |     pub fn method(&self, num: u32) -> u64;
[INFO] [stdout]    |     ^^^^^^^^^^^^^^^^^^^^^^^^^^^^^^^^^^^^^-
[INFO] [stdout]    |                                          |
[INFO] [stdout]    |                                          help: provide a definition for the function: `{ <body> }`
[INFO] [stdout] 
[INFO] [stdout] error: associated function in `impl` without body
[INFO] [stdout]   --> src/lib.rs:254:5
[INFO] [stdout]    |
[INFO] [stdout] 20 |     pub fn method_noreturn(&self, num: u32);
[INFO] [stdout]    |     ^^^^^^^^^^^^^^^^^^^^^^^^^^^^^^^^^^^^^^^-
[INFO] [stdout]    |                                            |
[INFO] [stdout]    |                                            help: provide a definition for the function: `{ <body> }`
[INFO] [stdout] 
[INFO] [stdout] error[E0432]: unresolved import `delegate_attr`
[INFO] [stdout]  --> src/lib.rs:238:5
[INFO] [stdout]   |
[INFO] [stdout] 4 | use delegate_attr::delegate;
[INFO] [stdout]   |     ^^^^^^^^^^^^^ use of undeclared crate or module `delegate_attr`
[INFO] [stdout] 
[INFO] [stdout] error: cannot determine resolution for the attribute macro `delegate`
[INFO] [stdout]   --> src/lib.rs:246:3
[INFO] [stdout]    |
[INFO] [stdout] 12 | #[delegate(self.inner)]
[INFO] [stdout]    |   ^^^^^^^^
[INFO] [stdout]    |
[INFO] [stdout]    = note: import resolution is stuck, try simplifying macro imports
[INFO] [stdout] 
[INFO] [stdout] error: cannot find attribute `into` in this scope
[INFO] [stdout]   --> src/lib.rs:249:7
[INFO] [stdout]    |
[INFO] [stdout] 15 |     #[into]
[INFO] [stdout]    |       ^^^^
[INFO] [stdout] 
[INFO] [stdout] error: cannot find attribute `call` in this scope
[INFO] [stdout]   --> src/lib.rs:253:7
[INFO] [stdout]    |
[INFO] [stdout] 19 |     #[call(method)]
[INFO] [stdout]    |       ^^^^
[INFO] [stdout] 
[INFO] [stdout] error: aborting due to 6 previous errors
[INFO] [stdout] 
[INFO] [stdout] For more information about this error, try `rustc --explain E0432`.
[INFO] [stdout] Couldn't compile the test.
[INFO] [stdout] ---- src/lib.rs - decorate (line 122) stdout ----
[INFO] [stdout] error[E0433]: failed to resolve: use of undeclared crate or module `ruex`
[INFO] [stdout]  --> src/lib.rs:123:5
[INFO] [stdout]   |
[INFO] [stdout] 4 | use ruex::prelude::*;
[INFO] [stdout]   |     ^^^^ use of undeclared crate or module `ruex`
[INFO] [stdout] 
[INFO] [stdout] error: cannot find attribute `decorate` in this scope
[INFO] [stdout]   --> src/lib.rs:143:3
[INFO] [stdout]    |
[INFO] [stdout] 24 | #[decorate(logging("test.log"))]
[INFO] [stdout]    |   ^^^^^^^^
[INFO] [stdout]    |
[INFO] [stdout] help: consider importing this attribute macro
[INFO] [stdout]    |
[INFO] [stdout] 3  + use ruex_macro::decorate;
[INFO] [stdout]    |
[INFO] [stdout] 
[INFO] [stdout] error: aborting due to 2 previous errors
[INFO] [stdout] 
[INFO] [stdout] For more information about this error, try `rustc --explain E0433`.
[INFO] [stdout] Couldn't compile the test.
[INFO] [stdout] ---- src/lib.rs - mock (line 283) stdout ----
[INFO] [stdout] error[E0433]: failed to resolve: use of undeclared crate or module `ruex`
[INFO] [stdout]  --> src/lib.rs:285:5
[INFO] [stdout]   |
[INFO] [stdout] 4 | use ruex::prelude::*;
[INFO] [stdout]   |     ^^^^ use of undeclared crate or module `ruex`
[INFO] [stdout] 
[INFO] [stdout] error: cannot find attribute `mock` in this scope
[INFO] [stdout]  --> src/lib.rs:288:3
[INFO] [stdout]   |
[INFO] [stdout] 7 | #[mock]
[INFO] [stdout]   |   ^^^^
[INFO] [stdout]   |
[INFO] [stdout] help: consider importing this attribute macro
[INFO] [stdout]   |
[INFO] [stdout] 4 + use ruex_macro::mock;
[INFO] [stdout]   |
[INFO] [stdout] 
[INFO] [stdout] error[E0599]: no function or associated item named `mock` found for struct `Foo` in the current scope
[INFO] [stdout]   --> src/lib.rs:313:22
[INFO] [stdout]    |
[INFO] [stdout] 19 | struct Foo;
[INFO] [stdout]    | ---------- function or associated item `mock` not found for this struct
[INFO] [stdout] ...
[INFO] [stdout] 32 |     let nurse = Foo::mock().heal(|value, direction| 123).build();
[INFO] [stdout]    |                      ^^^^ function or associated item not found in `Foo`
[INFO] [stdout] 
[INFO] [stdout] error: aborting due to 3 previous errors
[INFO] [stdout] 
[INFO] [stdout] Some errors have detailed explanations: E0433, E0599.
[INFO] [stdout] For more information about an error, try `rustc --explain E0433`.
[INFO] [stdout] Couldn't compile the test.
[INFO] [stdout] 
[INFO] [stdout] failures:
[INFO] [stdout]     src/lib.rs - decorate (line 122)
[INFO] [stdout]     src/lib.rs - decorate (line 97)
[INFO] [stdout]     src/lib.rs - delegate (line 164)
[INFO] [stdout]     src/lib.rs - delegate (line 182)
[INFO] [stdout]     src/lib.rs - delegate (line 206)
[INFO] [stdout]     src/lib.rs - delegate (line 237)
[INFO] [stdout]     src/lib.rs - delegate (line 260)
[INFO] [stdout]     src/lib.rs - main (line 31)
[INFO] [stdout]     src/lib.rs - main (line 47)
[INFO] [stdout]     src/lib.rs - mock (line 283)
[INFO] [stdout] 
[INFO] [stdout] test result: FAILED. 0 passed; 10 failed; 0 ignored; 0 measured; 0 filtered out; finished in 0.12s
[INFO] [stdout] 
[INFO] [stderr] error: doctest failed, to rerun pass `--doc`
[INFO] running `Command { std: "docker" "inspect" "e49f9697574b1d83affae00d5810f9ac14c5dde0a700cbb64d14ddc152060677", kill_on_drop: false }`
[INFO] running `Command { std: "docker" "rm" "-f" "e49f9697574b1d83affae00d5810f9ac14c5dde0a700cbb64d14ddc152060677", kill_on_drop: false }`
[INFO] [stdout] e49f9697574b1d83affae00d5810f9ac14c5dde0a700cbb64d14ddc152060677
[INFO] testing ruex-macro-0.1.3 against beta-2023-12-22 for beta-1.76-1
[INFO] extracting crate ruex-macro 0.1.3 into /workspace/builds/worker-7-tc2/source
[INFO] validating manifest of crates.io crate ruex-macro 0.1.3 on toolchain beta-2023-12-22
[INFO] running `Command { std: CARGO_HOME="/workspace/cargo-home" RUSTUP_HOME="/workspace/rustup-home" "/workspace/cargo-home/bin/cargo" "+beta-2023-12-22" "metadata" "--manifest-path" "Cargo.toml" "--no-deps", kill_on_drop: false }`
[INFO] started tweaking crates.io crate ruex-macro 0.1.3
[INFO] finished tweaking crates.io crate ruex-macro 0.1.3
[INFO] tweaked toml for crates.io crate ruex-macro 0.1.3 written to /workspace/builds/worker-7-tc2/source/Cargo.toml
[INFO] running `Command { std: CARGO_HOME="/workspace/cargo-home" RUSTUP_HOME="/workspace/rustup-home" "/workspace/cargo-home/bin/cargo" "+beta-2023-12-22" "generate-lockfile" "--manifest-path" "Cargo.toml", kill_on_drop: false }`
[INFO] [stderr]     Updating crates.io index
[INFO] running `Command { std: CARGO_HOME="/workspace/cargo-home" RUSTUP_HOME="/workspace/rustup-home" "/workspace/cargo-home/bin/cargo" "+beta-2023-12-22" "fetch" "--manifest-path" "Cargo.toml", kill_on_drop: false }`
[INFO] running `Command { std: "docker" "create" "-v" "/var/lib/crater-agent-workspace/builds/worker-7-tc2/target:/opt/rustwide/target:rw,Z" "-v" "/var/lib/crater-agent-workspace/builds/worker-7-tc2/source:/opt/rustwide/workdir:ro,Z" "-v" "/var/lib/crater-agent-workspace/cargo-home:/opt/rustwide/cargo-home:ro,Z" "-v" "/var/lib/crater-agent-workspace/rustup-home:/opt/rustwide/rustup-home:ro,Z" "-e" "SOURCE_DIR=/opt/rustwide/workdir" "-e" "CARGO_TARGET_DIR=/opt/rustwide/target" "-e" "CARGO_HOME=/opt/rustwide/cargo-home" "-e" "RUSTUP_HOME=/opt/rustwide/rustup-home" "-w" "/opt/rustwide/workdir" "-m" "1610612736" "--user" "0:0" "--network" "none" "ghcr.io/rust-lang/crates-build-env/linux@sha256:2788e3201cd34a07e3172128adcd8b3090168a8e3bcc40d7c032b9dda1df7d1c" "/opt/rustwide/cargo-home/bin/cargo" "+beta-2023-12-22" "metadata" "--no-deps" "--format-version=1", kill_on_drop: false }`
[INFO] [stdout] 01b19b3ecb77b591de5105d30e2f7f995456639f619d45f1a91ed25bdd4b8278
[INFO] running `Command { std: "docker" "start" "-a" "01b19b3ecb77b591de5105d30e2f7f995456639f619d45f1a91ed25bdd4b8278", kill_on_drop: false }`
[INFO] running `Command { std: "docker" "inspect" "01b19b3ecb77b591de5105d30e2f7f995456639f619d45f1a91ed25bdd4b8278", kill_on_drop: false }`
[INFO] running `Command { std: "docker" "rm" "-f" "01b19b3ecb77b591de5105d30e2f7f995456639f619d45f1a91ed25bdd4b8278", kill_on_drop: false }`
[INFO] [stdout] 01b19b3ecb77b591de5105d30e2f7f995456639f619d45f1a91ed25bdd4b8278
[INFO] running `Command { std: "docker" "create" "-v" "/var/lib/crater-agent-workspace/builds/worker-7-tc2/target:/opt/rustwide/target:rw,Z" "-v" "/var/lib/crater-agent-workspace/builds/worker-7-tc2/source:/opt/rustwide/workdir:ro,Z" "-v" "/var/lib/crater-agent-workspace/cargo-home:/opt/rustwide/cargo-home:ro,Z" "-v" "/var/lib/crater-agent-workspace/rustup-home:/opt/rustwide/rustup-home:ro,Z" "-e" "SOURCE_DIR=/opt/rustwide/workdir" "-e" "CARGO_TARGET_DIR=/opt/rustwide/target" "-e" "CARGO_INCREMENTAL=0" "-e" "RUST_BACKTRACE=full" "-e" "RUSTFLAGS=--cap-lints=warn" "-e" "RUSTDOCFLAGS=--cap-lints=warn" "-e" "CARGO_HOME=/opt/rustwide/cargo-home" "-e" "RUSTUP_HOME=/opt/rustwide/rustup-home" "-w" "/opt/rustwide/workdir" "-m" "1610612736" "--user" "0:0" "--network" "none" "ghcr.io/rust-lang/crates-build-env/linux@sha256:2788e3201cd34a07e3172128adcd8b3090168a8e3bcc40d7c032b9dda1df7d1c" "/opt/rustwide/cargo-home/bin/cargo" "+beta-2023-12-22" "build" "--frozen" "--message-format=json", kill_on_drop: false }`
[INFO] [stdout] 446fd7d255cba13410bd43c79af2596e145759c95e410461beadb7880908498c
[INFO] running `Command { std: "docker" "start" "-a" "446fd7d255cba13410bd43c79af2596e145759c95e410461beadb7880908498c", kill_on_drop: false }`
[INFO] [stderr]    Compiling libc v0.2.151
[INFO] [stderr]    Compiling either v1.9.0
[INFO] [stderr]    Compiling ryu v1.0.16
[INFO] [stderr]    Compiling pin-utils v0.1.0
[INFO] [stderr]    Compiling bitflags v1.3.2
[INFO] [stderr]    Compiling itoa v1.0.10
[INFO] [stderr]    Compiling crossbeam-utils v0.8.18
[INFO] [stderr]    Compiling serde v1.0.194
[INFO] [stderr]    Compiling rayon-core v1.12.0
[INFO] [stderr]    Compiling memoffset v0.7.1
[INFO] [stderr]    Compiling serde_json v1.0.111
[INFO] [stderr]    Compiling once_cell v1.19.0
[INFO] [stderr]    Compiling syn v1.0.109
[INFO] [stderr]    Compiling proc-macro-error-attr v1.0.4
[INFO] [stderr]    Compiling crossbeam-epoch v0.9.17
[INFO] [stderr]    Compiling crossbeam-deque v0.8.4
[INFO] [stderr]    Compiling rayon v1.8.0
[INFO] [stderr]    Compiling nix v0.26.4
[INFO] [stderr]    Compiling bincode v1.3.3
[INFO] [stderr]    Compiling sysinfo v0.28.4
[INFO] [stderr]    Compiling proc-macro-error v1.0.4
[INFO] [stderr]    Compiling syn-serde v0.2.4
[INFO] [stderr]    Compiling serde_tokenstream v0.1.7
[INFO] [stderr]    Compiling rust-companion v0.1.1
[INFO] [stderr]    Compiling ruex-macro v0.1.3 (/opt/rustwide/workdir)
[INFO] [stderr]     Finished dev [unoptimized + debuginfo] target(s) in 16.15s
[INFO] running `Command { std: "docker" "inspect" "446fd7d255cba13410bd43c79af2596e145759c95e410461beadb7880908498c", kill_on_drop: false }`
[INFO] running `Command { std: "docker" "rm" "-f" "446fd7d255cba13410bd43c79af2596e145759c95e410461beadb7880908498c", kill_on_drop: false }`
[INFO] [stdout] 446fd7d255cba13410bd43c79af2596e145759c95e410461beadb7880908498c
[INFO] running `Command { std: "docker" "create" "-v" "/var/lib/crater-agent-workspace/builds/worker-7-tc2/target:/opt/rustwide/target:rw,Z" "-v" "/var/lib/crater-agent-workspace/builds/worker-7-tc2/source:/opt/rustwide/workdir:ro,Z" "-v" "/var/lib/crater-agent-workspace/cargo-home:/opt/rustwide/cargo-home:ro,Z" "-v" "/var/lib/crater-agent-workspace/rustup-home:/opt/rustwide/rustup-home:ro,Z" "-e" "SOURCE_DIR=/opt/rustwide/workdir" "-e" "CARGO_TARGET_DIR=/opt/rustwide/target" "-e" "CARGO_INCREMENTAL=0" "-e" "RUST_BACKTRACE=full" "-e" "RUSTFLAGS=--cap-lints=warn" "-e" "RUSTDOCFLAGS=--cap-lints=warn" "-e" "CARGO_HOME=/opt/rustwide/cargo-home" "-e" "RUSTUP_HOME=/opt/rustwide/rustup-home" "-w" "/opt/rustwide/workdir" "-m" "1610612736" "--user" "0:0" "--network" "none" "ghcr.io/rust-lang/crates-build-env/linux@sha256:2788e3201cd34a07e3172128adcd8b3090168a8e3bcc40d7c032b9dda1df7d1c" "/opt/rustwide/cargo-home/bin/cargo" "+beta-2023-12-22" "test" "--frozen" "--no-run" "--message-format=json", kill_on_drop: false }`
[INFO] [stdout] 04f4a4f3f58a50d8c2600946536bcffd2298e2bfd1a38c00861b09c99a3f6e5e
[INFO] running `Command { std: "docker" "start" "-a" "04f4a4f3f58a50d8c2600946536bcffd2298e2bfd1a38c00861b09c99a3f6e5e", kill_on_drop: false }`
[INFO] [stderr]    Compiling ruex-macro v0.1.3 (/opt/rustwide/workdir)
[INFO] [stderr]     Finished test [unoptimized + debuginfo] target(s) in 5.26s
[INFO] running `Command { std: "docker" "inspect" "04f4a4f3f58a50d8c2600946536bcffd2298e2bfd1a38c00861b09c99a3f6e5e", kill_on_drop: false }`
[INFO] running `Command { std: "docker" "rm" "-f" "04f4a4f3f58a50d8c2600946536bcffd2298e2bfd1a38c00861b09c99a3f6e5e", kill_on_drop: false }`
[INFO] [stdout] 04f4a4f3f58a50d8c2600946536bcffd2298e2bfd1a38c00861b09c99a3f6e5e
[INFO] running `Command { std: "docker" "create" "-v" "/var/lib/crater-agent-workspace/builds/worker-7-tc2/target:/opt/rustwide/target:rw,Z" "-v" "/var/lib/crater-agent-workspace/builds/worker-7-tc2/source:/opt/rustwide/workdir:ro,Z" "-v" "/var/lib/crater-agent-workspace/cargo-home:/opt/rustwide/cargo-home:ro,Z" "-v" "/var/lib/crater-agent-workspace/rustup-home:/opt/rustwide/rustup-home:ro,Z" "-e" "SOURCE_DIR=/opt/rustwide/workdir" "-e" "CARGO_TARGET_DIR=/opt/rustwide/target" "-e" "CARGO_INCREMENTAL=0" "-e" "RUST_BACKTRACE=full" "-e" "RUSTFLAGS=--cap-lints=warn" "-e" "RUSTDOCFLAGS=--cap-lints=warn" "-e" "CARGO_HOME=/opt/rustwide/cargo-home" "-e" "RUSTUP_HOME=/opt/rustwide/rustup-home" "-w" "/opt/rustwide/workdir" "-m" "1610612736" "--user" "0:0" "--network" "none" "ghcr.io/rust-lang/crates-build-env/linux@sha256:2788e3201cd34a07e3172128adcd8b3090168a8e3bcc40d7c032b9dda1df7d1c" "/opt/rustwide/cargo-home/bin/cargo" "+beta-2023-12-22" "test" "--frozen", kill_on_drop: false }`
[INFO] [stdout] ebeca56a8f5b885613237755ea3f3fd33db93acec96307e5976600388cdaab2a
[INFO] running `Command { std: "docker" "start" "-a" "ebeca56a8f5b885613237755ea3f3fd33db93acec96307e5976600388cdaab2a", kill_on_drop: false }`
[INFO] [stderr]     Finished test [unoptimized + debuginfo] target(s) in 0.02s
[INFO] [stderr]      Running unittests src/lib.rs (/opt/rustwide/target/debug/deps/ruex_macro-b2c2fc314d8b7b08)
[INFO] [stdout] 
[INFO] [stdout] running 0 tests
[INFO] [stdout] 
[INFO] [stdout] test result: ok. 0 passed; 0 failed; 0 ignored; 0 measured; 0 filtered out; finished in 0.00s
[INFO] [stdout] 
[INFO] [stderr]    Doc-tests ruex-macro
[INFO] [stdout] 
[INFO] [stdout] running 10 tests
[INFO] [stdout] test src/lib.rs - main (line 31) ... FAILED
[INFO] [stdout] test src/lib.rs - delegate (line 260) ... FAILED
[INFO] [stdout] test src/lib.rs - delegate (line 164) ... FAILED
[INFO] [stdout] test src/lib.rs - delegate (line 182) ... FAILED
[INFO] [stdout] test src/lib.rs - delegate (line 206) ... FAILED
[INFO] [stdout] test src/lib.rs - decorate (line 97) ... FAILED
[INFO] [stdout] test src/lib.rs - delegate (line 237) ... FAILED
[INFO] [stdout] test src/lib.rs - main (line 47) - compile ... FAILED
[INFO] [stdout] test src/lib.rs - decorate (line 122) ... FAILED
[INFO] [stdout] test src/lib.rs - mock (line 283) ... FAILED
[INFO] [stdout] 
[INFO] [stdout] failures:
[INFO] [stdout] 
[INFO] [stdout] ---- src/lib.rs - main (line 31) stdout ----
[INFO] [stdout] error[E0433]: failed to resolve: use of undeclared crate or module `ruex`
[INFO] [stdout]  --> src/lib.rs:32:3
[INFO] [stdout]   |
[INFO] [stdout] 3 | #[ruex::main {
[INFO] [stdout]   |   ^^^^ use of undeclared crate or module `ruex`
[INFO] [stdout] 
[INFO] [stdout] error: aborting due to 1 previous error
[INFO] [stdout] 
[INFO] [stdout] For more information about this error, try `rustc --explain E0433`.
[INFO] [stdout] Couldn't compile the test.
[INFO] [stdout] ---- src/lib.rs - delegate (line 260) stdout ----
[INFO] [stdout] error: associated function in `impl` without body
[INFO] [stdout]  --> src/lib.rs:266:5
[INFO] [stdout]   |
[INFO] [stdout] 9 |     fn len(&self) -> usize;
[INFO] [stdout]   |     ^^^^^^^^^^^^^^^^^^^^^^-
[INFO] [stdout]   |                           |
[INFO] [stdout]   |                           help: provide a definition for the function: `{ <body> }`
[INFO] [stdout] 
[INFO] [stdout] error[E0432]: unresolved import `delegate_attr`
[INFO] [stdout]  --> src/lib.rs:261:5
[INFO] [stdout]   |
[INFO] [stdout] 4 | use delegate_attr::delegate;
[INFO] [stdout]   |     ^^^^^^^^^^^^^ use of undeclared crate or module `delegate_attr`
[INFO] [stdout] 
[INFO] [stdout] error: cannot determine resolution for the attribute macro `delegate`
[INFO] [stdout]  --> src/lib.rs:265:7
[INFO] [stdout]   |
[INFO] [stdout] 8 |     #[delegate(self.0)]
[INFO] [stdout]   |       ^^^^^^^^
[INFO] [stdout]   |
[INFO] [stdout]   = note: import resolution is stuck, try simplifying macro imports
[INFO] [stdout] 
[INFO] [stdout] error: aborting due to 3 previous errors
[INFO] [stdout] 
[INFO] [stdout] For more information about this error, try `rustc --explain E0432`.
[INFO] [stdout] Couldn't compile the test.
[INFO] [stdout] ---- src/lib.rs - delegate (line 164) stdout ----
[INFO] [stdout] error: associated function in `impl` without body
[INFO] [stdout]   --> src/lib.rs:171:5
[INFO] [stdout]    |
[INFO] [stdout] 10 |     fn as_str(&self) -> &str;
[INFO] [stdout]    |     ^^^^^^^^^^^^^^^^^^^^^^^^-
[INFO] [stdout]    |                             |
[INFO] [stdout]    |                             help: provide a definition for the function: `{ <body> }`
[INFO] [stdout] 
[INFO] [stdout] error: associated function in `impl` without body
[INFO] [stdout]   --> src/lib.rs:172:5
[INFO] [stdout]    |
[INFO] [stdout] 11 |     fn into_bytes(self) -> Vec<u8>;
[INFO] [stdout]    |     ^^^^^^^^^^^^^^^^^^^^^^^^^^^^^^-
[INFO] [stdout]    |                                   |
[INFO] [stdout]    |                                   help: provide a definition for the function: `{ <body> }`
[INFO] [stdout] 
[INFO] [stdout] error[E0432]: unresolved import `delegate_attr`
[INFO] [stdout]  --> src/lib.rs:165:5
[INFO] [stdout]   |
[INFO] [stdout] 4 | use delegate_attr::delegate;
[INFO] [stdout]   |     ^^^^^^^^^^^^^ use of undeclared crate or module `delegate_attr`
[INFO] [stdout] 
[INFO] [stdout] error: cannot determine resolution for the attribute macro `delegate`
[INFO] [stdout]  --> src/lib.rs:169:3
[INFO] [stdout]   |
[INFO] [stdout] 8 | #[delegate(self.0)]
[INFO] [stdout]   |   ^^^^^^^^
[INFO] [stdout]   |
[INFO] [stdout]   = note: import resolution is stuck, try simplifying macro imports
[INFO] [stdout] 
[INFO] [stdout] error: aborting due to 4 previous errors
[INFO] [stdout] 
[INFO] [stdout] For more information about this error, try `rustc --explain E0432`.
[INFO] [stdout] Couldn't compile the test.
[INFO] [stdout] ---- src/lib.rs - delegate (line 182) stdout ----
[INFO] [stdout] error: associated function in `impl` without body
[INFO] [stdout]   --> src/lib.rs:190:5
[INFO] [stdout]    |
[INFO] [stdout] 11 |     fn next(&mut self) -> Option<u8>;
[INFO] [stdout]    |     ^^^^^^^^^^^^^^^^^^^^^^^^^^^^^^^^-
[INFO] [stdout]    |                                     |
[INFO] [stdout]    |                                     help: provide a definition for the function: `{ <body> }`
[INFO] [stdout] 
[INFO] [stdout] error: associated function in `impl` without body
[INFO] [stdout]   --> src/lib.rs:191:5
[INFO] [stdout]    |
[INFO] [stdout] 12 |     fn count(self) -> usize;
[INFO] [stdout]    |     ^^^^^^^^^^^^^^^^^^^^^^^-
[INFO] [stdout]    |                            |
[INFO] [stdout]    |                            help: provide a definition for the function: `{ <body> }`
[INFO] [stdout] 
[INFO] [stdout] error: associated function in `impl` without body
[INFO] [stdout]   --> src/lib.rs:192:5
[INFO] [stdout]    |
[INFO] [stdout] 13 |     fn size_hint(&self) -> (usize, Option<usize>);
[INFO] [stdout]    |     ^^^^^^^^^^^^^^^^^^^^^^^^^^^^^^^^^^^^^^^^^^^^^-
[INFO] [stdout]    |                                                  |
[INFO] [stdout]    |                                                  help: provide a definition for the function: `{ <body> }`
[INFO] [stdout] 
[INFO] [stdout] error: associated function in `impl` without body
[INFO] [stdout]   --> src/lib.rs:193:5
[INFO] [stdout]    |
[INFO] [stdout] 14 |     fn last(self) -> Option<u8>;
[INFO] [stdout]    |     ^^^^^^^^^^^^^^^^^^^^^^^^^^^-
[INFO] [stdout]    |                                |
[INFO] [stdout]    |                                help: provide a definition for the function: `{ <body> }`
[INFO] [stdout] 
[INFO] [stdout] error[E0432]: unresolved import `delegate_attr`
[INFO] [stdout]  --> src/lib.rs:183:5
[INFO] [stdout]   |
[INFO] [stdout] 4 | use delegate_attr::delegate;
[INFO] [stdout]   |     ^^^^^^^^^^^^^ use of undeclared crate or module `delegate_attr`
[INFO] [stdout] 
[INFO] [stdout] error: cannot determine resolution for the attribute macro `delegate`
[INFO] [stdout]  --> src/lib.rs:187:3
[INFO] [stdout]   |
[INFO] [stdout] 8 | #[delegate(self.0)]
[INFO] [stdout]   |   ^^^^^^^^
[INFO] [stdout]   |
[INFO] [stdout]   = note: import resolution is stuck, try simplifying macro imports
[INFO] [stdout] 
[INFO] [stdout] error: aborting due to 6 previous errors
[INFO] [stdout] 
[INFO] [stdout] For more information about this error, try `rustc --explain E0432`.
[INFO] [stdout] Couldn't compile the test.
[INFO] [stdout] ---- src/lib.rs - delegate (line 206) stdout ----
[INFO] [stdout] error: associated function in `impl` without body
[INFO] [stdout]   --> src/lib.rs:215:5
[INFO] [stdout]    |
[INFO] [stdout] 12 |     fn len(&self) -> usize;
[INFO] [stdout]    |     ^^^^^^^^^^^^^^^^^^^^^^-
[INFO] [stdout]    |                           |
[INFO] [stdout]    |                           help: provide a definition for the function: `{ <body> }`
[INFO] [stdout] 
[INFO] [stdout] error: associated function in `impl` without body
[INFO] [stdout]   --> src/lib.rs:220:5
[INFO] [stdout]    |
[INFO] [stdout] 17 |     fn push(&self, value: T);
[INFO] [stdout]    |     ^^^^^^^^^^^^^^^^^^^^^^^^-
[INFO] [stdout]    |                             |
[INFO] [stdout]    |                             help: provide a definition for the function: `{ <body> }`
[INFO] [stdout] 
[INFO] [stdout] error: associated function in `impl` without body
[INFO] [stdout]   --> src/lib.rs:225:5
[INFO] [stdout]    |
[INFO] [stdout] 22 |     fn into_boxed_slice(self) -> Box<[T]>;
[INFO] [stdout]    |     ^^^^^^^^^^^^^^^^^^^^^^^^^^^^^^^^^^^^^-
[INFO] [stdout]    |                                          |
[INFO] [stdout]    |                                          help: provide a definition for the function: `{ <body> }`
[INFO] [stdout] 
[INFO] [stdout] error[E0432]: unresolved import `delegate_attr`
[INFO] [stdout]  --> src/lib.rs:207:5
[INFO] [stdout]   |
[INFO] [stdout] 4 | use delegate_attr::delegate;
[INFO] [stdout]   |     ^^^^^^^^^^^^^ use of undeclared crate or module `delegate_attr`
[INFO] [stdout] 
[INFO] [stdout] error: cannot determine resolution for the attribute macro `delegate`
[INFO] [stdout]   --> src/lib.rs:213:3
[INFO] [stdout]    |
[INFO] [stdout] 10 | #[delegate(self.inner.borrow())]
[INFO] [stdout]    |   ^^^^^^^^
[INFO] [stdout]    |
[INFO] [stdout]    = note: import resolution is stuck, try simplifying macro imports
[INFO] [stdout] 
[INFO] [stdout] error: cannot determine resolution for the attribute macro `delegate`
[INFO] [stdout]   --> src/lib.rs:218:3
[INFO] [stdout]    |
[INFO] [stdout] 15 | #[delegate(self.inner.borrow_mut())]
[INFO] [stdout]    |   ^^^^^^^^
[INFO] [stdout]    |
[INFO] [stdout]    = note: import resolution is stuck, try simplifying macro imports
[INFO] [stdout] 
[INFO] [stdout] error: cannot determine resolution for the attribute macro `delegate`
[INFO] [stdout]   --> src/lib.rs:223:3
[INFO] [stdout]    |
[INFO] [stdout] 20 | #[delegate(self.inner.into_inner())]
[INFO] [stdout]    |   ^^^^^^^^
[INFO] [stdout]    |
[INFO] [stdout]    = note: import resolution is stuck, try simplifying macro imports
[INFO] [stdout] 
[INFO] [stdout] error: aborting due to 7 previous errors
[INFO] [stdout] 
[INFO] [stdout] For more information about this error, try `rustc --explain E0432`.
[INFO] [stdout] Couldn't compile the test.
[INFO] [stdout] ---- src/lib.rs - decorate (line 97) stdout ----
[INFO] [stdout] error[E0433]: failed to resolve: use of undeclared crate or module `ruex`
[INFO] [stdout]  --> src/lib.rs:98:5
[INFO] [stdout]   |
[INFO] [stdout] 4 | use ruex::prelude::*;
[INFO] [stdout]   |     ^^^^ use of undeclared crate or module `ruex`
[INFO] [stdout] 
[INFO] [stdout] error: cannot find attribute `decorate` in this scope
[INFO] [stdout]   --> src/lib.rs:112:3
[INFO] [stdout]    |
[INFO] [stdout] 18 | #[decorate(logging)]
[INFO] [stdout]    |   ^^^^^^^^
[INFO] [stdout]    |
[INFO] [stdout] help: consider importing this attribute macro
[INFO] [stdout]    |
[INFO] [stdout] 3  + use ruex_macro::decorate;
[INFO] [stdout]    |
[INFO] [stdout] 
[INFO] [stdout] error: aborting due to 2 previous errors
[INFO] [stdout] 
[INFO] [stdout] For more information about this error, try `rustc --explain E0433`.
[INFO] [stdout] Couldn't compile the test.
[INFO] [stdout] ---- src/lib.rs - delegate (line 237) stdout ----
[INFO] [stdout] error: associated function in `impl` without body
[INFO] [stdout]   --> src/lib.rs:250:5
[INFO] [stdout]    |
[INFO] [stdout] 16 |     pub fn method(&self, num: u32) -> u64;
[INFO] [stdout]    |     ^^^^^^^^^^^^^^^^^^^^^^^^^^^^^^^^^^^^^-
[INFO] [stdout]    |                                          |
[INFO] [stdout]    |                                          help: provide a definition for the function: `{ <body> }`
[INFO] [stdout] 
[INFO] [stdout] error: associated function in `impl` without body
[INFO] [stdout]   --> src/lib.rs:254:5
[INFO] [stdout]    |
[INFO] [stdout] 20 |     pub fn method_noreturn(&self, num: u32);
[INFO] [stdout]    |     ^^^^^^^^^^^^^^^^^^^^^^^^^^^^^^^^^^^^^^^-
[INFO] [stdout]    |                                            |
[INFO] [stdout]    |                                            help: provide a definition for the function: `{ <body> }`
[INFO] [stdout] 
[INFO] [stdout] error[E0432]: unresolved import `delegate_attr`
[INFO] [stdout]  --> src/lib.rs:238:5
[INFO] [stdout]   |
[INFO] [stdout] 4 | use delegate_attr::delegate;
[INFO] [stdout]   |     ^^^^^^^^^^^^^ use of undeclared crate or module `delegate_attr`
[INFO] [stdout] 
[INFO] [stdout] error: cannot determine resolution for the attribute macro `delegate`
[INFO] [stdout]   --> src/lib.rs:246:3
[INFO] [stdout]    |
[INFO] [stdout] 12 | #[delegate(self.inner)]
[INFO] [stdout]    |   ^^^^^^^^
[INFO] [stdout]    |
[INFO] [stdout]    = note: import resolution is stuck, try simplifying macro imports
[INFO] [stdout] 
[INFO] [stdout] error: cannot find attribute `into` in this scope
[INFO] [stdout]   --> src/lib.rs:249:7
[INFO] [stdout]    |
[INFO] [stdout] 15 |     #[into]
[INFO] [stdout]    |       ^^^^
[INFO] [stdout] 
[INFO] [stdout] error: cannot find attribute `call` in this scope
[INFO] [stdout]   --> src/lib.rs:253:7
[INFO] [stdout]    |
[INFO] [stdout] 19 |     #[call(method)]
[INFO] [stdout]    |       ^^^^
[INFO] [stdout] 
[INFO] [stdout] error: aborting due to 6 previous errors
[INFO] [stdout] 
[INFO] [stdout] For more information about this error, try `rustc --explain E0432`.
[INFO] [stdout] Couldn't compile the test.
[INFO] [stdout] ---- src/lib.rs - main (line 47) stdout ----
[INFO] [stdout] error: cannot find attribute `default` in this scope
[INFO] [stdout]   --> src/lib.rs:59:7
[INFO] [stdout]    |
[INFO] [stdout] 15 |     #[default]
[INFO] [stdout]    |       ^^^^^^^
[INFO] [stdout]    |
[INFO] [stdout] help: consider adding a derive
[INFO] [stdout]    |
[INFO] [stdout] 14 + #[derive(Default)]
[INFO] [stdout] 15 | enum LogOutput {
[INFO] [stdout]    |
[INFO] [stdout] 
[INFO] [stdout] error: cannot find attribute `default` in this scope
[INFO] [stdout]   --> src/lib.rs:68:7
[INFO] [stdout]    |
[INFO] [stdout] 24 |     #[default]
[INFO] [stdout]    |       ^^^^^^^
[INFO] [stdout]    |
[INFO] [stdout] help: consider adding a derive
[INFO] [stdout]    |
[INFO] [stdout] 21 + #[derive(Default)]
[INFO] [stdout] 22 | enum LogLevel {
[INFO] [stdout]    |
[INFO] [stdout] 
[INFO] [stdout] error: cannot find attribute `default` in this scope
[INFO] [stdout]   --> src/lib.rs:80:7
[INFO] [stdout]    |
[INFO] [stdout] 36 |     #[default]
[INFO] [stdout]    |       ^^^^^^^
[INFO] [stdout]    |
[INFO] [stdout] help: consider adding a derive
[INFO] [stdout]    |
[INFO] [stdout] 34 + #[derive(Default)]
[INFO] [stdout] 35 | enum BactraceLevel {
[INFO] [stdout]    |
[INFO] [stdout] 
[INFO] [stdout] error: aborting due to 3 previous errors
[INFO] [stdout] 
[INFO] [stdout] Couldn't compile the test.
[INFO] [stdout] ---- src/lib.rs - decorate (line 122) stdout ----
[INFO] [stdout] error[E0433]: failed to resolve: use of undeclared crate or module `ruex`
[INFO] [stdout]  --> src/lib.rs:123:5
[INFO] [stdout]   |
[INFO] [stdout] 4 | use ruex::prelude::*;
[INFO] [stdout]   |     ^^^^ use of undeclared crate or module `ruex`
[INFO] [stdout] 
[INFO] [stdout] error: cannot find attribute `decorate` in this scope
[INFO] [stdout]   --> src/lib.rs:143:3
[INFO] [stdout]    |
[INFO] [stdout] 24 | #[decorate(logging("test.log"))]
[INFO] [stdout]    |   ^^^^^^^^
[INFO] [stdout]    |
[INFO] [stdout] help: consider importing this attribute macro
[INFO] [stdout]    |
[INFO] [stdout] 3  + use ruex_macro::decorate;
[INFO] [stdout]    |
[INFO] [stdout] 
[INFO] [stdout] error: aborting due to 2 previous errors
[INFO] [stdout] 
[INFO] [stdout] For more information about this error, try `rustc --explain E0433`.
[INFO] [stdout] Couldn't compile the test.
[INFO] [stdout] ---- src/lib.rs - mock (line 283) stdout ----
[INFO] [stdout] error[E0433]: failed to resolve: use of undeclared crate or module `ruex`
[INFO] [stdout]  --> src/lib.rs:285:5
[INFO] [stdout]   |
[INFO] [stdout] 4 | use ruex::prelude::*;
[INFO] [stdout]   |     ^^^^ use of undeclared crate or module `ruex`
[INFO] [stdout] 
[INFO] [stdout] error: cannot find attribute `mock` in this scope
[INFO] [stdout]  --> src/lib.rs:288:3
[INFO] [stdout]   |
[INFO] [stdout] 7 | #[mock]
[INFO] [stdout]   |   ^^^^
[INFO] [stdout]   |
[INFO] [stdout] help: consider importing this attribute macro
[INFO] [stdout]   |
[INFO] [stdout] 4 + use ruex_macro::mock;
[INFO] [stdout]   |
[INFO] [stdout] 
[INFO] [stdout] error[E0599]: no function or associated item named `mock` found for struct `Foo` in the current scope
[INFO] [stdout]   --> src/lib.rs:313:22
[INFO] [stdout]    |
[INFO] [stdout] 19 | struct Foo;
[INFO] [stdout]    | ---------- function or associated item `mock` not found for this struct
[INFO] [stdout] ...
[INFO] [stdout] 32 |     let nurse = Foo::mock().heal(|value, direction| 123).build();
[INFO] [stdout]    |                      ^^^^ function or associated item not found in `Foo`
[INFO] [stdout] 
[INFO] [stdout] error: aborting due to 3 previous errors
[INFO] [stdout] 
[INFO] [stdout] Some errors have detailed explanations: E0433, E0599.
[INFO] [stdout] For more information about an error, try `rustc --explain E0433`.
[INFO] [stdout] Couldn't compile the test.
[INFO] [stdout] 
[INFO] [stdout] failures:
[INFO] [stdout]     src/lib.rs - decorate (line 122)
[INFO] [stdout]     src/lib.rs - decorate (line 97)
[INFO] [stdout]     src/lib.rs - delegate (line 164)
[INFO] [stdout]     src/lib.rs - delegate (line 182)
[INFO] [stdout]     src/lib.rs - delegate (line 206)
[INFO] [stdout]     src/lib.rs - delegate (line 237)
[INFO] [stdout]     src/lib.rs - delegate (line 260)
[INFO] [stdout]     src/lib.rs - main (line 31)
[INFO] [stdout]     src/lib.rs - main (line 47)
[INFO] [stdout]     src/lib.rs - mock (line 283)
[INFO] [stdout] 
[INFO] [stdout] test result: FAILED. 0 passed; 10 failed; 0 ignored; 0 measured; 0 filtered out; finished in 0.14s
[INFO] [stdout] 
[INFO] [stderr] error: doctest failed, to rerun pass `--doc`
[INFO] running `Command { std: "docker" "inspect" "ebeca56a8f5b885613237755ea3f3fd33db93acec96307e5976600388cdaab2a", kill_on_drop: false }`
[INFO] running `Command { std: "docker" "rm" "-f" "ebeca56a8f5b885613237755ea3f3fd33db93acec96307e5976600388cdaab2a", kill_on_drop: false }`
[INFO] [stdout] ebeca56a8f5b885613237755ea3f3fd33db93acec96307e5976600388cdaab2a
