[INFO] fetching crate rtx 0.1.0...
[INFO] testing rtx-0.1.0 against 1.75.0 for beta-1.76-1
[INFO] extracting crate rtx 0.1.0 into /workspace/builds/worker-5-tc1/source
[INFO] validating manifest of crates.io crate rtx 0.1.0 on toolchain 1.75.0
[INFO] running `Command { std: CARGO_HOME="/workspace/cargo-home" RUSTUP_HOME="/workspace/rustup-home" "/workspace/cargo-home/bin/cargo" "+1.75.0" "metadata" "--manifest-path" "Cargo.toml" "--no-deps", kill_on_drop: false }`
[INFO] started tweaking crates.io crate rtx 0.1.0
[INFO] finished tweaking crates.io crate rtx 0.1.0
[INFO] tweaked toml for crates.io crate rtx 0.1.0 written to /workspace/builds/worker-5-tc1/source/Cargo.toml
[INFO] running `Command { std: CARGO_HOME="/workspace/cargo-home" RUSTUP_HOME="/workspace/rustup-home" "/workspace/cargo-home/bin/cargo" "+1.75.0" "generate-lockfile" "--manifest-path" "Cargo.toml", kill_on_drop: false }`
[INFO] [stderr]     Updating crates.io index
[INFO] running `Command { std: CARGO_HOME="/workspace/cargo-home" RUSTUP_HOME="/workspace/rustup-home" "/workspace/cargo-home/bin/cargo" "+1.75.0" "fetch" "--manifest-path" "Cargo.toml", kill_on_drop: false }`
[INFO] running `Command { std: "docker" "create" "-v" "/var/lib/crater-agent-workspace/builds/worker-5-tc1/target:/opt/rustwide/target:rw,Z" "-v" "/var/lib/crater-agent-workspace/builds/worker-5-tc1/source:/opt/rustwide/workdir:ro,Z" "-v" "/var/lib/crater-agent-workspace/cargo-home:/opt/rustwide/cargo-home:ro,Z" "-v" "/var/lib/crater-agent-workspace/rustup-home:/opt/rustwide/rustup-home:ro,Z" "-e" "SOURCE_DIR=/opt/rustwide/workdir" "-e" "CARGO_TARGET_DIR=/opt/rustwide/target" "-e" "CARGO_HOME=/opt/rustwide/cargo-home" "-e" "RUSTUP_HOME=/opt/rustwide/rustup-home" "-w" "/opt/rustwide/workdir" "-m" "1610612736" "--user" "0:0" "--network" "none" "ghcr.io/rust-lang/crates-build-env/linux@sha256:2788e3201cd34a07e3172128adcd8b3090168a8e3bcc40d7c032b9dda1df7d1c" "/opt/rustwide/cargo-home/bin/cargo" "+1.75.0" "metadata" "--no-deps" "--format-version=1", kill_on_drop: false }`
[INFO] [stdout] 6c0fec360cb6158e4f3788f9c9ff96c41a420e3916f4a7d2f33b4d4a10bf7adc
[INFO] running `Command { std: "docker" "start" "-a" "6c0fec360cb6158e4f3788f9c9ff96c41a420e3916f4a7d2f33b4d4a10bf7adc", kill_on_drop: false }`
[INFO] running `Command { std: "docker" "inspect" "6c0fec360cb6158e4f3788f9c9ff96c41a420e3916f4a7d2f33b4d4a10bf7adc", kill_on_drop: false }`
[INFO] running `Command { std: "docker" "rm" "-f" "6c0fec360cb6158e4f3788f9c9ff96c41a420e3916f4a7d2f33b4d4a10bf7adc", kill_on_drop: false }`
[INFO] [stdout] 6c0fec360cb6158e4f3788f9c9ff96c41a420e3916f4a7d2f33b4d4a10bf7adc
[INFO] running `Command { std: "docker" "create" "-v" "/var/lib/crater-agent-workspace/builds/worker-5-tc1/target:/opt/rustwide/target:rw,Z" "-v" "/var/lib/crater-agent-workspace/builds/worker-5-tc1/source:/opt/rustwide/workdir:ro,Z" "-v" "/var/lib/crater-agent-workspace/cargo-home:/opt/rustwide/cargo-home:ro,Z" "-v" "/var/lib/crater-agent-workspace/rustup-home:/opt/rustwide/rustup-home:ro,Z" "-e" "SOURCE_DIR=/opt/rustwide/workdir" "-e" "CARGO_TARGET_DIR=/opt/rustwide/target" "-e" "CARGO_INCREMENTAL=0" "-e" "RUST_BACKTRACE=full" "-e" "RUSTFLAGS=--cap-lints=warn" "-e" "RUSTDOCFLAGS=--cap-lints=warn" "-e" "CARGO_HOME=/opt/rustwide/cargo-home" "-e" "RUSTUP_HOME=/opt/rustwide/rustup-home" "-w" "/opt/rustwide/workdir" "-m" "1610612736" "--user" "0:0" "--network" "none" "ghcr.io/rust-lang/crates-build-env/linux@sha256:2788e3201cd34a07e3172128adcd8b3090168a8e3bcc40d7c032b9dda1df7d1c" "/opt/rustwide/cargo-home/bin/cargo" "+1.75.0" "build" "--frozen" "--message-format=json", kill_on_drop: false }`
[INFO] [stdout] b871861f9e9b7015cc456e1b3dd7d2fbccc4efc9aac0bdee3962f1b1b72e532b
[INFO] running `Command { std: "docker" "start" "-a" "b871861f9e9b7015cc456e1b3dd7d2fbccc4efc9aac0bdee3962f1b1b72e532b", kill_on_drop: false }`
[INFO] [stderr]    Compiling pin-project-lite v0.2.13
[INFO] [stderr]    Compiling smallvec v1.11.2
[INFO] [stderr]    Compiling rtx v0.1.0 (/opt/rustwide/workdir)
[INFO] [stderr]     Finished dev [unoptimized + debuginfo] target(s) in 0.35s
[INFO] running `Command { std: "docker" "inspect" "b871861f9e9b7015cc456e1b3dd7d2fbccc4efc9aac0bdee3962f1b1b72e532b", kill_on_drop: false }`
[INFO] running `Command { std: "docker" "rm" "-f" "b871861f9e9b7015cc456e1b3dd7d2fbccc4efc9aac0bdee3962f1b1b72e532b", kill_on_drop: false }`
[INFO] [stdout] b871861f9e9b7015cc456e1b3dd7d2fbccc4efc9aac0bdee3962f1b1b72e532b
[INFO] running `Command { std: "docker" "create" "-v" "/var/lib/crater-agent-workspace/builds/worker-5-tc1/target:/opt/rustwide/target:rw,Z" "-v" "/var/lib/crater-agent-workspace/builds/worker-5-tc1/source:/opt/rustwide/workdir:ro,Z" "-v" "/var/lib/crater-agent-workspace/cargo-home:/opt/rustwide/cargo-home:ro,Z" "-v" "/var/lib/crater-agent-workspace/rustup-home:/opt/rustwide/rustup-home:ro,Z" "-e" "SOURCE_DIR=/opt/rustwide/workdir" "-e" "CARGO_TARGET_DIR=/opt/rustwide/target" "-e" "CARGO_INCREMENTAL=0" "-e" "RUST_BACKTRACE=full" "-e" "RUSTFLAGS=--cap-lints=warn" "-e" "RUSTDOCFLAGS=--cap-lints=warn" "-e" "CARGO_HOME=/opt/rustwide/cargo-home" "-e" "RUSTUP_HOME=/opt/rustwide/rustup-home" "-w" "/opt/rustwide/workdir" "-m" "1610612736" "--user" "0:0" "--network" "none" "ghcr.io/rust-lang/crates-build-env/linux@sha256:2788e3201cd34a07e3172128adcd8b3090168a8e3bcc40d7c032b9dda1df7d1c" "/opt/rustwide/cargo-home/bin/cargo" "+1.75.0" "test" "--frozen" "--no-run" "--message-format=json", kill_on_drop: false }`
[INFO] [stdout] fa894203d65cffff6ebe410cbe729b5e804852209c7c2f04259387f013d733ba
[INFO] running `Command { std: "docker" "start" "-a" "fa894203d65cffff6ebe410cbe729b5e804852209c7c2f04259387f013d733ba", kill_on_drop: false }`
[INFO] [stderr]    Compiling rtx v0.1.0 (/opt/rustwide/workdir)
[INFO] [stderr]     Finished test [unoptimized + debuginfo] target(s) in 0.22s
[INFO] running `Command { std: "docker" "inspect" "fa894203d65cffff6ebe410cbe729b5e804852209c7c2f04259387f013d733ba", kill_on_drop: false }`
[INFO] running `Command { std: "docker" "rm" "-f" "fa894203d65cffff6ebe410cbe729b5e804852209c7c2f04259387f013d733ba", kill_on_drop: false }`
[INFO] [stdout] fa894203d65cffff6ebe410cbe729b5e804852209c7c2f04259387f013d733ba
[INFO] running `Command { std: "docker" "create" "-v" "/var/lib/crater-agent-workspace/builds/worker-5-tc1/target:/opt/rustwide/target:rw,Z" "-v" "/var/lib/crater-agent-workspace/builds/worker-5-tc1/source:/opt/rustwide/workdir:ro,Z" "-v" "/var/lib/crater-agent-workspace/cargo-home:/opt/rustwide/cargo-home:ro,Z" "-v" "/var/lib/crater-agent-workspace/rustup-home:/opt/rustwide/rustup-home:ro,Z" "-e" "SOURCE_DIR=/opt/rustwide/workdir" "-e" "CARGO_TARGET_DIR=/opt/rustwide/target" "-e" "CARGO_INCREMENTAL=0" "-e" "RUST_BACKTRACE=full" "-e" "RUSTFLAGS=--cap-lints=warn" "-e" "RUSTDOCFLAGS=--cap-lints=warn" "-e" "CARGO_HOME=/opt/rustwide/cargo-home" "-e" "RUSTUP_HOME=/opt/rustwide/rustup-home" "-w" "/opt/rustwide/workdir" "-m" "1610612736" "--user" "0:0" "--network" "none" "ghcr.io/rust-lang/crates-build-env/linux@sha256:2788e3201cd34a07e3172128adcd8b3090168a8e3bcc40d7c032b9dda1df7d1c" "/opt/rustwide/cargo-home/bin/cargo" "+1.75.0" "test" "--frozen", kill_on_drop: false }`
[INFO] [stdout] 16915d80e8f5aded7416c3cc93673d07c0fc28b8d11e93ef73318906bb26a859
[INFO] running `Command { std: "docker" "start" "-a" "16915d80e8f5aded7416c3cc93673d07c0fc28b8d11e93ef73318906bb26a859", kill_on_drop: false }`
[INFO] [stderr]     Finished test [unoptimized + debuginfo] target(s) in 0.02s
[INFO] [stderr]      Running unittests src/lib.rs (/opt/rustwide/target/debug/deps/rtx-bdd97c416837eb1b)
[INFO] [stdout] 
[INFO] [stdout] running 0 tests
[INFO] [stdout] 
[INFO] [stdout] test result: ok. 0 passed; 0 failed; 0 ignored; 0 measured; 0 filtered out; finished in 0.00s
[INFO] [stdout] 
[INFO] [stderr]    Doc-tests rtx
[INFO] [stderr] error[E0432]: unresolved import `futures_io`
[INFO] [stderr]   --> src/io.rs:16:9
[INFO] [stderr]    |
[INFO] [stderr] 16 | pub use futures_io::AsyncRead;
[INFO] [stderr]    |         ^^^^^^^^^^ use of undeclared crate or module `futures_io`
[INFO] [stderr] 
[INFO] [stderr] error[E0432]: unresolved import `futures_io`
[INFO] [stderr]   --> src/io.rs:20:9
[INFO] [stderr]    |
[INFO] [stderr] 20 | pub use futures_io::AsyncWrite;
[INFO] [stderr]    |         ^^^^^^^^^^ use of undeclared crate or module `futures_io`
[INFO] [stderr] 
[INFO] [stderr] error: aborting due to 2 previous errors
[INFO] [stderr] 
[INFO] [stderr] For more information about this error, try `rustc --explain E0432`.
[INFO] [stderr] error: doctest failed, to rerun pass `--doc`
[INFO] [stderr] 
[INFO] [stderr] Caused by:
[INFO] [stderr]   process didn't exit successfully: `/opt/rustwide/rustup-home/toolchains/1.75.0-x86_64-unknown-linux-gnu/bin/rustdoc --edition=2021 --crate-type lib --crate-name rtx --test src/lib.rs --test-run-directory /opt/rustwide/workdir -L dependency=/opt/rustwide/target/debug/deps -L dependency=/opt/rustwide/target/debug/deps --extern pin_project_lite=/opt/rustwide/target/debug/deps/libpin_project_lite-e0757e0deaa2f8a0.rlib --extern rtx=/opt/rustwide/target/debug/deps/librtx-f31cca070ae8ba59.rlib --extern smallvec=/opt/rustwide/target/debug/deps/libsmallvec-19f6a51af3f3c214.rlib -C embed-bitcode=no --cfg 'feature="default"' --cap-lints=warn --error-format human` (exit status: 1)
[INFO] [stderr] note: test exited abnormally; to see the full output pass --nocapture to the harness.
[INFO] running `Command { std: "docker" "inspect" "16915d80e8f5aded7416c3cc93673d07c0fc28b8d11e93ef73318906bb26a859", kill_on_drop: false }`
[INFO] running `Command { std: "docker" "rm" "-f" "16915d80e8f5aded7416c3cc93673d07c0fc28b8d11e93ef73318906bb26a859", kill_on_drop: false }`
[INFO] [stdout] 16915d80e8f5aded7416c3cc93673d07c0fc28b8d11e93ef73318906bb26a859
[INFO] testing rtx-0.1.0 against beta-2023-12-22 for beta-1.76-1
[INFO] extracting crate rtx 0.1.0 into /workspace/builds/worker-5-tc2/source
[INFO] validating manifest of crates.io crate rtx 0.1.0 on toolchain beta-2023-12-22
[INFO] running `Command { std: CARGO_HOME="/workspace/cargo-home" RUSTUP_HOME="/workspace/rustup-home" "/workspace/cargo-home/bin/cargo" "+beta-2023-12-22" "metadata" "--manifest-path" "Cargo.toml" "--no-deps", kill_on_drop: false }`
[INFO] started tweaking crates.io crate rtx 0.1.0
[INFO] finished tweaking crates.io crate rtx 0.1.0
[INFO] tweaked toml for crates.io crate rtx 0.1.0 written to /workspace/builds/worker-5-tc2/source/Cargo.toml
[INFO] running `Command { std: CARGO_HOME="/workspace/cargo-home" RUSTUP_HOME="/workspace/rustup-home" "/workspace/cargo-home/bin/cargo" "+beta-2023-12-22" "generate-lockfile" "--manifest-path" "Cargo.toml", kill_on_drop: false }`
[INFO] [stderr]     Updating crates.io index
[INFO] running `Command { std: CARGO_HOME="/workspace/cargo-home" RUSTUP_HOME="/workspace/rustup-home" "/workspace/cargo-home/bin/cargo" "+beta-2023-12-22" "fetch" "--manifest-path" "Cargo.toml", kill_on_drop: false }`
[INFO] running `Command { std: "docker" "create" "-v" "/var/lib/crater-agent-workspace/builds/worker-5-tc2/target:/opt/rustwide/target:rw,Z" "-v" "/var/lib/crater-agent-workspace/builds/worker-5-tc2/source:/opt/rustwide/workdir:ro,Z" "-v" "/var/lib/crater-agent-workspace/cargo-home:/opt/rustwide/cargo-home:ro,Z" "-v" "/var/lib/crater-agent-workspace/rustup-home:/opt/rustwide/rustup-home:ro,Z" "-e" "SOURCE_DIR=/opt/rustwide/workdir" "-e" "CARGO_TARGET_DIR=/opt/rustwide/target" "-e" "CARGO_HOME=/opt/rustwide/cargo-home" "-e" "RUSTUP_HOME=/opt/rustwide/rustup-home" "-w" "/opt/rustwide/workdir" "-m" "1610612736" "--user" "0:0" "--network" "none" "ghcr.io/rust-lang/crates-build-env/linux@sha256:2788e3201cd34a07e3172128adcd8b3090168a8e3bcc40d7c032b9dda1df7d1c" "/opt/rustwide/cargo-home/bin/cargo" "+beta-2023-12-22" "metadata" "--no-deps" "--format-version=1", kill_on_drop: false }`
[INFO] [stdout] b643b35a2dd05733c81671195947c0b6562c6a32749e78de8d15757c3e2f6f53
[INFO] running `Command { std: "docker" "start" "-a" "b643b35a2dd05733c81671195947c0b6562c6a32749e78de8d15757c3e2f6f53", kill_on_drop: false }`
[INFO] running `Command { std: "docker" "inspect" "b643b35a2dd05733c81671195947c0b6562c6a32749e78de8d15757c3e2f6f53", kill_on_drop: false }`
[INFO] running `Command { std: "docker" "rm" "-f" "b643b35a2dd05733c81671195947c0b6562c6a32749e78de8d15757c3e2f6f53", kill_on_drop: false }`
[INFO] [stdout] b643b35a2dd05733c81671195947c0b6562c6a32749e78de8d15757c3e2f6f53
[INFO] running `Command { std: "docker" "create" "-v" "/var/lib/crater-agent-workspace/builds/worker-5-tc2/target:/opt/rustwide/target:rw,Z" "-v" "/var/lib/crater-agent-workspace/builds/worker-5-tc2/source:/opt/rustwide/workdir:ro,Z" "-v" "/var/lib/crater-agent-workspace/cargo-home:/opt/rustwide/cargo-home:ro,Z" "-v" "/var/lib/crater-agent-workspace/rustup-home:/opt/rustwide/rustup-home:ro,Z" "-e" "SOURCE_DIR=/opt/rustwide/workdir" "-e" "CARGO_TARGET_DIR=/opt/rustwide/target" "-e" "CARGO_INCREMENTAL=0" "-e" "RUST_BACKTRACE=full" "-e" "RUSTFLAGS=--cap-lints=warn" "-e" "RUSTDOCFLAGS=--cap-lints=warn" "-e" "CARGO_HOME=/opt/rustwide/cargo-home" "-e" "RUSTUP_HOME=/opt/rustwide/rustup-home" "-w" "/opt/rustwide/workdir" "-m" "1610612736" "--user" "0:0" "--network" "none" "ghcr.io/rust-lang/crates-build-env/linux@sha256:2788e3201cd34a07e3172128adcd8b3090168a8e3bcc40d7c032b9dda1df7d1c" "/opt/rustwide/cargo-home/bin/cargo" "+beta-2023-12-22" "build" "--frozen" "--message-format=json", kill_on_drop: false }`
[INFO] [stdout] 3d08349c025e45b8239ec7f7f64e80219bc08600998c804a272e2ef00e55b60c
[INFO] running `Command { std: "docker" "start" "-a" "3d08349c025e45b8239ec7f7f64e80219bc08600998c804a272e2ef00e55b60c", kill_on_drop: false }`
[INFO] [stderr]    Compiling pin-project-lite v0.2.13
[INFO] [stderr]    Compiling smallvec v1.11.2
[INFO] [stderr]    Compiling rtx v0.1.0 (/opt/rustwide/workdir)
[INFO] [stderr]     Finished dev [unoptimized + debuginfo] target(s) in 0.37s
[INFO] running `Command { std: "docker" "inspect" "3d08349c025e45b8239ec7f7f64e80219bc08600998c804a272e2ef00e55b60c", kill_on_drop: false }`
[INFO] running `Command { std: "docker" "rm" "-f" "3d08349c025e45b8239ec7f7f64e80219bc08600998c804a272e2ef00e55b60c", kill_on_drop: false }`
[INFO] [stdout] 3d08349c025e45b8239ec7f7f64e80219bc08600998c804a272e2ef00e55b60c
[INFO] running `Command { std: "docker" "create" "-v" "/var/lib/crater-agent-workspace/builds/worker-5-tc2/target:/opt/rustwide/target:rw,Z" "-v" "/var/lib/crater-agent-workspace/builds/worker-5-tc2/source:/opt/rustwide/workdir:ro,Z" "-v" "/var/lib/crater-agent-workspace/cargo-home:/opt/rustwide/cargo-home:ro,Z" "-v" "/var/lib/crater-agent-workspace/rustup-home:/opt/rustwide/rustup-home:ro,Z" "-e" "SOURCE_DIR=/opt/rustwide/workdir" "-e" "CARGO_TARGET_DIR=/opt/rustwide/target" "-e" "CARGO_INCREMENTAL=0" "-e" "RUST_BACKTRACE=full" "-e" "RUSTFLAGS=--cap-lints=warn" "-e" "RUSTDOCFLAGS=--cap-lints=warn" "-e" "CARGO_HOME=/opt/rustwide/cargo-home" "-e" "RUSTUP_HOME=/opt/rustwide/rustup-home" "-w" "/opt/rustwide/workdir" "-m" "1610612736" "--user" "0:0" "--network" "none" "ghcr.io/rust-lang/crates-build-env/linux@sha256:2788e3201cd34a07e3172128adcd8b3090168a8e3bcc40d7c032b9dda1df7d1c" "/opt/rustwide/cargo-home/bin/cargo" "+beta-2023-12-22" "test" "--frozen" "--no-run" "--message-format=json", kill_on_drop: false }`
[INFO] [stdout] f295193d29b29eda5041c95c9370587101f524e451f6aecd2f65866b6a0ba5fd
[INFO] running `Command { std: "docker" "start" "-a" "f295193d29b29eda5041c95c9370587101f524e451f6aecd2f65866b6a0ba5fd", kill_on_drop: false }`
[INFO] [stderr]    Compiling rtx v0.1.0 (/opt/rustwide/workdir)
[INFO] [stderr]     Finished test [unoptimized + debuginfo] target(s) in 0.23s
[INFO] running `Command { std: "docker" "inspect" "f295193d29b29eda5041c95c9370587101f524e451f6aecd2f65866b6a0ba5fd", kill_on_drop: false }`
[INFO] running `Command { std: "docker" "rm" "-f" "f295193d29b29eda5041c95c9370587101f524e451f6aecd2f65866b6a0ba5fd", kill_on_drop: false }`
[INFO] [stdout] f295193d29b29eda5041c95c9370587101f524e451f6aecd2f65866b6a0ba5fd
[INFO] running `Command { std: "docker" "create" "-v" "/var/lib/crater-agent-workspace/builds/worker-5-tc2/target:/opt/rustwide/target:rw,Z" "-v" "/var/lib/crater-agent-workspace/builds/worker-5-tc2/source:/opt/rustwide/workdir:ro,Z" "-v" "/var/lib/crater-agent-workspace/cargo-home:/opt/rustwide/cargo-home:ro,Z" "-v" "/var/lib/crater-agent-workspace/rustup-home:/opt/rustwide/rustup-home:ro,Z" "-e" "SOURCE_DIR=/opt/rustwide/workdir" "-e" "CARGO_TARGET_DIR=/opt/rustwide/target" "-e" "CARGO_INCREMENTAL=0" "-e" "RUST_BACKTRACE=full" "-e" "RUSTFLAGS=--cap-lints=warn" "-e" "RUSTDOCFLAGS=--cap-lints=warn" "-e" "CARGO_HOME=/opt/rustwide/cargo-home" "-e" "RUSTUP_HOME=/opt/rustwide/rustup-home" "-w" "/opt/rustwide/workdir" "-m" "1610612736" "--user" "0:0" "--network" "none" "ghcr.io/rust-lang/crates-build-env/linux@sha256:2788e3201cd34a07e3172128adcd8b3090168a8e3bcc40d7c032b9dda1df7d1c" "/opt/rustwide/cargo-home/bin/cargo" "+beta-2023-12-22" "test" "--frozen", kill_on_drop: false }`
[INFO] [stdout] 0b21549751f79dc1fff38b6f5666ff5097454329abd905cbf9744bebe9db7ef8
[INFO] running `Command { std: "docker" "start" "-a" "0b21549751f79dc1fff38b6f5666ff5097454329abd905cbf9744bebe9db7ef8", kill_on_drop: false }`
[INFO] [stderr]     Finished test [unoptimized + debuginfo] target(s) in 0.03s
[INFO] [stderr]      Running unittests src/lib.rs (/opt/rustwide/target/debug/deps/rtx-c85cf286d7769630)
[INFO] [stdout] 
[INFO] [stdout] running 0 tests
[INFO] [stdout] 
[INFO] [stdout] test result: ok. 0 passed; 0 failed; 0 ignored; 0 measured; 0 filtered out; finished in 0.00s
[INFO] [stdout] 
[INFO] [stderr]    Doc-tests rtx
[INFO] [stderr] error[E0432]: unresolved import `futures_io`
[INFO] [stderr]   --> src/io.rs:16:9
[INFO] [stderr]    |
[INFO] [stderr] 16 | pub use futures_io::AsyncRead;
[INFO] [stderr]    |         ^^^^^^^^^^ use of undeclared crate or module `futures_io`
[INFO] [stderr] 
[INFO] [stderr] error[E0432]: unresolved import `futures_io`
[INFO] [stderr]   --> src/io.rs:20:9
[INFO] [stderr]    |
[INFO] [stderr] 20 | pub use futures_io::AsyncWrite;
[INFO] [stderr]    |         ^^^^^^^^^^ use of undeclared crate or module `futures_io`
[INFO] [stderr] 
[INFO] [stderr] error: aborting due to 2 previous errors
[INFO] [stderr] 
[INFO] [stderr] For more information about this error, try `rustc --explain E0432`.
[INFO] [stderr] error: doctest failed, to rerun pass `--doc`
[INFO] [stderr] 
[INFO] [stderr] Caused by:
[INFO] [stderr]   process didn't exit successfully: `/opt/rustwide/rustup-home/toolchains/beta-2023-12-22-x86_64-unknown-linux-gnu/bin/rustdoc --edition=2021 --crate-type lib --crate-name rtx --test src/lib.rs --test-run-directory /opt/rustwide/workdir -L dependency=/opt/rustwide/target/debug/deps -L dependency=/opt/rustwide/target/debug/deps --extern pin_project_lite=/opt/rustwide/target/debug/deps/libpin_project_lite-085b19c93bbb2231.rlib --extern rtx=/opt/rustwide/target/debug/deps/librtx-5d51c6bcfaad6fb4.rlib --extern smallvec=/opt/rustwide/target/debug/deps/libsmallvec-2fe51d264bce6b98.rlib -C embed-bitcode=no --cfg 'feature="default"' --cap-lints=warn --error-format human` (exit status: 1)
[INFO] [stderr] note: test exited abnormally; to see the full output pass --nocapture to the harness.
[INFO] running `Command { std: "docker" "inspect" "0b21549751f79dc1fff38b6f5666ff5097454329abd905cbf9744bebe9db7ef8", kill_on_drop: false }`
[INFO] running `Command { std: "docker" "rm" "-f" "0b21549751f79dc1fff38b6f5666ff5097454329abd905cbf9744bebe9db7ef8", kill_on_drop: false }`
[INFO] [stdout] 0b21549751f79dc1fff38b6f5666ff5097454329abd905cbf9744bebe9db7ef8
