[INFO] fetching crate rstorage 1.0.2...
[INFO] testing rstorage-1.0.2 against 1.75.0 for beta-1.76-1
[INFO] extracting crate rstorage 1.0.2 into /workspace/builds/worker-3-tc1/source
[INFO] validating manifest of crates.io crate rstorage 1.0.2 on toolchain 1.75.0
[INFO] running `Command { std: CARGO_HOME="/workspace/cargo-home" RUSTUP_HOME="/workspace/rustup-home" "/workspace/cargo-home/bin/cargo" "+1.75.0" "metadata" "--manifest-path" "Cargo.toml" "--no-deps", kill_on_drop: false }`
[INFO] started tweaking crates.io crate rstorage 1.0.2
[INFO] finished tweaking crates.io crate rstorage 1.0.2
[INFO] tweaked toml for crates.io crate rstorage 1.0.2 written to /workspace/builds/worker-3-tc1/source/Cargo.toml
[INFO] running `Command { std: CARGO_HOME="/workspace/cargo-home" RUSTUP_HOME="/workspace/rustup-home" "/workspace/cargo-home/bin/cargo" "+1.75.0" "generate-lockfile" "--manifest-path" "Cargo.toml", kill_on_drop: false }`
[INFO] [stderr]     Updating crates.io index
[INFO] running `Command { std: CARGO_HOME="/workspace/cargo-home" RUSTUP_HOME="/workspace/rustup-home" "/workspace/cargo-home/bin/cargo" "+1.75.0" "fetch" "--manifest-path" "Cargo.toml", kill_on_drop: false }`
[INFO] [stderr]  Downloading crates ...
[INFO] [stderr]   Downloaded advisory-lock v0.2.0
[INFO] [stderr]   Downloaded simple_wal v0.3.0
[INFO] running `Command { std: "docker" "create" "-v" "/var/lib/crater-agent-workspace/builds/worker-3-tc1/target:/opt/rustwide/target:rw,Z" "-v" "/var/lib/crater-agent-workspace/builds/worker-3-tc1/source:/opt/rustwide/workdir:ro,Z" "-v" "/var/lib/crater-agent-workspace/cargo-home:/opt/rustwide/cargo-home:ro,Z" "-v" "/var/lib/crater-agent-workspace/rustup-home:/opt/rustwide/rustup-home:ro,Z" "-e" "SOURCE_DIR=/opt/rustwide/workdir" "-e" "CARGO_TARGET_DIR=/opt/rustwide/target" "-e" "CARGO_HOME=/opt/rustwide/cargo-home" "-e" "RUSTUP_HOME=/opt/rustwide/rustup-home" "-w" "/opt/rustwide/workdir" "-m" "1610612736" "--user" "0:0" "--network" "none" "ghcr.io/rust-lang/crates-build-env/linux@sha256:2788e3201cd34a07e3172128adcd8b3090168a8e3bcc40d7c032b9dda1df7d1c" "/opt/rustwide/cargo-home/bin/cargo" "+1.75.0" "metadata" "--no-deps" "--format-version=1", kill_on_drop: false }`
[INFO] [stdout] abcd02d7344a4f9bf891b55ca5ed59303be497f6989ede9980018debf6bfdfc5
[INFO] running `Command { std: "docker" "start" "-a" "abcd02d7344a4f9bf891b55ca5ed59303be497f6989ede9980018debf6bfdfc5", kill_on_drop: false }`
[INFO] running `Command { std: "docker" "inspect" "abcd02d7344a4f9bf891b55ca5ed59303be497f6989ede9980018debf6bfdfc5", kill_on_drop: false }`
[INFO] running `Command { std: "docker" "rm" "-f" "abcd02d7344a4f9bf891b55ca5ed59303be497f6989ede9980018debf6bfdfc5", kill_on_drop: false }`
[INFO] [stdout] abcd02d7344a4f9bf891b55ca5ed59303be497f6989ede9980018debf6bfdfc5
[INFO] running `Command { std: "docker" "create" "-v" "/var/lib/crater-agent-workspace/builds/worker-3-tc1/target:/opt/rustwide/target:rw,Z" "-v" "/var/lib/crater-agent-workspace/builds/worker-3-tc1/source:/opt/rustwide/workdir:ro,Z" "-v" "/var/lib/crater-agent-workspace/cargo-home:/opt/rustwide/cargo-home:ro,Z" "-v" "/var/lib/crater-agent-workspace/rustup-home:/opt/rustwide/rustup-home:ro,Z" "-e" "SOURCE_DIR=/opt/rustwide/workdir" "-e" "CARGO_TARGET_DIR=/opt/rustwide/target" "-e" "CARGO_INCREMENTAL=0" "-e" "RUST_BACKTRACE=full" "-e" "RUSTFLAGS=--cap-lints=warn" "-e" "RUSTDOCFLAGS=--cap-lints=warn" "-e" "CARGO_HOME=/opt/rustwide/cargo-home" "-e" "RUSTUP_HOME=/opt/rustwide/rustup-home" "-w" "/opt/rustwide/workdir" "-m" "1610612736" "--user" "0:0" "--network" "none" "ghcr.io/rust-lang/crates-build-env/linux@sha256:2788e3201cd34a07e3172128adcd8b3090168a8e3bcc40d7c032b9dda1df7d1c" "/opt/rustwide/cargo-home/bin/cargo" "+1.75.0" "build" "--frozen" "--message-format=json", kill_on_drop: false }`
[INFO] [stdout] 1c94ae8ce6582c565afe8f1b2efaf4ae76f3f0ee2ae74723d57f816dbbb5d073
[INFO] running `Command { std: "docker" "start" "-a" "1c94ae8ce6582c565afe8f1b2efaf4ae76f3f0ee2ae74723d57f816dbbb5d073", kill_on_drop: false }`
[INFO] [stderr]    Compiling getrandom v0.1.16
[INFO] [stderr]    Compiling crc32fast v1.3.2
[INFO] [stderr]    Compiling hashbrown v0.14.3
[INFO] [stderr]    Compiling parking_lot_core v0.9.9
[INFO] [stderr]    Compiling bincode v1.3.3
[INFO] [stderr]    Compiling syn v2.0.48
[INFO] [stderr]    Compiling rand_core v0.5.1
[INFO] [stderr]    Compiling rand_chacha v0.2.2
[INFO] [stderr]    Compiling dashmap v5.5.3
[INFO] [stderr]    Compiling rand v0.7.3
[INFO] [stderr]    Compiling thiserror-impl v1.0.56
[INFO] [stderr]    Compiling tokio-macros v2.2.0
[INFO] [stderr]    Compiling serde_derive v1.0.194
[INFO] [stderr]    Compiling tokio v1.35.1
[INFO] [stderr]    Compiling thiserror v1.0.56
[INFO] [stderr]    Compiling advisory-lock v0.2.0
[INFO] [stderr]    Compiling simple_wal v0.3.0
[INFO] [stderr]    Compiling rstorage v1.0.2 (/opt/rustwide/workdir)
[INFO] [stdout] warning: unused import: `RQuery`
[INFO] [stdout]  --> src/storage.rs:9:50
[INFO] [stdout]   |
[INFO] [stdout] 9 | pub use rstorage::rstorage::{RConcurrentStorage, RQuery};
[INFO] [stdout]   |                                                  ^^^^^^
[INFO] [stdout]   |
[INFO] [stdout]   = note: `#[warn(unused_imports)]` on by default
[INFO] [stdout] 
[INFO] [stdout] 
[INFO] [stdout] warning: unused import: `WQuery`
[INFO] [stdout]   --> src/storage.rs:10:50
[INFO] [stdout]    |
[INFO] [stdout] 10 | pub use wstorage::wstorage::{WConcurrentStorage, WQuery};
[INFO] [stdout]    |                                                  ^^^^^^
[INFO] [stdout] 
[INFO] [stdout] 
[INFO] [stdout] warning: field `current_segment_index` is never read
[INFO] [stdout]   --> src/storage/disk_log.rs:17:9
[INFO] [stdout]    |
[INFO] [stdout] 14 |     struct TmpLogStruct {
[INFO] [stdout]    |            ------------ field in this struct
[INFO] [stdout] ...
[INFO] [stdout] 17 |         current_segment_index: usize
[INFO] [stdout]    |         ^^^^^^^^^^^^^^^^^^^^^
[INFO] [stdout]    |
[INFO] [stdout]    = note: `#[warn(dead_code)]` on by default
[INFO] [stdout] 
[INFO] [stdout] 
[INFO] [stdout] warning: 3 warnings emitted
[INFO] [stdout] 
[INFO] [stdout] 
[INFO] [stderr]     Finished dev [unoptimized + debuginfo] target(s) in 4.32s
[INFO] running `Command { std: "docker" "inspect" "1c94ae8ce6582c565afe8f1b2efaf4ae76f3f0ee2ae74723d57f816dbbb5d073", kill_on_drop: false }`
[INFO] running `Command { std: "docker" "rm" "-f" "1c94ae8ce6582c565afe8f1b2efaf4ae76f3f0ee2ae74723d57f816dbbb5d073", kill_on_drop: false }`
[INFO] [stdout] 1c94ae8ce6582c565afe8f1b2efaf4ae76f3f0ee2ae74723d57f816dbbb5d073
[INFO] running `Command { std: "docker" "create" "-v" "/var/lib/crater-agent-workspace/builds/worker-3-tc1/target:/opt/rustwide/target:rw,Z" "-v" "/var/lib/crater-agent-workspace/builds/worker-3-tc1/source:/opt/rustwide/workdir:ro,Z" "-v" "/var/lib/crater-agent-workspace/cargo-home:/opt/rustwide/cargo-home:ro,Z" "-v" "/var/lib/crater-agent-workspace/rustup-home:/opt/rustwide/rustup-home:ro,Z" "-e" "SOURCE_DIR=/opt/rustwide/workdir" "-e" "CARGO_TARGET_DIR=/opt/rustwide/target" "-e" "CARGO_INCREMENTAL=0" "-e" "RUST_BACKTRACE=full" "-e" "RUSTFLAGS=--cap-lints=warn" "-e" "RUSTDOCFLAGS=--cap-lints=warn" "-e" "CARGO_HOME=/opt/rustwide/cargo-home" "-e" "RUSTUP_HOME=/opt/rustwide/rustup-home" "-w" "/opt/rustwide/workdir" "-m" "1610612736" "--user" "0:0" "--network" "none" "ghcr.io/rust-lang/crates-build-env/linux@sha256:2788e3201cd34a07e3172128adcd8b3090168a8e3bcc40d7c032b9dda1df7d1c" "/opt/rustwide/cargo-home/bin/cargo" "+1.75.0" "test" "--frozen" "--no-run" "--message-format=json", kill_on_drop: false }`
[INFO] [stdout] f5b73c38fbb43313f399b367dd0edaf68b372dc75ff854ef6ed37fdedd33f433
[INFO] running `Command { std: "docker" "start" "-a" "f5b73c38fbb43313f399b367dd0edaf68b372dc75ff854ef6ed37fdedd33f433", kill_on_drop: false }`
[INFO] [stdout] warning: unused import: `RQuery`
[INFO] [stdout]  --> src/storage.rs:9:50
[INFO] [stdout]   |
[INFO] [stdout] 9 | pub use rstorage::rstorage::{RConcurrentStorage, RQuery};
[INFO] [stdout]   |                                                  ^^^^^^
[INFO] [stdout]   |
[INFO] [stdout]   = note: `#[warn(unused_imports)]` on by default
[INFO] [stdout] 
[INFO] [stdout] 
[INFO] [stdout] warning: unused import: `WQuery`
[INFO] [stdout]   --> src/storage.rs:10:50
[INFO] [stdout]    |
[INFO] [stdout] 10 | pub use wstorage::wstorage::{WConcurrentStorage, WQuery};
[INFO] [stdout]    |                                                  ^^^^^^
[INFO] [stdout] 
[INFO] [stdout] 
[INFO] [stderr]    Compiling rstorage v1.0.2 (/opt/rustwide/workdir)
[INFO] [stdout] warning: field `current_segment_index` is never read
[INFO] [stdout]   --> src/storage/disk_log.rs:17:9
[INFO] [stdout]    |
[INFO] [stdout] 14 |     struct TmpLogStruct {
[INFO] [stdout]    |            ------------ field in this struct
[INFO] [stdout] ...
[INFO] [stdout] 17 |         current_segment_index: usize
[INFO] [stdout]    |         ^^^^^^^^^^^^^^^^^^^^^
[INFO] [stdout]    |
[INFO] [stdout]    = note: `#[warn(dead_code)]` on by default
[INFO] [stdout] 
[INFO] [stdout] 
[INFO] [stdout] warning: 3 warnings emitted
[INFO] [stdout] 
[INFO] [stdout] 
[INFO] [stdout] warning: unused import: `RQuery`
[INFO] [stdout]  --> src/storage.rs:9:50
[INFO] [stdout]   |
[INFO] [stdout] 9 | pub use rstorage::rstorage::{RConcurrentStorage, RQuery};
[INFO] [stdout]   |                                                  ^^^^^^
[INFO] [stdout]   |
[INFO] [stdout]   = note: `#[warn(unused_imports)]` on by default
[INFO] [stdout] 
[INFO] [stdout] 
[INFO] [stdout] warning: unused import: `WQuery`
[INFO] [stdout]   --> src/storage.rs:10:50
[INFO] [stdout]    |
[INFO] [stdout] 10 | pub use wstorage::wstorage::{WConcurrentStorage, WQuery};
[INFO] [stdout]    |                                                  ^^^^^^
[INFO] [stdout] 
[INFO] [stdout] 
[INFO] [stdout] warning: field `current_segment_index` is never read
[INFO] [stdout]   --> src/storage/disk_log.rs:17:9
[INFO] [stdout]    |
[INFO] [stdout] 14 |     struct TmpLogStruct {
[INFO] [stdout]    |            ------------ field in this struct
[INFO] [stdout] ...
[INFO] [stdout] 17 |         current_segment_index: usize
[INFO] [stdout]    |         ^^^^^^^^^^^^^^^^^^^^^
[INFO] [stdout]    |
[INFO] [stdout]    = note: `#[warn(dead_code)]` on by default
[INFO] [stdout] 
[INFO] [stdout] 
[INFO] [stdout] warning: 3 warnings emitted
[INFO] [stdout] 
[INFO] [stdout] 
[INFO] [stderr]     Finished test [unoptimized + debuginfo] target(s) in 0.34s
[INFO] running `Command { std: "docker" "inspect" "f5b73c38fbb43313f399b367dd0edaf68b372dc75ff854ef6ed37fdedd33f433", kill_on_drop: false }`
[INFO] running `Command { std: "docker" "rm" "-f" "f5b73c38fbb43313f399b367dd0edaf68b372dc75ff854ef6ed37fdedd33f433", kill_on_drop: false }`
[INFO] [stdout] f5b73c38fbb43313f399b367dd0edaf68b372dc75ff854ef6ed37fdedd33f433
[INFO] running `Command { std: "docker" "create" "-v" "/var/lib/crater-agent-workspace/builds/worker-3-tc1/target:/opt/rustwide/target:rw,Z" "-v" "/var/lib/crater-agent-workspace/builds/worker-3-tc1/source:/opt/rustwide/workdir:ro,Z" "-v" "/var/lib/crater-agent-workspace/cargo-home:/opt/rustwide/cargo-home:ro,Z" "-v" "/var/lib/crater-agent-workspace/rustup-home:/opt/rustwide/rustup-home:ro,Z" "-e" "SOURCE_DIR=/opt/rustwide/workdir" "-e" "CARGO_TARGET_DIR=/opt/rustwide/target" "-e" "CARGO_INCREMENTAL=0" "-e" "RUST_BACKTRACE=full" "-e" "RUSTFLAGS=--cap-lints=warn" "-e" "RUSTDOCFLAGS=--cap-lints=warn" "-e" "CARGO_HOME=/opt/rustwide/cargo-home" "-e" "RUSTUP_HOME=/opt/rustwide/rustup-home" "-w" "/opt/rustwide/workdir" "-m" "1610612736" "--user" "0:0" "--network" "none" "ghcr.io/rust-lang/crates-build-env/linux@sha256:2788e3201cd34a07e3172128adcd8b3090168a8e3bcc40d7c032b9dda1df7d1c" "/opt/rustwide/cargo-home/bin/cargo" "+1.75.0" "test" "--frozen", kill_on_drop: false }`
[INFO] [stdout] 47e2386bc1e7c08d31df7854b1e70179c0980a8af98d59b9a859b7145a2df652
[INFO] running `Command { std: "docker" "start" "-a" "47e2386bc1e7c08d31df7854b1e70179c0980a8af98d59b9a859b7145a2df652", kill_on_drop: false }`
[INFO] [stderr] warning: unused import: `RQuery`
[INFO] [stderr]  --> src/storage.rs:9:50
[INFO] [stderr]   |
[INFO] [stderr] 9 | pub use rstorage::rstorage::{RConcurrentStorage, RQuery};
[INFO] [stderr]   |                                                  ^^^^^^
[INFO] [stderr]   |
[INFO] [stderr]   = note: `#[warn(unused_imports)]` on by default
[INFO] [stderr] 
[INFO] [stderr] warning: unused import: `WQuery`
[INFO] [stderr]   --> src/storage.rs:10:50
[INFO] [stderr]    |
[INFO] [stderr] 10 | pub use wstorage::wstorage::{WConcurrentStorage, WQuery};
[INFO] [stderr]    |                                                  ^^^^^^
[INFO] [stderr] 
[INFO] [stderr] warning: field `current_segment_index` is never read
[INFO] [stderr]   --> src/storage/disk_log.rs:17:9
[INFO] [stderr]    |
[INFO] [stderr] 14 |     struct TmpLogStruct {
[INFO] [stderr]    |            ------------ field in this struct
[INFO] [stderr] ...
[INFO] [stderr] 17 |         current_segment_index: usize
[INFO] [stderr]    |         ^^^^^^^^^^^^^^^^^^^^^
[INFO] [stderr]    |
[INFO] [stderr]    = note: `#[warn(dead_code)]` on by default
[INFO] [stderr] 
[INFO] [stderr] warning: `rstorage` (lib) generated 3 warnings (run `cargo fix --lib -p rstorage` to apply 2 suggestions)
[INFO] [stderr] warning: `rstorage` (lib test) generated 3 warnings (3 duplicates)
[INFO] [stderr]     Finished test [unoptimized + debuginfo] target(s) in 0.03s
[INFO] [stderr]      Running unittests src/lib.rs (/opt/rustwide/target/debug/deps/rstorage-d4eed902894e5194)
[INFO] [stdout] 
[INFO] [stdout] running 0 tests
[INFO] [stdout] 
[INFO] [stdout] test result: ok. 0 passed; 0 failed; 0 ignored; 0 measured; 0 filtered out; finished in 0.00s
[INFO] [stdout] 
[INFO] [stderr]    Doc-tests rstorage
[INFO] [stdout] 
[INFO] [stdout] running 1 test
[INFO] [stdout] test src/lib.rs - storage (line 4) ... FAILED
[INFO] [stdout] 
[INFO] [stdout] failures:
[INFO] [stdout] 
[INFO] [stdout] ---- src/lib.rs - storage (line 4) stdout ----
[INFO] [stdout] error: mismatched closing delimiter: `}`
[INFO] [stdout]   --> src/lib.rs:22:22
[INFO] [stdout]    |
[INFO] [stdout] 5  | async fn main() {
[INFO] [stdout]    |                 - closing delimiter possibly meant for this
[INFO] [stdout] ...
[INFO] [stdout] 20 |             .for_each(|(key, doc)| {
[INFO] [stdout]    |                      ^ unclosed delimiter
[INFO] [stdout] ...
[INFO] [stdout] 39 | } _doctest_main_src_lib_rs_4_0() }
[INFO] [stdout]    | ^ mismatched closing delimiter
[INFO] [stdout] 
[INFO] [stdout] error: this file contains an unclosed delimiter
[INFO] [stdout]   --> src/lib.rs:41:35
[INFO] [stdout]    |
[INFO] [stdout] 3  | fn main() { #[allow(non_snake_case)] fn _doctest_main_src_lib_rs_4_0() {
[INFO] [stdout]    |           - unclosed delimiter
[INFO] [stdout] ...
[INFO] [stdout] 39 | } _doctest_main_src_lib_rs_4_0() }
[INFO] [stdout]    |                                   ^
[INFO] [stdout] 
[INFO] [stdout] error: aborting due to 2 previous errors
[INFO] [stdout] 
[INFO] [stdout] Couldn't compile the test.
[INFO] [stdout] 
[INFO] [stdout] failures:
[INFO] [stdout]     src/lib.rs - storage (line 4)
[INFO] [stdout] 
[INFO] [stdout] test result: FAILED. 0 passed; 1 failed; 0 ignored; 0 measured; 0 filtered out; finished in 0.03s
[INFO] [stdout] 
[INFO] [stderr] error: doctest failed, to rerun pass `--doc`
[INFO] running `Command { std: "docker" "inspect" "47e2386bc1e7c08d31df7854b1e70179c0980a8af98d59b9a859b7145a2df652", kill_on_drop: false }`
[INFO] running `Command { std: "docker" "rm" "-f" "47e2386bc1e7c08d31df7854b1e70179c0980a8af98d59b9a859b7145a2df652", kill_on_drop: false }`
[INFO] [stdout] 47e2386bc1e7c08d31df7854b1e70179c0980a8af98d59b9a859b7145a2df652
[INFO] testing rstorage-1.0.2 against beta-2023-12-22 for beta-1.76-1
[INFO] extracting crate rstorage 1.0.2 into /workspace/builds/worker-3-tc2/source
[INFO] validating manifest of crates.io crate rstorage 1.0.2 on toolchain beta-2023-12-22
[INFO] running `Command { std: CARGO_HOME="/workspace/cargo-home" RUSTUP_HOME="/workspace/rustup-home" "/workspace/cargo-home/bin/cargo" "+beta-2023-12-22" "metadata" "--manifest-path" "Cargo.toml" "--no-deps", kill_on_drop: false }`
[INFO] started tweaking crates.io crate rstorage 1.0.2
[INFO] finished tweaking crates.io crate rstorage 1.0.2
[INFO] tweaked toml for crates.io crate rstorage 1.0.2 written to /workspace/builds/worker-3-tc2/source/Cargo.toml
[INFO] running `Command { std: CARGO_HOME="/workspace/cargo-home" RUSTUP_HOME="/workspace/rustup-home" "/workspace/cargo-home/bin/cargo" "+beta-2023-12-22" "generate-lockfile" "--manifest-path" "Cargo.toml", kill_on_drop: false }`
[INFO] [stderr]     Updating crates.io index
[INFO] running `Command { std: CARGO_HOME="/workspace/cargo-home" RUSTUP_HOME="/workspace/rustup-home" "/workspace/cargo-home/bin/cargo" "+beta-2023-12-22" "fetch" "--manifest-path" "Cargo.toml", kill_on_drop: false }`
[INFO] running `Command { std: "docker" "create" "-v" "/var/lib/crater-agent-workspace/builds/worker-3-tc2/target:/opt/rustwide/target:rw,Z" "-v" "/var/lib/crater-agent-workspace/builds/worker-3-tc2/source:/opt/rustwide/workdir:ro,Z" "-v" "/var/lib/crater-agent-workspace/cargo-home:/opt/rustwide/cargo-home:ro,Z" "-v" "/var/lib/crater-agent-workspace/rustup-home:/opt/rustwide/rustup-home:ro,Z" "-e" "SOURCE_DIR=/opt/rustwide/workdir" "-e" "CARGO_TARGET_DIR=/opt/rustwide/target" "-e" "CARGO_HOME=/opt/rustwide/cargo-home" "-e" "RUSTUP_HOME=/opt/rustwide/rustup-home" "-w" "/opt/rustwide/workdir" "-m" "1610612736" "--user" "0:0" "--network" "none" "ghcr.io/rust-lang/crates-build-env/linux@sha256:2788e3201cd34a07e3172128adcd8b3090168a8e3bcc40d7c032b9dda1df7d1c" "/opt/rustwide/cargo-home/bin/cargo" "+beta-2023-12-22" "metadata" "--no-deps" "--format-version=1", kill_on_drop: false }`
[INFO] [stdout] ac2b05de067faff13f4f5f0c216b2f8bd4b221dd114b6bcf73dece82df9f9fa0
[INFO] running `Command { std: "docker" "start" "-a" "ac2b05de067faff13f4f5f0c216b2f8bd4b221dd114b6bcf73dece82df9f9fa0", kill_on_drop: false }`
[INFO] running `Command { std: "docker" "inspect" "ac2b05de067faff13f4f5f0c216b2f8bd4b221dd114b6bcf73dece82df9f9fa0", kill_on_drop: false }`
[INFO] running `Command { std: "docker" "rm" "-f" "ac2b05de067faff13f4f5f0c216b2f8bd4b221dd114b6bcf73dece82df9f9fa0", kill_on_drop: false }`
[INFO] [stdout] ac2b05de067faff13f4f5f0c216b2f8bd4b221dd114b6bcf73dece82df9f9fa0
[INFO] running `Command { std: "docker" "create" "-v" "/var/lib/crater-agent-workspace/builds/worker-3-tc2/target:/opt/rustwide/target:rw,Z" "-v" "/var/lib/crater-agent-workspace/builds/worker-3-tc2/source:/opt/rustwide/workdir:ro,Z" "-v" "/var/lib/crater-agent-workspace/cargo-home:/opt/rustwide/cargo-home:ro,Z" "-v" "/var/lib/crater-agent-workspace/rustup-home:/opt/rustwide/rustup-home:ro,Z" "-e" "SOURCE_DIR=/opt/rustwide/workdir" "-e" "CARGO_TARGET_DIR=/opt/rustwide/target" "-e" "CARGO_INCREMENTAL=0" "-e" "RUST_BACKTRACE=full" "-e" "RUSTFLAGS=--cap-lints=warn" "-e" "RUSTDOCFLAGS=--cap-lints=warn" "-e" "CARGO_HOME=/opt/rustwide/cargo-home" "-e" "RUSTUP_HOME=/opt/rustwide/rustup-home" "-w" "/opt/rustwide/workdir" "-m" "1610612736" "--user" "0:0" "--network" "none" "ghcr.io/rust-lang/crates-build-env/linux@sha256:2788e3201cd34a07e3172128adcd8b3090168a8e3bcc40d7c032b9dda1df7d1c" "/opt/rustwide/cargo-home/bin/cargo" "+beta-2023-12-22" "build" "--frozen" "--message-format=json", kill_on_drop: false }`
[INFO] [stdout] 4f2fd4559bac8a079f46eed282995a1e1095e94771e528cbebfdf7ff312e5bb1
[INFO] running `Command { std: "docker" "start" "-a" "4f2fd4559bac8a079f46eed282995a1e1095e94771e528cbebfdf7ff312e5bb1", kill_on_drop: false }`
[INFO] [stderr]    Compiling getrandom v0.1.16
[INFO] [stderr]    Compiling crc32fast v1.3.2
[INFO] [stderr]    Compiling hashbrown v0.14.3
[INFO] [stderr]    Compiling parking_lot_core v0.9.9
[INFO] [stderr]    Compiling syn v2.0.48
[INFO] [stderr]    Compiling bincode v1.3.3
[INFO] [stderr]    Compiling rand_core v0.5.1
[INFO] [stderr]    Compiling rand_chacha v0.2.2
[INFO] [stderr]    Compiling dashmap v5.5.3
[INFO] [stderr]    Compiling rand v0.7.3
[INFO] [stderr]    Compiling thiserror-impl v1.0.56
[INFO] [stderr]    Compiling tokio-macros v2.2.0
[INFO] [stderr]    Compiling serde_derive v1.0.194
[INFO] [stderr]    Compiling tokio v1.35.1
[INFO] [stderr]    Compiling thiserror v1.0.56
[INFO] [stderr]    Compiling advisory-lock v0.2.0
[INFO] [stderr]    Compiling simple_wal v0.3.0
[INFO] [stderr]    Compiling rstorage v1.0.2 (/opt/rustwide/workdir)
[INFO] [stdout] warning: unused import: `RQuery`
[INFO] [stdout]  --> src/storage.rs:9:50
[INFO] [stdout]   |
[INFO] [stdout] 9 | pub use rstorage::rstorage::{RConcurrentStorage, RQuery};
[INFO] [stdout]   |                                                  ^^^^^^
[INFO] [stdout]   |
[INFO] [stdout]   = note: `#[warn(unused_imports)]` on by default
[INFO] [stdout] 
[INFO] [stdout] 
[INFO] [stdout] warning: unused import: `WQuery`
[INFO] [stdout]   --> src/storage.rs:10:50
[INFO] [stdout]    |
[INFO] [stdout] 10 | pub use wstorage::wstorage::{WConcurrentStorage, WQuery};
[INFO] [stdout]    |                                                  ^^^^^^
[INFO] [stdout] 
[INFO] [stdout] 
[INFO] [stdout] warning: field `current_segment_index` is never read
[INFO] [stdout]   --> src/storage/disk_log.rs:17:9
[INFO] [stdout]    |
[INFO] [stdout] 14 |     struct TmpLogStruct {
[INFO] [stdout]    |            ------------ field in this struct
[INFO] [stdout] ...
[INFO] [stdout] 17 |         current_segment_index: usize
[INFO] [stdout]    |         ^^^^^^^^^^^^^^^^^^^^^
[INFO] [stdout]    |
[INFO] [stdout]    = note: `#[warn(dead_code)]` on by default
[INFO] [stdout] 
[INFO] [stdout] 
[INFO] [stdout] warning: 3 warnings emitted
[INFO] [stdout] 
[INFO] [stdout] 
[INFO] [stderr]     Finished dev [unoptimized + debuginfo] target(s) in 4.28s
[INFO] running `Command { std: "docker" "inspect" "4f2fd4559bac8a079f46eed282995a1e1095e94771e528cbebfdf7ff312e5bb1", kill_on_drop: false }`
[INFO] running `Command { std: "docker" "rm" "-f" "4f2fd4559bac8a079f46eed282995a1e1095e94771e528cbebfdf7ff312e5bb1", kill_on_drop: false }`
[INFO] [stdout] 4f2fd4559bac8a079f46eed282995a1e1095e94771e528cbebfdf7ff312e5bb1
[INFO] running `Command { std: "docker" "create" "-v" "/var/lib/crater-agent-workspace/builds/worker-3-tc2/target:/opt/rustwide/target:rw,Z" "-v" "/var/lib/crater-agent-workspace/builds/worker-3-tc2/source:/opt/rustwide/workdir:ro,Z" "-v" "/var/lib/crater-agent-workspace/cargo-home:/opt/rustwide/cargo-home:ro,Z" "-v" "/var/lib/crater-agent-workspace/rustup-home:/opt/rustwide/rustup-home:ro,Z" "-e" "SOURCE_DIR=/opt/rustwide/workdir" "-e" "CARGO_TARGET_DIR=/opt/rustwide/target" "-e" "CARGO_INCREMENTAL=0" "-e" "RUST_BACKTRACE=full" "-e" "RUSTFLAGS=--cap-lints=warn" "-e" "RUSTDOCFLAGS=--cap-lints=warn" "-e" "CARGO_HOME=/opt/rustwide/cargo-home" "-e" "RUSTUP_HOME=/opt/rustwide/rustup-home" "-w" "/opt/rustwide/workdir" "-m" "1610612736" "--user" "0:0" "--network" "none" "ghcr.io/rust-lang/crates-build-env/linux@sha256:2788e3201cd34a07e3172128adcd8b3090168a8e3bcc40d7c032b9dda1df7d1c" "/opt/rustwide/cargo-home/bin/cargo" "+beta-2023-12-22" "test" "--frozen" "--no-run" "--message-format=json", kill_on_drop: false }`
[INFO] [stdout] f3ad553227d66f330dd9de665666f9ed0a92af10d8ff564c8d20a4a5d60b3235
[INFO] running `Command { std: "docker" "start" "-a" "f3ad553227d66f330dd9de665666f9ed0a92af10d8ff564c8d20a4a5d60b3235", kill_on_drop: false }`
[INFO] [stdout] warning: unused import: `RQuery`
[INFO] [stdout]  --> src/storage.rs:9:50
[INFO] [stdout]   |
[INFO] [stdout] 9 | pub use rstorage::rstorage::{RConcurrentStorage, RQuery};
[INFO] [stdout]   |                                                  ^^^^^^
[INFO] [stdout]   |
[INFO] [stdout]   = note: `#[warn(unused_imports)]` on by default
[INFO] [stdout] 
[INFO] [stdout] 
[INFO] [stdout] warning: unused import: `WQuery`
[INFO] [stdout]   --> src/storage.rs:10:50
[INFO] [stdout]    |
[INFO] [stdout] 10 | pub use wstorage::wstorage::{WConcurrentStorage, WQuery};
[INFO] [stdout]    |                                                  ^^^^^^
[INFO] [stdout] 
[INFO] [stdout] 
[INFO] [stderr]    Compiling rstorage v1.0.2 (/opt/rustwide/workdir)
[INFO] [stdout] warning: field `current_segment_index` is never read
[INFO] [stdout]   --> src/storage/disk_log.rs:17:9
[INFO] [stdout]    |
[INFO] [stdout] 14 |     struct TmpLogStruct {
[INFO] [stdout]    |            ------------ field in this struct
[INFO] [stdout] ...
[INFO] [stdout] 17 |         current_segment_index: usize
[INFO] [stdout]    |         ^^^^^^^^^^^^^^^^^^^^^
[INFO] [stdout]    |
[INFO] [stdout]    = note: `#[warn(dead_code)]` on by default
[INFO] [stdout] 
[INFO] [stdout] 
[INFO] [stdout] warning: 3 warnings emitted
[INFO] [stdout] 
[INFO] [stdout] 
[INFO] [stdout] warning: unused import: `RQuery`
[INFO] [stdout]  --> src/storage.rs:9:50
[INFO] [stdout]   |
[INFO] [stdout] 9 | pub use rstorage::rstorage::{RConcurrentStorage, RQuery};
[INFO] [stdout]   |                                                  ^^^^^^
[INFO] [stdout]   |
[INFO] [stdout]   = note: `#[warn(unused_imports)]` on by default
[INFO] [stdout] 
[INFO] [stdout] 
[INFO] [stdout] warning: unused import: `WQuery`
[INFO] [stdout]   --> src/storage.rs:10:50
[INFO] [stdout]    |
[INFO] [stdout] 10 | pub use wstorage::wstorage::{WConcurrentStorage, WQuery};
[INFO] [stdout]    |                                                  ^^^^^^
[INFO] [stdout] 
[INFO] [stdout] 
[INFO] [stdout] warning: field `current_segment_index` is never read
[INFO] [stdout]   --> src/storage/disk_log.rs:17:9
[INFO] [stdout]    |
[INFO] [stdout] 14 |     struct TmpLogStruct {
[INFO] [stdout]    |            ------------ field in this struct
[INFO] [stdout] ...
[INFO] [stdout] 17 |         current_segment_index: usize
[INFO] [stdout]    |         ^^^^^^^^^^^^^^^^^^^^^
[INFO] [stdout]    |
[INFO] [stdout]    = note: `#[warn(dead_code)]` on by default
[INFO] [stdout] 
[INFO] [stdout] 
[INFO] [stdout] warning: 3 warnings emitted
[INFO] [stdout] 
[INFO] [stdout] 
[INFO] [stderr]     Finished test [unoptimized + debuginfo] target(s) in 0.33s
[INFO] running `Command { std: "docker" "inspect" "f3ad553227d66f330dd9de665666f9ed0a92af10d8ff564c8d20a4a5d60b3235", kill_on_drop: false }`
[INFO] running `Command { std: "docker" "rm" "-f" "f3ad553227d66f330dd9de665666f9ed0a92af10d8ff564c8d20a4a5d60b3235", kill_on_drop: false }`
[INFO] [stdout] f3ad553227d66f330dd9de665666f9ed0a92af10d8ff564c8d20a4a5d60b3235
[INFO] running `Command { std: "docker" "create" "-v" "/var/lib/crater-agent-workspace/builds/worker-3-tc2/target:/opt/rustwide/target:rw,Z" "-v" "/var/lib/crater-agent-workspace/builds/worker-3-tc2/source:/opt/rustwide/workdir:ro,Z" "-v" "/var/lib/crater-agent-workspace/cargo-home:/opt/rustwide/cargo-home:ro,Z" "-v" "/var/lib/crater-agent-workspace/rustup-home:/opt/rustwide/rustup-home:ro,Z" "-e" "SOURCE_DIR=/opt/rustwide/workdir" "-e" "CARGO_TARGET_DIR=/opt/rustwide/target" "-e" "CARGO_INCREMENTAL=0" "-e" "RUST_BACKTRACE=full" "-e" "RUSTFLAGS=--cap-lints=warn" "-e" "RUSTDOCFLAGS=--cap-lints=warn" "-e" "CARGO_HOME=/opt/rustwide/cargo-home" "-e" "RUSTUP_HOME=/opt/rustwide/rustup-home" "-w" "/opt/rustwide/workdir" "-m" "1610612736" "--user" "0:0" "--network" "none" "ghcr.io/rust-lang/crates-build-env/linux@sha256:2788e3201cd34a07e3172128adcd8b3090168a8e3bcc40d7c032b9dda1df7d1c" "/opt/rustwide/cargo-home/bin/cargo" "+beta-2023-12-22" "test" "--frozen", kill_on_drop: false }`
[INFO] [stdout] af9c90606a30f6b93105ff9ed0cfc5ea1f821bb10ff6335347eb633282d028cd
[INFO] running `Command { std: "docker" "start" "-a" "af9c90606a30f6b93105ff9ed0cfc5ea1f821bb10ff6335347eb633282d028cd", kill_on_drop: false }`
[INFO] [stderr] warning: unused import: `RQuery`
[INFO] [stderr]  --> src/storage.rs:9:50
[INFO] [stderr]   |
[INFO] [stderr] 9 | pub use rstorage::rstorage::{RConcurrentStorage, RQuery};
[INFO] [stderr]   |                                                  ^^^^^^
[INFO] [stderr]   |
[INFO] [stderr]   = note: `#[warn(unused_imports)]` on by default
[INFO] [stderr] 
[INFO] [stderr] warning: unused import: `WQuery`
[INFO] [stderr]   --> src/storage.rs:10:50
[INFO] [stderr]    |
[INFO] [stderr] 10 | pub use wstorage::wstorage::{WConcurrentStorage, WQuery};
[INFO] [stderr]    |                                                  ^^^^^^
[INFO] [stderr] 
[INFO] [stderr] warning: field `current_segment_index` is never read
[INFO] [stderr]   --> src/storage/disk_log.rs:17:9
[INFO] [stderr]    |
[INFO] [stderr] 14 |     struct TmpLogStruct {
[INFO] [stderr]    |            ------------ field in this struct
[INFO] [stderr] ...
[INFO] [stderr] 17 |         current_segment_index: usize
[INFO] [stderr]    |         ^^^^^^^^^^^^^^^^^^^^^
[INFO] [stderr]    |
[INFO] [stderr]    = note: `#[warn(dead_code)]` on by default
[INFO] [stderr] 
[INFO] [stderr] warning: `rstorage` (lib) generated 3 warnings (run `cargo fix --lib -p rstorage` to apply 2 suggestions)
[INFO] [stderr] warning: `rstorage` (lib test) generated 3 warnings (3 duplicates)
[INFO] [stderr]     Finished test [unoptimized + debuginfo] target(s) in 0.02s
[INFO] [stderr]      Running unittests src/lib.rs (/opt/rustwide/target/debug/deps/rstorage-8ddfef832e365a28)
[INFO] [stdout] 
[INFO] [stdout] running 0 tests
[INFO] [stdout] 
[INFO] [stdout] test result: ok. 0 passed; 0 failed; 0 ignored; 0 measured; 0 filtered out; finished in 0.00s
[INFO] [stdout] 
[INFO] [stderr]    Doc-tests rstorage
[INFO] [stdout] 
[INFO] [stdout] running 1 test
[INFO] [stdout] test src/lib.rs - storage (line 4) ... FAILED
[INFO] [stdout] 
[INFO] [stdout] failures:
[INFO] [stdout] 
[INFO] [stdout] ---- src/lib.rs - storage (line 4) stdout ----
[INFO] [stdout] error: mismatched closing delimiter: `}`
[INFO] [stdout]   --> src/lib.rs:22:22
[INFO] [stdout]    |
[INFO] [stdout] 5  | async fn main() {
[INFO] [stdout]    |                 - closing delimiter possibly meant for this
[INFO] [stdout] ...
[INFO] [stdout] 20 |             .for_each(|(key, doc)| {
[INFO] [stdout]    |                      ^ unclosed delimiter
[INFO] [stdout] ...
[INFO] [stdout] 39 | } _doctest_main_src_lib_rs_4_0() }
[INFO] [stdout]    | ^ mismatched closing delimiter
[INFO] [stdout] 
[INFO] [stdout] error: this file contains an unclosed delimiter
[INFO] [stdout]   --> src/lib.rs:41:35
[INFO] [stdout]    |
[INFO] [stdout] 3  | fn main() { #[allow(non_snake_case)] fn _doctest_main_src_lib_rs_4_0() {
[INFO] [stdout]    |           - unclosed delimiter
[INFO] [stdout] ...
[INFO] [stdout] 39 | } _doctest_main_src_lib_rs_4_0() }
[INFO] [stdout]    |                                   ^
[INFO] [stdout] 
[INFO] [stdout] error: aborting due to 2 previous errors
[INFO] [stdout] 
[INFO] [stdout] Couldn't compile the test.
[INFO] [stdout] 
[INFO] [stdout] failures:
[INFO] [stdout]     src/lib.rs - storage (line 4)
[INFO] [stdout] 
[INFO] [stdout] test result: FAILED. 0 passed; 1 failed; 0 ignored; 0 measured; 0 filtered out; finished in 0.03s
[INFO] [stdout] 
[INFO] [stderr] error: doctest failed, to rerun pass `--doc`
[INFO] running `Command { std: "docker" "inspect" "af9c90606a30f6b93105ff9ed0cfc5ea1f821bb10ff6335347eb633282d028cd", kill_on_drop: false }`
[INFO] running `Command { std: "docker" "rm" "-f" "af9c90606a30f6b93105ff9ed0cfc5ea1f821bb10ff6335347eb633282d028cd", kill_on_drop: false }`
[INFO] [stdout] af9c90606a30f6b93105ff9ed0cfc5ea1f821bb10ff6335347eb633282d028cd
