[INFO] fetching crate rsrs-core 0.1.0...
[INFO] testing rsrs-core-0.1.0 against 1.75.0 for beta-1.76-1
[INFO] extracting crate rsrs-core 0.1.0 into /workspace/builds/worker-6-tc1/source
[INFO] validating manifest of crates.io crate rsrs-core 0.1.0 on toolchain 1.75.0
[INFO] running `Command { std: CARGO_HOME="/workspace/cargo-home" RUSTUP_HOME="/workspace/rustup-home" "/workspace/cargo-home/bin/cargo" "+1.75.0" "metadata" "--manifest-path" "Cargo.toml" "--no-deps", kill_on_drop: false }`
[INFO] started tweaking crates.io crate rsrs-core 0.1.0
[INFO] finished tweaking crates.io crate rsrs-core 0.1.0
[INFO] tweaked toml for crates.io crate rsrs-core 0.1.0 written to /workspace/builds/worker-6-tc1/source/Cargo.toml
[INFO] running `Command { std: CARGO_HOME="/workspace/cargo-home" RUSTUP_HOME="/workspace/rustup-home" "/workspace/cargo-home/bin/cargo" "+1.75.0" "generate-lockfile" "--manifest-path" "Cargo.toml", kill_on_drop: false }`
[INFO] [stderr]     Updating crates.io index
[INFO] running `Command { std: CARGO_HOME="/workspace/cargo-home" RUSTUP_HOME="/workspace/rustup-home" "/workspace/cargo-home/bin/cargo" "+1.75.0" "fetch" "--manifest-path" "Cargo.toml", kill_on_drop: false }`
[INFO] [stderr]  Downloading crates ...
[INFO] [stderr]   Downloaded recode v0.5.0-alpha.3
[INFO] [stderr]   Downloaded from-to-repr v0.2.1
[INFO] [stderr]   Downloaded recode-derive v0.5.0-alpha.1
[INFO] running `Command { std: "docker" "create" "-v" "/var/lib/crater-agent-workspace/builds/worker-6-tc1/target:/opt/rustwide/target:rw,Z" "-v" "/var/lib/crater-agent-workspace/builds/worker-6-tc1/source:/opt/rustwide/workdir:ro,Z" "-v" "/var/lib/crater-agent-workspace/cargo-home:/opt/rustwide/cargo-home:ro,Z" "-v" "/var/lib/crater-agent-workspace/rustup-home:/opt/rustwide/rustup-home:ro,Z" "-e" "SOURCE_DIR=/opt/rustwide/workdir" "-e" "CARGO_TARGET_DIR=/opt/rustwide/target" "-e" "CARGO_HOME=/opt/rustwide/cargo-home" "-e" "RUSTUP_HOME=/opt/rustwide/rustup-home" "-w" "/opt/rustwide/workdir" "-m" "1610612736" "--user" "0:0" "--network" "none" "ghcr.io/rust-lang/crates-build-env/linux@sha256:2788e3201cd34a07e3172128adcd8b3090168a8e3bcc40d7c032b9dda1df7d1c" "/opt/rustwide/cargo-home/bin/cargo" "+1.75.0" "metadata" "--no-deps" "--format-version=1", kill_on_drop: false }`
[INFO] [stdout] 2960e1dc054ab5a251ba5750be8a318c0de1907d7f1a9ce44a285453b66749c3
[INFO] running `Command { std: "docker" "start" "-a" "2960e1dc054ab5a251ba5750be8a318c0de1907d7f1a9ce44a285453b66749c3", kill_on_drop: false }`
[INFO] running `Command { std: "docker" "inspect" "2960e1dc054ab5a251ba5750be8a318c0de1907d7f1a9ce44a285453b66749c3", kill_on_drop: false }`
[INFO] running `Command { std: "docker" "rm" "-f" "2960e1dc054ab5a251ba5750be8a318c0de1907d7f1a9ce44a285453b66749c3", kill_on_drop: false }`
[INFO] [stdout] 2960e1dc054ab5a251ba5750be8a318c0de1907d7f1a9ce44a285453b66749c3
[INFO] running `Command { std: "docker" "create" "-v" "/var/lib/crater-agent-workspace/builds/worker-6-tc1/target:/opt/rustwide/target:rw,Z" "-v" "/var/lib/crater-agent-workspace/builds/worker-6-tc1/source:/opt/rustwide/workdir:ro,Z" "-v" "/var/lib/crater-agent-workspace/cargo-home:/opt/rustwide/cargo-home:ro,Z" "-v" "/var/lib/crater-agent-workspace/rustup-home:/opt/rustwide/rustup-home:ro,Z" "-e" "SOURCE_DIR=/opt/rustwide/workdir" "-e" "CARGO_TARGET_DIR=/opt/rustwide/target" "-e" "CARGO_INCREMENTAL=0" "-e" "RUST_BACKTRACE=full" "-e" "RUSTFLAGS=--cap-lints=warn" "-e" "RUSTDOCFLAGS=--cap-lints=warn" "-e" "CARGO_HOME=/opt/rustwide/cargo-home" "-e" "RUSTUP_HOME=/opt/rustwide/rustup-home" "-w" "/opt/rustwide/workdir" "-m" "1610612736" "--user" "0:0" "--network" "none" "ghcr.io/rust-lang/crates-build-env/linux@sha256:2788e3201cd34a07e3172128adcd8b3090168a8e3bcc40d7c032b9dda1df7d1c" "/opt/rustwide/cargo-home/bin/cargo" "+1.75.0" "build" "--frozen" "--message-format=json", kill_on_drop: false }`
[INFO] [stdout] 1f8a5832ff649d0a497fae0f553c38d488ceb79bdd09d2c18785f58c0106b465
[INFO] running `Command { std: "docker" "start" "-a" "1f8a5832ff649d0a497fae0f553c38d488ceb79bdd09d2c18785f58c0106b465", kill_on_drop: false }`
[INFO] [stderr]    Compiling num-traits v0.2.17
[INFO] [stderr]    Compiling num-integer v0.1.45
[INFO] [stderr]    Compiling fnv v1.0.7
[INFO] [stderr]    Compiling ident_case v1.0.1
[INFO] [stderr]    Compiling strsim v0.10.0
[INFO] [stderr]    Compiling num-bigint v0.4.4
[INFO] [stderr]    Compiling paste v1.0.14
[INFO] [stderr]    Compiling num-iter v0.1.43
[INFO] [stderr]    Compiling num-rational v0.4.1
[INFO] [stderr]    Compiling thiserror v1.0.56
[INFO] [stderr]    Compiling bytes v1.5.0
[INFO] [stderr]    Compiling ux v0.1.5
[INFO] [stderr]    Compiling convert_case v0.4.0
[INFO] [stderr]    Compiling syn v2.0.48
[INFO] [stderr]    Compiling proc-macro-error-attr v1.0.4
[INFO] [stderr]    Compiling bitflags v2.4.1
[INFO] [stderr]    Compiling derive_more v0.99.17
[INFO] [stderr]    Compiling proc-macro-error v1.0.4
[INFO] [stderr]    Compiling num-complex v0.4.4
[INFO] [stderr]    Compiling darling_core v0.20.3
[INFO] [stderr]    Compiling num v0.4.1
[INFO] [stderr]    Compiling thiserror-impl v1.0.56
[INFO] [stderr]    Compiling from-to-repr v0.2.1
[INFO] [stderr]    Compiling darling_macro v0.20.3
[INFO] [stderr]    Compiling darling v0.20.3
[INFO] [stderr]    Compiling recode-derive v0.5.0-alpha.1
[INFO] [stderr]    Compiling recode v0.5.0-alpha.3
[INFO] [stderr]    Compiling rsrs-core v0.1.0 (/opt/rustwide/workdir)
[INFO] [stderr]     Finished dev [unoptimized + debuginfo] target(s) in 11.17s
[INFO] running `Command { std: "docker" "inspect" "1f8a5832ff649d0a497fae0f553c38d488ceb79bdd09d2c18785f58c0106b465", kill_on_drop: false }`
[INFO] running `Command { std: "docker" "rm" "-f" "1f8a5832ff649d0a497fae0f553c38d488ceb79bdd09d2c18785f58c0106b465", kill_on_drop: false }`
[INFO] [stdout] 1f8a5832ff649d0a497fae0f553c38d488ceb79bdd09d2c18785f58c0106b465
[INFO] running `Command { std: "docker" "create" "-v" "/var/lib/crater-agent-workspace/builds/worker-6-tc1/target:/opt/rustwide/target:rw,Z" "-v" "/var/lib/crater-agent-workspace/builds/worker-6-tc1/source:/opt/rustwide/workdir:ro,Z" "-v" "/var/lib/crater-agent-workspace/cargo-home:/opt/rustwide/cargo-home:ro,Z" "-v" "/var/lib/crater-agent-workspace/rustup-home:/opt/rustwide/rustup-home:ro,Z" "-e" "SOURCE_DIR=/opt/rustwide/workdir" "-e" "CARGO_TARGET_DIR=/opt/rustwide/target" "-e" "CARGO_INCREMENTAL=0" "-e" "RUST_BACKTRACE=full" "-e" "RUSTFLAGS=--cap-lints=warn" "-e" "RUSTDOCFLAGS=--cap-lints=warn" "-e" "CARGO_HOME=/opt/rustwide/cargo-home" "-e" "RUSTUP_HOME=/opt/rustwide/rustup-home" "-w" "/opt/rustwide/workdir" "-m" "1610612736" "--user" "0:0" "--network" "none" "ghcr.io/rust-lang/crates-build-env/linux@sha256:2788e3201cd34a07e3172128adcd8b3090168a8e3bcc40d7c032b9dda1df7d1c" "/opt/rustwide/cargo-home/bin/cargo" "+1.75.0" "test" "--frozen" "--no-run" "--message-format=json", kill_on_drop: false }`
[INFO] [stdout] 5ee2a1937658da45f481aa2d299301b6e72e876e2b1e3c4bc3892579f341f85f
[INFO] running `Command { std: "docker" "start" "-a" "5ee2a1937658da45f481aa2d299301b6e72e876e2b1e3c4bc3892579f341f85f", kill_on_drop: false }`
[INFO] [stderr]    Compiling rsrs-core v0.1.0 (/opt/rustwide/workdir)
[INFO] [stderr]     Finished test [unoptimized + debuginfo] target(s) in 0.46s
[INFO] running `Command { std: "docker" "inspect" "5ee2a1937658da45f481aa2d299301b6e72e876e2b1e3c4bc3892579f341f85f", kill_on_drop: false }`
[INFO] running `Command { std: "docker" "rm" "-f" "5ee2a1937658da45f481aa2d299301b6e72e876e2b1e3c4bc3892579f341f85f", kill_on_drop: false }`
[INFO] [stdout] 5ee2a1937658da45f481aa2d299301b6e72e876e2b1e3c4bc3892579f341f85f
[INFO] running `Command { std: "docker" "create" "-v" "/var/lib/crater-agent-workspace/builds/worker-6-tc1/target:/opt/rustwide/target:rw,Z" "-v" "/var/lib/crater-agent-workspace/builds/worker-6-tc1/source:/opt/rustwide/workdir:ro,Z" "-v" "/var/lib/crater-agent-workspace/cargo-home:/opt/rustwide/cargo-home:ro,Z" "-v" "/var/lib/crater-agent-workspace/rustup-home:/opt/rustwide/rustup-home:ro,Z" "-e" "SOURCE_DIR=/opt/rustwide/workdir" "-e" "CARGO_TARGET_DIR=/opt/rustwide/target" "-e" "CARGO_INCREMENTAL=0" "-e" "RUST_BACKTRACE=full" "-e" "RUSTFLAGS=--cap-lints=warn" "-e" "RUSTDOCFLAGS=--cap-lints=warn" "-e" "CARGO_HOME=/opt/rustwide/cargo-home" "-e" "RUSTUP_HOME=/opt/rustwide/rustup-home" "-w" "/opt/rustwide/workdir" "-m" "1610612736" "--user" "0:0" "--network" "none" "ghcr.io/rust-lang/crates-build-env/linux@sha256:2788e3201cd34a07e3172128adcd8b3090168a8e3bcc40d7c032b9dda1df7d1c" "/opt/rustwide/cargo-home/bin/cargo" "+1.75.0" "test" "--frozen", kill_on_drop: false }`
[INFO] [stdout] 77c94d30bc51669b6d18d222e6ce870c94b464305b3b720f70f0763dff65f379
[INFO] running `Command { std: "docker" "start" "-a" "77c94d30bc51669b6d18d222e6ce870c94b464305b3b720f70f0763dff65f379", kill_on_drop: false }`
[INFO] [stderr]     Finished test [unoptimized + debuginfo] target(s) in 0.02s
[INFO] [stderr]      Running unittests src/lib.rs (/opt/rustwide/target/debug/deps/rsrs_core-ac1173f510060f03)
[INFO] [stdout] 
[INFO] [stdout] running 0 tests
[INFO] [stdout] 
[INFO] [stdout] test result: ok. 0 passed; 0 failed; 0 ignored; 0 measured; 0 filtered out; finished in 0.00s
[INFO] [stdout] 
[INFO] [stderr]    Doc-tests rsrs-core
[INFO] [stdout] 
[INFO] [stdout] running 1 test
[INFO] [stdout] test src/header.rs - header::const_flags (line 171) ... FAILED
[INFO] [stdout] 
[INFO] [stdout] failures:
[INFO] [stdout] 
[INFO] [stdout] ---- src/header.rs - header::const_flags (line 171) stdout ----
[INFO] [stdout] error[E0433]: failed to resolve: use of undeclared crate or module `rsocket_proto`
[INFO] [stdout]  --> src/header.rs:173:5
[INFO] [stdout]   |
[INFO] [stdout] 4 | use rsocket_proto::frame::Flags;
[INFO] [stdout]   |     ^^^^^^^^^^^^^ use of undeclared crate or module `rsocket_proto`
[INFO] [stdout] 
[INFO] [stdout] error[E0432]: unresolved import `rsocket_proto`
[INFO] [stdout]  --> src/header.rs:174:5
[INFO] [stdout]   |
[INFO] [stdout] 5 | use rsocket_proto::const_flags;
[INFO] [stdout]   |     ^^^^^^^^^^^^^ use of undeclared crate or module `rsocket_proto`
[INFO] [stdout] 
[INFO] [stdout] error: cannot determine resolution for the macro `const_flags`
[INFO] [stdout]   --> src/header.rs:179:31
[INFO] [stdout]    |
[INFO] [stdout] 10 |     const FLAGS_MASK: Flags = const_flags![METADATA | RESUME | LEASE];
[INFO] [stdout]    |                               ^^^^^^^^^^^
[INFO] [stdout]    |
[INFO] [stdout]    = note: import resolution is stuck, try simplifying macro imports
[INFO] [stdout] 
[INFO] [stdout] error: aborting due to 3 previous errors
[INFO] [stdout] 
[INFO] [stdout] Some errors have detailed explanations: E0432, E0433.
[INFO] [stdout] For more information about an error, try `rustc --explain E0432`.
[INFO] [stdout] Couldn't compile the test.
[INFO] [stdout] 
[INFO] [stdout] failures:
[INFO] [stdout]     src/header.rs - header::const_flags (line 171)
[INFO] [stdout] 
[INFO] [stdout] test result: FAILED. 0 passed; 1 failed; 0 ignored; 0 measured; 0 filtered out; finished in 0.05s
[INFO] [stdout] 
[INFO] [stderr] error: doctest failed, to rerun pass `--doc`
[INFO] running `Command { std: "docker" "inspect" "77c94d30bc51669b6d18d222e6ce870c94b464305b3b720f70f0763dff65f379", kill_on_drop: false }`
[INFO] running `Command { std: "docker" "rm" "-f" "77c94d30bc51669b6d18d222e6ce870c94b464305b3b720f70f0763dff65f379", kill_on_drop: false }`
[INFO] [stdout] 77c94d30bc51669b6d18d222e6ce870c94b464305b3b720f70f0763dff65f379
[INFO] testing rsrs-core-0.1.0 against beta-2023-12-22 for beta-1.76-1
[INFO] extracting crate rsrs-core 0.1.0 into /workspace/builds/worker-6-tc2/source
[INFO] validating manifest of crates.io crate rsrs-core 0.1.0 on toolchain beta-2023-12-22
[INFO] running `Command { std: CARGO_HOME="/workspace/cargo-home" RUSTUP_HOME="/workspace/rustup-home" "/workspace/cargo-home/bin/cargo" "+beta-2023-12-22" "metadata" "--manifest-path" "Cargo.toml" "--no-deps", kill_on_drop: false }`
[INFO] started tweaking crates.io crate rsrs-core 0.1.0
[INFO] finished tweaking crates.io crate rsrs-core 0.1.0
[INFO] tweaked toml for crates.io crate rsrs-core 0.1.0 written to /workspace/builds/worker-6-tc2/source/Cargo.toml
[INFO] running `Command { std: CARGO_HOME="/workspace/cargo-home" RUSTUP_HOME="/workspace/rustup-home" "/workspace/cargo-home/bin/cargo" "+beta-2023-12-22" "generate-lockfile" "--manifest-path" "Cargo.toml", kill_on_drop: false }`
[INFO] [stderr]     Updating crates.io index
[INFO] running `Command { std: CARGO_HOME="/workspace/cargo-home" RUSTUP_HOME="/workspace/rustup-home" "/workspace/cargo-home/bin/cargo" "+beta-2023-12-22" "fetch" "--manifest-path" "Cargo.toml", kill_on_drop: false }`
[INFO] running `Command { std: "docker" "create" "-v" "/var/lib/crater-agent-workspace/builds/worker-6-tc2/target:/opt/rustwide/target:rw,Z" "-v" "/var/lib/crater-agent-workspace/builds/worker-6-tc2/source:/opt/rustwide/workdir:ro,Z" "-v" "/var/lib/crater-agent-workspace/cargo-home:/opt/rustwide/cargo-home:ro,Z" "-v" "/var/lib/crater-agent-workspace/rustup-home:/opt/rustwide/rustup-home:ro,Z" "-e" "SOURCE_DIR=/opt/rustwide/workdir" "-e" "CARGO_TARGET_DIR=/opt/rustwide/target" "-e" "CARGO_HOME=/opt/rustwide/cargo-home" "-e" "RUSTUP_HOME=/opt/rustwide/rustup-home" "-w" "/opt/rustwide/workdir" "-m" "1610612736" "--user" "0:0" "--network" "none" "ghcr.io/rust-lang/crates-build-env/linux@sha256:2788e3201cd34a07e3172128adcd8b3090168a8e3bcc40d7c032b9dda1df7d1c" "/opt/rustwide/cargo-home/bin/cargo" "+beta-2023-12-22" "metadata" "--no-deps" "--format-version=1", kill_on_drop: false }`
[INFO] [stdout] 8bf819578be4d428df1d38e46428f9fadc47e154b3d08b84d17f7d51ab606588
[INFO] running `Command { std: "docker" "start" "-a" "8bf819578be4d428df1d38e46428f9fadc47e154b3d08b84d17f7d51ab606588", kill_on_drop: false }`
[INFO] running `Command { std: "docker" "inspect" "8bf819578be4d428df1d38e46428f9fadc47e154b3d08b84d17f7d51ab606588", kill_on_drop: false }`
[INFO] running `Command { std: "docker" "rm" "-f" "8bf819578be4d428df1d38e46428f9fadc47e154b3d08b84d17f7d51ab606588", kill_on_drop: false }`
[INFO] [stdout] 8bf819578be4d428df1d38e46428f9fadc47e154b3d08b84d17f7d51ab606588
[INFO] running `Command { std: "docker" "create" "-v" "/var/lib/crater-agent-workspace/builds/worker-6-tc2/target:/opt/rustwide/target:rw,Z" "-v" "/var/lib/crater-agent-workspace/builds/worker-6-tc2/source:/opt/rustwide/workdir:ro,Z" "-v" "/var/lib/crater-agent-workspace/cargo-home:/opt/rustwide/cargo-home:ro,Z" "-v" "/var/lib/crater-agent-workspace/rustup-home:/opt/rustwide/rustup-home:ro,Z" "-e" "SOURCE_DIR=/opt/rustwide/workdir" "-e" "CARGO_TARGET_DIR=/opt/rustwide/target" "-e" "CARGO_INCREMENTAL=0" "-e" "RUST_BACKTRACE=full" "-e" "RUSTFLAGS=--cap-lints=warn" "-e" "RUSTDOCFLAGS=--cap-lints=warn" "-e" "CARGO_HOME=/opt/rustwide/cargo-home" "-e" "RUSTUP_HOME=/opt/rustwide/rustup-home" "-w" "/opt/rustwide/workdir" "-m" "1610612736" "--user" "0:0" "--network" "none" "ghcr.io/rust-lang/crates-build-env/linux@sha256:2788e3201cd34a07e3172128adcd8b3090168a8e3bcc40d7c032b9dda1df7d1c" "/opt/rustwide/cargo-home/bin/cargo" "+beta-2023-12-22" "build" "--frozen" "--message-format=json", kill_on_drop: false }`
[INFO] [stdout] dee41258184665b2fb572e65cf7fffbf7ea1330bb0853c7953c0758cb83da813
[INFO] running `Command { std: "docker" "start" "-a" "dee41258184665b2fb572e65cf7fffbf7ea1330bb0853c7953c0758cb83da813", kill_on_drop: false }`
[INFO] [stderr]    Compiling num-traits v0.2.17
[INFO] [stderr]    Compiling num-integer v0.1.45
[INFO] [stderr]    Compiling ident_case v1.0.1
[INFO] [stderr]    Compiling strsim v0.10.0
[INFO] [stderr]    Compiling fnv v1.0.7
[INFO] [stderr]    Compiling num-bigint v0.4.4
[INFO] [stderr]    Compiling paste v1.0.14
[INFO] [stderr]    Compiling num-iter v0.1.43
[INFO] [stderr]    Compiling num-rational v0.4.1
[INFO] [stderr]    Compiling thiserror v1.0.56
[INFO] [stderr]    Compiling convert_case v0.4.0
[INFO] [stderr]    Compiling bytes v1.5.0
[INFO] [stderr]    Compiling ux v0.1.5
[INFO] [stderr]    Compiling syn v2.0.48
[INFO] [stderr]    Compiling proc-macro-error-attr v1.0.4
[INFO] [stderr]    Compiling bitflags v2.4.1
[INFO] [stderr]    Compiling derive_more v0.99.17
[INFO] [stderr]    Compiling proc-macro-error v1.0.4
[INFO] [stderr]    Compiling num-complex v0.4.4
[INFO] [stderr]    Compiling num v0.4.1
[INFO] [stderr]    Compiling darling_core v0.20.3
[INFO] [stderr]    Compiling thiserror-impl v1.0.56
[INFO] [stderr]    Compiling from-to-repr v0.2.1
[INFO] [stderr]    Compiling darling_macro v0.20.3
[INFO] [stderr]    Compiling darling v0.20.3
[INFO] [stderr]    Compiling recode-derive v0.5.0-alpha.1
[INFO] [stderr]    Compiling recode v0.5.0-alpha.3
[INFO] [stderr]    Compiling rsrs-core v0.1.0 (/opt/rustwide/workdir)
[INFO] [stderr]     Finished dev [unoptimized + debuginfo] target(s) in 11.18s
[INFO] running `Command { std: "docker" "inspect" "dee41258184665b2fb572e65cf7fffbf7ea1330bb0853c7953c0758cb83da813", kill_on_drop: false }`
[INFO] running `Command { std: "docker" "rm" "-f" "dee41258184665b2fb572e65cf7fffbf7ea1330bb0853c7953c0758cb83da813", kill_on_drop: false }`
[INFO] [stdout] dee41258184665b2fb572e65cf7fffbf7ea1330bb0853c7953c0758cb83da813
[INFO] running `Command { std: "docker" "create" "-v" "/var/lib/crater-agent-workspace/builds/worker-6-tc2/target:/opt/rustwide/target:rw,Z" "-v" "/var/lib/crater-agent-workspace/builds/worker-6-tc2/source:/opt/rustwide/workdir:ro,Z" "-v" "/var/lib/crater-agent-workspace/cargo-home:/opt/rustwide/cargo-home:ro,Z" "-v" "/var/lib/crater-agent-workspace/rustup-home:/opt/rustwide/rustup-home:ro,Z" "-e" "SOURCE_DIR=/opt/rustwide/workdir" "-e" "CARGO_TARGET_DIR=/opt/rustwide/target" "-e" "CARGO_INCREMENTAL=0" "-e" "RUST_BACKTRACE=full" "-e" "RUSTFLAGS=--cap-lints=warn" "-e" "RUSTDOCFLAGS=--cap-lints=warn" "-e" "CARGO_HOME=/opt/rustwide/cargo-home" "-e" "RUSTUP_HOME=/opt/rustwide/rustup-home" "-w" "/opt/rustwide/workdir" "-m" "1610612736" "--user" "0:0" "--network" "none" "ghcr.io/rust-lang/crates-build-env/linux@sha256:2788e3201cd34a07e3172128adcd8b3090168a8e3bcc40d7c032b9dda1df7d1c" "/opt/rustwide/cargo-home/bin/cargo" "+beta-2023-12-22" "test" "--frozen" "--no-run" "--message-format=json", kill_on_drop: false }`
[INFO] [stdout] 2ae7e815e0847044c0100144ef7e3e11f1746e1ba2da9a2c42b77b48d41a6954
[INFO] running `Command { std: "docker" "start" "-a" "2ae7e815e0847044c0100144ef7e3e11f1746e1ba2da9a2c42b77b48d41a6954", kill_on_drop: false }`
[INFO] [stderr]    Compiling rsrs-core v0.1.0 (/opt/rustwide/workdir)
[INFO] [stderr]     Finished test [unoptimized + debuginfo] target(s) in 0.48s
[INFO] running `Command { std: "docker" "inspect" "2ae7e815e0847044c0100144ef7e3e11f1746e1ba2da9a2c42b77b48d41a6954", kill_on_drop: false }`
[INFO] running `Command { std: "docker" "rm" "-f" "2ae7e815e0847044c0100144ef7e3e11f1746e1ba2da9a2c42b77b48d41a6954", kill_on_drop: false }`
[INFO] [stdout] 2ae7e815e0847044c0100144ef7e3e11f1746e1ba2da9a2c42b77b48d41a6954
[INFO] running `Command { std: "docker" "create" "-v" "/var/lib/crater-agent-workspace/builds/worker-6-tc2/target:/opt/rustwide/target:rw,Z" "-v" "/var/lib/crater-agent-workspace/builds/worker-6-tc2/source:/opt/rustwide/workdir:ro,Z" "-v" "/var/lib/crater-agent-workspace/cargo-home:/opt/rustwide/cargo-home:ro,Z" "-v" "/var/lib/crater-agent-workspace/rustup-home:/opt/rustwide/rustup-home:ro,Z" "-e" "SOURCE_DIR=/opt/rustwide/workdir" "-e" "CARGO_TARGET_DIR=/opt/rustwide/target" "-e" "CARGO_INCREMENTAL=0" "-e" "RUST_BACKTRACE=full" "-e" "RUSTFLAGS=--cap-lints=warn" "-e" "RUSTDOCFLAGS=--cap-lints=warn" "-e" "CARGO_HOME=/opt/rustwide/cargo-home" "-e" "RUSTUP_HOME=/opt/rustwide/rustup-home" "-w" "/opt/rustwide/workdir" "-m" "1610612736" "--user" "0:0" "--network" "none" "ghcr.io/rust-lang/crates-build-env/linux@sha256:2788e3201cd34a07e3172128adcd8b3090168a8e3bcc40d7c032b9dda1df7d1c" "/opt/rustwide/cargo-home/bin/cargo" "+beta-2023-12-22" "test" "--frozen", kill_on_drop: false }`
[INFO] [stdout] d70a9fb074022e363c604b0ecf1ceb15cb519f06d370009852e11184068166ea
[INFO] running `Command { std: "docker" "start" "-a" "d70a9fb074022e363c604b0ecf1ceb15cb519f06d370009852e11184068166ea", kill_on_drop: false }`
[INFO] [stderr]     Finished test [unoptimized + debuginfo] target(s) in 0.02s
[INFO] [stderr]      Running unittests src/lib.rs (/opt/rustwide/target/debug/deps/rsrs_core-d4617cf3d8144d03)
[INFO] [stdout] 
[INFO] [stdout] running 0 tests
[INFO] [stdout] 
[INFO] [stdout] test result: ok. 0 passed; 0 failed; 0 ignored; 0 measured; 0 filtered out; finished in 0.00s
[INFO] [stdout] 
[INFO] [stderr]    Doc-tests rsrs-core
[INFO] [stdout] 
[INFO] [stdout] running 1 test
[INFO] [stdout] test src/header.rs - header::const_flags (line 171) ... FAILED
[INFO] [stdout] 
[INFO] [stdout] failures:
[INFO] [stdout] 
[INFO] [stdout] ---- src/header.rs - header::const_flags (line 171) stdout ----
[INFO] [stdout] error[E0433]: failed to resolve: use of undeclared crate or module `rsocket_proto`
[INFO] [stdout]  --> src/header.rs:173:5
[INFO] [stdout]   |
[INFO] [stdout] 4 | use rsocket_proto::frame::Flags;
[INFO] [stdout]   |     ^^^^^^^^^^^^^ use of undeclared crate or module `rsocket_proto`
[INFO] [stdout] 
[INFO] [stdout] error[E0432]: unresolved import `rsocket_proto`
[INFO] [stdout]  --> src/header.rs:174:5
[INFO] [stdout]   |
[INFO] [stdout] 5 | use rsocket_proto::const_flags;
[INFO] [stdout]   |     ^^^^^^^^^^^^^ use of undeclared crate or module `rsocket_proto`
[INFO] [stdout] 
[INFO] [stdout] error: cannot determine resolution for the macro `const_flags`
[INFO] [stdout]   --> src/header.rs:179:31
[INFO] [stdout]    |
[INFO] [stdout] 10 |     const FLAGS_MASK: Flags = const_flags![METADATA | RESUME | LEASE];
[INFO] [stdout]    |                               ^^^^^^^^^^^
[INFO] [stdout]    |
[INFO] [stdout]    = note: import resolution is stuck, try simplifying macro imports
[INFO] [stdout] 
[INFO] [stdout] error: aborting due to 3 previous errors
[INFO] [stdout] 
[INFO] [stdout] Some errors have detailed explanations: E0432, E0433.
[INFO] [stdout] For more information about an error, try `rustc --explain E0432`.
[INFO] [stdout] Couldn't compile the test.
[INFO] [stdout] 
[INFO] [stdout] failures:
[INFO] [stdout]     src/header.rs - header::const_flags (line 171)
[INFO] [stdout] 
[INFO] [stdout] test result: FAILED. 0 passed; 1 failed; 0 ignored; 0 measured; 0 filtered out; finished in 0.05s
[INFO] [stdout] 
[INFO] [stderr] error: doctest failed, to rerun pass `--doc`
[INFO] running `Command { std: "docker" "inspect" "d70a9fb074022e363c604b0ecf1ceb15cb519f06d370009852e11184068166ea", kill_on_drop: false }`
[INFO] running `Command { std: "docker" "rm" "-f" "d70a9fb074022e363c604b0ecf1ceb15cb519f06d370009852e11184068166ea", kill_on_drop: false }`
[INFO] [stdout] d70a9fb074022e363c604b0ecf1ceb15cb519f06d370009852e11184068166ea
