[INFO] fetching crate rsqueue 0.1.0...
[INFO] testing rsqueue-0.1.0 against 1.75.0 for beta-1.76-1
[INFO] extracting crate rsqueue 0.1.0 into /workspace/builds/worker-4-tc1/source
[INFO] validating manifest of crates.io crate rsqueue 0.1.0 on toolchain 1.75.0
[INFO] running `Command { std: CARGO_HOME="/workspace/cargo-home" RUSTUP_HOME="/workspace/rustup-home" "/workspace/cargo-home/bin/cargo" "+1.75.0" "metadata" "--manifest-path" "Cargo.toml" "--no-deps", kill_on_drop: false }`
[INFO] started tweaking crates.io crate rsqueue 0.1.0
[INFO] finished tweaking crates.io crate rsqueue 0.1.0
[INFO] tweaked toml for crates.io crate rsqueue 0.1.0 written to /workspace/builds/worker-4-tc1/source/Cargo.toml
[INFO] crate crates.io crate rsqueue 0.1.0 already has a lockfile, it will not be regenerated
[INFO] running `Command { std: CARGO_HOME="/workspace/cargo-home" RUSTUP_HOME="/workspace/rustup-home" "/workspace/cargo-home/bin/cargo" "+1.75.0" "fetch" "--manifest-path" "Cargo.toml", kill_on_drop: false }`
[INFO] [stderr]  Downloading crates ...
[INFO] [stderr]   Downloaded clap-verbosity-flag v2.0.0
[INFO] [stderr]   Downloaded assert_cmd v2.0.5
[INFO] [stderr]   Downloaded indicatif v0.17.1
[INFO] [stderr]   Downloaded clap_complete v4.0.3
[INFO] [stderr]   Downloaded clap v4.0.18
[INFO] [stderr]   Downloaded clap_derive v4.0.18
[INFO] [stderr]   Downloaded console v0.15.2
[INFO] [stderr]   Downloaded comfy-table v6.1.1
[INFO] running `Command { std: "docker" "create" "-v" "/var/lib/crater-agent-workspace/builds/worker-4-tc1/target:/opt/rustwide/target:rw,Z" "-v" "/var/lib/crater-agent-workspace/builds/worker-4-tc1/source:/opt/rustwide/workdir:ro,Z" "-v" "/var/lib/crater-agent-workspace/cargo-home:/opt/rustwide/cargo-home:ro,Z" "-v" "/var/lib/crater-agent-workspace/rustup-home:/opt/rustwide/rustup-home:ro,Z" "-e" "SOURCE_DIR=/opt/rustwide/workdir" "-e" "CARGO_TARGET_DIR=/opt/rustwide/target" "-e" "CARGO_HOME=/opt/rustwide/cargo-home" "-e" "RUSTUP_HOME=/opt/rustwide/rustup-home" "-w" "/opt/rustwide/workdir" "-m" "1610612736" "--user" "0:0" "--network" "none" "ghcr.io/rust-lang/crates-build-env/linux@sha256:2788e3201cd34a07e3172128adcd8b3090168a8e3bcc40d7c032b9dda1df7d1c" "/opt/rustwide/cargo-home/bin/cargo" "+1.75.0" "metadata" "--no-deps" "--format-version=1", kill_on_drop: false }`
[INFO] [stdout] 0ec6382d05030842b162a4e2e7f6b0119beff23bc2edede0517bbb8872add644
[INFO] running `Command { std: "docker" "start" "-a" "0ec6382d05030842b162a4e2e7f6b0119beff23bc2edede0517bbb8872add644", kill_on_drop: false }`
[INFO] running `Command { std: "docker" "inspect" "0ec6382d05030842b162a4e2e7f6b0119beff23bc2edede0517bbb8872add644", kill_on_drop: false }`
[INFO] running `Command { std: "docker" "rm" "-f" "0ec6382d05030842b162a4e2e7f6b0119beff23bc2edede0517bbb8872add644", kill_on_drop: false }`
[INFO] [stdout] 0ec6382d05030842b162a4e2e7f6b0119beff23bc2edede0517bbb8872add644
[INFO] running `Command { std: "docker" "create" "-v" "/var/lib/crater-agent-workspace/builds/worker-4-tc1/target:/opt/rustwide/target:rw,Z" "-v" "/var/lib/crater-agent-workspace/builds/worker-4-tc1/source:/opt/rustwide/workdir:ro,Z" "-v" "/var/lib/crater-agent-workspace/cargo-home:/opt/rustwide/cargo-home:ro,Z" "-v" "/var/lib/crater-agent-workspace/rustup-home:/opt/rustwide/rustup-home:ro,Z" "-e" "SOURCE_DIR=/opt/rustwide/workdir" "-e" "CARGO_TARGET_DIR=/opt/rustwide/target" "-e" "CARGO_INCREMENTAL=0" "-e" "RUST_BACKTRACE=full" "-e" "RUSTFLAGS=--cap-lints=warn" "-e" "RUSTDOCFLAGS=--cap-lints=warn" "-e" "CARGO_HOME=/opt/rustwide/cargo-home" "-e" "RUSTUP_HOME=/opt/rustwide/rustup-home" "-w" "/opt/rustwide/workdir" "-m" "1610612736" "--user" "0:0" "--network" "none" "ghcr.io/rust-lang/crates-build-env/linux@sha256:2788e3201cd34a07e3172128adcd8b3090168a8e3bcc40d7c032b9dda1df7d1c" "/opt/rustwide/cargo-home/bin/cargo" "+1.75.0" "build" "--frozen" "--message-format=json", kill_on_drop: false }`
[INFO] [stdout] 2e036bdb0b9db2e33c0a4881405126c6b17ab694916714e3b50704ed5e508ef2
[INFO] running `Command { std: "docker" "start" "-a" "2e036bdb0b9db2e33c0a4881405126c6b17ab694916714e3b50704ed5e508ef2", kill_on_drop: false }`
[INFO] [stderr]    Compiling libc v0.2.135
[INFO] [stderr]    Compiling proc-macro2 v1.0.47
[INFO] [stderr]    Compiling unicode-ident v1.0.5
[INFO] [stderr]    Compiling quote v1.0.21
[INFO] [stderr]    Compiling syn v1.0.103
[INFO] [stderr]    Compiling memchr v2.5.0
[INFO] [stderr]    Compiling version_check v0.9.4
[INFO] [stderr]    Compiling bitflags v1.3.2
[INFO] [stderr]    Compiling log v0.4.17
[INFO] [stderr]    Compiling heck v0.4.0
[INFO] [stderr]    Compiling lock_api v0.4.9
[INFO] [stderr]    Compiling parking_lot_core v0.9.4
[INFO] [stderr]    Compiling signal-hook v0.3.14
[INFO] [stderr]    Compiling proc-macro-error-attr v1.0.4
[INFO] [stderr]    Compiling proc-macro-error v1.0.4
[INFO] [stderr]    Compiling rustversion v1.0.9
[INFO] [stderr]    Compiling serde v1.0.147
[INFO] [stderr]    Compiling cc v1.0.73
[INFO] [stderr]    Compiling scopeguard v1.1.0
[INFO] [stderr]    Compiling smallvec v1.10.0
[INFO] [stderr]    Compiling lazy_static v1.4.0
[INFO] [stderr]    Compiling os_str_bytes v6.3.0
[INFO] [stderr]    Compiling termcolor v1.1.3
[INFO] [stderr]    Compiling aho-corasick v0.7.19
[INFO] [stderr]    Compiling clap_lex v0.3.0
[INFO] [stderr]    Compiling doc-comment v0.3.3
[INFO] [stderr]    Compiling either v1.8.0
[INFO] [stderr]    Compiling regex-syntax v0.6.27
[INFO] [stderr]    Compiling once_cell v1.15.0
[INFO] [stderr]    Compiling strsim v0.10.0
[INFO] [stderr]    Compiling signal-hook-registry v1.4.0
[INFO] [stderr]    Compiling mio v0.8.4
[INFO] [stderr]    Compiling backtrace v0.3.66
[INFO] [stderr]    Compiling atty v0.2.14
[INFO] [stderr]    Compiling gimli v0.26.2
[INFO] [stderr]    Compiling unicode-width v0.1.10
[INFO] [stderr]    Compiling serde_derive v1.0.147
[INFO] [stderr]    Compiling predicates-core v1.0.3
[INFO] [stderr]    Compiling adler v1.0.2
[INFO] [stderr]    Compiling miniz_oxide v0.5.4
[INFO] [stderr]    Compiling parking_lot v0.12.1
[INFO] [stderr]    Compiling signal-hook-mio v0.2.3
[INFO] [stderr]    Compiling getrandom v0.2.8
[INFO] [stderr]    Compiling terminal_size v0.1.17
[INFO] [stderr]    Compiling itertools v0.10.5
[INFO] [stderr]    Compiling object v0.29.0
[INFO] [stderr]    Compiling regex v1.6.0
[INFO] [stderr]    Compiling anyhow v1.0.66
[INFO] [stderr]    Compiling termtree v0.2.4
[INFO] [stderr]    Compiling regex-automata v0.1.10
[INFO] [stderr]    Compiling thiserror v1.0.37
[INFO] [stderr]    Compiling addr2line v0.17.0
[INFO] [stderr]    Compiling difflib v0.4.0
[INFO] [stderr]    Compiling rustc-demangle v0.1.21
[INFO] [stderr]    Compiling predicates v2.1.1
[INFO] [stderr]    Compiling os_type v2.6.0
[INFO] [stderr]    Compiling bstr v0.2.17
[INFO] [stderr]    Compiling predicates-tree v1.0.5
[INFO] [stderr]    Compiling console v0.15.2
[INFO] [stderr]    Compiling toml v0.5.9
[INFO] [stderr]    Compiling uuid v0.8.2
[INFO] [stderr]    Compiling crossterm v0.25.0
[INFO] [stderr]    Compiling nix v0.25.0
[INFO] [stderr]    Compiling wait-timeout v0.2.0
[INFO] [stderr]    Compiling strum v0.24.1
[INFO] [stderr]    Compiling number_prefix v0.4.0
[INFO] [stderr]    Compiling assert_cmd v2.0.5
[INFO] [stderr]    Compiling indicatif v0.17.1
[INFO] [stderr]    Compiling ctrlc v3.2.3
[INFO] [stderr]    Compiling clap_derive v4.0.18
[INFO] [stderr]    Compiling thiserror-impl v1.0.37
[INFO] [stderr]    Compiling strum_macros v0.24.3
[INFO] [stderr]    Compiling clap v4.0.18
[INFO] [stderr]    Compiling comfy-table v6.1.1
[INFO] [stderr]    Compiling human-panic v1.0.3
[INFO] [stderr]    Compiling clap-verbosity-flag v2.0.0
[INFO] [stderr]    Compiling clap_complete v4.0.3
[INFO] [stderr]    Compiling rsqueue v0.1.0 (/opt/rustwide/workdir)
[INFO] [stdout] warning: unused variable: `output`
[INFO] [stdout]  --> src/cmd.rs:8:13
[INFO] [stdout]   |
[INFO] [stdout] 8 |         let output = output.args(arguments);
[INFO] [stdout]   |             ^^^^^^ help: if this is intentional, prefix it with an underscore: `_output`
[INFO] [stdout]   |
[INFO] [stdout]   = note: `#[warn(unused_variables)]` on by default
[INFO] [stdout] 
[INFO] [stdout] 
[INFO] [stdout] warning: unused variable: `output`
[INFO] [stdout]   --> src/cmd.rs:22:13
[INFO] [stdout]    |
[INFO] [stdout] 22 |         let output = output.args(arguments);
[INFO] [stdout]    |             ^^^^^^ help: if this is intentional, prefix it with an underscore: `_output`
[INFO] [stdout] 
[INFO] [stdout] 
[INFO] [stdout] warning: unused variable: `output`
[INFO] [stdout]   --> src/cmd.rs:37:13
[INFO] [stdout]    |
[INFO] [stdout] 37 |         let output = output.args(arguments);
[INFO] [stdout]    |             ^^^^^^ help: if this is intentional, prefix it with an underscore: `_output`
[INFO] [stdout] 
[INFO] [stdout] 
[INFO] [stdout] warning: unused variable: `me`
[INFO] [stdout]   --> src/main.rs:34:42
[INFO] [stdout]    |
[INFO] [stdout] 34 |         Rsqueue::Partitions(Partitions { me }) => {
[INFO] [stdout]    |                                          ^^ help: try ignoring the field: `me: _`
[INFO] [stdout] 
[INFO] [stdout] 
[INFO] [stdout] warning: function `scontrol` is never used
[INFO] [stdout]   --> src/cmd.rs:32:8
[INFO] [stdout]    |
[INFO] [stdout] 32 | pub fn scontrol(args: Option<&[&str]>) -> anyhow::Result<String> {
[INFO] [stdout]    |        ^^^^^^^^
[INFO] [stdout]    |
[INFO] [stdout]    = note: `#[warn(dead_code)]` on by default
[INFO] [stdout] 
[INFO] [stdout] 
[INFO] [stdout] warning: struct `Node` is never constructed
[INFO] [stdout]  --> src/nodes.rs:1:12
[INFO] [stdout]   |
[INFO] [stdout] 1 | pub struct Node {
[INFO] [stdout]   |            ^^^^
[INFO] [stdout] 
[INFO] [stdout] 
[INFO] [stdout] warning: variant `Pdo` is never constructed
[INFO] [stdout]  --> src/partitions.rs:9:5
[INFO] [stdout]   |
[INFO] [stdout] 6 | pub enum Status {
[INFO] [stdout]   |          ------ variant in this enum
[INFO] [stdout] ...
[INFO] [stdout] 9 |     Pdo, // others pending
[INFO] [stdout]   |     ^^^
[INFO] [stdout]   |
[INFO] [stdout]   = note: `Status` has a derived impl for the trait `Debug`, but this is intentionally ignored during dead code analysis
[INFO] [stdout] 
[INFO] [stdout] 
[INFO] [stdout] warning: associated items `new` and `pendingo` are never used
[INFO] [stdout]   --> src/partitions.rs:44:12
[INFO] [stdout]    |
[INFO] [stdout] 43 | impl Partition {
[INFO] [stdout]    | -------------- associated items in this implementation
[INFO] [stdout] 44 |     pub fn new(name: &str, time_limit: &str) -> Self {
[INFO] [stdout]    |            ^^^
[INFO] [stdout] ...
[INFO] [stdout] 56 |     pub fn pendingo(&self) -> usize {
[INFO] [stdout]    |            ^^^^^^^^
[INFO] [stdout] 
[INFO] [stdout] 
[INFO] [stdout] warning: associated items `new`, `creat_partitions`, `partition_names`, `insert`, and `print_partitions` are never used
[INFO] [stdout]    --> src/partitions.rs:128:12
[INFO] [stdout]     |
[INFO] [stdout] 127 | impl Partitions {
[INFO] [stdout]     | --------------- associated items in this implementation
[INFO] [stdout] 128 |     pub fn new(data: HashMap<String, Partition>) -> Self {
[INFO] [stdout]     |            ^^^
[INFO] [stdout] ...
[INFO] [stdout] 132 |     pub fn creat_partitions() -> anyhow::Result<Self> {
[INFO] [stdout]     |            ^^^^^^^^^^^^^^^^
[INFO] [stdout] ...
[INFO] [stdout] 147 |     pub fn partition_names(&self) -> Vec<&String> {
[INFO] [stdout]     |            ^^^^^^^^^^^^^^^
[INFO] [stdout] ...
[INFO] [stdout] 152 |     pub fn insert(&mut self, name: &str, partition: Partition) {
[INFO] [stdout]     |            ^^^^^^
[INFO] [stdout] ...
[INFO] [stdout] 232 |     pub fn print_partitions(&self) {
[INFO] [stdout]     |            ^^^^^^^^^^^^^^^^
[INFO] [stdout] 
[INFO] [stdout] 
[INFO] [stdout] warning: 9 warnings emitted
[INFO] [stdout] 
[INFO] [stdout] 
[INFO] [stderr]     Finished dev [unoptimized + debuginfo] target(s) in 11.11s
[INFO] running `Command { std: "docker" "inspect" "2e036bdb0b9db2e33c0a4881405126c6b17ab694916714e3b50704ed5e508ef2", kill_on_drop: false }`
[INFO] running `Command { std: "docker" "rm" "-f" "2e036bdb0b9db2e33c0a4881405126c6b17ab694916714e3b50704ed5e508ef2", kill_on_drop: false }`
[INFO] [stdout] 2e036bdb0b9db2e33c0a4881405126c6b17ab694916714e3b50704ed5e508ef2
[INFO] running `Command { std: "docker" "create" "-v" "/var/lib/crater-agent-workspace/builds/worker-4-tc1/target:/opt/rustwide/target:rw,Z" "-v" "/var/lib/crater-agent-workspace/builds/worker-4-tc1/source:/opt/rustwide/workdir:ro,Z" "-v" "/var/lib/crater-agent-workspace/cargo-home:/opt/rustwide/cargo-home:ro,Z" "-v" "/var/lib/crater-agent-workspace/rustup-home:/opt/rustwide/rustup-home:ro,Z" "-e" "SOURCE_DIR=/opt/rustwide/workdir" "-e" "CARGO_TARGET_DIR=/opt/rustwide/target" "-e" "CARGO_INCREMENTAL=0" "-e" "RUST_BACKTRACE=full" "-e" "RUSTFLAGS=--cap-lints=warn" "-e" "RUSTDOCFLAGS=--cap-lints=warn" "-e" "CARGO_HOME=/opt/rustwide/cargo-home" "-e" "RUSTUP_HOME=/opt/rustwide/rustup-home" "-w" "/opt/rustwide/workdir" "-m" "1610612736" "--user" "0:0" "--network" "none" "ghcr.io/rust-lang/crates-build-env/linux@sha256:2788e3201cd34a07e3172128adcd8b3090168a8e3bcc40d7c032b9dda1df7d1c" "/opt/rustwide/cargo-home/bin/cargo" "+1.75.0" "test" "--frozen" "--no-run" "--message-format=json", kill_on_drop: false }`
[INFO] [stdout] 05f851904e5b83d540d8568489acc1aedce7098539a7324886a96bfe37791aac
[INFO] running `Command { std: "docker" "start" "-a" "05f851904e5b83d540d8568489acc1aedce7098539a7324886a96bfe37791aac", kill_on_drop: false }`
[INFO] [stderr]    Compiling rsqueue v0.1.0 (/opt/rustwide/workdir)
[INFO] [stdout] warning: unused variable: `output`
[INFO] [stdout]  --> src/cmd.rs:8:13
[INFO] [stdout]   |
[INFO] [stdout] 8 |         let output = output.args(arguments);
[INFO] [stdout]   |             ^^^^^^ help: if this is intentional, prefix it with an underscore: `_output`
[INFO] [stdout]   |
[INFO] [stdout]   = note: `#[warn(unused_variables)]` on by default
[INFO] [stdout] 
[INFO] [stdout] 
[INFO] [stdout] warning: unused variable: `output`
[INFO] [stdout]   --> src/cmd.rs:22:13
[INFO] [stdout]    |
[INFO] [stdout] 22 |         let output = output.args(arguments);
[INFO] [stdout]    |             ^^^^^^ help: if this is intentional, prefix it with an underscore: `_output`
[INFO] [stdout] 
[INFO] [stdout] 
[INFO] [stdout] warning: unused variable: `output`
[INFO] [stdout]   --> src/cmd.rs:37:13
[INFO] [stdout]    |
[INFO] [stdout] 37 |         let output = output.args(arguments);
[INFO] [stdout]    |             ^^^^^^ help: if this is intentional, prefix it with an underscore: `_output`
[INFO] [stdout] 
[INFO] [stdout] 
[INFO] [stdout] warning: unused variable: `me`
[INFO] [stdout]   --> src/main.rs:34:42
[INFO] [stdout]    |
[INFO] [stdout] 34 |         Rsqueue::Partitions(Partitions { me }) => {
[INFO] [stdout]    |                                          ^^ help: try ignoring the field: `me: _`
[INFO] [stdout] 
[INFO] [stdout] 
[INFO] [stdout] warning: function `scontrol` is never used
[INFO] [stdout]   --> src/cmd.rs:32:8
[INFO] [stdout]    |
[INFO] [stdout] 32 | pub fn scontrol(args: Option<&[&str]>) -> anyhow::Result<String> {
[INFO] [stdout]    |        ^^^^^^^^
[INFO] [stdout]    |
[INFO] [stdout]    = note: `#[warn(dead_code)]` on by default
[INFO] [stdout] 
[INFO] [stdout] 
[INFO] [stdout] warning: struct `Node` is never constructed
[INFO] [stdout]  --> src/nodes.rs:1:12
[INFO] [stdout]   |
[INFO] [stdout] 1 | pub struct Node {
[INFO] [stdout]   |            ^^^^
[INFO] [stdout] 
[INFO] [stdout] 
[INFO] [stdout] warning: variant `Pdo` is never constructed
[INFO] [stdout]  --> src/partitions.rs:9:5
[INFO] [stdout]   |
[INFO] [stdout] 6 | pub enum Status {
[INFO] [stdout]   |          ------ variant in this enum
[INFO] [stdout] ...
[INFO] [stdout] 9 |     Pdo, // others pending
[INFO] [stdout]   |     ^^^
[INFO] [stdout]   |
[INFO] [stdout]   = note: `Status` has a derived impl for the trait `Debug`, but this is intentionally ignored during dead code analysis
[INFO] [stdout] 
[INFO] [stdout] 
[INFO] [stdout] warning: associated items `new` and `pendingo` are never used
[INFO] [stdout]   --> src/partitions.rs:44:12
[INFO] [stdout]    |
[INFO] [stdout] 43 | impl Partition {
[INFO] [stdout]    | -------------- associated items in this implementation
[INFO] [stdout] 44 |     pub fn new(name: &str, time_limit: &str) -> Self {
[INFO] [stdout]    |            ^^^
[INFO] [stdout] ...
[INFO] [stdout] 56 |     pub fn pendingo(&self) -> usize {
[INFO] [stdout]    |            ^^^^^^^^
[INFO] [stdout] 
[INFO] [stdout] 
[INFO] [stdout] warning: associated items `new`, `creat_partitions`, `partition_names`, `insert`, and `print_partitions` are never used
[INFO] [stdout]    --> src/partitions.rs:128:12
[INFO] [stdout]     |
[INFO] [stdout] 127 | impl Partitions {
[INFO] [stdout]     | --------------- associated items in this implementation
[INFO] [stdout] 128 |     pub fn new(data: HashMap<String, Partition>) -> Self {
[INFO] [stdout]     |            ^^^
[INFO] [stdout] ...
[INFO] [stdout] 132 |     pub fn creat_partitions() -> anyhow::Result<Self> {
[INFO] [stdout]     |            ^^^^^^^^^^^^^^^^
[INFO] [stdout] ...
[INFO] [stdout] 147 |     pub fn partition_names(&self) -> Vec<&String> {
[INFO] [stdout]     |            ^^^^^^^^^^^^^^^
[INFO] [stdout] ...
[INFO] [stdout] 152 |     pub fn insert(&mut self, name: &str, partition: Partition) {
[INFO] [stdout]     |            ^^^^^^
[INFO] [stdout] ...
[INFO] [stdout] 232 |     pub fn print_partitions(&self) {
[INFO] [stdout]     |            ^^^^^^^^^^^^^^^^
[INFO] [stdout] 
[INFO] [stdout] 
[INFO] [stdout] warning: 9 warnings emitted
[INFO] [stdout] 
[INFO] [stdout] 
[INFO] [stderr]     Finished test [unoptimized + debuginfo] target(s) in 0.66s
[INFO] running `Command { std: "docker" "inspect" "05f851904e5b83d540d8568489acc1aedce7098539a7324886a96bfe37791aac", kill_on_drop: false }`
[INFO] running `Command { std: "docker" "rm" "-f" "05f851904e5b83d540d8568489acc1aedce7098539a7324886a96bfe37791aac", kill_on_drop: false }`
[INFO] [stdout] 05f851904e5b83d540d8568489acc1aedce7098539a7324886a96bfe37791aac
[INFO] running `Command { std: "docker" "create" "-v" "/var/lib/crater-agent-workspace/builds/worker-4-tc1/target:/opt/rustwide/target:rw,Z" "-v" "/var/lib/crater-agent-workspace/builds/worker-4-tc1/source:/opt/rustwide/workdir:ro,Z" "-v" "/var/lib/crater-agent-workspace/cargo-home:/opt/rustwide/cargo-home:ro,Z" "-v" "/var/lib/crater-agent-workspace/rustup-home:/opt/rustwide/rustup-home:ro,Z" "-e" "SOURCE_DIR=/opt/rustwide/workdir" "-e" "CARGO_TARGET_DIR=/opt/rustwide/target" "-e" "CARGO_INCREMENTAL=0" "-e" "RUST_BACKTRACE=full" "-e" "RUSTFLAGS=--cap-lints=warn" "-e" "RUSTDOCFLAGS=--cap-lints=warn" "-e" "CARGO_HOME=/opt/rustwide/cargo-home" "-e" "RUSTUP_HOME=/opt/rustwide/rustup-home" "-w" "/opt/rustwide/workdir" "-m" "1610612736" "--user" "0:0" "--network" "none" "ghcr.io/rust-lang/crates-build-env/linux@sha256:2788e3201cd34a07e3172128adcd8b3090168a8e3bcc40d7c032b9dda1df7d1c" "/opt/rustwide/cargo-home/bin/cargo" "+1.75.0" "test" "--frozen", kill_on_drop: false }`
[INFO] [stdout] a40e3482be4763f506ce8604cdc41bd28ba7716109287f3746f96f85d696ec03
[INFO] running `Command { std: "docker" "start" "-a" "a40e3482be4763f506ce8604cdc41bd28ba7716109287f3746f96f85d696ec03", kill_on_drop: false }`
[INFO] [stderr] warning: unused variable: `output`
[INFO] [stderr]  --> src/cmd.rs:8:13
[INFO] [stderr]   |
[INFO] [stderr] 8 |         let output = output.args(arguments);
[INFO] [stderr]   |             ^^^^^^ help: if this is intentional, prefix it with an underscore: `_output`
[INFO] [stderr]   |
[INFO] [stderr]   = note: `#[warn(unused_variables)]` on by default
[INFO] [stderr] 
[INFO] [stderr] warning: unused variable: `output`
[INFO] [stderr]   --> src/cmd.rs:22:13
[INFO] [stderr]    |
[INFO] [stderr] 22 |         let output = output.args(arguments);
[INFO] [stderr]    |             ^^^^^^ help: if this is intentional, prefix it with an underscore: `_output`
[INFO] [stderr] 
[INFO] [stderr] warning: unused variable: `output`
[INFO] [stderr]   --> src/cmd.rs:37:13
[INFO] [stderr]    |
[INFO] [stderr] 37 |         let output = output.args(arguments);
[INFO] [stderr]    |             ^^^^^^ help: if this is intentional, prefix it with an underscore: `_output`
[INFO] [stderr] 
[INFO] [stderr] warning: unused variable: `me`
[INFO] [stderr]   --> src/main.rs:34:42
[INFO] [stderr]    |
[INFO] [stderr] 34 |         Rsqueue::Partitions(Partitions { me }) => {
[INFO] [stderr]    |                                          ^^ help: try ignoring the field: `me: _`
[INFO] [stderr] 
[INFO] [stderr] warning: function `scontrol` is never used
[INFO] [stderr]   --> src/cmd.rs:32:8
[INFO] [stderr]    |
[INFO] [stderr] 32 | pub fn scontrol(args: Option<&[&str]>) -> anyhow::Result<String> {
[INFO] [stderr]    |        ^^^^^^^^
[INFO] [stderr]    |
[INFO] [stderr]    = note: `#[warn(dead_code)]` on by default
[INFO] [stderr] 
[INFO] [stderr] warning: struct `Node` is never constructed
[INFO] [stderr]  --> src/nodes.rs:1:12
[INFO] [stderr]   |
[INFO] [stderr] 1 | pub struct Node {
[INFO] [stderr]   |            ^^^^
[INFO] [stderr] 
[INFO] [stderr] warning: variant `Pdo` is never constructed
[INFO] [stderr]  --> src/partitions.rs:9:5
[INFO] [stderr]   |
[INFO] [stderr] 6 | pub enum Status {
[INFO] [stderr]   |          ------ variant in this enum
[INFO] [stderr] ...
[INFO] [stderr] 9 |     Pdo, // others pending
[INFO] [stderr]   |     ^^^
[INFO] [stderr]   |
[INFO] [stderr]   = note: `Status` has a derived impl for the trait `Debug`, but this is intentionally ignored during dead code analysis
[INFO] [stderr] 
[INFO] [stderr] warning: associated items `new` and `pendingo` are never used
[INFO] [stderr]   --> src/partitions.rs:44:12
[INFO] [stderr]    |
[INFO] [stderr] 43 | impl Partition {
[INFO] [stderr]    | -------------- associated items in this implementation
[INFO] [stderr] 44 |     pub fn new(name: &str, time_limit: &str) -> Self {
[INFO] [stderr]    |            ^^^
[INFO] [stderr] ...
[INFO] [stderr] 56 |     pub fn pendingo(&self) -> usize {
[INFO] [stderr]    |            ^^^^^^^^
[INFO] [stderr] 
[INFO] [stderr] warning: associated items `new`, `creat_partitions`, `partition_names`, `insert`, and `print_partitions` are never used
[INFO] [stderr]    --> src/partitions.rs:128:12
[INFO] [stderr]     |
[INFO] [stderr] 127 | impl Partitions {
[INFO] [stderr]     | --------------- associated items in this implementation
[INFO] [stderr] 128 |     pub fn new(data: HashMap<String, Partition>) -> Self {
[INFO] [stderr]     |            ^^^
[INFO] [stderr] ...
[INFO] [stderr] 132 |     pub fn creat_partitions() -> anyhow::Result<Self> {
[INFO] [stderr]     |            ^^^^^^^^^^^^^^^^
[INFO] [stderr] ...
[INFO] [stderr] 147 |     pub fn partition_names(&self) -> Vec<&String> {
[INFO] [stderr]     |            ^^^^^^^^^^^^^^^
[INFO] [stderr] ...
[INFO] [stderr] 152 |     pub fn insert(&mut self, name: &str, partition: Partition) {
[INFO] [stderr]     |            ^^^^^^
[INFO] [stderr] ...
[INFO] [stderr] 232 |     pub fn print_partitions(&self) {
[INFO] [stderr]     |            ^^^^^^^^^^^^^^^^
[INFO] [stderr] 
[INFO] [stderr] warning: `rsqueue` (bin "rsqueue" test) generated 9 warnings (run `cargo fix --bin "rsqueue" --tests` to apply 4 suggestions)
[INFO] [stderr]     Finished test [unoptimized + debuginfo] target(s) in 0.04s
[INFO] [stderr]      Running unittests src/main.rs (/opt/rustwide/target/debug/deps/rsqueue-1446a8b2c79a69e6)
[INFO] [stdout] 
[INFO] [stdout] running 1 test
[INFO] [stdout] test partitions::test_complete_partition_name ... FAILED
[INFO] [stdout] 
[INFO] [stdout] failures:
[INFO] [stdout] 
[INFO] [stdout] ---- partitions::test_complete_partition_name stdout ----
[INFO] [stdout] thread 'partitions::test_complete_partition_name' panicked at src/partitions.rs:113:47:
[INFO] [stdout] called `Result::unwrap()` on an `Err` value: sinfo failed to execute
[INFO] [stdout] 
[INFO] [stdout] Caused by:
[INFO] [stdout]     No such file or directory (os error 2)
[INFO] [stdout] stack backtrace:
[INFO] [stdout]    0:     0x55e1ea9c4a3c - std::backtrace_rs::backtrace::libunwind::trace::ha637c64ce894333a
[INFO] [stdout]                                at /rustc/82e1608dfa6e0b5569232559e3d385fea5a93112/library/std/src/../../backtrace/src/backtrace/libunwind.rs:104:5
[INFO] [stdout]    1:     0x55e1ea9c4a3c - std::backtrace_rs::backtrace::trace_unsynchronized::h47f62dea28e0c88d
[INFO] [stdout]                                at /rustc/82e1608dfa6e0b5569232559e3d385fea5a93112/library/std/src/../../backtrace/src/backtrace/mod.rs:66:5
[INFO] [stdout]    2:     0x55e1ea9c4a3c - std::sys_common::backtrace::_print_fmt::h9eef0abe20ede486
[INFO] [stdout]                                at /rustc/82e1608dfa6e0b5569232559e3d385fea5a93112/library/std/src/sys_common/backtrace.rs:67:5
[INFO] [stdout]    3:     0x55e1ea9c4a3c - <std::sys_common::backtrace::_print::DisplayBacktrace as core::fmt::Display>::fmt::hed7f999df88cc644
[INFO] [stdout]                                at /rustc/82e1608dfa6e0b5569232559e3d385fea5a93112/library/std/src/sys_common/backtrace.rs:44:22
[INFO] [stdout]    4:     0x55e1ea9ee690 - core::fmt::rt::Argument::fmt::h1539a9308b8d058d
[INFO] [stdout]                                at /rustc/82e1608dfa6e0b5569232559e3d385fea5a93112/library/core/src/fmt/rt.rs:142:9
[INFO] [stdout]    5:     0x55e1ea9ee690 - core::fmt::write::h3a39390d8560d9c9
[INFO] [stdout]                                at /rustc/82e1608dfa6e0b5569232559e3d385fea5a93112/library/core/src/fmt/mod.rs:1120:17
[INFO] [stdout]    6:     0x55e1ea9c23ef - std::io::Write::write_fmt::h040b369f3a0f9cbc
[INFO] [stdout]                                at /rustc/82e1608dfa6e0b5569232559e3d385fea5a93112/library/std/src/io/mod.rs:1762:15
[INFO] [stdout]    7:     0x55e1ea9c4824 - std::sys_common::backtrace::_print::h894006fb5c6f3d45
[INFO] [stdout]                                at /rustc/82e1608dfa6e0b5569232559e3d385fea5a93112/library/std/src/sys_common/backtrace.rs:47:5
[INFO] [stdout]    8:     0x55e1ea9c4824 - std::sys_common::backtrace::print::h23a2d212c6fff936
[INFO] [stdout]                                at /rustc/82e1608dfa6e0b5569232559e3d385fea5a93112/library/std/src/sys_common/backtrace.rs:34:9
[INFO] [stdout]    9:     0x55e1ea9c64e7 - std::panicking::default_hook::{{closure}}::h8a1d2ee00185001a
[INFO] [stdout]   10:     0x55e1ea9c61d3 - std::panicking::default_hook::h6038f2eba384e475
[INFO] [stdout]                                at /rustc/82e1608dfa6e0b5569232559e3d385fea5a93112/library/std/src/panicking.rs:289:9
[INFO] [stdout]   11:     0x55e1ea947fb7 - <alloc::boxed::Box<F,A> as core::ops::function::Fn<Args>>::call::h0ad024c9bdc6d768
[INFO] [stdout]                                at /rustc/82e1608dfa6e0b5569232559e3d385fea5a93112/library/alloc/src/boxed.rs:2021:9
[INFO] [stdout]   12:     0x55e1ea947fb7 - test::test_main::{{closure}}::h7500b54257359db6
[INFO] [stdout]                                at /rustc/82e1608dfa6e0b5569232559e3d385fea5a93112/library/test/src/lib.rs:138:21
[INFO] [stdout]   13:     0x55e1ea9c6af8 - <alloc::boxed::Box<F,A> as core::ops::function::Fn<Args>>::call::h1f8f335eaa9cfaee
[INFO] [stdout]                                at /rustc/82e1608dfa6e0b5569232559e3d385fea5a93112/library/alloc/src/boxed.rs:2021:9
[INFO] [stdout]   14:     0x55e1ea9c6af8 - std::panicking::rust_panic_with_hook::h2b5517d590cab22e
[INFO] [stdout]                                at /rustc/82e1608dfa6e0b5569232559e3d385fea5a93112/library/std/src/panicking.rs:783:13
[INFO] [stdout]   15:     0x55e1ea9c684e - std::panicking::begin_panic_handler::{{closure}}::h233112c06e0ef43e
[INFO] [stdout]                                at /rustc/82e1608dfa6e0b5569232559e3d385fea5a93112/library/std/src/panicking.rs:657:13
[INFO] [stdout]   16:     0x55e1ea9c4f06 - std::sys_common::backtrace::__rust_end_short_backtrace::h6e893f24d7ebbff8
[INFO] [stdout]                                at /rustc/82e1608dfa6e0b5569232559e3d385fea5a93112/library/std/src/sys_common/backtrace.rs:170:18
[INFO] [stdout]   17:     0x55e1ea9c65b2 - rust_begin_unwind
[INFO] [stdout]                                at /rustc/82e1608dfa6e0b5569232559e3d385fea5a93112/library/std/src/panicking.rs:645:5
[INFO] [stdout]   18:     0x55e1ea8fed75 - core::panicking::panic_fmt::hbf0e066aabfa482c
[INFO] [stdout]                                at /rustc/82e1608dfa6e0b5569232559e3d385fea5a93112/library/core/src/panicking.rs:72:14
[INFO] [stdout]   19:     0x55e1ea8ff303 - core::result::unwrap_failed::hddb4fea594200c52
[INFO] [stdout]                                at /rustc/82e1608dfa6e0b5569232559e3d385fea5a93112/library/core/src/result.rs:1653:5
[INFO] [stdout]   20:     0x55e1ea90b06c - core::result::Result<T,E>::unwrap::hee36dafb0a74dc81
[INFO] [stdout]                                at /rustc/82e1608dfa6e0b5569232559e3d385fea5a93112/library/core/src/result.rs:1077:23
[INFO] [stdout]   21:     0x55e1ea9074d6 - rsqueue::partitions::get_partition_names_time::h9a693be776d0246e
[INFO] [stdout]                                at /opt/rustwide/workdir/src/partitions.rs:113:18
[INFO] [stdout]   22:     0x55e1ea908c96 - rsqueue::partitions::test_complete_partition_name::he5f376efd1432cba
[INFO] [stdout]                                at /opt/rustwide/workdir/src/partitions.rs:100:22
[INFO] [stdout]   23:     0x55e1ea908c67 - rsqueue::partitions::test_complete_partition_name::{{closure}}::hcc7ccc4e37d5d04a
[INFO] [stdout]                                at /opt/rustwide/workdir/src/partitions.rs:99:34
[INFO] [stdout]   24:     0x55e1ea911546 - core::ops::function::FnOnce::call_once::hee77407bf46c55e3
[INFO] [stdout]                                at /rustc/82e1608dfa6e0b5569232559e3d385fea5a93112/library/core/src/ops/function.rs:250:5
[INFO] [stdout]   25:     0x55e1ea94d60f - core::ops::function::FnOnce::call_once::h2b5d431d5046312d
[INFO] [stdout]                                at /rustc/82e1608dfa6e0b5569232559e3d385fea5a93112/library/core/src/ops/function.rs:250:5
[INFO] [stdout]   26:     0x55e1ea94d60f - test::__rust_begin_short_backtrace::h7714669af176e207
[INFO] [stdout]                                at /rustc/82e1608dfa6e0b5569232559e3d385fea5a93112/library/test/src/lib.rs:628:18
[INFO] [stdout]   27:     0x55e1ea94c625 - test::run_test_in_process::{{closure}}::h85218797dcbcec12
[INFO] [stdout]                                at /rustc/82e1608dfa6e0b5569232559e3d385fea5a93112/library/test/src/lib.rs:651:60
[INFO] [stdout]   28:     0x55e1ea94c625 - <core::panic::unwind_safe::AssertUnwindSafe<F> as core::ops::function::FnOnce<()>>::call_once::h76c106ea31c14d7b
[INFO] [stdout]                                at /rustc/82e1608dfa6e0b5569232559e3d385fea5a93112/library/core/src/panic/unwind_safe.rs:272:9
[INFO] [stdout]   29:     0x55e1ea94c625 - std::panicking::try::do_call::h3bd5d0f6620ee946
[INFO] [stdout]                                at /rustc/82e1608dfa6e0b5569232559e3d385fea5a93112/library/std/src/panicking.rs:552:40
[INFO] [stdout]   30:     0x55e1ea94c625 - std::panicking::try::h232e535e4744fe31
[INFO] [stdout]                                at /rustc/82e1608dfa6e0b5569232559e3d385fea5a93112/library/std/src/panicking.rs:516:19
[INFO] [stdout]   31:     0x55e1ea94c625 - std::panic::catch_unwind::h3ce3bd6ca8dbac68
[INFO] [stdout]                                at /rustc/82e1608dfa6e0b5569232559e3d385fea5a93112/library/std/src/panic.rs:142:14
[INFO] [stdout]   32:     0x55e1ea94c625 - test::run_test_in_process::hc97b257c9621286a
[INFO] [stdout]                                at /rustc/82e1608dfa6e0b5569232559e3d385fea5a93112/library/test/src/lib.rs:651:27
[INFO] [stdout]   33:     0x55e1ea94c625 - test::run_test::{{closure}}::h2aa798823a438d38
[INFO] [stdout]                                at /rustc/82e1608dfa6e0b5569232559e3d385fea5a93112/library/test/src/lib.rs:574:43
[INFO] [stdout]   34:     0x55e1ea9148e6 - test::run_test::{{closure}}::h87d231c78fb59832
[INFO] [stdout]                                at /rustc/82e1608dfa6e0b5569232559e3d385fea5a93112/library/test/src/lib.rs:602:41
[INFO] [stdout]   35:     0x55e1ea9148e6 - std::sys_common::backtrace::__rust_begin_short_backtrace::he6df152596625789
[INFO] [stdout]                                at /rustc/82e1608dfa6e0b5569232559e3d385fea5a93112/library/std/src/sys_common/backtrace.rs:154:18
[INFO] [stdout]   36:     0x55e1ea919997 - std::thread::Builder::spawn_unchecked_::{{closure}}::{{closure}}::ha94be15d1e0acf36
[INFO] [stdout]                                at /rustc/82e1608dfa6e0b5569232559e3d385fea5a93112/library/std/src/thread/mod.rs:529:17
[INFO] [stdout]   37:     0x55e1ea919997 - <core::panic::unwind_safe::AssertUnwindSafe<F> as core::ops::function::FnOnce<()>>::call_once::h9dc6bd6372f16606
[INFO] [stdout]                                at /rustc/82e1608dfa6e0b5569232559e3d385fea5a93112/library/core/src/panic/unwind_safe.rs:272:9
[INFO] [stdout]   38:     0x55e1ea919997 - std::panicking::try::do_call::h9057517f80303cd4
[INFO] [stdout]                                at /rustc/82e1608dfa6e0b5569232559e3d385fea5a93112/library/std/src/panicking.rs:552:40
[INFO] [stdout]   39:     0x55e1ea919997 - std::panicking::try::he3a30b11ee45340c
[INFO] [stdout]                                at /rustc/82e1608dfa6e0b5569232559e3d385fea5a93112/library/std/src/panicking.rs:516:19
[INFO] [stdout]   40:     0x55e1ea919997 - std::panic::catch_unwind::h410458cfd3528b8b
[INFO] [stdout]                                at /rustc/82e1608dfa6e0b5569232559e3d385fea5a93112/library/std/src/panic.rs:142:14
[INFO] [stdout]   41:     0x55e1ea919997 - std::thread::Builder::spawn_unchecked_::{{closure}}::h72ac3bdb567b737b
[INFO] [stdout]                                at /rustc/82e1608dfa6e0b5569232559e3d385fea5a93112/library/std/src/thread/mod.rs:528:30
[INFO] [stdout]   42:     0x55e1ea919997 - core::ops::function::FnOnce::call_once{{vtable.shim}}::h38f34da3654a8344
[INFO] [stdout]                                at /rustc/82e1608dfa6e0b5569232559e3d385fea5a93112/library/core/src/ops/function.rs:250:5
[INFO] [stdout]   43:     0x55e1ea9cb685 - <alloc::boxed::Box<F,A> as core::ops::function::FnOnce<Args>>::call_once::hc7eafaff61e32df9
[INFO] [stdout]                                at /rustc/82e1608dfa6e0b5569232559e3d385fea5a93112/library/alloc/src/boxed.rs:2007:9
[INFO] [stdout]   44:     0x55e1ea9cb685 - <alloc::boxed::Box<F,A> as core::ops::function::FnOnce<Args>>::call_once::h6ba4a5de48dd2304
[INFO] [stdout]                                at /rustc/82e1608dfa6e0b5569232559e3d385fea5a93112/library/alloc/src/boxed.rs:2007:9
[INFO] [stdout]   45:     0x55e1ea9cb685 - std::sys::unix::thread::Thread::new::thread_start::he469335aef763e45
[INFO] [stdout]                                at /rustc/82e1608dfa6e0b5569232559e3d385fea5a93112/library/std/src/sys/unix/thread.rs:108:17
[INFO] [stdout]   46:     0x7f74d0107ac3 - <unknown>
[INFO] [stdout]   47:     0x7f74d0198bf4 - __clone
[INFO] [stdout]   48:                0x0 - <unknown>
[INFO] [stdout] 
[INFO] [stdout] 
[INFO] [stdout] failures:
[INFO] [stdout]     partitions::test_complete_partition_name
[INFO] [stdout] 
[INFO] [stdout] test result: FAILED. 0 passed; 1 failed; 0 ignored; 0 measured; 0 filtered out; finished in 0.02s
[INFO] [stdout] 
[INFO] [stderr] error: test failed, to rerun pass `--bin rsqueue`
[INFO] running `Command { std: "docker" "inspect" "a40e3482be4763f506ce8604cdc41bd28ba7716109287f3746f96f85d696ec03", kill_on_drop: false }`
[INFO] running `Command { std: "docker" "rm" "-f" "a40e3482be4763f506ce8604cdc41bd28ba7716109287f3746f96f85d696ec03", kill_on_drop: false }`
[INFO] [stdout] a40e3482be4763f506ce8604cdc41bd28ba7716109287f3746f96f85d696ec03
[INFO] testing rsqueue-0.1.0 against beta-2023-12-22 for beta-1.76-1
[INFO] extracting crate rsqueue 0.1.0 into /workspace/builds/worker-4-tc2/source
[INFO] validating manifest of crates.io crate rsqueue 0.1.0 on toolchain beta-2023-12-22
[INFO] running `Command { std: CARGO_HOME="/workspace/cargo-home" RUSTUP_HOME="/workspace/rustup-home" "/workspace/cargo-home/bin/cargo" "+beta-2023-12-22" "metadata" "--manifest-path" "Cargo.toml" "--no-deps", kill_on_drop: false }`
[INFO] started tweaking crates.io crate rsqueue 0.1.0
[INFO] finished tweaking crates.io crate rsqueue 0.1.0
[INFO] tweaked toml for crates.io crate rsqueue 0.1.0 written to /workspace/builds/worker-4-tc2/source/Cargo.toml
[INFO] crate crates.io crate rsqueue 0.1.0 already has a lockfile, it will not be regenerated
[INFO] running `Command { std: CARGO_HOME="/workspace/cargo-home" RUSTUP_HOME="/workspace/rustup-home" "/workspace/cargo-home/bin/cargo" "+beta-2023-12-22" "fetch" "--manifest-path" "Cargo.toml", kill_on_drop: false }`
[INFO] running `Command { std: "docker" "create" "-v" "/var/lib/crater-agent-workspace/builds/worker-4-tc2/target:/opt/rustwide/target:rw,Z" "-v" "/var/lib/crater-agent-workspace/builds/worker-4-tc2/source:/opt/rustwide/workdir:ro,Z" "-v" "/var/lib/crater-agent-workspace/cargo-home:/opt/rustwide/cargo-home:ro,Z" "-v" "/var/lib/crater-agent-workspace/rustup-home:/opt/rustwide/rustup-home:ro,Z" "-e" "SOURCE_DIR=/opt/rustwide/workdir" "-e" "CARGO_TARGET_DIR=/opt/rustwide/target" "-e" "CARGO_HOME=/opt/rustwide/cargo-home" "-e" "RUSTUP_HOME=/opt/rustwide/rustup-home" "-w" "/opt/rustwide/workdir" "-m" "1610612736" "--user" "0:0" "--network" "none" "ghcr.io/rust-lang/crates-build-env/linux@sha256:2788e3201cd34a07e3172128adcd8b3090168a8e3bcc40d7c032b9dda1df7d1c" "/opt/rustwide/cargo-home/bin/cargo" "+beta-2023-12-22" "metadata" "--no-deps" "--format-version=1", kill_on_drop: false }`
[INFO] [stdout] 30af8966e0e4d772f59716b49f6bd6b1d28591df4eba836004bd25a3968be32f
[INFO] running `Command { std: "docker" "start" "-a" "30af8966e0e4d772f59716b49f6bd6b1d28591df4eba836004bd25a3968be32f", kill_on_drop: false }`
[INFO] running `Command { std: "docker" "inspect" "30af8966e0e4d772f59716b49f6bd6b1d28591df4eba836004bd25a3968be32f", kill_on_drop: false }`
[INFO] running `Command { std: "docker" "rm" "-f" "30af8966e0e4d772f59716b49f6bd6b1d28591df4eba836004bd25a3968be32f", kill_on_drop: false }`
[INFO] [stdout] 30af8966e0e4d772f59716b49f6bd6b1d28591df4eba836004bd25a3968be32f
[INFO] running `Command { std: "docker" "create" "-v" "/var/lib/crater-agent-workspace/builds/worker-4-tc2/target:/opt/rustwide/target:rw,Z" "-v" "/var/lib/crater-agent-workspace/builds/worker-4-tc2/source:/opt/rustwide/workdir:ro,Z" "-v" "/var/lib/crater-agent-workspace/cargo-home:/opt/rustwide/cargo-home:ro,Z" "-v" "/var/lib/crater-agent-workspace/rustup-home:/opt/rustwide/rustup-home:ro,Z" "-e" "SOURCE_DIR=/opt/rustwide/workdir" "-e" "CARGO_TARGET_DIR=/opt/rustwide/target" "-e" "CARGO_INCREMENTAL=0" "-e" "RUST_BACKTRACE=full" "-e" "RUSTFLAGS=--cap-lints=warn" "-e" "RUSTDOCFLAGS=--cap-lints=warn" "-e" "CARGO_HOME=/opt/rustwide/cargo-home" "-e" "RUSTUP_HOME=/opt/rustwide/rustup-home" "-w" "/opt/rustwide/workdir" "-m" "1610612736" "--user" "0:0" "--network" "none" "ghcr.io/rust-lang/crates-build-env/linux@sha256:2788e3201cd34a07e3172128adcd8b3090168a8e3bcc40d7c032b9dda1df7d1c" "/opt/rustwide/cargo-home/bin/cargo" "+beta-2023-12-22" "build" "--frozen" "--message-format=json", kill_on_drop: false }`
[INFO] [stdout] f731e3d28dacf0a95e6b64d037a2b3c06d72a916d75554262b0da3182fd472a6
[INFO] running `Command { std: "docker" "start" "-a" "f731e3d28dacf0a95e6b64d037a2b3c06d72a916d75554262b0da3182fd472a6", kill_on_drop: false }`
[INFO] [stderr]    Compiling libc v0.2.135
[INFO] [stderr]    Compiling proc-macro2 v1.0.47
[INFO] [stderr]    Compiling quote v1.0.21
[INFO] [stderr]    Compiling unicode-ident v1.0.5
[INFO] [stderr]    Compiling syn v1.0.103
[INFO] [stderr]    Compiling memchr v2.5.0
[INFO] [stderr]    Compiling version_check v0.9.4
[INFO] [stderr]    Compiling bitflags v1.3.2
[INFO] [stderr]    Compiling log v0.4.17
[INFO] [stderr]    Compiling heck v0.4.0
[INFO] [stderr]    Compiling lock_api v0.4.9
[INFO] [stderr]    Compiling parking_lot_core v0.9.4
[INFO] [stderr]    Compiling signal-hook v0.3.14
[INFO] [stderr]    Compiling proc-macro-error-attr v1.0.4
[INFO] [stderr]    Compiling proc-macro-error v1.0.4
[INFO] [stderr]    Compiling termcolor v1.1.3
[INFO] [stderr]    Compiling os_str_bytes v6.3.0
[INFO] [stderr]    Compiling lazy_static v1.4.0
[INFO] [stderr]    Compiling scopeguard v1.1.0
[INFO] [stderr]    Compiling serde v1.0.147
[INFO] [stderr]    Compiling rustversion v1.0.9
[INFO] [stderr]    Compiling smallvec v1.10.0
[INFO] [stderr]    Compiling cc v1.0.73
[INFO] [stderr]    Compiling clap_lex v0.3.0
[INFO] [stderr]    Compiling aho-corasick v0.7.19
[INFO] [stderr]    Compiling predicates-core v1.0.3
[INFO] [stderr]    Compiling doc-comment v0.3.3
[INFO] [stderr]    Compiling either v1.8.0
[INFO] [stderr]    Compiling regex-syntax v0.6.27
[INFO] [stderr]    Compiling unicode-width v0.1.10
[INFO] [stderr]    Compiling signal-hook-registry v1.4.0
[INFO] [stderr]    Compiling mio v0.8.4
[INFO] [stderr]    Compiling atty v0.2.14
[INFO] [stderr]    Compiling once_cell v1.15.0
[INFO] [stderr]    Compiling backtrace v0.3.66
[INFO] [stderr]    Compiling gimli v0.26.2
[INFO] [stderr]    Compiling adler v1.0.2
[INFO] [stderr]    Compiling strsim v0.10.0
[INFO] [stderr]    Compiling serde_derive v1.0.147
[INFO] [stderr]    Compiling miniz_oxide v0.5.4
[INFO] [stderr]    Compiling signal-hook-mio v0.2.3
[INFO] [stderr]    Compiling parking_lot v0.12.1
[INFO] [stderr]    Compiling getrandom v0.2.8
[INFO] [stderr]    Compiling terminal_size v0.1.17
[INFO] [stderr]    Compiling itertools v0.10.5
[INFO] [stderr]    Compiling object v0.29.0
[INFO] [stderr]    Compiling regex v1.6.0
[INFO] [stderr]    Compiling thiserror v1.0.37
[INFO] [stderr]    Compiling addr2line v0.17.0
[INFO] [stderr]    Compiling termtree v0.2.4
[INFO] [stderr]    Compiling difflib v0.4.0
[INFO] [stderr]    Compiling regex-automata v0.1.10
[INFO] [stderr]    Compiling rustc-demangle v0.1.21
[INFO] [stderr]    Compiling anyhow v1.0.66
[INFO] [stderr]    Compiling bstr v0.2.17
[INFO] [stderr]    Compiling predicates v2.1.1
[INFO] [stderr]    Compiling predicates-tree v1.0.5
[INFO] [stderr]    Compiling os_type v2.6.0
[INFO] [stderr]    Compiling console v0.15.2
[INFO] [stderr]    Compiling toml v0.5.9
[INFO] [stderr]    Compiling uuid v0.8.2
[INFO] [stderr]    Compiling crossterm v0.25.0
[INFO] [stderr]    Compiling wait-timeout v0.2.0
[INFO] [stderr]    Compiling nix v0.25.0
[INFO] [stderr]    Compiling strum v0.24.1
[INFO] [stderr]    Compiling number_prefix v0.4.0
[INFO] [stderr]    Compiling assert_cmd v2.0.5
[INFO] [stderr]    Compiling indicatif v0.17.1
[INFO] [stderr]    Compiling clap_derive v4.0.18
[INFO] [stderr]    Compiling strum_macros v0.24.3
[INFO] [stderr]    Compiling thiserror-impl v1.0.37
[INFO] [stderr]    Compiling ctrlc v3.2.3
[INFO] [stderr]    Compiling clap v4.0.18
[INFO] [stderr]    Compiling comfy-table v6.1.1
[INFO] [stderr]    Compiling human-panic v1.0.3
[INFO] [stderr]    Compiling clap_complete v4.0.3
[INFO] [stderr]    Compiling clap-verbosity-flag v2.0.0
[INFO] [stderr]    Compiling rsqueue v0.1.0 (/opt/rustwide/workdir)
[INFO] [stdout] warning: unused variable: `output`
[INFO] [stdout]  --> src/cmd.rs:8:13
[INFO] [stdout]   |
[INFO] [stdout] 8 |         let output = output.args(arguments);
[INFO] [stdout]   |             ^^^^^^ help: if this is intentional, prefix it with an underscore: `_output`
[INFO] [stdout]   |
[INFO] [stdout]   = note: `#[warn(unused_variables)]` on by default
[INFO] [stdout] 
[INFO] [stdout] 
[INFO] [stdout] warning: unused variable: `output`
[INFO] [stdout]   --> src/cmd.rs:22:13
[INFO] [stdout]    |
[INFO] [stdout] 22 |         let output = output.args(arguments);
[INFO] [stdout]    |             ^^^^^^ help: if this is intentional, prefix it with an underscore: `_output`
[INFO] [stdout] 
[INFO] [stdout] 
[INFO] [stdout] warning: unused variable: `output`
[INFO] [stdout]   --> src/cmd.rs:37:13
[INFO] [stdout]    |
[INFO] [stdout] 37 |         let output = output.args(arguments);
[INFO] [stdout]    |             ^^^^^^ help: if this is intentional, prefix it with an underscore: `_output`
[INFO] [stdout] 
[INFO] [stdout] 
[INFO] [stdout] warning: unused variable: `me`
[INFO] [stdout]   --> src/main.rs:34:42
[INFO] [stdout]    |
[INFO] [stdout] 34 |         Rsqueue::Partitions(Partitions { me }) => {
[INFO] [stdout]    |                                          ^^ help: try ignoring the field: `me: _`
[INFO] [stdout] 
[INFO] [stdout] 
[INFO] [stdout] warning: function `scontrol` is never used
[INFO] [stdout]   --> src/cmd.rs:32:8
[INFO] [stdout]    |
[INFO] [stdout] 32 | pub fn scontrol(args: Option<&[&str]>) -> anyhow::Result<String> {
[INFO] [stdout]    |        ^^^^^^^^
[INFO] [stdout]    |
[INFO] [stdout]    = note: `#[warn(dead_code)]` on by default
[INFO] [stdout] 
[INFO] [stdout] 
[INFO] [stdout] warning: struct `Node` is never constructed
[INFO] [stdout]  --> src/nodes.rs:1:12
[INFO] [stdout]   |
[INFO] [stdout] 1 | pub struct Node {
[INFO] [stdout]   |            ^^^^
[INFO] [stdout] 
[INFO] [stdout] 
[INFO] [stdout] warning: variant `Pdo` is never constructed
[INFO] [stdout]  --> src/partitions.rs:9:5
[INFO] [stdout]   |
[INFO] [stdout] 6 | pub enum Status {
[INFO] [stdout]   |          ------ variant in this enum
[INFO] [stdout] ...
[INFO] [stdout] 9 |     Pdo, // others pending
[INFO] [stdout]   |     ^^^
[INFO] [stdout]   |
[INFO] [stdout]   = note: `Status` has a derived impl for the trait `Debug`, but this is intentionally ignored during dead code analysis
[INFO] [stdout] 
[INFO] [stdout] 
[INFO] [stdout] warning: associated items `new` and `pendingo` are never used
[INFO] [stdout]   --> src/partitions.rs:44:12
[INFO] [stdout]    |
[INFO] [stdout] 43 | impl Partition {
[INFO] [stdout]    | -------------- associated items in this implementation
[INFO] [stdout] 44 |     pub fn new(name: &str, time_limit: &str) -> Self {
[INFO] [stdout]    |            ^^^
[INFO] [stdout] ...
[INFO] [stdout] 56 |     pub fn pendingo(&self) -> usize {
[INFO] [stdout]    |            ^^^^^^^^
[INFO] [stdout] 
[INFO] [stdout] 
[INFO] [stdout] warning: associated items `new`, `creat_partitions`, `partition_names`, `insert`, and `print_partitions` are never used
[INFO] [stdout]    --> src/partitions.rs:128:12
[INFO] [stdout]     |
[INFO] [stdout] 127 | impl Partitions {
[INFO] [stdout]     | --------------- associated items in this implementation
[INFO] [stdout] 128 |     pub fn new(data: HashMap<String, Partition>) -> Self {
[INFO] [stdout]     |            ^^^
[INFO] [stdout] ...
[INFO] [stdout] 132 |     pub fn creat_partitions() -> anyhow::Result<Self> {
[INFO] [stdout]     |            ^^^^^^^^^^^^^^^^
[INFO] [stdout] ...
[INFO] [stdout] 147 |     pub fn partition_names(&self) -> Vec<&String> {
[INFO] [stdout]     |            ^^^^^^^^^^^^^^^
[INFO] [stdout] ...
[INFO] [stdout] 152 |     pub fn insert(&mut self, name: &str, partition: Partition) {
[INFO] [stdout]     |            ^^^^^^
[INFO] [stdout] ...
[INFO] [stdout] 232 |     pub fn print_partitions(&self) {
[INFO] [stdout]     |            ^^^^^^^^^^^^^^^^
[INFO] [stdout] 
[INFO] [stdout] 
[INFO] [stdout] warning: 9 warnings emitted
[INFO] [stdout] 
[INFO] [stdout] 
[INFO] [stderr]     Finished dev [unoptimized + debuginfo] target(s) in 14.39s
[INFO] running `Command { std: "docker" "inspect" "f731e3d28dacf0a95e6b64d037a2b3c06d72a916d75554262b0da3182fd472a6", kill_on_drop: false }`
[INFO] running `Command { std: "docker" "rm" "-f" "f731e3d28dacf0a95e6b64d037a2b3c06d72a916d75554262b0da3182fd472a6", kill_on_drop: false }`
[INFO] [stdout] f731e3d28dacf0a95e6b64d037a2b3c06d72a916d75554262b0da3182fd472a6
[INFO] running `Command { std: "docker" "create" "-v" "/var/lib/crater-agent-workspace/builds/worker-4-tc2/target:/opt/rustwide/target:rw,Z" "-v" "/var/lib/crater-agent-workspace/builds/worker-4-tc2/source:/opt/rustwide/workdir:ro,Z" "-v" "/var/lib/crater-agent-workspace/cargo-home:/opt/rustwide/cargo-home:ro,Z" "-v" "/var/lib/crater-agent-workspace/rustup-home:/opt/rustwide/rustup-home:ro,Z" "-e" "SOURCE_DIR=/opt/rustwide/workdir" "-e" "CARGO_TARGET_DIR=/opt/rustwide/target" "-e" "CARGO_INCREMENTAL=0" "-e" "RUST_BACKTRACE=full" "-e" "RUSTFLAGS=--cap-lints=warn" "-e" "RUSTDOCFLAGS=--cap-lints=warn" "-e" "CARGO_HOME=/opt/rustwide/cargo-home" "-e" "RUSTUP_HOME=/opt/rustwide/rustup-home" "-w" "/opt/rustwide/workdir" "-m" "1610612736" "--user" "0:0" "--network" "none" "ghcr.io/rust-lang/crates-build-env/linux@sha256:2788e3201cd34a07e3172128adcd8b3090168a8e3bcc40d7c032b9dda1df7d1c" "/opt/rustwide/cargo-home/bin/cargo" "+beta-2023-12-22" "test" "--frozen" "--no-run" "--message-format=json", kill_on_drop: false }`
[INFO] [stdout] d843cbe7708df6289db855ac23f4e42d5c798e86d1847233e8fe5f5a3a765050
[INFO] running `Command { std: "docker" "start" "-a" "d843cbe7708df6289db855ac23f4e42d5c798e86d1847233e8fe5f5a3a765050", kill_on_drop: false }`
[INFO] [stderr]    Compiling rsqueue v0.1.0 (/opt/rustwide/workdir)
[INFO] [stdout] warning: unused variable: `output`
[INFO] [stdout]  --> src/cmd.rs:8:13
[INFO] [stdout]   |
[INFO] [stdout] 8 |         let output = output.args(arguments);
[INFO] [stdout]   |             ^^^^^^ help: if this is intentional, prefix it with an underscore: `_output`
[INFO] [stdout]   |
[INFO] [stdout]   = note: `#[warn(unused_variables)]` on by default
[INFO] [stdout] 
[INFO] [stdout] 
[INFO] [stdout] warning: unused variable: `output`
[INFO] [stdout]   --> src/cmd.rs:22:13
[INFO] [stdout]    |
[INFO] [stdout] 22 |         let output = output.args(arguments);
[INFO] [stdout]    |             ^^^^^^ help: if this is intentional, prefix it with an underscore: `_output`
[INFO] [stdout] 
[INFO] [stdout] 
[INFO] [stdout] warning: unused variable: `output`
[INFO] [stdout]   --> src/cmd.rs:37:13
[INFO] [stdout]    |
[INFO] [stdout] 37 |         let output = output.args(arguments);
[INFO] [stdout]    |             ^^^^^^ help: if this is intentional, prefix it with an underscore: `_output`
[INFO] [stdout] 
[INFO] [stdout] 
[INFO] [stdout] warning: unused variable: `me`
[INFO] [stdout]   --> src/main.rs:34:42
[INFO] [stdout]    |
[INFO] [stdout] 34 |         Rsqueue::Partitions(Partitions { me }) => {
[INFO] [stdout]    |                                          ^^ help: try ignoring the field: `me: _`
[INFO] [stdout] 
[INFO] [stdout] 
[INFO] [stdout] warning: function `scontrol` is never used
[INFO] [stdout]   --> src/cmd.rs:32:8
[INFO] [stdout]    |
[INFO] [stdout] 32 | pub fn scontrol(args: Option<&[&str]>) -> anyhow::Result<String> {
[INFO] [stdout]    |        ^^^^^^^^
[INFO] [stdout]    |
[INFO] [stdout]    = note: `#[warn(dead_code)]` on by default
[INFO] [stdout] 
[INFO] [stdout] 
[INFO] [stdout] warning: struct `Node` is never constructed
[INFO] [stdout]  --> src/nodes.rs:1:12
[INFO] [stdout]   |
[INFO] [stdout] 1 | pub struct Node {
[INFO] [stdout]   |            ^^^^
[INFO] [stdout] 
[INFO] [stdout] 
[INFO] [stdout] warning: variant `Pdo` is never constructed
[INFO] [stdout]  --> src/partitions.rs:9:5
[INFO] [stdout]   |
[INFO] [stdout] 6 | pub enum Status {
[INFO] [stdout]   |          ------ variant in this enum
[INFO] [stdout] ...
[INFO] [stdout] 9 |     Pdo, // others pending
[INFO] [stdout]   |     ^^^
[INFO] [stdout]   |
[INFO] [stdout]   = note: `Status` has a derived impl for the trait `Debug`, but this is intentionally ignored during dead code analysis
[INFO] [stdout] 
[INFO] [stdout] 
[INFO] [stdout] warning: associated items `new` and `pendingo` are never used
[INFO] [stdout]   --> src/partitions.rs:44:12
[INFO] [stdout]    |
[INFO] [stdout] 43 | impl Partition {
[INFO] [stdout]    | -------------- associated items in this implementation
[INFO] [stdout] 44 |     pub fn new(name: &str, time_limit: &str) -> Self {
[INFO] [stdout]    |            ^^^
[INFO] [stdout] ...
[INFO] [stdout] 56 |     pub fn pendingo(&self) -> usize {
[INFO] [stdout]    |            ^^^^^^^^
[INFO] [stdout] 
[INFO] [stdout] 
[INFO] [stdout] warning: associated items `new`, `creat_partitions`, `partition_names`, `insert`, and `print_partitions` are never used
[INFO] [stdout]    --> src/partitions.rs:128:12
[INFO] [stdout]     |
[INFO] [stdout] 127 | impl Partitions {
[INFO] [stdout]     | --------------- associated items in this implementation
[INFO] [stdout] 128 |     pub fn new(data: HashMap<String, Partition>) -> Self {
[INFO] [stdout]     |            ^^^
[INFO] [stdout] ...
[INFO] [stdout] 132 |     pub fn creat_partitions() -> anyhow::Result<Self> {
[INFO] [stdout]     |            ^^^^^^^^^^^^^^^^
[INFO] [stdout] ...
[INFO] [stdout] 147 |     pub fn partition_names(&self) -> Vec<&String> {
[INFO] [stdout]     |            ^^^^^^^^^^^^^^^
[INFO] [stdout] ...
[INFO] [stdout] 152 |     pub fn insert(&mut self, name: &str, partition: Partition) {
[INFO] [stdout]     |            ^^^^^^
[INFO] [stdout] ...
[INFO] [stdout] 232 |     pub fn print_partitions(&self) {
[INFO] [stdout]     |            ^^^^^^^^^^^^^^^^
[INFO] [stdout] 
[INFO] [stdout] 
[INFO] [stdout] warning: 9 warnings emitted
[INFO] [stdout] 
[INFO] [stdout] 
[INFO] [stderr]     Finished test [unoptimized + debuginfo] target(s) in 1.11s
[INFO] running `Command { std: "docker" "inspect" "d843cbe7708df6289db855ac23f4e42d5c798e86d1847233e8fe5f5a3a765050", kill_on_drop: false }`
[INFO] running `Command { std: "docker" "rm" "-f" "d843cbe7708df6289db855ac23f4e42d5c798e86d1847233e8fe5f5a3a765050", kill_on_drop: false }`
[INFO] [stdout] d843cbe7708df6289db855ac23f4e42d5c798e86d1847233e8fe5f5a3a765050
[INFO] running `Command { std: "docker" "create" "-v" "/var/lib/crater-agent-workspace/builds/worker-4-tc2/target:/opt/rustwide/target:rw,Z" "-v" "/var/lib/crater-agent-workspace/builds/worker-4-tc2/source:/opt/rustwide/workdir:ro,Z" "-v" "/var/lib/crater-agent-workspace/cargo-home:/opt/rustwide/cargo-home:ro,Z" "-v" "/var/lib/crater-agent-workspace/rustup-home:/opt/rustwide/rustup-home:ro,Z" "-e" "SOURCE_DIR=/opt/rustwide/workdir" "-e" "CARGO_TARGET_DIR=/opt/rustwide/target" "-e" "CARGO_INCREMENTAL=0" "-e" "RUST_BACKTRACE=full" "-e" "RUSTFLAGS=--cap-lints=warn" "-e" "RUSTDOCFLAGS=--cap-lints=warn" "-e" "CARGO_HOME=/opt/rustwide/cargo-home" "-e" "RUSTUP_HOME=/opt/rustwide/rustup-home" "-w" "/opt/rustwide/workdir" "-m" "1610612736" "--user" "0:0" "--network" "none" "ghcr.io/rust-lang/crates-build-env/linux@sha256:2788e3201cd34a07e3172128adcd8b3090168a8e3bcc40d7c032b9dda1df7d1c" "/opt/rustwide/cargo-home/bin/cargo" "+beta-2023-12-22" "test" "--frozen", kill_on_drop: false }`
[INFO] [stdout] 69eee5300b25510067d2d0ae2f02e3db890376b20b09e72ab63de678d12d531c
[INFO] running `Command { std: "docker" "start" "-a" "69eee5300b25510067d2d0ae2f02e3db890376b20b09e72ab63de678d12d531c", kill_on_drop: false }`
[INFO] [stderr] warning: unused variable: `output`
[INFO] [stderr]  --> src/cmd.rs:8:13
[INFO] [stderr]   |
[INFO] [stderr] 8 |         let output = output.args(arguments);
[INFO] [stderr]   |             ^^^^^^ help: if this is intentional, prefix it with an underscore: `_output`
[INFO] [stderr]   |
[INFO] [stderr]   = note: `#[warn(unused_variables)]` on by default
[INFO] [stderr] 
[INFO] [stderr] warning: unused variable: `output`
[INFO] [stderr]   --> src/cmd.rs:22:13
[INFO] [stderr]    |
[INFO] [stderr] 22 |         let output = output.args(arguments);
[INFO] [stderr]    |             ^^^^^^ help: if this is intentional, prefix it with an underscore: `_output`
[INFO] [stderr] 
[INFO] [stderr] warning: unused variable: `output`
[INFO] [stderr]   --> src/cmd.rs:37:13
[INFO] [stderr]    |
[INFO] [stderr] 37 |         let output = output.args(arguments);
[INFO] [stderr]    |             ^^^^^^ help: if this is intentional, prefix it with an underscore: `_output`
[INFO] [stderr] 
[INFO] [stderr] warning: unused variable: `me`
[INFO] [stderr]   --> src/main.rs:34:42
[INFO] [stderr]    |
[INFO] [stderr] 34 |         Rsqueue::Partitions(Partitions { me }) => {
[INFO] [stderr]    |                                          ^^ help: try ignoring the field: `me: _`
[INFO] [stderr] 
[INFO] [stderr] warning: function `scontrol` is never used
[INFO] [stderr]   --> src/cmd.rs:32:8
[INFO] [stderr]    |
[INFO] [stderr] 32 | pub fn scontrol(args: Option<&[&str]>) -> anyhow::Result<String> {
[INFO] [stderr]    |        ^^^^^^^^
[INFO] [stderr]    |
[INFO] [stderr]    = note: `#[warn(dead_code)]` on by default
[INFO] [stderr] 
[INFO] [stderr] warning: struct `Node` is never constructed
[INFO] [stderr]  --> src/nodes.rs:1:12
[INFO] [stderr]   |
[INFO] [stderr] 1 | pub struct Node {
[INFO] [stderr]   |            ^^^^
[INFO] [stderr] 
[INFO] [stderr] warning: variant `Pdo` is never constructed
[INFO] [stderr]  --> src/partitions.rs:9:5
[INFO] [stderr]   |
[INFO] [stderr] 6 | pub enum Status {
[INFO] [stderr]   |          ------ variant in this enum
[INFO] [stderr] ...
[INFO] [stderr] 9 |     Pdo, // others pending
[INFO] [stderr]   |     ^^^
[INFO] [stderr]   |
[INFO] [stderr]   = note: `Status` has a derived impl for the trait `Debug`, but this is intentionally ignored during dead code analysis
[INFO] [stderr] 
[INFO] [stderr] warning: associated items `new` and `pendingo` are never used
[INFO] [stderr]   --> src/partitions.rs:44:12
[INFO] [stderr]    |
[INFO] [stderr] 43 | impl Partition {
[INFO] [stderr]    | -------------- associated items in this implementation
[INFO] [stderr] 44 |     pub fn new(name: &str, time_limit: &str) -> Self {
[INFO] [stderr]    |            ^^^
[INFO] [stderr] ...
[INFO] [stderr] 56 |     pub fn pendingo(&self) -> usize {
[INFO] [stderr]    |            ^^^^^^^^
[INFO] [stderr] 
[INFO] [stderr] warning: associated items `new`, `creat_partitions`, `partition_names`, `insert`, and `print_partitions` are never used
[INFO] [stderr]    --> src/partitions.rs:128:12
[INFO] [stderr]     |
[INFO] [stderr] 127 | impl Partitions {
[INFO] [stderr]     | --------------- associated items in this implementation
[INFO] [stderr] 128 |     pub fn new(data: HashMap<String, Partition>) -> Self {
[INFO] [stderr]     |            ^^^
[INFO] [stderr] ...
[INFO] [stderr] 132 |     pub fn creat_partitions() -> anyhow::Result<Self> {
[INFO] [stderr]     |            ^^^^^^^^^^^^^^^^
[INFO] [stderr] ...
[INFO] [stderr] 147 |     pub fn partition_names(&self) -> Vec<&String> {
[INFO] [stderr]     |            ^^^^^^^^^^^^^^^
[INFO] [stderr] ...
[INFO] [stderr] 152 |     pub fn insert(&mut self, name: &str, partition: Partition) {
[INFO] [stderr]     |            ^^^^^^
[INFO] [stderr] ...
[INFO] [stderr] 232 |     pub fn print_partitions(&self) {
[INFO] [stderr]     |            ^^^^^^^^^^^^^^^^
[INFO] [stderr] 
[INFO] [stderr] warning: `rsqueue` (bin "rsqueue" test) generated 9 warnings (run `cargo fix --bin "rsqueue" --tests` to apply 4 suggestions)
[INFO] [stderr]     Finished test [unoptimized + debuginfo] target(s) in 0.08s
[INFO] [stderr]      Running unittests src/main.rs (/opt/rustwide/target/debug/deps/rsqueue-496244f8b72dfbe3)
[INFO] [stdout] 
[INFO] [stdout] running 1 test
[INFO] [stdout] test partitions::test_complete_partition_name ... FAILED
[INFO] [stdout] 
[INFO] [stdout] failures:
[INFO] [stdout] 
[INFO] [stdout] ---- partitions::test_complete_partition_name stdout ----
[INFO] [stdout] thread 'partitions::test_complete_partition_name' panicked at src/partitions.rs:113:47:
[INFO] [stdout] called `Result::unwrap()` on an `Err` value: sinfo failed to execute
[INFO] [stdout] 
[INFO] [stdout] Caused by:
[INFO] [stdout]     No such file or directory (os error 2)
[INFO] [stdout] stack backtrace:
[INFO] [stdout]    0:     0x55922176c106 - std::backtrace_rs::backtrace::libunwind::trace::h261606ad26a499c1
[INFO] [stdout]                                at /rustc/0e09125c6c3c2fd70d7de961bcf0e51575235fad/library/std/src/../../backtrace/src/backtrace/libunwind.rs:104:5
[INFO] [stdout]    1:     0x55922176c106 - std::backtrace_rs::backtrace::trace_unsynchronized::hd183f0625477fb28
[INFO] [stdout]                                at /rustc/0e09125c6c3c2fd70d7de961bcf0e51575235fad/library/std/src/../../backtrace/src/backtrace/mod.rs:66:5
[INFO] [stdout]    2:     0x55922176c106 - std::sys_common::backtrace::_print_fmt::hd7f8fef21b4eda67
[INFO] [stdout]                                at /rustc/0e09125c6c3c2fd70d7de961bcf0e51575235fad/library/std/src/sys_common/backtrace.rs:68:5
[INFO] [stdout]    3:     0x55922176c106 - <std::sys_common::backtrace::_print::DisplayBacktrace as core::fmt::Display>::fmt::h623d9b51f2f453f1
[INFO] [stdout]                                at /rustc/0e09125c6c3c2fd70d7de961bcf0e51575235fad/library/std/src/sys_common/backtrace.rs:44:22
[INFO] [stdout]    4:     0x559221795050 - core::fmt::rt::Argument::fmt::h9f417ac76a86f368
[INFO] [stdout]                                at /rustc/0e09125c6c3c2fd70d7de961bcf0e51575235fad/library/core/src/fmt/rt.rs:142:9
[INFO] [stdout]    5:     0x559221795050 - core::fmt::write::hc9b6faf4ac2aeff7
[INFO] [stdout]                                at /rustc/0e09125c6c3c2fd70d7de961bcf0e51575235fad/library/core/src/fmt/mod.rs:1120:17
[INFO] [stdout]    6:     0x559221769b6f - std::io::Write::write_fmt::he04625a3a989fec3
[INFO] [stdout]                                at /rustc/0e09125c6c3c2fd70d7de961bcf0e51575235fad/library/std/src/io/mod.rs:1810:15
[INFO] [stdout]    7:     0x55922176bee4 - std::sys_common::backtrace::_print::hd5d66399c7df88a2
[INFO] [stdout]                                at /rustc/0e09125c6c3c2fd70d7de961bcf0e51575235fad/library/std/src/sys_common/backtrace.rs:47:5
[INFO] [stdout]    8:     0x55922176bee4 - std::sys_common::backtrace::print::he81ed2da642d37e5
[INFO] [stdout]                                at /rustc/0e09125c6c3c2fd70d7de961bcf0e51575235fad/library/std/src/sys_common/backtrace.rs:34:9
[INFO] [stdout]    9:     0x55922176dc57 - std::panicking::default_hook::{{closure}}::h85773f4fa117163d
[INFO] [stdout]   10:     0x55922176d93d - std::panicking::default_hook::h6a1694a91d09b278
[INFO] [stdout]                                at /rustc/0e09125c6c3c2fd70d7de961bcf0e51575235fad/library/std/src/panicking.rs:289:9
[INFO] [stdout]   11:     0x5592216ee8e7 - <alloc::boxed::Box<F,A> as core::ops::function::Fn<Args>>::call::h616ac37fa3cd6c8f
[INFO] [stdout]                                at /rustc/0e09125c6c3c2fd70d7de961bcf0e51575235fad/library/alloc/src/boxed.rs:2029:9
[INFO] [stdout]   12:     0x5592216ee8e7 - test::test_main::{{closure}}::h00d84697cefdcbb6
[INFO] [stdout]                                at /rustc/0e09125c6c3c2fd70d7de961bcf0e51575235fad/library/test/src/lib.rs:138:21
[INFO] [stdout]   13:     0x55922176e276 - <alloc::boxed::Box<F,A> as core::ops::function::Fn<Args>>::call::hcb3fe3b9bb537ba8
[INFO] [stdout]                                at /rustc/0e09125c6c3c2fd70d7de961bcf0e51575235fad/library/alloc/src/boxed.rs:2029:9
[INFO] [stdout]   14:     0x55922176e276 - std::panicking::rust_panic_with_hook::h0a7ad96e90f7145b
[INFO] [stdout]                                at /rustc/0e09125c6c3c2fd70d7de961bcf0e51575235fad/library/std/src/panicking.rs:783:13
[INFO] [stdout]   15:     0x55922176dfc2 - std::panicking::begin_panic_handler::{{closure}}::h7919090525c6485e
[INFO] [stdout]                                at /rustc/0e09125c6c3c2fd70d7de961bcf0e51575235fad/library/std/src/panicking.rs:657:13
[INFO] [stdout]   16:     0x55922176c606 - std::sys_common::backtrace::__rust_end_short_backtrace::hf3289479464f7dfe
[INFO] [stdout]                                at /rustc/0e09125c6c3c2fd70d7de961bcf0e51575235fad/library/std/src/sys_common/backtrace.rs:171:18
[INFO] [stdout]   17:     0x55922176dd20 - rust_begin_unwind
[INFO] [stdout]                                at /rustc/0e09125c6c3c2fd70d7de961bcf0e51575235fad/library/std/src/panicking.rs:645:5
[INFO] [stdout]   18:     0x5592216a3d55 - core::panicking::panic_fmt::hcc9f77c5c132af55
[INFO] [stdout]                                at /rustc/0e09125c6c3c2fd70d7de961bcf0e51575235fad/library/core/src/panicking.rs:72:14
[INFO] [stdout]   19:     0x5592216a42f3 - core::result::unwrap_failed::hbe14f498be1452f9
[INFO] [stdout]                                at /rustc/0e09125c6c3c2fd70d7de961bcf0e51575235fad/library/core/src/result.rs:1649:5
[INFO] [stdout]   20:     0x5592216b5792 - core::result::Result<T,E>::unwrap::hcd92974c2e6ab588
[INFO] [stdout]                                at /rustc/0e09125c6c3c2fd70d7de961bcf0e51575235fad/library/core/src/result.rs:1073:23
[INFO] [stdout]   21:     0x5592216b8616 - rsqueue::partitions::get_partition_names_time::h3d0287bd1e732ab6
[INFO] [stdout]                                at /opt/rustwide/workdir/src/partitions.rs:113:18
[INFO] [stdout]   22:     0x5592216b9dd6 - rsqueue::partitions::test_complete_partition_name::h49b6492681a7d862
[INFO] [stdout]                                at /opt/rustwide/workdir/src/partitions.rs:100:22
[INFO] [stdout]   23:     0x5592216b9da7 - rsqueue::partitions::test_complete_partition_name::{{closure}}::hf654922f8ac404ca
[INFO] [stdout]                                at /opt/rustwide/workdir/src/partitions.rs:99:34
[INFO] [stdout]   24:     0x5592216adee6 - core::ops::function::FnOnce::call_once::h73c55e307e5f2334
[INFO] [stdout]                                at /rustc/0e09125c6c3c2fd70d7de961bcf0e51575235fad/library/core/src/ops/function.rs:250:5
[INFO] [stdout]   25:     0x5592216f41bf - core::ops::function::FnOnce::call_once::hd64d26f405258157
[INFO] [stdout]                                at /rustc/0e09125c6c3c2fd70d7de961bcf0e51575235fad/library/core/src/ops/function.rs:250:5
[INFO] [stdout]   26:     0x5592216f41bf - test::__rust_begin_short_backtrace::he21b0b7a6d731bf9
[INFO] [stdout]                                at /rustc/0e09125c6c3c2fd70d7de961bcf0e51575235fad/library/test/src/lib.rs:627:18
[INFO] [stdout]   27:     0x5592216f2f41 - test::run_test_in_process::{{closure}}::hf5c73986d7bdfde2
[INFO] [stdout]                                at /rustc/0e09125c6c3c2fd70d7de961bcf0e51575235fad/library/test/src/lib.rs:650:60
[INFO] [stdout]   28:     0x5592216f2f41 - <core::panic::unwind_safe::AssertUnwindSafe<F> as core::ops::function::FnOnce<()>>::call_once::h330011ad032aadc0
[INFO] [stdout]                                at /rustc/0e09125c6c3c2fd70d7de961bcf0e51575235fad/library/core/src/panic/unwind_safe.rs:272:9
[INFO] [stdout]   29:     0x5592216f2f41 - std::panicking::try::do_call::he61b0a958b795a41
[INFO] [stdout]                                at /rustc/0e09125c6c3c2fd70d7de961bcf0e51575235fad/library/std/src/panicking.rs:552:40
[INFO] [stdout]   30:     0x5592216f2f41 - std::panicking::try::h7309da130f906eb7
[INFO] [stdout]                                at /rustc/0e09125c6c3c2fd70d7de961bcf0e51575235fad/library/std/src/panicking.rs:516:19
[INFO] [stdout]   31:     0x5592216f2f41 - std::panic::catch_unwind::hc5c3a06fdaf0a92a
[INFO] [stdout]                                at /rustc/0e09125c6c3c2fd70d7de961bcf0e51575235fad/library/std/src/panic.rs:142:14
[INFO] [stdout]   32:     0x5592216f2f41 - test::run_test_in_process::h7e7b7c71c3324e0f
[INFO] [stdout]                                at /rustc/0e09125c6c3c2fd70d7de961bcf0e51575235fad/library/test/src/lib.rs:650:27
[INFO] [stdout]   33:     0x5592216f2f41 - test::run_test::{{closure}}::h1f509f28f5cf20b1
[INFO] [stdout]                                at /rustc/0e09125c6c3c2fd70d7de961bcf0e51575235fad/library/test/src/lib.rs:573:43
[INFO] [stdout]   34:     0x5592216ba276 - test::run_test::{{closure}}::h1754218abf443f6d
[INFO] [stdout]                                at /rustc/0e09125c6c3c2fd70d7de961bcf0e51575235fad/library/test/src/lib.rs:601:41
[INFO] [stdout]   35:     0x5592216ba276 - std::sys_common::backtrace::__rust_begin_short_backtrace::h2ee174b9d5954948
[INFO] [stdout]                                at /rustc/0e09125c6c3c2fd70d7de961bcf0e51575235fad/library/std/src/sys_common/backtrace.rs:155:18
[INFO] [stdout]   36:     0x5592216bf2d7 - std::thread::Builder::spawn_unchecked_::{{closure}}::{{closure}}::hf60bee9c1a17ef09
[INFO] [stdout]                                at /rustc/0e09125c6c3c2fd70d7de961bcf0e51575235fad/library/std/src/thread/mod.rs:529:17
[INFO] [stdout]   37:     0x5592216bf2d7 - <core::panic::unwind_safe::AssertUnwindSafe<F> as core::ops::function::FnOnce<()>>::call_once::h33d0dddec5216160
[INFO] [stdout]                                at /rustc/0e09125c6c3c2fd70d7de961bcf0e51575235fad/library/core/src/panic/unwind_safe.rs:272:9
[INFO] [stdout]   38:     0x5592216bf2d7 - std::panicking::try::do_call::h144b3048b546f835
[INFO] [stdout]                                at /rustc/0e09125c6c3c2fd70d7de961bcf0e51575235fad/library/std/src/panicking.rs:552:40
[INFO] [stdout]   39:     0x5592216bf2d7 - std::panicking::try::h978244d04646189f
[INFO] [stdout]                                at /rustc/0e09125c6c3c2fd70d7de961bcf0e51575235fad/library/std/src/panicking.rs:516:19
[INFO] [stdout]   40:     0x5592216bf2d7 - std::panic::catch_unwind::hdf436369d188fe86
[INFO] [stdout]                                at /rustc/0e09125c6c3c2fd70d7de961bcf0e51575235fad/library/std/src/panic.rs:142:14
[INFO] [stdout]   41:     0x5592216bf2d7 - std::thread::Builder::spawn_unchecked_::{{closure}}::h87329cbdd33c79ec
[INFO] [stdout]                                at /rustc/0e09125c6c3c2fd70d7de961bcf0e51575235fad/library/std/src/thread/mod.rs:528:30
[INFO] [stdout]   42:     0x5592216bf2d7 - core::ops::function::FnOnce::call_once{{vtable.shim}}::h401abbe67897d450
[INFO] [stdout]                                at /rustc/0e09125c6c3c2fd70d7de961bcf0e51575235fad/library/core/src/ops/function.rs:250:5
[INFO] [stdout]   43:     0x559221772e15 - <alloc::boxed::Box<F,A> as core::ops::function::FnOnce<Args>>::call_once::h5d7c8f150ab9c84c
[INFO] [stdout]                                at /rustc/0e09125c6c3c2fd70d7de961bcf0e51575235fad/library/alloc/src/boxed.rs:2015:9
[INFO] [stdout]   44:     0x559221772e15 - <alloc::boxed::Box<F,A> as core::ops::function::FnOnce<Args>>::call_once::h570d5b005c242c15
[INFO] [stdout]                                at /rustc/0e09125c6c3c2fd70d7de961bcf0e51575235fad/library/alloc/src/boxed.rs:2015:9
[INFO] [stdout]   45:     0x559221772e15 - std::sys::unix::thread::Thread::new::thread_start::h36b0a20c0b2361ad
[INFO] [stdout]                                at /rustc/0e09125c6c3c2fd70d7de961bcf0e51575235fad/library/std/src/sys/unix/thread.rs:108:17
[INFO] [stdout]   46:     0x7fee80fc1ac3 - <unknown>
[INFO] [stdout]   47:     0x7fee81052bf4 - __clone
[INFO] [stdout]   48:                0x0 - <unknown>
[INFO] [stdout] 
[INFO] [stdout] 
[INFO] [stdout] failures:
[INFO] [stdout]     partitions::test_complete_partition_name
[INFO] [stdout] 
[INFO] [stdout] test result: FAILED. 0 passed; 1 failed; 0 ignored; 0 measured; 0 filtered out; finished in 0.03s
[INFO] [stdout] 
[INFO] [stderr] error: test failed, to rerun pass `--bin rsqueue`
[INFO] running `Command { std: "docker" "inspect" "69eee5300b25510067d2d0ae2f02e3db890376b20b09e72ab63de678d12d531c", kill_on_drop: false }`
[INFO] running `Command { std: "docker" "rm" "-f" "69eee5300b25510067d2d0ae2f02e3db890376b20b09e72ab63de678d12d531c", kill_on_drop: false }`
[INFO] [stdout] 69eee5300b25510067d2d0ae2f02e3db890376b20b09e72ab63de678d12d531c
