[INFO] fetching crate rsiot-components-config 0.0.16...
[INFO] testing rsiot-components-config-0.0.16 against 1.75.0 for beta-1.76-1
[INFO] extracting crate rsiot-components-config 0.0.16 into /workspace/builds/worker-1-tc1/source
[INFO] validating manifest of crates.io crate rsiot-components-config 0.0.16 on toolchain 1.75.0
[INFO] running `Command { std: CARGO_HOME="/workspace/cargo-home" RUSTUP_HOME="/workspace/rustup-home" "/workspace/cargo-home/bin/cargo" "+1.75.0" "metadata" "--manifest-path" "Cargo.toml" "--no-deps", kill_on_drop: false }`
[INFO] started tweaking crates.io crate rsiot-components-config 0.0.16
[INFO] finished tweaking crates.io crate rsiot-components-config 0.0.16
[INFO] tweaked toml for crates.io crate rsiot-components-config 0.0.16 written to /workspace/builds/worker-1-tc1/source/Cargo.toml
[INFO] running `Command { std: CARGO_HOME="/workspace/cargo-home" RUSTUP_HOME="/workspace/rustup-home" "/workspace/cargo-home/bin/cargo" "+1.75.0" "generate-lockfile" "--manifest-path" "Cargo.toml", kill_on_drop: false }`
[INFO] [stderr]     Updating crates.io index
[INFO] running `Command { std: CARGO_HOME="/workspace/cargo-home" RUSTUP_HOME="/workspace/rustup-home" "/workspace/cargo-home/bin/cargo" "+1.75.0" "fetch" "--manifest-path" "Cargo.toml", kill_on_drop: false }`
[INFO] [stderr]  Downloading crates ...
[INFO] [stderr]   Downloaded rsiot-messages-core v0.0.16
[INFO] running `Command { std: "docker" "create" "-v" "/var/lib/crater-agent-workspace/builds/worker-1-tc1/target:/opt/rustwide/target:rw,Z" "-v" "/var/lib/crater-agent-workspace/builds/worker-1-tc1/source:/opt/rustwide/workdir:ro,Z" "-v" "/var/lib/crater-agent-workspace/cargo-home:/opt/rustwide/cargo-home:ro,Z" "-v" "/var/lib/crater-agent-workspace/rustup-home:/opt/rustwide/rustup-home:ro,Z" "-e" "SOURCE_DIR=/opt/rustwide/workdir" "-e" "CARGO_TARGET_DIR=/opt/rustwide/target" "-e" "CARGO_HOME=/opt/rustwide/cargo-home" "-e" "RUSTUP_HOME=/opt/rustwide/rustup-home" "-w" "/opt/rustwide/workdir" "-m" "1610612736" "--user" "0:0" "--network" "none" "ghcr.io/rust-lang/crates-build-env/linux@sha256:2788e3201cd34a07e3172128adcd8b3090168a8e3bcc40d7c032b9dda1df7d1c" "/opt/rustwide/cargo-home/bin/cargo" "+1.75.0" "metadata" "--no-deps" "--format-version=1", kill_on_drop: false }`
[INFO] [stdout] 5aad52d5b3a99c96581d17aff6caecd30ccebbdf84b55ad1177424f7c95c0868
[INFO] running `Command { std: "docker" "start" "-a" "5aad52d5b3a99c96581d17aff6caecd30ccebbdf84b55ad1177424f7c95c0868", kill_on_drop: false }`
[INFO] running `Command { std: "docker" "inspect" "5aad52d5b3a99c96581d17aff6caecd30ccebbdf84b55ad1177424f7c95c0868", kill_on_drop: false }`
[INFO] running `Command { std: "docker" "rm" "-f" "5aad52d5b3a99c96581d17aff6caecd30ccebbdf84b55ad1177424f7c95c0868", kill_on_drop: false }`
[INFO] [stdout] 5aad52d5b3a99c96581d17aff6caecd30ccebbdf84b55ad1177424f7c95c0868
[INFO] running `Command { std: "docker" "create" "-v" "/var/lib/crater-agent-workspace/builds/worker-1-tc1/target:/opt/rustwide/target:rw,Z" "-v" "/var/lib/crater-agent-workspace/builds/worker-1-tc1/source:/opt/rustwide/workdir:ro,Z" "-v" "/var/lib/crater-agent-workspace/cargo-home:/opt/rustwide/cargo-home:ro,Z" "-v" "/var/lib/crater-agent-workspace/rustup-home:/opt/rustwide/rustup-home:ro,Z" "-e" "SOURCE_DIR=/opt/rustwide/workdir" "-e" "CARGO_TARGET_DIR=/opt/rustwide/target" "-e" "CARGO_INCREMENTAL=0" "-e" "RUST_BACKTRACE=full" "-e" "RUSTFLAGS=--cap-lints=warn" "-e" "RUSTDOCFLAGS=--cap-lints=warn" "-e" "CARGO_HOME=/opt/rustwide/cargo-home" "-e" "RUSTUP_HOME=/opt/rustwide/rustup-home" "-w" "/opt/rustwide/workdir" "-m" "1610612736" "--user" "0:0" "--network" "none" "ghcr.io/rust-lang/crates-build-env/linux@sha256:2788e3201cd34a07e3172128adcd8b3090168a8e3bcc40d7c032b9dda1df7d1c" "/opt/rustwide/cargo-home/bin/cargo" "+1.75.0" "build" "--frozen" "--message-format=json", kill_on_drop: false }`
[INFO] [stdout] bdd953997a83482df89489a659123f8cb4058bd017b8143690e8999b3516ef1d
[INFO] running `Command { std: "docker" "start" "-a" "bdd953997a83482df89489a659123f8cb4058bd017b8143690e8999b3516ef1d", kill_on_drop: false }`
[INFO] [stderr]    Compiling serde v1.0.194
[INFO] [stderr]    Compiling tinyvec_macros v0.1.1
[INFO] [stderr]    Compiling itoa v1.0.10
[INFO] [stderr]    Compiling serde_json v1.0.111
[INFO] [stderr]    Compiling ryu v1.0.16
[INFO] [stderr]    Compiling iana-time-zone v0.1.59
[INFO] [stderr]    Compiling percent-encoding v2.3.1
[INFO] [stderr]    Compiling unicode-bidi v0.3.14
[INFO] [stderr]    Compiling bytes v1.5.0
[INFO] [stderr]    Compiling fnv v1.0.7
[INFO] [stderr]    Compiling num-traits v0.2.17
[INFO] [stderr]    Compiling syn v2.0.48
[INFO] [stderr]    Compiling tinyvec v1.6.0
[INFO] [stderr]    Compiling form_urlencoded v1.2.1
[INFO] [stderr]    Compiling http v1.0.0
[INFO] [stderr]    Compiling unicode-normalization v0.1.22
[INFO] [stderr]    Compiling idna v0.5.0
[INFO] [stderr]    Compiling url v2.5.0
[INFO] [stderr]    Compiling serde_derive v1.0.194
[INFO] [stderr]    Compiling chrono v0.4.31
[INFO] [stderr]    Compiling rsiot-messages-core v0.0.16
[INFO] [stderr]    Compiling rsiot-components-config v0.0.16 (/opt/rustwide/workdir)
[INFO] [stderr]     Finished dev [unoptimized + debuginfo] target(s) in 10.79s
[INFO] running `Command { std: "docker" "inspect" "bdd953997a83482df89489a659123f8cb4058bd017b8143690e8999b3516ef1d", kill_on_drop: false }`
[INFO] running `Command { std: "docker" "rm" "-f" "bdd953997a83482df89489a659123f8cb4058bd017b8143690e8999b3516ef1d", kill_on_drop: false }`
[INFO] [stdout] bdd953997a83482df89489a659123f8cb4058bd017b8143690e8999b3516ef1d
[INFO] running `Command { std: "docker" "create" "-v" "/var/lib/crater-agent-workspace/builds/worker-1-tc1/target:/opt/rustwide/target:rw,Z" "-v" "/var/lib/crater-agent-workspace/builds/worker-1-tc1/source:/opt/rustwide/workdir:ro,Z" "-v" "/var/lib/crater-agent-workspace/cargo-home:/opt/rustwide/cargo-home:ro,Z" "-v" "/var/lib/crater-agent-workspace/rustup-home:/opt/rustwide/rustup-home:ro,Z" "-e" "SOURCE_DIR=/opt/rustwide/workdir" "-e" "CARGO_TARGET_DIR=/opt/rustwide/target" "-e" "CARGO_INCREMENTAL=0" "-e" "RUST_BACKTRACE=full" "-e" "RUSTFLAGS=--cap-lints=warn" "-e" "RUSTDOCFLAGS=--cap-lints=warn" "-e" "CARGO_HOME=/opt/rustwide/cargo-home" "-e" "RUSTUP_HOME=/opt/rustwide/rustup-home" "-w" "/opt/rustwide/workdir" "-m" "1610612736" "--user" "0:0" "--network" "none" "ghcr.io/rust-lang/crates-build-env/linux@sha256:2788e3201cd34a07e3172128adcd8b3090168a8e3bcc40d7c032b9dda1df7d1c" "/opt/rustwide/cargo-home/bin/cargo" "+1.75.0" "test" "--frozen" "--no-run" "--message-format=json", kill_on_drop: false }`
[INFO] [stdout] b131c3c497dd37767b9d59574e6d3cda7622569fb441f94cb716d64da71530ab
[INFO] running `Command { std: "docker" "start" "-a" "b131c3c497dd37767b9d59574e6d3cda7622569fb441f94cb716d64da71530ab", kill_on_drop: false }`
[INFO] [stderr]    Compiling rsiot-components-config v0.0.16 (/opt/rustwide/workdir)
[INFO] [stderr]     Finished test [unoptimized + debuginfo] target(s) in 0.24s
[INFO] running `Command { std: "docker" "inspect" "b131c3c497dd37767b9d59574e6d3cda7622569fb441f94cb716d64da71530ab", kill_on_drop: false }`
[INFO] running `Command { std: "docker" "rm" "-f" "b131c3c497dd37767b9d59574e6d3cda7622569fb441f94cb716d64da71530ab", kill_on_drop: false }`
[INFO] [stdout] b131c3c497dd37767b9d59574e6d3cda7622569fb441f94cb716d64da71530ab
[INFO] running `Command { std: "docker" "create" "-v" "/var/lib/crater-agent-workspace/builds/worker-1-tc1/target:/opt/rustwide/target:rw,Z" "-v" "/var/lib/crater-agent-workspace/builds/worker-1-tc1/source:/opt/rustwide/workdir:ro,Z" "-v" "/var/lib/crater-agent-workspace/cargo-home:/opt/rustwide/cargo-home:ro,Z" "-v" "/var/lib/crater-agent-workspace/rustup-home:/opt/rustwide/rustup-home:ro,Z" "-e" "SOURCE_DIR=/opt/rustwide/workdir" "-e" "CARGO_TARGET_DIR=/opt/rustwide/target" "-e" "CARGO_INCREMENTAL=0" "-e" "RUST_BACKTRACE=full" "-e" "RUSTFLAGS=--cap-lints=warn" "-e" "RUSTDOCFLAGS=--cap-lints=warn" "-e" "CARGO_HOME=/opt/rustwide/cargo-home" "-e" "RUSTUP_HOME=/opt/rustwide/rustup-home" "-w" "/opt/rustwide/workdir" "-m" "1610612736" "--user" "0:0" "--network" "none" "ghcr.io/rust-lang/crates-build-env/linux@sha256:2788e3201cd34a07e3172128adcd8b3090168a8e3bcc40d7c032b9dda1df7d1c" "/opt/rustwide/cargo-home/bin/cargo" "+1.75.0" "test" "--frozen", kill_on_drop: false }`
[INFO] [stdout] d70f43d96dc30436a4be3a501d143b81d10b31107e1d5529e1cdec1fc550b1ae
[INFO] running `Command { std: "docker" "start" "-a" "d70f43d96dc30436a4be3a501d143b81d10b31107e1d5529e1cdec1fc550b1ae", kill_on_drop: false }`
[INFO] [stderr]     Finished test [unoptimized + debuginfo] target(s) in 0.02s
[INFO] [stderr]      Running unittests src/lib.rs (/opt/rustwide/target/debug/deps/rsiot_components_config-d54ad6313b3ce2a0)
[INFO] [stdout] 
[INFO] [stdout] running 0 tests
[INFO] [stdout] 
[INFO] [stdout] test result: ok. 0 passed; 0 failed; 0 ignored; 0 measured; 0 filtered out; finished in 0.00s
[INFO] [stdout] 
[INFO] [stderr]    Doc-tests rsiot-components-config
[INFO] [stdout] 
[INFO] [stdout] running 2 tests
[INFO] [stdout] test src/websocket_server/mod.rs - websocket_server::Config::fn_recv_from_client (line 23) ... FAILED
[INFO] [stdout] test src/websocket_server/mod.rs - websocket_server::Config::fn_send_to_client (line 15) ... FAILED
[INFO] [stdout] 
[INFO] [stdout] failures:
[INFO] [stdout] 
[INFO] [stdout] ---- src/websocket_server/mod.rs - websocket_server::Config::fn_recv_from_client (line 23) stdout ----
[INFO] [stdout] error[E0433]: failed to resolve: use of undeclared type `TMessage`
[INFO] [stdout]  --> src/websocket_server/mod.rs:24:14
[INFO] [stdout]   |
[INFO] [stdout] 3 | |data: &str| TMessage::from_json(data).ok()
[INFO] [stdout]   |              ^^^^^^^^ use of undeclared type `TMessage`
[INFO] [stdout] 
[INFO] [stdout] error: aborting due to previous error
[INFO] [stdout] 
[INFO] [stdout] For more information about this error, try `rustc --explain E0433`.
[INFO] [stdout] Couldn't compile the test.
[INFO] [stdout] ---- src/websocket_server/mod.rs - websocket_server::Config::fn_send_to_client (line 15) stdout ----
[INFO] [stdout] error[E0412]: cannot find type `TMessage` in this scope
[INFO] [stdout]  --> src/websocket_server/mod.rs:16:7
[INFO] [stdout]   |
[INFO] [stdout] 3 | |msg: TMessage| msg.to_json().ok()
[INFO] [stdout]   |       ^^^^^^^^ not found in this scope
[INFO] [stdout] 
[INFO] [stdout] error: aborting due to previous error
[INFO] [stdout] 
[INFO] [stdout] For more information about this error, try `rustc --explain E0412`.
[INFO] [stdout] Couldn't compile the test.
[INFO] [stdout] 
[INFO] [stdout] failures:
[INFO] [stdout]     src/websocket_server/mod.rs - websocket_server::Config::fn_recv_from_client (line 23)
[INFO] [stdout]     src/websocket_server/mod.rs - websocket_server::Config::fn_send_to_client (line 15)
[INFO] [stdout] 
[INFO] [stdout] test result: FAILED. 0 passed; 2 failed; 0 ignored; 0 measured; 0 filtered out; finished in 0.05s
[INFO] [stdout] 
[INFO] [stderr] error: doctest failed, to rerun pass `--doc`
[INFO] running `Command { std: "docker" "inspect" "d70f43d96dc30436a4be3a501d143b81d10b31107e1d5529e1cdec1fc550b1ae", kill_on_drop: false }`
[INFO] running `Command { std: "docker" "rm" "-f" "d70f43d96dc30436a4be3a501d143b81d10b31107e1d5529e1cdec1fc550b1ae", kill_on_drop: false }`
[INFO] [stdout] d70f43d96dc30436a4be3a501d143b81d10b31107e1d5529e1cdec1fc550b1ae
