[INFO] fetching crate rsfu 0.1.1...
[INFO] testing rsfu-0.1.1 against 1.75.0 for beta-1.76-1
[INFO] extracting crate rsfu 0.1.1 into /workspace/builds/worker-7-tc1/source
[INFO] validating manifest of crates.io crate rsfu 0.1.1 on toolchain 1.75.0
[INFO] running `Command { std: CARGO_HOME="/workspace/cargo-home" RUSTUP_HOME="/workspace/rustup-home" "/workspace/cargo-home/bin/cargo" "+1.75.0" "metadata" "--manifest-path" "Cargo.toml" "--no-deps", kill_on_drop: false }`
[INFO] started tweaking crates.io crate rsfu 0.1.1
[INFO] finished tweaking crates.io crate rsfu 0.1.1
[INFO] tweaked toml for crates.io crate rsfu 0.1.1 written to /workspace/builds/worker-7-tc1/source/Cargo.toml
[INFO] running `Command { std: CARGO_HOME="/workspace/cargo-home" RUSTUP_HOME="/workspace/rustup-home" "/workspace/cargo-home/bin/cargo" "+1.75.0" "generate-lockfile" "--manifest-path" "Cargo.toml", kill_on_drop: false }`
[INFO] [stderr]     Updating crates.io index
[INFO] running `Command { std: CARGO_HOME="/workspace/cargo-home" RUSTUP_HOME="/workspace/rustup-home" "/workspace/cargo-home/bin/cargo" "+1.75.0" "fetch" "--manifest-path" "Cargo.toml", kill_on_drop: false }`
[INFO] [stderr]  Downloading crates ...
[INFO] [stderr]   Downloaded fns v0.0.7
[INFO] [stderr]   Downloaded bytesio v0.1.27
[INFO] running `Command { std: "docker" "create" "-v" "/var/lib/crater-agent-workspace/builds/worker-7-tc1/target:/opt/rustwide/target:rw,Z" "-v" "/var/lib/crater-agent-workspace/builds/worker-7-tc1/source:/opt/rustwide/workdir:ro,Z" "-v" "/var/lib/crater-agent-workspace/cargo-home:/opt/rustwide/cargo-home:ro,Z" "-v" "/var/lib/crater-agent-workspace/rustup-home:/opt/rustwide/rustup-home:ro,Z" "-e" "SOURCE_DIR=/opt/rustwide/workdir" "-e" "CARGO_TARGET_DIR=/opt/rustwide/target" "-e" "CARGO_HOME=/opt/rustwide/cargo-home" "-e" "RUSTUP_HOME=/opt/rustwide/rustup-home" "-w" "/opt/rustwide/workdir" "-m" "1610612736" "--user" "0:0" "--network" "none" "ghcr.io/rust-lang/crates-build-env/linux@sha256:2788e3201cd34a07e3172128adcd8b3090168a8e3bcc40d7c032b9dda1df7d1c" "/opt/rustwide/cargo-home/bin/cargo" "+1.75.0" "metadata" "--no-deps" "--format-version=1", kill_on_drop: false }`
[INFO] [stdout] 1dada277205095210f752b43391eeaa0b0692010a9f8aecf33ff2ae3b6eab4d5
[INFO] running `Command { std: "docker" "start" "-a" "1dada277205095210f752b43391eeaa0b0692010a9f8aecf33ff2ae3b6eab4d5", kill_on_drop: false }`
[INFO] running `Command { std: "docker" "inspect" "1dada277205095210f752b43391eeaa0b0692010a9f8aecf33ff2ae3b6eab4d5", kill_on_drop: false }`
[INFO] running `Command { std: "docker" "rm" "-f" "1dada277205095210f752b43391eeaa0b0692010a9f8aecf33ff2ae3b6eab4d5", kill_on_drop: false }`
[INFO] [stdout] 1dada277205095210f752b43391eeaa0b0692010a9f8aecf33ff2ae3b6eab4d5
[INFO] running `Command { std: "docker" "create" "-v" "/var/lib/crater-agent-workspace/builds/worker-7-tc1/target:/opt/rustwide/target:rw,Z" "-v" "/var/lib/crater-agent-workspace/builds/worker-7-tc1/source:/opt/rustwide/workdir:ro,Z" "-v" "/var/lib/crater-agent-workspace/cargo-home:/opt/rustwide/cargo-home:ro,Z" "-v" "/var/lib/crater-agent-workspace/rustup-home:/opt/rustwide/rustup-home:ro,Z" "-e" "SOURCE_DIR=/opt/rustwide/workdir" "-e" "CARGO_TARGET_DIR=/opt/rustwide/target" "-e" "CARGO_INCREMENTAL=0" "-e" "RUST_BACKTRACE=full" "-e" "RUSTFLAGS=--cap-lints=warn" "-e" "RUSTDOCFLAGS=--cap-lints=warn" "-e" "CARGO_HOME=/opt/rustwide/cargo-home" "-e" "RUSTUP_HOME=/opt/rustwide/rustup-home" "-w" "/opt/rustwide/workdir" "-m" "1610612736" "--user" "0:0" "--network" "none" "ghcr.io/rust-lang/crates-build-env/linux@sha256:2788e3201cd34a07e3172128adcd8b3090168a8e3bcc40d7c032b9dda1df7d1c" "/opt/rustwide/cargo-home/bin/cargo" "+1.75.0" "build" "--frozen" "--message-format=json", kill_on_drop: false }`
[INFO] [stdout] e35bf48c3cb6269c25dee74e224102302eb35f9e8f36e3b99fe629d51a227152
[INFO] running `Command { std: "docker" "start" "-a" "e35bf48c3cb6269c25dee74e224102302eb35f9e8f36e3b99fe629d51a227152", kill_on_drop: false }`
[INFO] [stderr]    Compiling syn v2.0.48
[INFO] [stderr]    Compiling generic-array v0.14.7
[INFO] [stderr]    Compiling subtle v2.4.1
[INFO] [stderr]    Compiling cc v1.0.83
[INFO] [stderr]    Compiling syn v1.0.109
[INFO] [stderr]    Compiling memchr v2.7.1
[INFO] [stderr]    Compiling parking_lot_core v0.9.9
[INFO] [stderr]    Compiling pin-project-lite v0.2.13
[INFO] [stderr]    Compiling cpufeatures v0.2.12
[INFO] [stderr]    Compiling mio v0.8.10
[INFO] [stderr]    Compiling signal-hook-registry v1.4.1
[INFO] [stderr]    Compiling parking_lot v0.12.1
[INFO] [stderr]    Compiling socket2 v0.5.5
[INFO] [stderr]    Compiling crypto-common v0.1.6
[INFO] [stderr]    Compiling bytes v1.5.0
[INFO] [stderr]    Compiling log v0.4.20
[INFO] [stderr]    Compiling block-buffer v0.10.4
[INFO] [stderr]    Compiling memoffset v0.6.5
[INFO] [stderr]    Compiling digest v0.10.7
[INFO] [stderr]    Compiling async-trait v0.1.77
[INFO] [stderr]    Compiling webrtc-util v0.7.0
[INFO] [stderr]    Compiling bitflags v1.3.2
[INFO] [stderr]    Compiling unicode-xid v0.2.4
[INFO] [stderr]    Compiling ipnet v2.9.0
[INFO] [stderr]    Compiling nix v0.24.3
[INFO] [stderr]    Compiling ring v0.16.20
[INFO] [stderr]    Compiling num-traits v0.2.17
[INFO] [stderr]    Compiling spin v0.5.2
[INFO] [stderr]    Compiling untrusted v0.7.1
[INFO] [stderr]    Compiling once_cell v1.19.0
[INFO] [stderr]    Compiling minimal-lexical v0.2.1
[INFO] [stderr]    Compiling base64ct v1.6.0
[INFO] [stderr]    Compiling nom v7.1.3
[INFO] [stderr]    Compiling pem-rfc7468 v0.6.0
[INFO] [stderr]    Compiling time-macros v0.2.16
[INFO] [stderr]    Compiling futures-core v0.3.30
[INFO] [stderr]    Compiling const-oid v0.9.6
[INFO] [stderr]    Compiling slab v0.4.9
[INFO] [stderr]    Compiling futures-sink v0.3.30
[INFO] [stderr]    Compiling fnv v1.0.7
[INFO] [stderr]    Compiling semver v1.0.21
[INFO] [stderr]    Compiling hmac v0.12.1
[INFO] [stderr]    Compiling num-integer v0.1.45
[INFO] [stderr]    Compiling ident_case v1.0.1
[INFO] [stderr]    Compiling strsim v0.10.0
[INFO] [stderr]    Compiling unicode-normalization v0.1.22
[INFO] [stderr]    Compiling futures-channel v0.3.30
[INFO] [stderr]    Compiling digest v0.9.0
[INFO] [stderr]    Compiling ff v0.12.1
[INFO] [stderr]    Compiling rusticata-macros v4.1.0
[INFO] [stderr]    Compiling num-bigint v0.4.4
[INFO] [stderr]    Compiling pin-utils v0.1.0
[INFO] [stderr]    Compiling unicode-bidi v0.3.14
[INFO] [stderr]    Compiling futures-io v0.3.30
[INFO] [stderr]    Compiling time v0.3.31
[INFO] [stderr]    Compiling base16ct v0.1.1
[INFO] [stderr]    Compiling futures-task v0.3.30
[INFO] [stderr]    Compiling synstructure v0.12.6
[INFO] [stderr]    Compiling darling_core v0.14.4
[INFO] [stderr]    Compiling byteorder v1.5.0
[INFO] [stderr]    Compiling crc-catalog v2.4.0
[INFO] [stderr]    Compiling crc v3.0.1
[INFO] [stderr]    Compiling idna v0.5.0
[INFO] [stderr]    Compiling group v0.12.1
[INFO] [stderr]    Compiling rustc_version v0.4.0
[INFO] [stderr]    Compiling hkdf v0.12.4
[INFO] [stderr]    Compiling cipher v0.2.5
[INFO] [stderr]    Compiling inout v0.1.3
[INFO] [stderr]    Compiling universal-hash v0.4.1
[INFO] [stderr]    Compiling cipher v0.3.0
[INFO] [stderr]    Compiling getrandom v0.1.16
[INFO] [stderr]    Compiling oid-registry v0.4.0
[INFO] [stderr]    Compiling platforms v3.3.0
[INFO] [stderr]    Compiling polyval v0.5.3
[INFO] [stderr]    Compiling cipher v0.4.4
[INFO] [stderr]    Compiling curve25519-dalek v4.1.1
[INFO] [stderr]    Compiling url v2.5.0
[INFO] [stderr]    Compiling signature v1.6.4
[INFO] [stderr]    Compiling universal-hash v0.5.1
[INFO] [stderr]    Compiling polyval v0.6.1
[INFO] [stderr]    Compiling ghash v0.4.4
[INFO] [stderr]    Compiling thiserror-impl v1.0.56
[INFO] [stderr]    Compiling tokio-macros v2.2.0
[INFO] [stderr]    Compiling zeroize_derive v1.4.2
[INFO] [stderr]    Compiling serde_derive v1.0.194
[INFO] [stderr]    Compiling asn1-rs-impl v0.1.0
[INFO] [stderr]    Compiling displaydoc v0.2.4
[INFO] [stderr]    Compiling zeroize v1.7.0
[INFO] [stderr]    Compiling tokio v1.35.1
[INFO] [stderr]    Compiling der v0.6.1
[INFO] [stderr]    Compiling crypto-bigint v0.4.9
[INFO] [stderr]    Compiling asn1-rs-derive v0.1.0
[INFO] [stderr]    Compiling thiserror v1.0.56
[INFO] [stderr]    Compiling futures-macro v0.3.30
[INFO] [stderr]    Compiling darling_macro v0.14.4
[INFO] [stderr]    Compiling asn1-rs-derive v0.4.0
[INFO] [stderr]    Compiling spki v0.6.0
[INFO] [stderr]    Compiling pkcs8 v0.9.0
[INFO] [stderr]    Compiling asn1-rs v0.3.1
[INFO] [stderr]    Compiling sec1 v0.3.0
[INFO] [stderr]    Compiling rfc6979 v0.3.1
[INFO] [stderr]    Compiling darling v0.14.4
[INFO] [stderr]    Compiling derive_builder_core v0.11.2
[INFO] [stderr]    Compiling curve25519-dalek-derive v0.1.1
[INFO] [stderr]    Compiling elliptic-curve v0.12.3
[INFO] [stderr]    Compiling futures-util v0.3.30
[INFO] [stderr]    Compiling ecdsa v0.14.8
[INFO] [stderr]    Compiling ctr v0.8.0
[INFO] [stderr]    Compiling aes v0.7.5
[INFO] [stderr]    Compiling der-parser v7.0.0
[INFO] [stderr]    Compiling yasna v0.5.2
[INFO] [stderr]    Compiling pem v1.1.1
[INFO] [stderr]    Compiling md-5 v0.10.6
[INFO] [stderr]    Compiling sha2 v0.10.8
[INFO] [stderr]    Compiling backtrace v0.3.69
[INFO] [stderr]    Compiling block-buffer v0.9.0
[INFO] [stderr]    Compiling aead v0.4.3
[INFO] [stderr]    Compiling crypto-mac v0.11.1
[INFO] [stderr]    Compiling substring v1.4.5
[INFO] [stderr]    Compiling arc-swap v1.6.0
[INFO] [stderr]    Compiling failure_derive v0.1.8
[INFO] [stderr]    Compiling data-encoding v2.5.0
[INFO] [stderr]    Compiling atomic-waker v1.1.2
[INFO] [stderr]    Compiling waitgroup v0.1.2
[INFO] [stderr]    Compiling hmac v0.11.0
[INFO] [stderr]    Compiling aes-gcm v0.9.4
[INFO] [stderr]    Compiling x509-parser v0.13.2
[INFO] [stderr]    Compiling sha-1 v0.9.8
[INFO] [stderr]    Compiling derive_builder_macro v0.11.2
[INFO] [stderr]    Compiling serde v1.0.194
[INFO] [stderr]    Compiling rand_core v0.5.1
[INFO] [stderr]    Compiling asn1-rs v0.5.2
[INFO] [stderr]    Compiling ghash v0.5.0
[INFO] [stderr]    Compiling aes v0.8.3
[INFO] [stderr]    Compiling futures-executor v0.3.30
[INFO] [stderr]    Compiling ctr v0.9.2
[INFO] [stderr]    Compiling futures v0.3.30
[INFO] [stderr]    Compiling aes-soft v0.6.4
[INFO] [stderr]    Compiling webpki v0.21.4
[INFO] [stderr]    Compiling sct v0.6.1
[INFO] [stderr]    Compiling aead v0.5.2
[INFO] [stderr]    Compiling aead v0.3.2
[INFO] [stderr]    Compiling object v0.32.2
[INFO] [stderr]    Compiling aho-corasick v1.1.2
[INFO] [stderr]    Compiling socket2 v0.4.10
[INFO] [stderr]    Compiling block-padding v0.2.1
[INFO] [stderr]    Compiling protobuf v2.28.0
[INFO] [stderr]    Compiling block-modes v0.7.0
[INFO] [stderr]    Compiling stun v0.4.4
[INFO] [stderr]    Compiling rtcp v0.7.2
[INFO] [stderr]    Compiling webrtc-mdns v0.5.2
[INFO] [stderr]    Compiling rtp v0.6.8
[INFO] [stderr]    Compiling webrtc-srtp v0.9.1
[INFO] [stderr]    Compiling turn v0.6.1
[INFO] [stderr]    Compiling bincode v1.3.3
[INFO] [stderr]    Compiling serde_json v1.0.111
[INFO] [stderr]    Compiling regex-automata v0.4.3
[INFO] [stderr]    Compiling webrtc-sctp v0.7.0
[INFO] [stderr]    Compiling rustls v0.19.1
[INFO] [stderr]    Compiling ccm v0.3.0
[INFO] [stderr]    Compiling aes-gcm v0.10.3
[INFO] [stderr]    Compiling aes v0.6.0
[INFO] [stderr]    Compiling der-parser v8.2.0
[INFO] [stderr]    Compiling x25519-dalek v2.0.0
[INFO] [stderr]    Compiling derive_builder v0.11.2
[INFO] [stderr]    Compiling curve25519-dalek v3.2.0
[INFO] [stderr]    Compiling rcgen v0.10.0
[INFO] [stderr]    Compiling p384 v0.11.2
[INFO] [stderr]    Compiling p256 v0.11.1
[INFO] [stderr]    Compiling sha1 v0.10.6
[INFO] [stderr]    Compiling uuid v1.6.1
[INFO] [stderr]    Compiling rand v0.4.6
[INFO] [stderr]    Compiling anyhow v1.0.79
[INFO] [stderr]    Compiling prometheus v0.13.3
[INFO] [stderr]    Compiling webrtc-ice v0.9.1
[INFO] [stderr]    Compiling webrtc-dtls v0.7.2
[INFO] [stderr]    Compiling failure v0.1.8
[INFO] [stderr]    Compiling regex v1.10.2
[INFO] [stderr]    Compiling webrtc-data v0.6.0
[INFO] [stderr]    Compiling rand v0.3.23
[INFO] [stderr]    Compiling sdp v0.5.3
[INFO] [stderr]    Compiling interceptor v0.8.2
[INFO] [stderr]    Compiling webrtc-media v0.5.1
[INFO] [stderr]    Compiling rcgen v0.9.3
[INFO] [stderr]    Compiling tokio-stream v0.1.14
[INFO] [stderr]    Compiling tokio-util v0.6.10
[INFO] [stderr]    Compiling bytesio v0.1.27
[INFO] [stderr]    Compiling webrtc v0.6.0
[INFO] [stderr]    Compiling toml v0.5.11
[INFO] [stderr]    Compiling fns v0.0.7
[INFO] [stderr]    Compiling atomic v0.5.3
[INFO] [stderr]    Compiling rsfu v0.1.1 (/opt/rustwide/workdir)
[INFO] [stdout] warning: this arithmetic operation will overflow
[INFO] [stdout]    --> src/sfu/helpers.rs:158:36
[INFO] [stdout]     |
[INFO] [stdout] 158 |         let sec = self.ntp_time >> (32 * 1000000000);
[INFO] [stdout]     |                                    ^^^^^^^^^^^^^^^^^ attempt to compute `32_i32 * 1000000000_i32`, which would overflow
[INFO] [stdout]     |
[INFO] [stdout]     = note: `#[warn(arithmetic_overflow)]` on by default
[INFO] [stdout] 
[INFO] [stdout] 
[INFO] [stdout] warning: 1 warning emitted
[INFO] [stdout] 
[INFO] [stdout] 
[INFO] [stderr]     Finished dev [unoptimized + debuginfo] target(s) in 3m 13s
[INFO] running `Command { std: "docker" "inspect" "e35bf48c3cb6269c25dee74e224102302eb35f9e8f36e3b99fe629d51a227152", kill_on_drop: false }`
[INFO] running `Command { std: "docker" "rm" "-f" "e35bf48c3cb6269c25dee74e224102302eb35f9e8f36e3b99fe629d51a227152", kill_on_drop: false }`
[INFO] [stdout] e35bf48c3cb6269c25dee74e224102302eb35f9e8f36e3b99fe629d51a227152
[INFO] running `Command { std: "docker" "create" "-v" "/var/lib/crater-agent-workspace/builds/worker-7-tc1/target:/opt/rustwide/target:rw,Z" "-v" "/var/lib/crater-agent-workspace/builds/worker-7-tc1/source:/opt/rustwide/workdir:ro,Z" "-v" "/var/lib/crater-agent-workspace/cargo-home:/opt/rustwide/cargo-home:ro,Z" "-v" "/var/lib/crater-agent-workspace/rustup-home:/opt/rustwide/rustup-home:ro,Z" "-e" "SOURCE_DIR=/opt/rustwide/workdir" "-e" "CARGO_TARGET_DIR=/opt/rustwide/target" "-e" "CARGO_INCREMENTAL=0" "-e" "RUST_BACKTRACE=full" "-e" "RUSTFLAGS=--cap-lints=warn" "-e" "RUSTDOCFLAGS=--cap-lints=warn" "-e" "CARGO_HOME=/opt/rustwide/cargo-home" "-e" "RUSTUP_HOME=/opt/rustwide/rustup-home" "-w" "/opt/rustwide/workdir" "-m" "1610612736" "--user" "0:0" "--network" "none" "ghcr.io/rust-lang/crates-build-env/linux@sha256:2788e3201cd34a07e3172128adcd8b3090168a8e3bcc40d7c032b9dda1df7d1c" "/opt/rustwide/cargo-home/bin/cargo" "+1.75.0" "test" "--frozen" "--no-run" "--message-format=json", kill_on_drop: false }`
[INFO] [stdout] 455977cbcabcd863159da1076b4decbf79dabe9c2ece531563768c4235205f90
[INFO] running `Command { std: "docker" "start" "-a" "455977cbcabcd863159da1076b4decbf79dabe9c2ece531563768c4235205f90", kill_on_drop: false }`
[INFO] [stdout] warning: this arithmetic operation will overflow
[INFO] [stdout]    --> src/sfu/helpers.rs:158:36
[INFO] [stdout]     |
[INFO] [stdout] 158 |         let sec = self.ntp_time >> (32 * 1000000000);
[INFO] [stdout]     |                                    ^^^^^^^^^^^^^^^^^ attempt to compute `32_i32 * 1000000000_i32`, which would overflow
[INFO] [stdout]     |
[INFO] [stdout]     = note: `#[warn(arithmetic_overflow)]` on by default
[INFO] [stdout] 
[INFO] [stdout] 
[INFO] [stdout] warning: 1 warning emitted
[INFO] [stdout] 
[INFO] [stdout] 
[INFO] [stderr]    Compiling rsfu v0.1.1 (/opt/rustwide/workdir)
[INFO] [stdout] warning: this arithmetic operation will overflow
[INFO] [stdout]    --> src/sfu/helpers.rs:158:36
[INFO] [stdout]     |
[INFO] [stdout] 158 |         let sec = self.ntp_time >> (32 * 1000000000);
[INFO] [stdout]     |                                    ^^^^^^^^^^^^^^^^^ attempt to compute `32_i32 * 1000000000_i32`, which would overflow
[INFO] [stdout]     |
[INFO] [stdout]     = note: `#[warn(arithmetic_overflow)]` on by default
[INFO] [stdout] 
[INFO] [stdout] 
[INFO] [stdout] warning: 1 warning emitted
[INFO] [stdout] 
[INFO] [stdout] 
[INFO] [stderr]     Finished test [unoptimized + debuginfo] target(s) in 23.50s
[INFO] running `Command { std: "docker" "inspect" "455977cbcabcd863159da1076b4decbf79dabe9c2ece531563768c4235205f90", kill_on_drop: false }`
[INFO] running `Command { std: "docker" "rm" "-f" "455977cbcabcd863159da1076b4decbf79dabe9c2ece531563768c4235205f90", kill_on_drop: false }`
[INFO] [stdout] 455977cbcabcd863159da1076b4decbf79dabe9c2ece531563768c4235205f90
[INFO] running `Command { std: "docker" "create" "-v" "/var/lib/crater-agent-workspace/builds/worker-7-tc1/target:/opt/rustwide/target:rw,Z" "-v" "/var/lib/crater-agent-workspace/builds/worker-7-tc1/source:/opt/rustwide/workdir:ro,Z" "-v" "/var/lib/crater-agent-workspace/cargo-home:/opt/rustwide/cargo-home:ro,Z" "-v" "/var/lib/crater-agent-workspace/rustup-home:/opt/rustwide/rustup-home:ro,Z" "-e" "SOURCE_DIR=/opt/rustwide/workdir" "-e" "CARGO_TARGET_DIR=/opt/rustwide/target" "-e" "CARGO_INCREMENTAL=0" "-e" "RUST_BACKTRACE=full" "-e" "RUSTFLAGS=--cap-lints=warn" "-e" "RUSTDOCFLAGS=--cap-lints=warn" "-e" "CARGO_HOME=/opt/rustwide/cargo-home" "-e" "RUSTUP_HOME=/opt/rustwide/rustup-home" "-w" "/opt/rustwide/workdir" "-m" "1610612736" "--user" "0:0" "--network" "none" "ghcr.io/rust-lang/crates-build-env/linux@sha256:2788e3201cd34a07e3172128adcd8b3090168a8e3bcc40d7c032b9dda1df7d1c" "/opt/rustwide/cargo-home/bin/cargo" "+1.75.0" "test" "--frozen", kill_on_drop: false }`
[INFO] [stdout] 39fa573f9e0e4ede514601c64c6e965569b5f26f86a03755bfd91c91c8dca257
[INFO] running `Command { std: "docker" "start" "-a" "39fa573f9e0e4ede514601c64c6e965569b5f26f86a03755bfd91c91c8dca257", kill_on_drop: false }`
[INFO] [stderr] warning: this arithmetic operation will overflow
[INFO] [stderr]    --> src/sfu/helpers.rs:158:36
[INFO] [stderr]     |
[INFO] [stderr] 158 |         let sec = self.ntp_time >> (32 * 1000000000);
[INFO] [stderr]     |                                    ^^^^^^^^^^^^^^^^^ attempt to compute `32_i32 * 1000000000_i32`, which would overflow
[INFO] [stderr]     |
[INFO] [stderr]     = note: `#[warn(arithmetic_overflow)]` on by default
[INFO] [stderr] 
[INFO] [stderr] warning: `rsfu` (lib) generated 1 warning
[INFO] [stderr] warning: `rsfu` (lib test) generated 1 warning (1 duplicate)
[INFO] [stderr]     Finished test [unoptimized + debuginfo] target(s) in 0.39s
[INFO] [stderr]      Running unittests src/lib.rs (/opt/rustwide/target/debug/deps/rsfu-6f3aab6d715c1548)
[INFO] [stdout] 
[INFO] [stdout] running 16 tests
[INFO] [stdout] test buffer::bucket_test::tests::test_queue_edges ... ok
[INFO] [stdout] test buffer::bucket_test::tests::test_bigend_bytes ... ok
[INFO] [stdout] test buffer::bucket::tests::test_bigendian ... ok
[INFO] [stdout] test buffer::nack::tests::test_nack_queue_remove ... ok
[INFO] [stdout] test buffer::nack_test::tests::test_binary_heap ... ok
[INFO] [stdout] test buffer::nack::tests::test_nack_queue_pairs2 ... ok
[INFO] [stdout] test buffer::nack::tests::test_nack_queue_pairs ... ok
[INFO] [stdout] test buffer::nack_test::tests::test_hash_set ... ok
[INFO] [stdout] test buffer::bucket_test::tests::test_queue ... ok
[INFO] [stdout] test buffer::nack::tests::test_nack_queue_push ... ok
[INFO] [stdout] test twcc::twcc_test::tests::test_write_header ... ok
[INFO] [stdout] test twcc::twcc_test::tests::test_run_length_chunk ... ok
[INFO] [stdout] test twcc::twcc_test::tests::test_write_status_symbol_chunk ... ok
[INFO] [stdout] test twcc::twcc_test::tests::test_write_delta ... ok
[INFO] [stdout] test buffer::factory_test::tests::test_factory_buffer ... ok
[INFO] [stdout] test twcc::twcc_test::tests::test_tcc_packet ... FAILED
[INFO] [stdout] 
[INFO] [stdout] failures:
[INFO] [stdout] 
[INFO] [stdout] ---- twcc::twcc_test::tests::test_tcc_packet stdout ----
[INFO] [stdout] thread 'twcc::twcc_test::tests::test_tcc_packet' panicked at src/twcc/twcc_test.rs:368:9:
[INFO] [stdout] assertion `left == right` failed
[INFO] [stdout]   left: 12
[INFO] [stdout]  right: 32
[INFO] [stdout] stack backtrace:
[INFO] [stdout]    0:     0x560d20ff7ffc - std::backtrace_rs::backtrace::libunwind::trace::ha637c64ce894333a
[INFO] [stdout]                                at /rustc/82e1608dfa6e0b5569232559e3d385fea5a93112/library/std/src/../../backtrace/src/backtrace/libunwind.rs:104:5
[INFO] [stdout]    1:     0x560d20ff7ffc - std::backtrace_rs::backtrace::trace_unsynchronized::h47f62dea28e0c88d
[INFO] [stdout]                                at /rustc/82e1608dfa6e0b5569232559e3d385fea5a93112/library/std/src/../../backtrace/src/backtrace/mod.rs:66:5
[INFO] [stdout]    2:     0x560d20ff7ffc - std::sys_common::backtrace::_print_fmt::h9eef0abe20ede486
[INFO] [stdout]                                at /rustc/82e1608dfa6e0b5569232559e3d385fea5a93112/library/std/src/sys_common/backtrace.rs:67:5
[INFO] [stdout]    3:     0x560d20ff7ffc - <std::sys_common::backtrace::_print::DisplayBacktrace as core::fmt::Display>::fmt::hed7f999df88cc644
[INFO] [stdout]                                at /rustc/82e1608dfa6e0b5569232559e3d385fea5a93112/library/std/src/sys_common/backtrace.rs:44:22
[INFO] [stdout]    4:     0x560d21021df0 - core::fmt::rt::Argument::fmt::h1539a9308b8d058d
[INFO] [stdout]                                at /rustc/82e1608dfa6e0b5569232559e3d385fea5a93112/library/core/src/fmt/rt.rs:142:9
[INFO] [stdout]    5:     0x560d21021df0 - core::fmt::write::h3a39390d8560d9c9
[INFO] [stdout]                                at /rustc/82e1608dfa6e0b5569232559e3d385fea5a93112/library/core/src/fmt/mod.rs:1120:17
[INFO] [stdout]    6:     0x560d20ff56ff - std::io::Write::write_fmt::h040b369f3a0f9cbc
[INFO] [stdout]                                at /rustc/82e1608dfa6e0b5569232559e3d385fea5a93112/library/std/src/io/mod.rs:1762:15
[INFO] [stdout]    7:     0x560d20ff7de4 - std::sys_common::backtrace::_print::h894006fb5c6f3d45
[INFO] [stdout]                                at /rustc/82e1608dfa6e0b5569232559e3d385fea5a93112/library/std/src/sys_common/backtrace.rs:47:5
[INFO] [stdout]    8:     0x560d20ff7de4 - std::sys_common::backtrace::print::h23a2d212c6fff936
[INFO] [stdout]                                at /rustc/82e1608dfa6e0b5569232559e3d385fea5a93112/library/std/src/sys_common/backtrace.rs:34:9
[INFO] [stdout]    9:     0x560d20ff9aa7 - std::panicking::default_hook::{{closure}}::h8a1d2ee00185001a
[INFO] [stdout]   10:     0x560d20ff9793 - std::panicking::default_hook::h6038f2eba384e475
[INFO] [stdout]                                at /rustc/82e1608dfa6e0b5569232559e3d385fea5a93112/library/std/src/panicking.rs:289:9
[INFO] [stdout]   11:     0x560d20e95157 - <alloc::boxed::Box<F,A> as core::ops::function::Fn<Args>>::call::h0ad024c9bdc6d768
[INFO] [stdout]                                at /rustc/82e1608dfa6e0b5569232559e3d385fea5a93112/library/alloc/src/boxed.rs:2021:9
[INFO] [stdout]   12:     0x560d20e95157 - test::test_main::{{closure}}::h7500b54257359db6
[INFO] [stdout]                                at /rustc/82e1608dfa6e0b5569232559e3d385fea5a93112/library/test/src/lib.rs:138:21
[INFO] [stdout]   13:     0x560d20ffa0b8 - <alloc::boxed::Box<F,A> as core::ops::function::Fn<Args>>::call::h1f8f335eaa9cfaee
[INFO] [stdout]                                at /rustc/82e1608dfa6e0b5569232559e3d385fea5a93112/library/alloc/src/boxed.rs:2021:9
[INFO] [stdout]   14:     0x560d20ffa0b8 - std::panicking::rust_panic_with_hook::h2b5517d590cab22e
[INFO] [stdout]                                at /rustc/82e1608dfa6e0b5569232559e3d385fea5a93112/library/std/src/panicking.rs:783:13
[INFO] [stdout]   15:     0x560d20ff9e0e - std::panicking::begin_panic_handler::{{closure}}::h233112c06e0ef43e
[INFO] [stdout]                                at /rustc/82e1608dfa6e0b5569232559e3d385fea5a93112/library/std/src/panicking.rs:657:13
[INFO] [stdout]   16:     0x560d20ff84c6 - std::sys_common::backtrace::__rust_end_short_backtrace::h6e893f24d7ebbff8
[INFO] [stdout]                                at /rustc/82e1608dfa6e0b5569232559e3d385fea5a93112/library/std/src/sys_common/backtrace.rs:170:18
[INFO] [stdout]   17:     0x560d20ff9b72 - rust_begin_unwind
[INFO] [stdout]                                at /rustc/82e1608dfa6e0b5569232559e3d385fea5a93112/library/std/src/panicking.rs:645:5
[INFO] [stdout]   18:     0x560d20e306c5 - core::panicking::panic_fmt::hbf0e066aabfa482c
[INFO] [stdout]                                at /rustc/82e1608dfa6e0b5569232559e3d385fea5a93112/library/core/src/panicking.rs:72:14
[INFO] [stdout]   19:     0x560d20e30b3b - core::panicking::assert_failed_inner::h0bba8b7c26ee4492
[INFO] [stdout]   20:     0x560d20fa980e - core::panicking::assert_failed::h97898cd157a7f02b
[INFO] [stdout]                                at /rustc/82e1608dfa6e0b5569232559e3d385fea5a93112/library/core/src/panicking.rs:279:5
[INFO] [stdout]   21:     0x560d20e5d185 - rsfu::twcc::twcc_test::tests::test_tcc_packet::h196f3fa12dc430e5
[INFO] [stdout]                                at /opt/rustwide/workdir/src/twcc/twcc_test.rs:368:9
[INFO] [stdout]   22:     0x560d20e5c1b7 - rsfu::twcc::twcc_test::tests::test_tcc_packet::{{closure}}::hd7c17da55c19d66d
[INFO] [stdout]                                at /opt/rustwide/workdir/src/twcc/twcc_test.rs:293:25
[INFO] [stdout]   23:     0x560d20e36c06 - core::ops::function::FnOnce::call_once::hedfb617909f46582
[INFO] [stdout]                                at /rustc/82e1608dfa6e0b5569232559e3d385fea5a93112/library/core/src/ops/function.rs:250:5
[INFO] [stdout]   24:     0x560d20e9a7af - core::ops::function::FnOnce::call_once::h2b5d431d5046312d
[INFO] [stdout]                                at /rustc/82e1608dfa6e0b5569232559e3d385fea5a93112/library/core/src/ops/function.rs:250:5
[INFO] [stdout]   25:     0x560d20e9a7af - test::__rust_begin_short_backtrace::h7714669af176e207
[INFO] [stdout]                                at /rustc/82e1608dfa6e0b5569232559e3d385fea5a93112/library/test/src/lib.rs:628:18
[INFO] [stdout]   26:     0x560d20e997c5 - test::run_test_in_process::{{closure}}::h85218797dcbcec12
[INFO] [stdout]                                at /rustc/82e1608dfa6e0b5569232559e3d385fea5a93112/library/test/src/lib.rs:651:60
[INFO] [stdout]   27:     0x560d20e997c5 - <core::panic::unwind_safe::AssertUnwindSafe<F> as core::ops::function::FnOnce<()>>::call_once::h76c106ea31c14d7b
[INFO] [stdout]                                at /rustc/82e1608dfa6e0b5569232559e3d385fea5a93112/library/core/src/panic/unwind_safe.rs:272:9
[INFO] [stdout]   28:     0x560d20e997c5 - std::panicking::try::do_call::h3bd5d0f6620ee946
[INFO] [stdout]                                at /rustc/82e1608dfa6e0b5569232559e3d385fea5a93112/library/std/src/panicking.rs:552:40
[INFO] [stdout]   29:     0x560d20e997c5 - std::panicking::try::h232e535e4744fe31
[INFO] [stdout]                                at /rustc/82e1608dfa6e0b5569232559e3d385fea5a93112/library/std/src/panicking.rs:516:19
[INFO] [stdout]   30:     0x560d20e997c5 - std::panic::catch_unwind::h3ce3bd6ca8dbac68
[INFO] [stdout]                                at /rustc/82e1608dfa6e0b5569232559e3d385fea5a93112/library/std/src/panic.rs:142:14
[INFO] [stdout]   31:     0x560d20e997c5 - test::run_test_in_process::hc97b257c9621286a
[INFO] [stdout]                                at /rustc/82e1608dfa6e0b5569232559e3d385fea5a93112/library/test/src/lib.rs:651:27
[INFO] [stdout]   32:     0x560d20e997c5 - test::run_test::{{closure}}::h2aa798823a438d38
[INFO] [stdout]                                at /rustc/82e1608dfa6e0b5569232559e3d385fea5a93112/library/test/src/lib.rs:574:43
[INFO] [stdout]   33:     0x560d20e61a86 - test::run_test::{{closure}}::h87d231c78fb59832
[INFO] [stdout]                                at /rustc/82e1608dfa6e0b5569232559e3d385fea5a93112/library/test/src/lib.rs:602:41
[INFO] [stdout]   34:     0x560d20e61a86 - std::sys_common::backtrace::__rust_begin_short_backtrace::he6df152596625789
[INFO] [stdout]                                at /rustc/82e1608dfa6e0b5569232559e3d385fea5a93112/library/std/src/sys_common/backtrace.rs:154:18
[INFO] [stdout]   35:     0x560d20e66b37 - std::thread::Builder::spawn_unchecked_::{{closure}}::{{closure}}::ha94be15d1e0acf36
[INFO] [stdout]                                at /rustc/82e1608dfa6e0b5569232559e3d385fea5a93112/library/std/src/thread/mod.rs:529:17
[INFO] [stdout]   36:     0x560d20e66b37 - <core::panic::unwind_safe::AssertUnwindSafe<F> as core::ops::function::FnOnce<()>>::call_once::h9dc6bd6372f16606
[INFO] [stdout]                                at /rustc/82e1608dfa6e0b5569232559e3d385fea5a93112/library/core/src/panic/unwind_safe.rs:272:9
[INFO] [stdout]   37:     0x560d20e66b37 - std::panicking::try::do_call::h9057517f80303cd4
[INFO] [stdout]                                at /rustc/82e1608dfa6e0b5569232559e3d385fea5a93112/library/std/src/panicking.rs:552:40
[INFO] [stdout]   38:     0x560d20e66b37 - std::panicking::try::he3a30b11ee45340c
[INFO] [stdout]                                at /rustc/82e1608dfa6e0b5569232559e3d385fea5a93112/library/std/src/panicking.rs:516:19
[INFO] [stdout]   39:     0x560d20e66b37 - std::panic::catch_unwind::h410458cfd3528b8b
[INFO] [stdout]                                at /rustc/82e1608dfa6e0b5569232559e3d385fea5a93112/library/std/src/panic.rs:142:14
[INFO] [stdout]   40:     0x560d20e66b37 - std::thread::Builder::spawn_unchecked_::{{closure}}::h72ac3bdb567b737b
[INFO] [stdout]                                at /rustc/82e1608dfa6e0b5569232559e3d385fea5a93112/library/std/src/thread/mod.rs:528:30
[INFO] [stdout]   41:     0x560d20e66b37 - core::ops::function::FnOnce::call_once{{vtable.shim}}::h38f34da3654a8344
[INFO] [stdout]                                at /rustc/82e1608dfa6e0b5569232559e3d385fea5a93112/library/core/src/ops/function.rs:250:5
[INFO] [stdout]   42:     0x560d20ffecc5 - <alloc::boxed::Box<F,A> as core::ops::function::FnOnce<Args>>::call_once::hc7eafaff61e32df9
[INFO] [stdout]                                at /rustc/82e1608dfa6e0b5569232559e3d385fea5a93112/library/alloc/src/boxed.rs:2007:9
[INFO] [stdout]   43:     0x560d20ffecc5 - <alloc::boxed::Box<F,A> as core::ops::function::FnOnce<Args>>::call_once::h6ba4a5de48dd2304
[INFO] [stdout]                                at /rustc/82e1608dfa6e0b5569232559e3d385fea5a93112/library/alloc/src/boxed.rs:2007:9
[INFO] [stdout]   44:     0x560d20ffecc5 - std::sys::unix::thread::Thread::new::thread_start::he469335aef763e45
[INFO] [stdout]                                at /rustc/82e1608dfa6e0b5569232559e3d385fea5a93112/library/std/src/sys/unix/thread.rs:108:17
[INFO] [stdout]   45:     0x7f8db30a0ac3 - <unknown>
[INFO] [stdout]   46:     0x7f8db3131bf4 - __clone
[INFO] [stdout]   47:                0x0 - <unknown>
[INFO] [stdout] 
[INFO] [stdout] 
[INFO] [stdout] failures:
[INFO] [stdout]     twcc::twcc_test::tests::test_tcc_packet
[INFO] [stdout] 
[INFO] [stdout] test result: FAILED. 15 passed; 1 failed; 0 ignored; 0 measured; 0 filtered out; finished in 0.19s
[INFO] [stdout] 
[INFO] [stderr] error: test failed, to rerun pass `--lib`
[INFO] running `Command { std: "docker" "inspect" "39fa573f9e0e4ede514601c64c6e965569b5f26f86a03755bfd91c91c8dca257", kill_on_drop: false }`
[INFO] running `Command { std: "docker" "rm" "-f" "39fa573f9e0e4ede514601c64c6e965569b5f26f86a03755bfd91c91c8dca257", kill_on_drop: false }`
[INFO] [stdout] 39fa573f9e0e4ede514601c64c6e965569b5f26f86a03755bfd91c91c8dca257
