[INFO] fetching crate rschema-core 0.5.1...
[INFO] testing rschema-core-0.5.1 against 1.75.0 for beta-1.76-1
[INFO] extracting crate rschema-core 0.5.1 into /workspace/builds/worker-3-tc1/source
[INFO] validating manifest of crates.io crate rschema-core 0.5.1 on toolchain 1.75.0
[INFO] running `Command { std: CARGO_HOME="/workspace/cargo-home" RUSTUP_HOME="/workspace/rustup-home" "/workspace/cargo-home/bin/cargo" "+1.75.0" "metadata" "--manifest-path" "Cargo.toml" "--no-deps", kill_on_drop: false }`
[INFO] started tweaking crates.io crate rschema-core 0.5.1
[INFO] finished tweaking crates.io crate rschema-core 0.5.1
[INFO] tweaked toml for crates.io crate rschema-core 0.5.1 written to /workspace/builds/worker-3-tc1/source/Cargo.toml
[INFO] running `Command { std: CARGO_HOME="/workspace/cargo-home" RUSTUP_HOME="/workspace/rustup-home" "/workspace/cargo-home/bin/cargo" "+1.75.0" "generate-lockfile" "--manifest-path" "Cargo.toml", kill_on_drop: false }`
[INFO] [stderr]     Updating crates.io index
[INFO] running `Command { std: CARGO_HOME="/workspace/cargo-home" RUSTUP_HOME="/workspace/rustup-home" "/workspace/cargo-home/bin/cargo" "+1.75.0" "fetch" "--manifest-path" "Cargo.toml", kill_on_drop: false }`
[INFO] running `Command { std: "docker" "create" "-v" "/var/lib/crater-agent-workspace/builds/worker-3-tc1/target:/opt/rustwide/target:rw,Z" "-v" "/var/lib/crater-agent-workspace/builds/worker-3-tc1/source:/opt/rustwide/workdir:ro,Z" "-v" "/var/lib/crater-agent-workspace/cargo-home:/opt/rustwide/cargo-home:ro,Z" "-v" "/var/lib/crater-agent-workspace/rustup-home:/opt/rustwide/rustup-home:ro,Z" "-e" "SOURCE_DIR=/opt/rustwide/workdir" "-e" "CARGO_TARGET_DIR=/opt/rustwide/target" "-e" "CARGO_HOME=/opt/rustwide/cargo-home" "-e" "RUSTUP_HOME=/opt/rustwide/rustup-home" "-w" "/opt/rustwide/workdir" "-m" "1610612736" "--user" "0:0" "--network" "none" "ghcr.io/rust-lang/crates-build-env/linux@sha256:2788e3201cd34a07e3172128adcd8b3090168a8e3bcc40d7c032b9dda1df7d1c" "/opt/rustwide/cargo-home/bin/cargo" "+1.75.0" "metadata" "--no-deps" "--format-version=1", kill_on_drop: false }`
[INFO] [stdout] 55506ab6b4a2e40749bd523172b2ae4b3b351e7676dc43159ebc48842288cad4
[INFO] running `Command { std: "docker" "start" "-a" "55506ab6b4a2e40749bd523172b2ae4b3b351e7676dc43159ebc48842288cad4", kill_on_drop: false }`
[INFO] running `Command { std: "docker" "inspect" "55506ab6b4a2e40749bd523172b2ae4b3b351e7676dc43159ebc48842288cad4", kill_on_drop: false }`
[INFO] running `Command { std: "docker" "rm" "-f" "55506ab6b4a2e40749bd523172b2ae4b3b351e7676dc43159ebc48842288cad4", kill_on_drop: false }`
[INFO] [stdout] 55506ab6b4a2e40749bd523172b2ae4b3b351e7676dc43159ebc48842288cad4
[INFO] running `Command { std: "docker" "create" "-v" "/var/lib/crater-agent-workspace/builds/worker-3-tc1/target:/opt/rustwide/target:rw,Z" "-v" "/var/lib/crater-agent-workspace/builds/worker-3-tc1/source:/opt/rustwide/workdir:ro,Z" "-v" "/var/lib/crater-agent-workspace/cargo-home:/opt/rustwide/cargo-home:ro,Z" "-v" "/var/lib/crater-agent-workspace/rustup-home:/opt/rustwide/rustup-home:ro,Z" "-e" "SOURCE_DIR=/opt/rustwide/workdir" "-e" "CARGO_TARGET_DIR=/opt/rustwide/target" "-e" "CARGO_INCREMENTAL=0" "-e" "RUST_BACKTRACE=full" "-e" "RUSTFLAGS=--cap-lints=warn" "-e" "RUSTDOCFLAGS=--cap-lints=warn" "-e" "CARGO_HOME=/opt/rustwide/cargo-home" "-e" "RUSTUP_HOME=/opt/rustwide/rustup-home" "-w" "/opt/rustwide/workdir" "-m" "1610612736" "--user" "0:0" "--network" "none" "ghcr.io/rust-lang/crates-build-env/linux@sha256:2788e3201cd34a07e3172128adcd8b3090168a8e3bcc40d7c032b9dda1df7d1c" "/opt/rustwide/cargo-home/bin/cargo" "+1.75.0" "build" "--frozen" "--message-format=json", kill_on_drop: false }`
[INFO] [stdout] e36268edf1c8300ed0106c41271473705535185986173d4428c6eef5495e7770
[INFO] running `Command { std: "docker" "start" "-a" "e36268edf1c8300ed0106c41271473705535185986173d4428c6eef5495e7770", kill_on_drop: false }`
[INFO] [stderr]    Compiling paste v1.0.14
[INFO] [stderr]    Compiling indexmap v1.9.3
[INFO] [stderr]    Compiling hashbrown v0.12.3
[INFO] [stderr]    Compiling seq-macro v0.3.5
[INFO] [stderr]    Compiling syn v2.0.48
[INFO] [stderr]    Compiling serde_derive v1.0.194
[INFO] [stderr]    Compiling thiserror-impl v1.0.56
[INFO] [stderr]    Compiling thiserror v1.0.56
[INFO] [stderr]    Compiling serde v1.0.194
[INFO] [stderr]    Compiling serde_json v1.0.111
[INFO] [stderr]    Compiling rschema-core v0.5.1 (/opt/rustwide/workdir)
[INFO] [stderr]     Finished dev [unoptimized + debuginfo] target(s) in 6.47s
[INFO] running `Command { std: "docker" "inspect" "e36268edf1c8300ed0106c41271473705535185986173d4428c6eef5495e7770", kill_on_drop: false }`
[INFO] running `Command { std: "docker" "rm" "-f" "e36268edf1c8300ed0106c41271473705535185986173d4428c6eef5495e7770", kill_on_drop: false }`
[INFO] [stdout] e36268edf1c8300ed0106c41271473705535185986173d4428c6eef5495e7770
[INFO] running `Command { std: "docker" "create" "-v" "/var/lib/crater-agent-workspace/builds/worker-3-tc1/target:/opt/rustwide/target:rw,Z" "-v" "/var/lib/crater-agent-workspace/builds/worker-3-tc1/source:/opt/rustwide/workdir:ro,Z" "-v" "/var/lib/crater-agent-workspace/cargo-home:/opt/rustwide/cargo-home:ro,Z" "-v" "/var/lib/crater-agent-workspace/rustup-home:/opt/rustwide/rustup-home:ro,Z" "-e" "SOURCE_DIR=/opt/rustwide/workdir" "-e" "CARGO_TARGET_DIR=/opt/rustwide/target" "-e" "CARGO_INCREMENTAL=0" "-e" "RUST_BACKTRACE=full" "-e" "RUSTFLAGS=--cap-lints=warn" "-e" "RUSTDOCFLAGS=--cap-lints=warn" "-e" "CARGO_HOME=/opt/rustwide/cargo-home" "-e" "RUSTUP_HOME=/opt/rustwide/rustup-home" "-w" "/opt/rustwide/workdir" "-m" "1610612736" "--user" "0:0" "--network" "none" "ghcr.io/rust-lang/crates-build-env/linux@sha256:2788e3201cd34a07e3172128adcd8b3090168a8e3bcc40d7c032b9dda1df7d1c" "/opt/rustwide/cargo-home/bin/cargo" "+1.75.0" "test" "--frozen" "--no-run" "--message-format=json", kill_on_drop: false }`
[INFO] [stdout] 75a9505f99153c15d05f38b3e53a7da4445476a3c8456cc26fdfef5dc6467191
[INFO] running `Command { std: "docker" "start" "-a" "75a9505f99153c15d05f38b3e53a7da4445476a3c8456cc26fdfef5dc6467191", kill_on_drop: false }`
[INFO] [stderr]    Compiling rschema-core v0.5.1 (/opt/rustwide/workdir)
[INFO] [stderr]     Finished test [unoptimized + debuginfo] target(s) in 0.48s
[INFO] running `Command { std: "docker" "inspect" "75a9505f99153c15d05f38b3e53a7da4445476a3c8456cc26fdfef5dc6467191", kill_on_drop: false }`
[INFO] running `Command { std: "docker" "rm" "-f" "75a9505f99153c15d05f38b3e53a7da4445476a3c8456cc26fdfef5dc6467191", kill_on_drop: false }`
[INFO] [stdout] 75a9505f99153c15d05f38b3e53a7da4445476a3c8456cc26fdfef5dc6467191
[INFO] running `Command { std: "docker" "create" "-v" "/var/lib/crater-agent-workspace/builds/worker-3-tc1/target:/opt/rustwide/target:rw,Z" "-v" "/var/lib/crater-agent-workspace/builds/worker-3-tc1/source:/opt/rustwide/workdir:ro,Z" "-v" "/var/lib/crater-agent-workspace/cargo-home:/opt/rustwide/cargo-home:ro,Z" "-v" "/var/lib/crater-agent-workspace/rustup-home:/opt/rustwide/rustup-home:ro,Z" "-e" "SOURCE_DIR=/opt/rustwide/workdir" "-e" "CARGO_TARGET_DIR=/opt/rustwide/target" "-e" "CARGO_INCREMENTAL=0" "-e" "RUST_BACKTRACE=full" "-e" "RUSTFLAGS=--cap-lints=warn" "-e" "RUSTDOCFLAGS=--cap-lints=warn" "-e" "CARGO_HOME=/opt/rustwide/cargo-home" "-e" "RUSTUP_HOME=/opt/rustwide/rustup-home" "-w" "/opt/rustwide/workdir" "-m" "1610612736" "--user" "0:0" "--network" "none" "ghcr.io/rust-lang/crates-build-env/linux@sha256:2788e3201cd34a07e3172128adcd8b3090168a8e3bcc40d7c032b9dda1df7d1c" "/opt/rustwide/cargo-home/bin/cargo" "+1.75.0" "test" "--frozen", kill_on_drop: false }`
[INFO] [stdout] 4cf90a2f56103bfc2a834a96617e980b1a5bef2011d744336b88b673dc3f7c43
[INFO] running `Command { std: "docker" "start" "-a" "4cf90a2f56103bfc2a834a96617e980b1a5bef2011d744336b88b673dc3f7c43", kill_on_drop: false }`
[INFO] [stderr]     Finished test [unoptimized + debuginfo] target(s) in 0.02s
[INFO] [stderr]      Running unittests src/lib.rs (/opt/rustwide/target/debug/deps/rschema_core-b9a3f549003326ac)
[INFO] [stdout] 
[INFO] [stdout] running 0 tests
[INFO] [stdout] 
[INFO] [stdout] test result: ok. 0 passed; 0 failed; 0 ignored; 0 measured; 0 filtered out; finished in 0.00s
[INFO] [stdout] 
[INFO] [stderr]    Doc-tests rschema-core
[INFO] [stdout] 
[INFO] [stdout] running 1 test
[INFO] [stdout] test src/schema.rs - schema::Schema (line 25) ... FAILED
[INFO] [stdout] 
[INFO] [stdout] failures:
[INFO] [stdout] 
[INFO] [stdout] ---- src/schema.rs - schema::Schema (line 25) stdout ----
[INFO] [stdout] error: cannot find derive macro `Schematic` in this scope
[INFO] [stdout]  --> src/schema.rs:26:17
[INFO] [stdout]   |
[INFO] [stdout] 2 | #[derive(Debug, Schematic)]
[INFO] [stdout]   |                 ^^^^^^^^^
[INFO] [stdout] 
[INFO] [stdout] error: cannot find attribute `rschema` in this scope
[INFO] [stdout]  --> src/schema.rs:28:7
[INFO] [stdout]   |
[INFO] [stdout] 4 |     #[rschema(field(
[INFO] [stdout]   |       ^^^^^^^
[INFO] [stdout] 
[INFO] [stdout] error[E0433]: failed to resolve: use of undeclared type `Schema`
[INFO] [stdout]   --> src/schema.rs:36:22
[INFO] [stdout]    |
[INFO] [stdout] 12 |     let schema_str = Schema::new::<Example>("Example")
[INFO] [stdout]    |                      ^^^^^^ use of undeclared type `Schema`
[INFO] [stdout]    |
[INFO] [stdout] help: consider importing this struct
[INFO] [stdout]    |
[INFO] [stdout] 2  + use rschema_core::Schema;
[INFO] [stdout]    |
[INFO] [stdout] 
[INFO] [stdout] error[E0433]: failed to resolve: use of undeclared crate or module `rschema`
[INFO] [stdout]   --> src/schema.rs:35:14
[INFO] [stdout]    |
[INFO] [stdout] 11 | fn main() -> rschema::Result<()> {
[INFO] [stdout]    |              ^^^^^^^ use of undeclared crate or module `rschema`
[INFO] [stdout] 
[INFO] [stdout] error: aborting due to 4 previous errors
[INFO] [stdout] 
[INFO] [stdout] For more information about this error, try `rustc --explain E0433`.
[INFO] [stdout] Couldn't compile the test.
[INFO] [stdout] 
[INFO] [stdout] failures:
[INFO] [stdout]     src/schema.rs - schema::Schema (line 25)
[INFO] [stdout] 
[INFO] [stdout] test result: FAILED. 0 passed; 1 failed; 0 ignored; 0 measured; 0 filtered out; finished in 0.08s
[INFO] [stdout] 
[INFO] [stderr] error: doctest failed, to rerun pass `--doc`
[INFO] running `Command { std: "docker" "inspect" "4cf90a2f56103bfc2a834a96617e980b1a5bef2011d744336b88b673dc3f7c43", kill_on_drop: false }`
[INFO] running `Command { std: "docker" "rm" "-f" "4cf90a2f56103bfc2a834a96617e980b1a5bef2011d744336b88b673dc3f7c43", kill_on_drop: false }`
[INFO] [stdout] 4cf90a2f56103bfc2a834a96617e980b1a5bef2011d744336b88b673dc3f7c43
[INFO] testing rschema-core-0.5.1 against beta-2023-12-22 for beta-1.76-1
[INFO] extracting crate rschema-core 0.5.1 into /workspace/builds/worker-3-tc2/source
[INFO] validating manifest of crates.io crate rschema-core 0.5.1 on toolchain beta-2023-12-22
[INFO] running `Command { std: CARGO_HOME="/workspace/cargo-home" RUSTUP_HOME="/workspace/rustup-home" "/workspace/cargo-home/bin/cargo" "+beta-2023-12-22" "metadata" "--manifest-path" "Cargo.toml" "--no-deps", kill_on_drop: false }`
[INFO] started tweaking crates.io crate rschema-core 0.5.1
[INFO] finished tweaking crates.io crate rschema-core 0.5.1
[INFO] tweaked toml for crates.io crate rschema-core 0.5.1 written to /workspace/builds/worker-3-tc2/source/Cargo.toml
[INFO] running `Command { std: CARGO_HOME="/workspace/cargo-home" RUSTUP_HOME="/workspace/rustup-home" "/workspace/cargo-home/bin/cargo" "+beta-2023-12-22" "generate-lockfile" "--manifest-path" "Cargo.toml", kill_on_drop: false }`
[INFO] [stderr]     Updating crates.io index
[INFO] running `Command { std: CARGO_HOME="/workspace/cargo-home" RUSTUP_HOME="/workspace/rustup-home" "/workspace/cargo-home/bin/cargo" "+beta-2023-12-22" "fetch" "--manifest-path" "Cargo.toml", kill_on_drop: false }`
[INFO] running `Command { std: "docker" "create" "-v" "/var/lib/crater-agent-workspace/builds/worker-3-tc2/target:/opt/rustwide/target:rw,Z" "-v" "/var/lib/crater-agent-workspace/builds/worker-3-tc2/source:/opt/rustwide/workdir:ro,Z" "-v" "/var/lib/crater-agent-workspace/cargo-home:/opt/rustwide/cargo-home:ro,Z" "-v" "/var/lib/crater-agent-workspace/rustup-home:/opt/rustwide/rustup-home:ro,Z" "-e" "SOURCE_DIR=/opt/rustwide/workdir" "-e" "CARGO_TARGET_DIR=/opt/rustwide/target" "-e" "CARGO_HOME=/opt/rustwide/cargo-home" "-e" "RUSTUP_HOME=/opt/rustwide/rustup-home" "-w" "/opt/rustwide/workdir" "-m" "1610612736" "--user" "0:0" "--network" "none" "ghcr.io/rust-lang/crates-build-env/linux@sha256:2788e3201cd34a07e3172128adcd8b3090168a8e3bcc40d7c032b9dda1df7d1c" "/opt/rustwide/cargo-home/bin/cargo" "+beta-2023-12-22" "metadata" "--no-deps" "--format-version=1", kill_on_drop: false }`
[INFO] [stdout] 0f84a82a154704a8bc7af1d4e8dc54ea7378ed37e547740ccabe529ab5df607a
[INFO] running `Command { std: "docker" "start" "-a" "0f84a82a154704a8bc7af1d4e8dc54ea7378ed37e547740ccabe529ab5df607a", kill_on_drop: false }`
[INFO] running `Command { std: "docker" "inspect" "0f84a82a154704a8bc7af1d4e8dc54ea7378ed37e547740ccabe529ab5df607a", kill_on_drop: false }`
[INFO] running `Command { std: "docker" "rm" "-f" "0f84a82a154704a8bc7af1d4e8dc54ea7378ed37e547740ccabe529ab5df607a", kill_on_drop: false }`
[INFO] [stdout] 0f84a82a154704a8bc7af1d4e8dc54ea7378ed37e547740ccabe529ab5df607a
[INFO] running `Command { std: "docker" "create" "-v" "/var/lib/crater-agent-workspace/builds/worker-3-tc2/target:/opt/rustwide/target:rw,Z" "-v" "/var/lib/crater-agent-workspace/builds/worker-3-tc2/source:/opt/rustwide/workdir:ro,Z" "-v" "/var/lib/crater-agent-workspace/cargo-home:/opt/rustwide/cargo-home:ro,Z" "-v" "/var/lib/crater-agent-workspace/rustup-home:/opt/rustwide/rustup-home:ro,Z" "-e" "SOURCE_DIR=/opt/rustwide/workdir" "-e" "CARGO_TARGET_DIR=/opt/rustwide/target" "-e" "CARGO_INCREMENTAL=0" "-e" "RUST_BACKTRACE=full" "-e" "RUSTFLAGS=--cap-lints=warn" "-e" "RUSTDOCFLAGS=--cap-lints=warn" "-e" "CARGO_HOME=/opt/rustwide/cargo-home" "-e" "RUSTUP_HOME=/opt/rustwide/rustup-home" "-w" "/opt/rustwide/workdir" "-m" "1610612736" "--user" "0:0" "--network" "none" "ghcr.io/rust-lang/crates-build-env/linux@sha256:2788e3201cd34a07e3172128adcd8b3090168a8e3bcc40d7c032b9dda1df7d1c" "/opt/rustwide/cargo-home/bin/cargo" "+beta-2023-12-22" "build" "--frozen" "--message-format=json", kill_on_drop: false }`
[INFO] [stdout] 59eb37265630b7d33b42b24f82fbc867ca3f665e4f864087307fdb40dcb6c8d6
[INFO] running `Command { std: "docker" "start" "-a" "59eb37265630b7d33b42b24f82fbc867ca3f665e4f864087307fdb40dcb6c8d6", kill_on_drop: false }`
[INFO] [stderr]    Compiling paste v1.0.14
[INFO] [stderr]    Compiling indexmap v1.9.3
[INFO] [stderr]    Compiling hashbrown v0.12.3
[INFO] [stderr]    Compiling seq-macro v0.3.5
[INFO] [stderr]    Compiling syn v2.0.48
[INFO] [stderr]    Compiling serde_derive v1.0.194
[INFO] [stderr]    Compiling thiserror-impl v1.0.56
[INFO] [stderr]    Compiling thiserror v1.0.56
[INFO] [stderr]    Compiling serde v1.0.194
[INFO] [stderr]    Compiling serde_json v1.0.111
[INFO] [stderr]    Compiling rschema-core v0.5.1 (/opt/rustwide/workdir)
[INFO] [stderr]     Finished dev [unoptimized + debuginfo] target(s) in 7.84s
[INFO] running `Command { std: "docker" "inspect" "59eb37265630b7d33b42b24f82fbc867ca3f665e4f864087307fdb40dcb6c8d6", kill_on_drop: false }`
[INFO] running `Command { std: "docker" "rm" "-f" "59eb37265630b7d33b42b24f82fbc867ca3f665e4f864087307fdb40dcb6c8d6", kill_on_drop: false }`
[INFO] [stdout] 59eb37265630b7d33b42b24f82fbc867ca3f665e4f864087307fdb40dcb6c8d6
[INFO] running `Command { std: "docker" "create" "-v" "/var/lib/crater-agent-workspace/builds/worker-3-tc2/target:/opt/rustwide/target:rw,Z" "-v" "/var/lib/crater-agent-workspace/builds/worker-3-tc2/source:/opt/rustwide/workdir:ro,Z" "-v" "/var/lib/crater-agent-workspace/cargo-home:/opt/rustwide/cargo-home:ro,Z" "-v" "/var/lib/crater-agent-workspace/rustup-home:/opt/rustwide/rustup-home:ro,Z" "-e" "SOURCE_DIR=/opt/rustwide/workdir" "-e" "CARGO_TARGET_DIR=/opt/rustwide/target" "-e" "CARGO_INCREMENTAL=0" "-e" "RUST_BACKTRACE=full" "-e" "RUSTFLAGS=--cap-lints=warn" "-e" "RUSTDOCFLAGS=--cap-lints=warn" "-e" "CARGO_HOME=/opt/rustwide/cargo-home" "-e" "RUSTUP_HOME=/opt/rustwide/rustup-home" "-w" "/opt/rustwide/workdir" "-m" "1610612736" "--user" "0:0" "--network" "none" "ghcr.io/rust-lang/crates-build-env/linux@sha256:2788e3201cd34a07e3172128adcd8b3090168a8e3bcc40d7c032b9dda1df7d1c" "/opt/rustwide/cargo-home/bin/cargo" "+beta-2023-12-22" "test" "--frozen" "--no-run" "--message-format=json", kill_on_drop: false }`
[INFO] [stdout] abb6e1540252b5faee5f356a219550553174719bc11e1b64a13e46752c73b038
[INFO] running `Command { std: "docker" "start" "-a" "abb6e1540252b5faee5f356a219550553174719bc11e1b64a13e46752c73b038", kill_on_drop: false }`
[INFO] [stderr]    Compiling rschema-core v0.5.1 (/opt/rustwide/workdir)
[INFO] [stderr]     Finished test [unoptimized + debuginfo] target(s) in 0.32s
[INFO] running `Command { std: "docker" "inspect" "abb6e1540252b5faee5f356a219550553174719bc11e1b64a13e46752c73b038", kill_on_drop: false }`
[INFO] running `Command { std: "docker" "rm" "-f" "abb6e1540252b5faee5f356a219550553174719bc11e1b64a13e46752c73b038", kill_on_drop: false }`
[INFO] [stdout] abb6e1540252b5faee5f356a219550553174719bc11e1b64a13e46752c73b038
[INFO] running `Command { std: "docker" "create" "-v" "/var/lib/crater-agent-workspace/builds/worker-3-tc2/target:/opt/rustwide/target:rw,Z" "-v" "/var/lib/crater-agent-workspace/builds/worker-3-tc2/source:/opt/rustwide/workdir:ro,Z" "-v" "/var/lib/crater-agent-workspace/cargo-home:/opt/rustwide/cargo-home:ro,Z" "-v" "/var/lib/crater-agent-workspace/rustup-home:/opt/rustwide/rustup-home:ro,Z" "-e" "SOURCE_DIR=/opt/rustwide/workdir" "-e" "CARGO_TARGET_DIR=/opt/rustwide/target" "-e" "CARGO_INCREMENTAL=0" "-e" "RUST_BACKTRACE=full" "-e" "RUSTFLAGS=--cap-lints=warn" "-e" "RUSTDOCFLAGS=--cap-lints=warn" "-e" "CARGO_HOME=/opt/rustwide/cargo-home" "-e" "RUSTUP_HOME=/opt/rustwide/rustup-home" "-w" "/opt/rustwide/workdir" "-m" "1610612736" "--user" "0:0" "--network" "none" "ghcr.io/rust-lang/crates-build-env/linux@sha256:2788e3201cd34a07e3172128adcd8b3090168a8e3bcc40d7c032b9dda1df7d1c" "/opt/rustwide/cargo-home/bin/cargo" "+beta-2023-12-22" "test" "--frozen", kill_on_drop: false }`
[INFO] [stdout] d6477bde88382bffcf8db4eb4254aebe0ae91a6cf8dee55a01d256339ba5bf32
[INFO] running `Command { std: "docker" "start" "-a" "d6477bde88382bffcf8db4eb4254aebe0ae91a6cf8dee55a01d256339ba5bf32", kill_on_drop: false }`
[INFO] [stderr]     Finished test [unoptimized + debuginfo] target(s) in 0.01s
[INFO] [stderr]      Running unittests src/lib.rs (/opt/rustwide/target/debug/deps/rschema_core-0d9b9ee73845f890)
[INFO] [stdout] 
[INFO] [stdout] running 0 tests
[INFO] [stdout] 
[INFO] [stdout] test result: ok. 0 passed; 0 failed; 0 ignored; 0 measured; 0 filtered out; finished in 0.00s
[INFO] [stdout] 
[INFO] [stderr]    Doc-tests rschema-core
[INFO] [stdout] 
[INFO] [stdout] running 1 test
[INFO] [stdout] test src/schema.rs - schema::Schema (line 25) ... FAILED
[INFO] [stdout] 
[INFO] [stdout] failures:
[INFO] [stdout] 
[INFO] [stdout] ---- src/schema.rs - schema::Schema (line 25) stdout ----
[INFO] [stdout] error: cannot find derive macro `Schematic` in this scope
[INFO] [stdout]  --> src/schema.rs:26:17
[INFO] [stdout]   |
[INFO] [stdout] 2 | #[derive(Debug, Schematic)]
[INFO] [stdout]   |                 ^^^^^^^^^
[INFO] [stdout] 
[INFO] [stdout] error: cannot find attribute `rschema` in this scope
[INFO] [stdout]  --> src/schema.rs:28:7
[INFO] [stdout]   |
[INFO] [stdout] 4 |     #[rschema(field(
[INFO] [stdout]   |       ^^^^^^^
[INFO] [stdout] 
[INFO] [stdout] error[E0433]: failed to resolve: use of undeclared type `Schema`
[INFO] [stdout]   --> src/schema.rs:36:22
[INFO] [stdout]    |
[INFO] [stdout] 12 |     let schema_str = Schema::new::<Example>("Example")
[INFO] [stdout]    |                      ^^^^^^ use of undeclared type `Schema`
[INFO] [stdout]    |
[INFO] [stdout] help: consider importing this struct
[INFO] [stdout]    |
[INFO] [stdout] 2  + use rschema_core::Schema;
[INFO] [stdout]    |
[INFO] [stdout] 
[INFO] [stdout] error[E0433]: failed to resolve: use of undeclared crate or module `rschema`
[INFO] [stdout]   --> src/schema.rs:35:14
[INFO] [stdout]    |
[INFO] [stdout] 11 | fn main() -> rschema::Result<()> {
[INFO] [stdout]    |              ^^^^^^^ use of undeclared crate or module `rschema`
[INFO] [stdout] 
[INFO] [stdout] error: aborting due to 4 previous errors
[INFO] [stdout] 
[INFO] [stdout] For more information about this error, try `rustc --explain E0433`.
[INFO] [stdout] Couldn't compile the test.
[INFO] [stdout] 
[INFO] [stdout] failures:
[INFO] [stdout]     src/schema.rs - schema::Schema (line 25)
[INFO] [stdout] 
[INFO] [stdout] test result: FAILED. 0 passed; 1 failed; 0 ignored; 0 measured; 0 filtered out; finished in 0.08s
[INFO] [stdout] 
[INFO] [stderr] error: doctest failed, to rerun pass `--doc`
[INFO] running `Command { std: "docker" "inspect" "d6477bde88382bffcf8db4eb4254aebe0ae91a6cf8dee55a01d256339ba5bf32", kill_on_drop: false }`
[INFO] running `Command { std: "docker" "rm" "-f" "d6477bde88382bffcf8db4eb4254aebe0ae91a6cf8dee55a01d256339ba5bf32", kill_on_drop: false }`
[INFO] [stdout] d6477bde88382bffcf8db4eb4254aebe0ae91a6cf8dee55a01d256339ba5bf32
