[INFO] fetching crate rscenes 1.4.2...
[INFO] testing rscenes-1.4.2 against 1.75.0 for beta-1.76-1
[INFO] extracting crate rscenes 1.4.2 into /workspace/builds/worker-0-tc1/source
[INFO] validating manifest of crates.io crate rscenes 1.4.2 on toolchain 1.75.0
[INFO] running `Command { std: CARGO_HOME="/workspace/cargo-home" RUSTUP_HOME="/workspace/rustup-home" "/workspace/cargo-home/bin/cargo" "+1.75.0" "metadata" "--manifest-path" "Cargo.toml" "--no-deps", kill_on_drop: false }`
[INFO] started tweaking crates.io crate rscenes 1.4.2
[INFO] finished tweaking crates.io crate rscenes 1.4.2
[INFO] tweaked toml for crates.io crate rscenes 1.4.2 written to /workspace/builds/worker-0-tc1/source/Cargo.toml
[INFO] running `Command { std: CARGO_HOME="/workspace/cargo-home" RUSTUP_HOME="/workspace/rustup-home" "/workspace/cargo-home/bin/cargo" "+1.75.0" "generate-lockfile" "--manifest-path" "Cargo.toml", kill_on_drop: false }`
[INFO] [stderr]     Updating crates.io index
[INFO] running `Command { std: CARGO_HOME="/workspace/cargo-home" RUSTUP_HOME="/workspace/rustup-home" "/workspace/cargo-home/bin/cargo" "+1.75.0" "fetch" "--manifest-path" "Cargo.toml", kill_on_drop: false }`
[INFO] [stderr]  Downloading crates ...
[INFO] [stderr]   Downloaded raylib v3.7.0
[INFO] [stderr]   Downloaded hecs v0.10.4
[INFO] [stderr]   Downloaded raylib-sys v3.7.0
[INFO] running `Command { std: "docker" "create" "-v" "/var/lib/crater-agent-workspace/builds/worker-0-tc1/target:/opt/rustwide/target:rw,Z" "-v" "/var/lib/crater-agent-workspace/builds/worker-0-tc1/source:/opt/rustwide/workdir:ro,Z" "-v" "/var/lib/crater-agent-workspace/cargo-home:/opt/rustwide/cargo-home:ro,Z" "-v" "/var/lib/crater-agent-workspace/rustup-home:/opt/rustwide/rustup-home:ro,Z" "-e" "SOURCE_DIR=/opt/rustwide/workdir" "-e" "CARGO_TARGET_DIR=/opt/rustwide/target" "-e" "CARGO_HOME=/opt/rustwide/cargo-home" "-e" "RUSTUP_HOME=/opt/rustwide/rustup-home" "-w" "/opt/rustwide/workdir" "-m" "1610612736" "--user" "0:0" "--network" "none" "ghcr.io/rust-lang/crates-build-env/linux@sha256:2788e3201cd34a07e3172128adcd8b3090168a8e3bcc40d7c032b9dda1df7d1c" "/opt/rustwide/cargo-home/bin/cargo" "+1.75.0" "metadata" "--no-deps" "--format-version=1", kill_on_drop: false }`
[INFO] [stdout] 686bea63a27e68b5d60911816ab4f7dfb0889bcccde29f50b98434d0db8d28fc
[INFO] running `Command { std: "docker" "start" "-a" "686bea63a27e68b5d60911816ab4f7dfb0889bcccde29f50b98434d0db8d28fc", kill_on_drop: false }`
[INFO] running `Command { std: "docker" "inspect" "686bea63a27e68b5d60911816ab4f7dfb0889bcccde29f50b98434d0db8d28fc", kill_on_drop: false }`
[INFO] running `Command { std: "docker" "rm" "-f" "686bea63a27e68b5d60911816ab4f7dfb0889bcccde29f50b98434d0db8d28fc", kill_on_drop: false }`
[INFO] [stdout] 686bea63a27e68b5d60911816ab4f7dfb0889bcccde29f50b98434d0db8d28fc
[INFO] running `Command { std: "docker" "create" "-v" "/var/lib/crater-agent-workspace/builds/worker-0-tc1/target:/opt/rustwide/target:rw,Z" "-v" "/var/lib/crater-agent-workspace/builds/worker-0-tc1/source:/opt/rustwide/workdir:ro,Z" "-v" "/var/lib/crater-agent-workspace/cargo-home:/opt/rustwide/cargo-home:ro,Z" "-v" "/var/lib/crater-agent-workspace/rustup-home:/opt/rustwide/rustup-home:ro,Z" "-e" "SOURCE_DIR=/opt/rustwide/workdir" "-e" "CARGO_TARGET_DIR=/opt/rustwide/target" "-e" "CARGO_INCREMENTAL=0" "-e" "RUST_BACKTRACE=full" "-e" "RUSTFLAGS=--cap-lints=warn" "-e" "RUSTDOCFLAGS=--cap-lints=warn" "-e" "CARGO_HOME=/opt/rustwide/cargo-home" "-e" "RUSTUP_HOME=/opt/rustwide/rustup-home" "-w" "/opt/rustwide/workdir" "-m" "1610612736" "--user" "0:0" "--network" "none" "ghcr.io/rust-lang/crates-build-env/linux@sha256:2788e3201cd34a07e3172128adcd8b3090168a8e3bcc40d7c032b9dda1df7d1c" "/opt/rustwide/cargo-home/bin/cargo" "+1.75.0" "build" "--frozen" "--message-format=json", kill_on_drop: false }`
[INFO] [stdout] 2096c9cc7c67145e9d572506728e2fcdf9a732f6b3d4b3760a4a661445839435
[INFO] running `Command { std: "docker" "start" "-a" "2096c9cc7c67145e9d572506728e2fcdf9a732f6b3d4b3760a4a661445839435", kill_on_drop: false }`
[INFO] [stderr]    Compiling libc v0.2.151
[INFO] [stderr]    Compiling fs_extra v1.3.0
[INFO] [stderr]    Compiling anyhow v1.0.79
[INFO] [stderr]    Compiling thiserror v1.0.56
[INFO] [stderr]    Compiling thiserror-impl v1.0.56
[INFO] [stderr]    Compiling cc v1.0.83
[INFO] [stderr]    Compiling cmake v0.1.50
[INFO] [stderr]    Compiling raylib-sys v3.7.0
[INFO] [stderr]    Compiling raylib v3.7.0
[INFO] [stderr]    Compiling rscenes v1.4.2 (/opt/rustwide/workdir)
[INFO] [stderr]     Finished dev [unoptimized + debuginfo] target(s) in 11.82s
[INFO] running `Command { std: "docker" "inspect" "2096c9cc7c67145e9d572506728e2fcdf9a732f6b3d4b3760a4a661445839435", kill_on_drop: false }`
[INFO] running `Command { std: "docker" "rm" "-f" "2096c9cc7c67145e9d572506728e2fcdf9a732f6b3d4b3760a4a661445839435", kill_on_drop: false }`
[INFO] [stdout] 2096c9cc7c67145e9d572506728e2fcdf9a732f6b3d4b3760a4a661445839435
[INFO] running `Command { std: "docker" "create" "-v" "/var/lib/crater-agent-workspace/builds/worker-0-tc1/target:/opt/rustwide/target:rw,Z" "-v" "/var/lib/crater-agent-workspace/builds/worker-0-tc1/source:/opt/rustwide/workdir:ro,Z" "-v" "/var/lib/crater-agent-workspace/cargo-home:/opt/rustwide/cargo-home:ro,Z" "-v" "/var/lib/crater-agent-workspace/rustup-home:/opt/rustwide/rustup-home:ro,Z" "-e" "SOURCE_DIR=/opt/rustwide/workdir" "-e" "CARGO_TARGET_DIR=/opt/rustwide/target" "-e" "CARGO_INCREMENTAL=0" "-e" "RUST_BACKTRACE=full" "-e" "RUSTFLAGS=--cap-lints=warn" "-e" "RUSTDOCFLAGS=--cap-lints=warn" "-e" "CARGO_HOME=/opt/rustwide/cargo-home" "-e" "RUSTUP_HOME=/opt/rustwide/rustup-home" "-w" "/opt/rustwide/workdir" "-m" "1610612736" "--user" "0:0" "--network" "none" "ghcr.io/rust-lang/crates-build-env/linux@sha256:2788e3201cd34a07e3172128adcd8b3090168a8e3bcc40d7c032b9dda1df7d1c" "/opt/rustwide/cargo-home/bin/cargo" "+1.75.0" "test" "--frozen" "--no-run" "--message-format=json", kill_on_drop: false }`
[INFO] [stdout] 71dd928e0e3b305777a5d6033ef9890beeba0bb59e5bdbeede90462b81e7422a
[INFO] running `Command { std: "docker" "start" "-a" "71dd928e0e3b305777a5d6033ef9890beeba0bb59e5bdbeede90462b81e7422a", kill_on_drop: false }`
[INFO] [stderr]    Compiling rscenes v1.4.2 (/opt/rustwide/workdir)
[INFO] [stderr]     Finished test [unoptimized + debuginfo] target(s) in 0.20s
[INFO] running `Command { std: "docker" "inspect" "71dd928e0e3b305777a5d6033ef9890beeba0bb59e5bdbeede90462b81e7422a", kill_on_drop: false }`
[INFO] running `Command { std: "docker" "rm" "-f" "71dd928e0e3b305777a5d6033ef9890beeba0bb59e5bdbeede90462b81e7422a", kill_on_drop: false }`
[INFO] [stdout] 71dd928e0e3b305777a5d6033ef9890beeba0bb59e5bdbeede90462b81e7422a
[INFO] running `Command { std: "docker" "create" "-v" "/var/lib/crater-agent-workspace/builds/worker-0-tc1/target:/opt/rustwide/target:rw,Z" "-v" "/var/lib/crater-agent-workspace/builds/worker-0-tc1/source:/opt/rustwide/workdir:ro,Z" "-v" "/var/lib/crater-agent-workspace/cargo-home:/opt/rustwide/cargo-home:ro,Z" "-v" "/var/lib/crater-agent-workspace/rustup-home:/opt/rustwide/rustup-home:ro,Z" "-e" "SOURCE_DIR=/opt/rustwide/workdir" "-e" "CARGO_TARGET_DIR=/opt/rustwide/target" "-e" "CARGO_INCREMENTAL=0" "-e" "RUST_BACKTRACE=full" "-e" "RUSTFLAGS=--cap-lints=warn" "-e" "RUSTDOCFLAGS=--cap-lints=warn" "-e" "CARGO_HOME=/opt/rustwide/cargo-home" "-e" "RUSTUP_HOME=/opt/rustwide/rustup-home" "-w" "/opt/rustwide/workdir" "-m" "1610612736" "--user" "0:0" "--network" "none" "ghcr.io/rust-lang/crates-build-env/linux@sha256:2788e3201cd34a07e3172128adcd8b3090168a8e3bcc40d7c032b9dda1df7d1c" "/opt/rustwide/cargo-home/bin/cargo" "+1.75.0" "test" "--frozen", kill_on_drop: false }`
[INFO] [stdout] a165476605aa78391c9da853ac6cf7989d93f87a8245ab7c20035057d8e54f89
[INFO] running `Command { std: "docker" "start" "-a" "a165476605aa78391c9da853ac6cf7989d93f87a8245ab7c20035057d8e54f89", kill_on_drop: false }`
[INFO] [stderr]     Finished test [unoptimized + debuginfo] target(s) in 0.01s
[INFO] [stderr]      Running unittests src/lib.rs (/opt/rustwide/target/debug/deps/rscenes-2b5c107504e9de7e)
[INFO] [stdout] 
[INFO] [stdout] running 0 tests
[INFO] [stdout] 
[INFO] [stdout] test result: ok. 0 passed; 0 failed; 0 ignored; 0 measured; 0 filtered out; finished in 0.00s
[INFO] [stdout] 
[INFO] [stderr]    Doc-tests rscenes
[INFO] [stdout] 
[INFO] [stdout] running 6 tests
[INFO] [stdout] test src/lib.rs - (line 13) ... FAILED
[INFO] [stdout] test src/lib.rs - (line 105) ... FAILED
[INFO] [stdout] test src/lib.rs - (line 92) ... FAILED
[INFO] [stdout] test src/lib.rs - (line 99) ... FAILED
[INFO] [stdout] test src/lib.rs - (line 19) ... FAILED
[INFO] [stdout] test src/lib.rs - (line 40) ... FAILED
[INFO] [stdout] 
[INFO] [stdout] failures:
[INFO] [stdout] 
[INFO] [stdout] ---- src/lib.rs - (line 13) stdout ----
[INFO] [stdout] error: expected `;`, found `}`
[INFO] [stdout]  --> src/lib.rs:14:23
[INFO] [stdout]   |
[INFO] [stdout] 3 | use rscene::prelude::*
[INFO] [stdout]   |                       ^ help: add `;` here
[INFO] [stdout] 4 | } _doctest_main_src_lib_rs_13_0() }
[INFO] [stdout]   | - unexpected token
[INFO] [stdout] 
[INFO] [stdout] error[E0433]: failed to resolve: use of undeclared crate or module `rscene`
[INFO] [stdout]  --> src/lib.rs:14:5
[INFO] [stdout]   |
[INFO] [stdout] 3 | use rscene::prelude::*
[INFO] [stdout]   |     ^^^^^^ use of undeclared crate or module `rscene`
[INFO] [stdout]   |
[INFO] [stdout] help: there is a crate or module with a similar name
[INFO] [stdout]   |
[INFO] [stdout] 3 | use rscenes::prelude::*
[INFO] [stdout]   |     ~~~~~~~
[INFO] [stdout] 
[INFO] [stdout] error: aborting due to 2 previous errors
[INFO] [stdout] 
[INFO] [stdout] For more information about this error, try `rustc --explain E0433`.
[INFO] [stdout] Couldn't compile the test.
[INFO] [stdout] ---- src/lib.rs - (line 105) stdout ----
[INFO] [stdout] error: expected one of `.`, `;`, `?`, `}`, or an operator, found `,`
[INFO] [stdout]  --> src/lib.rs:107:25
[INFO] [stdout]   |
[INFO] [stdout] 5 | rscenes = {version = "*", default-features = false, features = ["ecs", "eyre"]}
[INFO] [stdout]   |                         ^ expected one of `.`, `;`, `?`, `}`, or an operator
[INFO] [stdout] 
[INFO] [stdout] error[E0423]: expected value, found crate `rscenes`
[INFO] [stdout]  --> src/lib.rs:107:1
[INFO] [stdout]   |
[INFO] [stdout] 5 | rscenes = {version = "*", default-features = false, features = ["ecs", "eyre"]}
[INFO] [stdout]   | ^^^^^^^
[INFO] [stdout]   |
[INFO] [stdout] help: you might have meant to introduce a new binding
[INFO] [stdout]   |
[INFO] [stdout] 5 | let rscenes = {version = "*", default-features = false, features = ["ecs", "eyre"]}
[INFO] [stdout]   | +++
[INFO] [stdout] 
[INFO] [stdout] error: aborting due to 2 previous errors
[INFO] [stdout] 
[INFO] [stdout] For more information about this error, try `rustc --explain E0423`.
[INFO] [stdout] Couldn't compile the test.
[INFO] [stdout] ---- src/lib.rs - (line 92) stdout ----
[INFO] [stdout] error: expected one of `.`, `;`, `?`, `}`, or an operator, found `,`
[INFO] [stdout]  --> src/lib.rs:94:25
[INFO] [stdout]   |
[INFO] [stdout] 5 | rscenes = {version = "*", features = ["ecs"]}
[INFO] [stdout]   |                         ^ expected one of `.`, `;`, `?`, `}`, or an operator
[INFO] [stdout] 
[INFO] [stdout] error[E0423]: expected value, found crate `rscenes`
[INFO] [stdout]  --> src/lib.rs:94:1
[INFO] [stdout]   |
[INFO] [stdout] 5 | rscenes = {version = "*", features = ["ecs"]}
[INFO] [stdout]   | ^^^^^^^
[INFO] [stdout]   |
[INFO] [stdout] help: you might have meant to introduce a new binding
[INFO] [stdout]   |
[INFO] [stdout] 5 | let rscenes = {version = "*", features = ["ecs"]}
[INFO] [stdout]   | +++
[INFO] [stdout] 
[INFO] [stdout] error: aborting due to 2 previous errors
[INFO] [stdout] 
[INFO] [stdout] For more information about this error, try `rustc --explain E0423`.
[INFO] [stdout] Couldn't compile the test.
[INFO] [stdout] ---- src/lib.rs - (line 99) stdout ----
[INFO] [stdout] error: expected one of `.`, `;`, `?`, `}`, or an operator, found `,`
[INFO] [stdout]  --> src/lib.rs:101:25
[INFO] [stdout]   |
[INFO] [stdout] 5 | rscenes = {version = "*", default-features = false, features = ["eyre"]}
[INFO] [stdout]   |                         ^ expected one of `.`, `;`, `?`, `}`, or an operator
[INFO] [stdout] 
[INFO] [stdout] error[E0423]: expected value, found crate `rscenes`
[INFO] [stdout]  --> src/lib.rs:101:1
[INFO] [stdout]   |
[INFO] [stdout] 5 | rscenes = {version = "*", default-features = false, features = ["eyre"]}
[INFO] [stdout]   | ^^^^^^^
[INFO] [stdout]   |
[INFO] [stdout] help: you might have meant to introduce a new binding
[INFO] [stdout]   |
[INFO] [stdout] 5 | let rscenes = {version = "*", default-features = false, features = ["eyre"]}
[INFO] [stdout]   | +++
[INFO] [stdout] 
[INFO] [stdout] error: aborting due to 2 previous errors
[INFO] [stdout] 
[INFO] [stdout] For more information about this error, try `rustc --explain E0423`.
[INFO] [stdout] Couldn't compile the test.
[INFO] [stdout] ---- src/lib.rs - (line 19) stdout ----
[INFO] [stdout] error[E0412]: cannot find type `Font` in this scope
[INFO] [stdout]  --> src/lib.rs:22:18
[INFO] [stdout]   |
[INFO] [stdout] 5 | let font: Option<Font> = None;
[INFO] [stdout]   |                  ^^^^ not found in this scope
[INFO] [stdout]   |
[INFO] [stdout] help: consider importing one of these items
[INFO] [stdout]   |
[INFO] [stdout] 2 + use raylib::ffi::Font;
[INFO] [stdout]   |
[INFO] [stdout] 2 + use raylib::text::Font;
[INFO] [stdout]   |
[INFO] [stdout] 2 + use rscenes::prelude::Font;
[INFO] [stdout]   |
[INFO] [stdout] 2 + use rscenes::prelude::ffi::Font;
[INFO] [stdout]   |
[INFO] [stdout] 
[INFO] [stdout] error[E0433]: failed to resolve: use of undeclared type `SceneManager`
[INFO] [stdout]  --> src/lib.rs:23:19
[INFO] [stdout]   |
[INFO] [stdout] 6 | let mut manager = SceneManager::new(builder, font);
[INFO] [stdout]   |                   ^^^^^^^^^^^^ use of undeclared type `SceneManager`
[INFO] [stdout]   |
[INFO] [stdout] help: consider importing this struct
[INFO] [stdout]   |
[INFO] [stdout] 2 + use rscenes::prelude::SceneManager;
[INFO] [stdout]   |
[INFO] [stdout] 
[INFO] [stdout] error[E0433]: failed to resolve: use of undeclared type `MyScene`
[INFO] [stdout]   --> src/lib.rs:34:34
[INFO] [stdout]    |
[INFO] [stdout] 17 | manager.add_first_scene(Box::new(MyScene::default()));
[INFO] [stdout]    |                                  ^^^^^^^ use of undeclared type `MyScene`
[INFO] [stdout] 
[INFO] [stdout] error: aborting due to 3 previous errors
[INFO] [stdout] 
[INFO] [stdout] Some errors have detailed explanations: E0412, E0433.
[INFO] [stdout] For more information about an error, try `rustc --explain E0412`.
[INFO] [stdout] Couldn't compile the test.
[INFO] [stdout] ---- src/lib.rs - (line 40) stdout ----
[INFO] [stdout] error[E0405]: cannot find trait `Scene` in this scope
[INFO] [stdout]  --> src/lib.rs:44:6
[INFO] [stdout]   |
[INFO] [stdout] 6 | impl Scene<Option<Font>> for MyScene {
[INFO] [stdout]   |      ^^^^^ not found in this scope
[INFO] [stdout]   |
[INFO] [stdout] help: consider importing this trait
[INFO] [stdout]   |
[INFO] [stdout] 2 + use rscenes::prelude::Scene;
[INFO] [stdout]   |
[INFO] [stdout] 
[INFO] [stdout] error[E0412]: cannot find type `Font` in this scope
[INFO] [stdout]  --> src/lib.rs:44:19
[INFO] [stdout]   |
[INFO] [stdout] 6 | impl Scene<Option<Font>> for MyScene {
[INFO] [stdout]   |                   ^^^^ not found in this scope
[INFO] [stdout]   |
[INFO] [stdout] help: consider importing one of these items
[INFO] [stdout]   |
[INFO] [stdout] 2 + use raylib::ffi::Font;
[INFO] [stdout]   |
[INFO] [stdout] 2 + use raylib::text::Font;
[INFO] [stdout]   |
[INFO] [stdout] 2 + use rscenes::prelude::Font;
[INFO] [stdout]   |
[INFO] [stdout] 2 + use rscenes::prelude::ffi::Font;
[INFO] [stdout]   |
[INFO] [stdout] 
[INFO] [stdout] error[E0412]: cannot find type `RaylibHandle` in this scope
[INFO] [stdout]  --> src/lib.rs:45:37
[INFO] [stdout]   |
[INFO] [stdout] 7 |     fn init(&mut self, handle: &mut RaylibHandle, thread: &RaylibThread) -> anyhow::Result<()> {
[INFO] [stdout]   |                                     ^^^^^^^^^^^^ not found in this scope
[INFO] [stdout]   |
[INFO] [stdout] help: consider importing one of these items
[INFO] [stdout]   |
[INFO] [stdout] 2 + use raylib::RaylibHandle;
[INFO] [stdout]   |
[INFO] [stdout] 2 + use rscenes::prelude::RaylibHandle;
[INFO] [stdout]   |
[INFO] [stdout] 
[INFO] [stdout] error[E0412]: cannot find type `RaylibThread` in this scope
[INFO] [stdout]  --> src/lib.rs:45:60
[INFO] [stdout]   |
[INFO] [stdout] 7 |     fn init(&mut self, handle: &mut RaylibHandle, thread: &RaylibThread) -> anyhow::Result<()> {
[INFO] [stdout]   |                                                            ^^^^^^^^^^^^ not found in this scope
[INFO] [stdout]   |
[INFO] [stdout] help: consider importing one of these items
[INFO] [stdout]   |
[INFO] [stdout] 2 + use raylib::RaylibThread;
[INFO] [stdout]   |
[INFO] [stdout] 2 + use rscenes::prelude::RaylibThread;
[INFO] [stdout]   |
[INFO] [stdout] 
[INFO] [stdout] error[E0412]: cannot find type `RaylibHandle` in this scope
[INFO] [stdout]   --> src/lib.rs:52:33
[INFO] [stdout]    |
[INFO] [stdout] 14 |         (handle, thread): (&mut RaylibHandle, &RaylibThread),
[INFO] [stdout]    |                                 ^^^^^^^^^^^^ not found in this scope
[INFO] [stdout]    |
[INFO] [stdout] help: consider importing one of these items
[INFO] [stdout]    |
[INFO] [stdout] 2  + use raylib::RaylibHandle;
[INFO] [stdout]    |
[INFO] [stdout] 2  + use rscenes::prelude::RaylibHandle;
[INFO] [stdout]    |
[INFO] [stdout] 
[INFO] [stdout] error[E0412]: cannot find type `RaylibThread` in this scope
[INFO] [stdout]   --> src/lib.rs:52:48
[INFO] [stdout]    |
[INFO] [stdout] 14 |         (handle, thread): (&mut RaylibHandle, &RaylibThread),
[INFO] [stdout]    |                                                ^^^^^^^^^^^^ not found in this scope
[INFO] [stdout]    |
[INFO] [stdout] help: consider importing one of these items
[INFO] [stdout]    |
[INFO] [stdout] 2  + use raylib::RaylibThread;
[INFO] [stdout]    |
[INFO] [stdout] 2  + use rscenes::prelude::RaylibThread;
[INFO] [stdout]    |
[INFO] [stdout] 
[INFO] [stdout] error[E0412]: cannot find type `Font` in this scope
[INFO] [stdout]   --> src/lib.rs:54:32
[INFO] [stdout]    |
[INFO] [stdout] 16 |         resources: &mut Option<Font>,
[INFO] [stdout]    |                                ^^^^ not found in this scope
[INFO] [stdout]    |
[INFO] [stdout] help: consider importing one of these items
[INFO] [stdout]    |
[INFO] [stdout] 2  + use raylib::ffi::Font;
[INFO] [stdout]    |
[INFO] [stdout] 2  + use raylib::text::Font;
[INFO] [stdout]    |
[INFO] [stdout] 2  + use rscenes::prelude::Font;
[INFO] [stdout]    |
[INFO] [stdout] 2  + use rscenes::prelude::ffi::Font;
[INFO] [stdout]    |
[INFO] [stdout] 
[INFO] [stdout] error[E0412]: cannot find type `State` in this scope
[INFO] [stdout]   --> src/lib.rs:55:25
[INFO] [stdout]    |
[INFO] [stdout] 17 |     ) -> anyhow::Result<State<Option<Font>>> {
[INFO] [stdout]    |                         ^^^^^ not found in this scope
[INFO] [stdout]    |
[INFO] [stdout] help: consider importing this enum
[INFO] [stdout]    |
[INFO] [stdout] 2  + use rscenes::prelude::State;
[INFO] [stdout]    |
[INFO] [stdout] 
[INFO] [stdout] error[E0412]: cannot find type `Font` in this scope
[INFO] [stdout]   --> src/lib.rs:55:38
[INFO] [stdout]    |
[INFO] [stdout] 17 |     ) -> anyhow::Result<State<Option<Font>>> {
[INFO] [stdout]    |                                      ^^^^ not found in this scope
[INFO] [stdout]    |
[INFO] [stdout] help: consider importing one of these items
[INFO] [stdout]    |
[INFO] [stdout] 2  + use raylib::ffi::Font;
[INFO] [stdout]    |
[INFO] [stdout] 2  + use raylib::text::Font;
[INFO] [stdout]    |
[INFO] [stdout] 2  + use rscenes::prelude::Font;
[INFO] [stdout]    |
[INFO] [stdout] 2  + use rscenes::prelude::ffi::Font;
[INFO] [stdout]    |
[INFO] [stdout] 
[INFO] [stdout] error[E0433]: failed to resolve: use of undeclared type `State`
[INFO] [stdout]   --> src/lib.rs:58:12
[INFO] [stdout]    |
[INFO] [stdout] 20 |         Ok(State::Keep)
[INFO] [stdout]    |            ^^^^^ use of undeclared type `State`
[INFO] [stdout]    |
[INFO] [stdout] help: consider importing this enum
[INFO] [stdout]    |
[INFO] [stdout] 2  + use rscenes::prelude::State;
[INFO] [stdout]    |
[INFO] [stdout] 
[INFO] [stdout] error[E0412]: cannot find type `RaylibDrawHandle` in this scope
[INFO] [stdout]   --> src/lib.rs:63:22
[INFO] [stdout]    |
[INFO] [stdout] 25 |         handle: &mut RaylibDrawHandle,
[INFO] [stdout]    |                      ^^^^^^^^^^^^^^^^ not found in this scope
[INFO] [stdout]    |
[INFO] [stdout] help: consider importing one of these items
[INFO] [stdout]    |
[INFO] [stdout] 2  + use raylib::drawing::RaylibDrawHandle;
[INFO] [stdout]    |
[INFO] [stdout] 2  + use rscenes::prelude::RaylibDrawHandle;
[INFO] [stdout]    |
[INFO] [stdout] 
[INFO] [stdout] error[E0412]: cannot find type `Rectangle` in this scope
[INFO] [stdout]   --> src/lib.rs:64:17
[INFO] [stdout]    |
[INFO] [stdout] 26 |         screen: Rectangle,
[INFO] [stdout]    |                 ^^^^^^^^^ not found in this scope
[INFO] [stdout]    |
[INFO] [stdout] help: consider importing one of these items
[INFO] [stdout]    |
[INFO] [stdout] 2  + use raylib::ffi::Rectangle;
[INFO] [stdout]    |
[INFO] [stdout] 2  + use raylib::math::Rectangle;
[INFO] [stdout]    |
[INFO] [stdout] 2  + use rscenes::prelude::Rectangle;
[INFO] [stdout]    |
[INFO] [stdout] 2  + use rscenes::prelude::ffi::Rectangle;
[INFO] [stdout]    |
[INFO] [stdout] 
[INFO] [stdout] error[E0412]: cannot find type `Font` in this scope
[INFO] [stdout]   --> src/lib.rs:65:28
[INFO] [stdout]    |
[INFO] [stdout] 27 |         resources: &Option<Font>,
[INFO] [stdout]    |                            ^^^^ not found in this scope
[INFO] [stdout]    |
[INFO] [stdout] help: consider importing one of these items
[INFO] [stdout]    |
[INFO] [stdout] 2  + use raylib::ffi::Font;
[INFO] [stdout]    |
[INFO] [stdout] 2  + use raylib::text::Font;
[INFO] [stdout]    |
[INFO] [stdout] 2  + use rscenes::prelude::Font;
[INFO] [stdout]    |
[INFO] [stdout] 2  + use rscenes::prelude::ffi::Font;
[INFO] [stdout]    |
[INFO] [stdout] 
[INFO] [stdout] error: aborting due to 13 previous errors
[INFO] [stdout] 
[INFO] [stdout] Some errors have detailed explanations: E0405, E0412, E0433.
[INFO] [stdout] For more information about an error, try `rustc --explain E0405`.
[INFO] [stdout] Couldn't compile the test.
[INFO] [stdout] 
[INFO] [stdout] failures:
[INFO] [stdout]     src/lib.rs - (line 105)
[INFO] [stdout]     src/lib.rs - (line 13)
[INFO] [stdout]     src/lib.rs - (line 19)
[INFO] [stdout]     src/lib.rs - (line 40)
[INFO] [stdout]     src/lib.rs - (line 92)
[INFO] [stdout]     src/lib.rs - (line 99)
[INFO] [stdout] 
[INFO] [stdout] test result: FAILED. 0 passed; 6 failed; 0 ignored; 0 measured; 0 filtered out; finished in 0.04s
[INFO] [stdout] 
[INFO] [stderr] error: doctest failed, to rerun pass `--doc`
[INFO] running `Command { std: "docker" "inspect" "a165476605aa78391c9da853ac6cf7989d93f87a8245ab7c20035057d8e54f89", kill_on_drop: false }`
[INFO] running `Command { std: "docker" "rm" "-f" "a165476605aa78391c9da853ac6cf7989d93f87a8245ab7c20035057d8e54f89", kill_on_drop: false }`
[INFO] [stdout] a165476605aa78391c9da853ac6cf7989d93f87a8245ab7c20035057d8e54f89
[INFO] testing rscenes-1.4.2 against beta-2023-12-22 for beta-1.76-1
[INFO] extracting crate rscenes 1.4.2 into /workspace/builds/worker-0-tc2/source
[INFO] validating manifest of crates.io crate rscenes 1.4.2 on toolchain beta-2023-12-22
[INFO] running `Command { std: CARGO_HOME="/workspace/cargo-home" RUSTUP_HOME="/workspace/rustup-home" "/workspace/cargo-home/bin/cargo" "+beta-2023-12-22" "metadata" "--manifest-path" "Cargo.toml" "--no-deps", kill_on_drop: false }`
[INFO] started tweaking crates.io crate rscenes 1.4.2
[INFO] finished tweaking crates.io crate rscenes 1.4.2
[INFO] tweaked toml for crates.io crate rscenes 1.4.2 written to /workspace/builds/worker-0-tc2/source/Cargo.toml
[INFO] running `Command { std: CARGO_HOME="/workspace/cargo-home" RUSTUP_HOME="/workspace/rustup-home" "/workspace/cargo-home/bin/cargo" "+beta-2023-12-22" "generate-lockfile" "--manifest-path" "Cargo.toml", kill_on_drop: false }`
[INFO] [stderr]     Updating crates.io index
[INFO] running `Command { std: CARGO_HOME="/workspace/cargo-home" RUSTUP_HOME="/workspace/rustup-home" "/workspace/cargo-home/bin/cargo" "+beta-2023-12-22" "fetch" "--manifest-path" "Cargo.toml", kill_on_drop: false }`
[INFO] running `Command { std: "docker" "create" "-v" "/var/lib/crater-agent-workspace/builds/worker-0-tc2/target:/opt/rustwide/target:rw,Z" "-v" "/var/lib/crater-agent-workspace/builds/worker-0-tc2/source:/opt/rustwide/workdir:ro,Z" "-v" "/var/lib/crater-agent-workspace/cargo-home:/opt/rustwide/cargo-home:ro,Z" "-v" "/var/lib/crater-agent-workspace/rustup-home:/opt/rustwide/rustup-home:ro,Z" "-e" "SOURCE_DIR=/opt/rustwide/workdir" "-e" "CARGO_TARGET_DIR=/opt/rustwide/target" "-e" "CARGO_HOME=/opt/rustwide/cargo-home" "-e" "RUSTUP_HOME=/opt/rustwide/rustup-home" "-w" "/opt/rustwide/workdir" "-m" "1610612736" "--user" "0:0" "--network" "none" "ghcr.io/rust-lang/crates-build-env/linux@sha256:2788e3201cd34a07e3172128adcd8b3090168a8e3bcc40d7c032b9dda1df7d1c" "/opt/rustwide/cargo-home/bin/cargo" "+beta-2023-12-22" "metadata" "--no-deps" "--format-version=1", kill_on_drop: false }`
[INFO] [stdout] c013a6092a5f11de58433b3becbc7f7fcbb8501be237d33aabb33fe426c18b52
[INFO] running `Command { std: "docker" "start" "-a" "c013a6092a5f11de58433b3becbc7f7fcbb8501be237d33aabb33fe426c18b52", kill_on_drop: false }`
[INFO] running `Command { std: "docker" "inspect" "c013a6092a5f11de58433b3becbc7f7fcbb8501be237d33aabb33fe426c18b52", kill_on_drop: false }`
[INFO] running `Command { std: "docker" "rm" "-f" "c013a6092a5f11de58433b3becbc7f7fcbb8501be237d33aabb33fe426c18b52", kill_on_drop: false }`
[INFO] [stdout] c013a6092a5f11de58433b3becbc7f7fcbb8501be237d33aabb33fe426c18b52
[INFO] running `Command { std: "docker" "create" "-v" "/var/lib/crater-agent-workspace/builds/worker-0-tc2/target:/opt/rustwide/target:rw,Z" "-v" "/var/lib/crater-agent-workspace/builds/worker-0-tc2/source:/opt/rustwide/workdir:ro,Z" "-v" "/var/lib/crater-agent-workspace/cargo-home:/opt/rustwide/cargo-home:ro,Z" "-v" "/var/lib/crater-agent-workspace/rustup-home:/opt/rustwide/rustup-home:ro,Z" "-e" "SOURCE_DIR=/opt/rustwide/workdir" "-e" "CARGO_TARGET_DIR=/opt/rustwide/target" "-e" "CARGO_INCREMENTAL=0" "-e" "RUST_BACKTRACE=full" "-e" "RUSTFLAGS=--cap-lints=warn" "-e" "RUSTDOCFLAGS=--cap-lints=warn" "-e" "CARGO_HOME=/opt/rustwide/cargo-home" "-e" "RUSTUP_HOME=/opt/rustwide/rustup-home" "-w" "/opt/rustwide/workdir" "-m" "1610612736" "--user" "0:0" "--network" "none" "ghcr.io/rust-lang/crates-build-env/linux@sha256:2788e3201cd34a07e3172128adcd8b3090168a8e3bcc40d7c032b9dda1df7d1c" "/opt/rustwide/cargo-home/bin/cargo" "+beta-2023-12-22" "build" "--frozen" "--message-format=json", kill_on_drop: false }`
[INFO] [stdout] 4dc7ebe1a392339eaacc170076e965c7e9199205b04ec8de6c94c5d4f07171c5
[INFO] running `Command { std: "docker" "start" "-a" "4dc7ebe1a392339eaacc170076e965c7e9199205b04ec8de6c94c5d4f07171c5", kill_on_drop: false }`
[INFO] [stderr]    Compiling libc v0.2.151
[INFO] [stderr]    Compiling fs_extra v1.3.0
[INFO] [stderr]    Compiling anyhow v1.0.79
[INFO] [stderr]    Compiling thiserror v1.0.56
[INFO] [stderr]    Compiling thiserror-impl v1.0.56
[INFO] [stderr]    Compiling cc v1.0.83
[INFO] [stderr]    Compiling cmake v0.1.50
[INFO] [stderr]    Compiling raylib-sys v3.7.0
[INFO] [stderr]    Compiling raylib v3.7.0
[INFO] [stderr]    Compiling rscenes v1.4.2 (/opt/rustwide/workdir)
[INFO] [stderr]     Finished dev [unoptimized + debuginfo] target(s) in 13.32s
[INFO] running `Command { std: "docker" "inspect" "4dc7ebe1a392339eaacc170076e965c7e9199205b04ec8de6c94c5d4f07171c5", kill_on_drop: false }`
[INFO] running `Command { std: "docker" "rm" "-f" "4dc7ebe1a392339eaacc170076e965c7e9199205b04ec8de6c94c5d4f07171c5", kill_on_drop: false }`
[INFO] [stdout] 4dc7ebe1a392339eaacc170076e965c7e9199205b04ec8de6c94c5d4f07171c5
[INFO] running `Command { std: "docker" "create" "-v" "/var/lib/crater-agent-workspace/builds/worker-0-tc2/target:/opt/rustwide/target:rw,Z" "-v" "/var/lib/crater-agent-workspace/builds/worker-0-tc2/source:/opt/rustwide/workdir:ro,Z" "-v" "/var/lib/crater-agent-workspace/cargo-home:/opt/rustwide/cargo-home:ro,Z" "-v" "/var/lib/crater-agent-workspace/rustup-home:/opt/rustwide/rustup-home:ro,Z" "-e" "SOURCE_DIR=/opt/rustwide/workdir" "-e" "CARGO_TARGET_DIR=/opt/rustwide/target" "-e" "CARGO_INCREMENTAL=0" "-e" "RUST_BACKTRACE=full" "-e" "RUSTFLAGS=--cap-lints=warn" "-e" "RUSTDOCFLAGS=--cap-lints=warn" "-e" "CARGO_HOME=/opt/rustwide/cargo-home" "-e" "RUSTUP_HOME=/opt/rustwide/rustup-home" "-w" "/opt/rustwide/workdir" "-m" "1610612736" "--user" "0:0" "--network" "none" "ghcr.io/rust-lang/crates-build-env/linux@sha256:2788e3201cd34a07e3172128adcd8b3090168a8e3bcc40d7c032b9dda1df7d1c" "/opt/rustwide/cargo-home/bin/cargo" "+beta-2023-12-22" "test" "--frozen" "--no-run" "--message-format=json", kill_on_drop: false }`
[INFO] [stdout] 889efb9d45ca3b893d7dcde30f324ea62fb419ef1fed9237827ca7bd8af225e6
[INFO] running `Command { std: "docker" "start" "-a" "889efb9d45ca3b893d7dcde30f324ea62fb419ef1fed9237827ca7bd8af225e6", kill_on_drop: false }`
[INFO] [stderr]    Compiling rscenes v1.4.2 (/opt/rustwide/workdir)
[INFO] [stderr]     Finished test [unoptimized + debuginfo] target(s) in 0.20s
[INFO] running `Command { std: "docker" "inspect" "889efb9d45ca3b893d7dcde30f324ea62fb419ef1fed9237827ca7bd8af225e6", kill_on_drop: false }`
[INFO] running `Command { std: "docker" "rm" "-f" "889efb9d45ca3b893d7dcde30f324ea62fb419ef1fed9237827ca7bd8af225e6", kill_on_drop: false }`
[INFO] [stdout] 889efb9d45ca3b893d7dcde30f324ea62fb419ef1fed9237827ca7bd8af225e6
[INFO] running `Command { std: "docker" "create" "-v" "/var/lib/crater-agent-workspace/builds/worker-0-tc2/target:/opt/rustwide/target:rw,Z" "-v" "/var/lib/crater-agent-workspace/builds/worker-0-tc2/source:/opt/rustwide/workdir:ro,Z" "-v" "/var/lib/crater-agent-workspace/cargo-home:/opt/rustwide/cargo-home:ro,Z" "-v" "/var/lib/crater-agent-workspace/rustup-home:/opt/rustwide/rustup-home:ro,Z" "-e" "SOURCE_DIR=/opt/rustwide/workdir" "-e" "CARGO_TARGET_DIR=/opt/rustwide/target" "-e" "CARGO_INCREMENTAL=0" "-e" "RUST_BACKTRACE=full" "-e" "RUSTFLAGS=--cap-lints=warn" "-e" "RUSTDOCFLAGS=--cap-lints=warn" "-e" "CARGO_HOME=/opt/rustwide/cargo-home" "-e" "RUSTUP_HOME=/opt/rustwide/rustup-home" "-w" "/opt/rustwide/workdir" "-m" "1610612736" "--user" "0:0" "--network" "none" "ghcr.io/rust-lang/crates-build-env/linux@sha256:2788e3201cd34a07e3172128adcd8b3090168a8e3bcc40d7c032b9dda1df7d1c" "/opt/rustwide/cargo-home/bin/cargo" "+beta-2023-12-22" "test" "--frozen", kill_on_drop: false }`
[INFO] [stdout] 5e9b761082ce3f78a9b49aeecf34286f703b9cec6ddd3f038d8b7275ff089bd6
[INFO] running `Command { std: "docker" "start" "-a" "5e9b761082ce3f78a9b49aeecf34286f703b9cec6ddd3f038d8b7275ff089bd6", kill_on_drop: false }`
[INFO] [stderr]     Finished test [unoptimized + debuginfo] target(s) in 0.01s
[INFO] [stderr]      Running unittests src/lib.rs (/opt/rustwide/target/debug/deps/rscenes-9fb639daebc68c90)
[INFO] [stdout] 
[INFO] [stdout] running 0 tests
[INFO] [stdout] 
[INFO] [stdout] test result: ok. 0 passed; 0 failed; 0 ignored; 0 measured; 0 filtered out; finished in 0.00s
[INFO] [stdout] 
[INFO] [stderr]    Doc-tests rscenes
[INFO] [stdout] 
[INFO] [stdout] running 6 tests
[INFO] [stdout] test src/lib.rs - (line 13) ... FAILED
[INFO] [stdout] test src/lib.rs - (line 92) ... FAILED
[INFO] [stdout] test src/lib.rs - (line 19) ... FAILED
[INFO] [stdout] test src/lib.rs - (line 105) ... FAILED
[INFO] [stdout] test src/lib.rs - (line 99) ... FAILED
[INFO] [stdout] test src/lib.rs - (line 40) ... FAILED
[INFO] [stdout] 
[INFO] [stdout] failures:
[INFO] [stdout] 
[INFO] [stdout] ---- src/lib.rs - (line 13) stdout ----
[INFO] [stdout] error: expected `;`, found `}`
[INFO] [stdout]  --> src/lib.rs:14:23
[INFO] [stdout]   |
[INFO] [stdout] 3 | use rscene::prelude::*
[INFO] [stdout]   |                       ^ help: add `;` here
[INFO] [stdout] 4 | } _doctest_main_src_lib_rs_13_0() }
[INFO] [stdout]   | - unexpected token
[INFO] [stdout] 
[INFO] [stdout] error[E0433]: failed to resolve: use of undeclared crate or module `rscene`
[INFO] [stdout]  --> src/lib.rs:14:5
[INFO] [stdout]   |
[INFO] [stdout] 3 | use rscene::prelude::*
[INFO] [stdout]   |     ^^^^^^ use of undeclared crate or module `rscene`
[INFO] [stdout]   |
[INFO] [stdout] help: there is a crate or module with a similar name
[INFO] [stdout]   |
[INFO] [stdout] 3 | use rscenes::prelude::*
[INFO] [stdout]   |     ~~~~~~~
[INFO] [stdout] 
[INFO] [stdout] error: aborting due to 2 previous errors
[INFO] [stdout] 
[INFO] [stdout] For more information about this error, try `rustc --explain E0433`.
[INFO] [stdout] Couldn't compile the test.
[INFO] [stdout] ---- src/lib.rs - (line 92) stdout ----
[INFO] [stdout] error: expected one of `.`, `;`, `?`, `}`, or an operator, found `,`
[INFO] [stdout]  --> src/lib.rs:94:25
[INFO] [stdout]   |
[INFO] [stdout] 5 | rscenes = {version = "*", features = ["ecs"]}
[INFO] [stdout]   |                         ^ expected one of `.`, `;`, `?`, `}`, or an operator
[INFO] [stdout] 
[INFO] [stdout] error[E0423]: expected value, found crate `rscenes`
[INFO] [stdout]  --> src/lib.rs:94:1
[INFO] [stdout]   |
[INFO] [stdout] 5 | rscenes = {version = "*", features = ["ecs"]}
[INFO] [stdout]   | ^^^^^^^
[INFO] [stdout]   |
[INFO] [stdout] help: you might have meant to introduce a new binding
[INFO] [stdout]   |
[INFO] [stdout] 5 | let rscenes = {version = "*", features = ["ecs"]}
[INFO] [stdout]   | +++
[INFO] [stdout] 
[INFO] [stdout] error: aborting due to 2 previous errors
[INFO] [stdout] 
[INFO] [stdout] For more information about this error, try `rustc --explain E0423`.
[INFO] [stdout] Couldn't compile the test.
[INFO] [stdout] ---- src/lib.rs - (line 19) stdout ----
[INFO] [stdout] error[E0412]: cannot find type `Font` in this scope
[INFO] [stdout]  --> src/lib.rs:22:18
[INFO] [stdout]   |
[INFO] [stdout] 5 | let font: Option<Font> = None;
[INFO] [stdout]   |                  ^^^^ not found in this scope
[INFO] [stdout]   |
[INFO] [stdout] help: consider importing one of these items
[INFO] [stdout]   |
[INFO] [stdout] 2 + use raylib::ffi::Font;
[INFO] [stdout]   |
[INFO] [stdout] 2 + use raylib::text::Font;
[INFO] [stdout]   |
[INFO] [stdout] 2 + use rscenes::prelude::Font;
[INFO] [stdout]   |
[INFO] [stdout] 2 + use rscenes::prelude::ffi::Font;
[INFO] [stdout]   |
[INFO] [stdout] 
[INFO] [stdout] error[E0433]: failed to resolve: use of undeclared type `SceneManager`
[INFO] [stdout]  --> src/lib.rs:23:19
[INFO] [stdout]   |
[INFO] [stdout] 6 | let mut manager = SceneManager::new(builder, font);
[INFO] [stdout]   |                   ^^^^^^^^^^^^ use of undeclared type `SceneManager`
[INFO] [stdout]   |
[INFO] [stdout] help: consider importing this struct
[INFO] [stdout]   |
[INFO] [stdout] 2 + use rscenes::prelude::SceneManager;
[INFO] [stdout]   |
[INFO] [stdout] 
[INFO] [stdout] error[E0433]: failed to resolve: use of undeclared type `MyScene`
[INFO] [stdout]   --> src/lib.rs:34:34
[INFO] [stdout]    |
[INFO] [stdout] 17 | manager.add_first_scene(Box::new(MyScene::default()));
[INFO] [stdout]    |                                  ^^^^^^^ use of undeclared type `MyScene`
[INFO] [stdout] 
[INFO] [stdout] error: aborting due to 3 previous errors
[INFO] [stdout] 
[INFO] [stdout] Some errors have detailed explanations: E0412, E0433.
[INFO] [stdout] For more information about an error, try `rustc --explain E0412`.
[INFO] [stdout] Couldn't compile the test.
[INFO] [stdout] ---- src/lib.rs - (line 105) stdout ----
[INFO] [stdout] error: expected one of `.`, `;`, `?`, `}`, or an operator, found `,`
[INFO] [stdout]  --> src/lib.rs:107:25
[INFO] [stdout]   |
[INFO] [stdout] 5 | rscenes = {version = "*", default-features = false, features = ["ecs", "eyre"]}
[INFO] [stdout]   |                         ^ expected one of `.`, `;`, `?`, `}`, or an operator
[INFO] [stdout] 
[INFO] [stdout] error[E0423]: expected value, found crate `rscenes`
[INFO] [stdout]  --> src/lib.rs:107:1
[INFO] [stdout]   |
[INFO] [stdout] 5 | rscenes = {version = "*", default-features = false, features = ["ecs", "eyre"]}
[INFO] [stdout]   | ^^^^^^^
[INFO] [stdout]   |
[INFO] [stdout] help: you might have meant to introduce a new binding
[INFO] [stdout]   |
[INFO] [stdout] 5 | let rscenes = {version = "*", default-features = false, features = ["ecs", "eyre"]}
[INFO] [stdout]   | +++
[INFO] [stdout] 
[INFO] [stdout] error: aborting due to 2 previous errors
[INFO] [stdout] 
[INFO] [stdout] For more information about this error, try `rustc --explain E0423`.
[INFO] [stdout] Couldn't compile the test.
[INFO] [stdout] ---- src/lib.rs - (line 99) stdout ----
[INFO] [stdout] error: expected one of `.`, `;`, `?`, `}`, or an operator, found `,`
[INFO] [stdout]  --> src/lib.rs:101:25
[INFO] [stdout]   |
[INFO] [stdout] 5 | rscenes = {version = "*", default-features = false, features = ["eyre"]}
[INFO] [stdout]   |                         ^ expected one of `.`, `;`, `?`, `}`, or an operator
[INFO] [stdout] 
[INFO] [stdout] error[E0423]: expected value, found crate `rscenes`
[INFO] [stdout]  --> src/lib.rs:101:1
[INFO] [stdout]   |
[INFO] [stdout] 5 | rscenes = {version = "*", default-features = false, features = ["eyre"]}
[INFO] [stdout]   | ^^^^^^^
[INFO] [stdout]   |
[INFO] [stdout] help: you might have meant to introduce a new binding
[INFO] [stdout]   |
[INFO] [stdout] 5 | let rscenes = {version = "*", default-features = false, features = ["eyre"]}
[INFO] [stdout]   | +++
[INFO] [stdout] 
[INFO] [stdout] error: aborting due to 2 previous errors
[INFO] [stdout] 
[INFO] [stdout] For more information about this error, try `rustc --explain E0423`.
[INFO] [stdout] Couldn't compile the test.
[INFO] [stdout] ---- src/lib.rs - (line 40) stdout ----
[INFO] [stdout] error[E0405]: cannot find trait `Scene` in this scope
[INFO] [stdout]  --> src/lib.rs:44:6
[INFO] [stdout]   |
[INFO] [stdout] 6 | impl Scene<Option<Font>> for MyScene {
[INFO] [stdout]   |      ^^^^^ not found in this scope
[INFO] [stdout]   |
[INFO] [stdout] help: consider importing this trait
[INFO] [stdout]   |
[INFO] [stdout] 2 + use rscenes::prelude::Scene;
[INFO] [stdout]   |
[INFO] [stdout] 
[INFO] [stdout] error[E0412]: cannot find type `Font` in this scope
[INFO] [stdout]  --> src/lib.rs:44:19
[INFO] [stdout]   |
[INFO] [stdout] 6 | impl Scene<Option<Font>> for MyScene {
[INFO] [stdout]   |                   ^^^^ not found in this scope
[INFO] [stdout]   |
[INFO] [stdout] help: consider importing one of these items
[INFO] [stdout]   |
[INFO] [stdout] 2 + use raylib::ffi::Font;
[INFO] [stdout]   |
[INFO] [stdout] 2 + use raylib::text::Font;
[INFO] [stdout]   |
[INFO] [stdout] 2 + use rscenes::prelude::Font;
[INFO] [stdout]   |
[INFO] [stdout] 2 + use rscenes::prelude::ffi::Font;
[INFO] [stdout]   |
[INFO] [stdout] 
[INFO] [stdout] error[E0412]: cannot find type `RaylibHandle` in this scope
[INFO] [stdout]  --> src/lib.rs:45:37
[INFO] [stdout]   |
[INFO] [stdout] 7 |     fn init(&mut self, handle: &mut RaylibHandle, thread: &RaylibThread) -> anyhow::Result<()> {
[INFO] [stdout]   |                                     ^^^^^^^^^^^^ not found in this scope
[INFO] [stdout]   |
[INFO] [stdout] help: consider importing one of these items
[INFO] [stdout]   |
[INFO] [stdout] 2 + use raylib::RaylibHandle;
[INFO] [stdout]   |
[INFO] [stdout] 2 + use rscenes::prelude::RaylibHandle;
[INFO] [stdout]   |
[INFO] [stdout] 
[INFO] [stdout] error[E0412]: cannot find type `RaylibThread` in this scope
[INFO] [stdout]  --> src/lib.rs:45:60
[INFO] [stdout]   |
[INFO] [stdout] 7 |     fn init(&mut self, handle: &mut RaylibHandle, thread: &RaylibThread) -> anyhow::Result<()> {
[INFO] [stdout]   |                                                            ^^^^^^^^^^^^ not found in this scope
[INFO] [stdout]   |
[INFO] [stdout] help: consider importing one of these items
[INFO] [stdout]   |
[INFO] [stdout] 2 + use raylib::RaylibThread;
[INFO] [stdout]   |
[INFO] [stdout] 2 + use rscenes::prelude::RaylibThread;
[INFO] [stdout]   |
[INFO] [stdout] 
[INFO] [stdout] error[E0412]: cannot find type `RaylibHandle` in this scope
[INFO] [stdout]   --> src/lib.rs:52:33
[INFO] [stdout]    |
[INFO] [stdout] 14 |         (handle, thread): (&mut RaylibHandle, &RaylibThread),
[INFO] [stdout]    |                                 ^^^^^^^^^^^^ not found in this scope
[INFO] [stdout]    |
[INFO] [stdout] help: consider importing one of these items
[INFO] [stdout]    |
[INFO] [stdout] 2  + use raylib::RaylibHandle;
[INFO] [stdout]    |
[INFO] [stdout] 2  + use rscenes::prelude::RaylibHandle;
[INFO] [stdout]    |
[INFO] [stdout] 
[INFO] [stdout] error[E0412]: cannot find type `RaylibThread` in this scope
[INFO] [stdout]   --> src/lib.rs:52:48
[INFO] [stdout]    |
[INFO] [stdout] 14 |         (handle, thread): (&mut RaylibHandle, &RaylibThread),
[INFO] [stdout]    |                                                ^^^^^^^^^^^^ not found in this scope
[INFO] [stdout]    |
[INFO] [stdout] help: consider importing one of these items
[INFO] [stdout]    |
[INFO] [stdout] 2  + use raylib::RaylibThread;
[INFO] [stdout]    |
[INFO] [stdout] 2  + use rscenes::prelude::RaylibThread;
[INFO] [stdout]    |
[INFO] [stdout] 
[INFO] [stdout] error[E0412]: cannot find type `Font` in this scope
[INFO] [stdout]   --> src/lib.rs:54:32
[INFO] [stdout]    |
[INFO] [stdout] 16 |         resources: &mut Option<Font>,
[INFO] [stdout]    |                                ^^^^ not found in this scope
[INFO] [stdout]    |
[INFO] [stdout] help: consider importing one of these items
[INFO] [stdout]    |
[INFO] [stdout] 2  + use raylib::ffi::Font;
[INFO] [stdout]    |
[INFO] [stdout] 2  + use raylib::text::Font;
[INFO] [stdout]    |
[INFO] [stdout] 2  + use rscenes::prelude::Font;
[INFO] [stdout]    |
[INFO] [stdout] 2  + use rscenes::prelude::ffi::Font;
[INFO] [stdout]    |
[INFO] [stdout] 
[INFO] [stdout] error[E0412]: cannot find type `State` in this scope
[INFO] [stdout]   --> src/lib.rs:55:25
[INFO] [stdout]    |
[INFO] [stdout] 17 |     ) -> anyhow::Result<State<Option<Font>>> {
[INFO] [stdout]    |                         ^^^^^ not found in this scope
[INFO] [stdout]    |
[INFO] [stdout] help: consider importing this enum
[INFO] [stdout]    |
[INFO] [stdout] 2  + use rscenes::prelude::State;
[INFO] [stdout]    |
[INFO] [stdout] 
[INFO] [stdout] error[E0412]: cannot find type `Font` in this scope
[INFO] [stdout]   --> src/lib.rs:55:38
[INFO] [stdout]    |
[INFO] [stdout] 17 |     ) -> anyhow::Result<State<Option<Font>>> {
[INFO] [stdout]    |                                      ^^^^ not found in this scope
[INFO] [stdout]    |
[INFO] [stdout] help: consider importing one of these items
[INFO] [stdout]    |
[INFO] [stdout] 2  + use raylib::ffi::Font;
[INFO] [stdout]    |
[INFO] [stdout] 2  + use raylib::text::Font;
[INFO] [stdout]    |
[INFO] [stdout] 2  + use rscenes::prelude::Font;
[INFO] [stdout]    |
[INFO] [stdout] 2  + use rscenes::prelude::ffi::Font;
[INFO] [stdout]    |
[INFO] [stdout] 
[INFO] [stdout] error[E0433]: failed to resolve: use of undeclared type `State`
[INFO] [stdout]   --> src/lib.rs:58:12
[INFO] [stdout]    |
[INFO] [stdout] 20 |         Ok(State::Keep)
[INFO] [stdout]    |            ^^^^^ use of undeclared type `State`
[INFO] [stdout]    |
[INFO] [stdout] help: consider importing this enum
[INFO] [stdout]    |
[INFO] [stdout] 2  + use rscenes::prelude::State;
[INFO] [stdout]    |
[INFO] [stdout] 
[INFO] [stdout] error[E0412]: cannot find type `RaylibDrawHandle` in this scope
[INFO] [stdout]   --> src/lib.rs:63:22
[INFO] [stdout]    |
[INFO] [stdout] 25 |         handle: &mut RaylibDrawHandle,
[INFO] [stdout]    |                      ^^^^^^^^^^^^^^^^ not found in this scope
[INFO] [stdout]    |
[INFO] [stdout] help: consider importing one of these items
[INFO] [stdout]    |
[INFO] [stdout] 2  + use raylib::drawing::RaylibDrawHandle;
[INFO] [stdout]    |
[INFO] [stdout] 2  + use rscenes::prelude::RaylibDrawHandle;
[INFO] [stdout]    |
[INFO] [stdout] 
[INFO] [stdout] error[E0412]: cannot find type `Rectangle` in this scope
[INFO] [stdout]   --> src/lib.rs:64:17
[INFO] [stdout]    |
[INFO] [stdout] 26 |         screen: Rectangle,
[INFO] [stdout]    |                 ^^^^^^^^^ not found in this scope
[INFO] [stdout]    |
[INFO] [stdout] help: consider importing one of these items
[INFO] [stdout]    |
[INFO] [stdout] 2  + use raylib::ffi::Rectangle;
[INFO] [stdout]    |
[INFO] [stdout] 2  + use raylib::math::Rectangle;
[INFO] [stdout]    |
[INFO] [stdout] 2  + use rscenes::prelude::Rectangle;
[INFO] [stdout]    |
[INFO] [stdout] 2  + use rscenes::prelude::ffi::Rectangle;
[INFO] [stdout]    |
[INFO] [stdout] 
[INFO] [stdout] error[E0412]: cannot find type `Font` in this scope
[INFO] [stdout]   --> src/lib.rs:65:28
[INFO] [stdout]    |
[INFO] [stdout] 27 |         resources: &Option<Font>,
[INFO] [stdout]    |                            ^^^^ not found in this scope
[INFO] [stdout]    |
[INFO] [stdout] help: consider importing one of these items
[INFO] [stdout]    |
[INFO] [stdout] 2  + use raylib::ffi::Font;
[INFO] [stdout]    |
[INFO] [stdout] 2  + use raylib::text::Font;
[INFO] [stdout]    |
[INFO] [stdout] 2  + use rscenes::prelude::Font;
[INFO] [stdout]    |
[INFO] [stdout] 2  + use rscenes::prelude::ffi::Font;
[INFO] [stdout]    |
[INFO] [stdout] 
[INFO] [stdout] error: aborting due to 13 previous errors
[INFO] [stdout] 
[INFO] [stdout] Some errors have detailed explanations: E0405, E0412, E0433.
[INFO] [stdout] For more information about an error, try `rustc --explain E0405`.
[INFO] [stdout] Couldn't compile the test.
[INFO] [stdout] 
[INFO] [stdout] failures:
[INFO] [stdout]     src/lib.rs - (line 105)
[INFO] [stdout]     src/lib.rs - (line 13)
[INFO] [stdout]     src/lib.rs - (line 19)
[INFO] [stdout]     src/lib.rs - (line 40)
[INFO] [stdout]     src/lib.rs - (line 92)
[INFO] [stdout]     src/lib.rs - (line 99)
[INFO] [stdout] 
[INFO] [stdout] test result: FAILED. 0 passed; 6 failed; 0 ignored; 0 measured; 0 filtered out; finished in 0.04s
[INFO] [stdout] 
[INFO] [stderr] error: doctest failed, to rerun pass `--doc`
[INFO] running `Command { std: "docker" "inspect" "5e9b761082ce3f78a9b49aeecf34286f703b9cec6ddd3f038d8b7275ff089bd6", kill_on_drop: false }`
[INFO] running `Command { std: "docker" "rm" "-f" "5e9b761082ce3f78a9b49aeecf34286f703b9cec6ddd3f038d8b7275ff089bd6", kill_on_drop: false }`
[INFO] [stdout] 5e9b761082ce3f78a9b49aeecf34286f703b9cec6ddd3f038d8b7275ff089bd6
