[INFO] fetching crate rsbadges 1.1.5...
[INFO] testing rsbadges-1.1.5 against 1.75.0 for beta-1.76-1
[INFO] extracting crate rsbadges 1.1.5 into /workspace/builds/worker-5-tc1/source
[INFO] validating manifest of crates.io crate rsbadges 1.1.5 on toolchain 1.75.0
[INFO] running `Command { std: CARGO_HOME="/workspace/cargo-home" RUSTUP_HOME="/workspace/rustup-home" "/workspace/cargo-home/bin/cargo" "+1.75.0" "metadata" "--manifest-path" "Cargo.toml" "--no-deps", kill_on_drop: false }`
[INFO] started tweaking crates.io crate rsbadges 1.1.5
[INFO] finished tweaking crates.io crate rsbadges 1.1.5
[INFO] tweaked toml for crates.io crate rsbadges 1.1.5 written to /workspace/builds/worker-5-tc1/source/Cargo.toml
[INFO] crate crates.io crate rsbadges 1.1.5 already has a lockfile, it will not be regenerated
[INFO] running `Command { std: CARGO_HOME="/workspace/cargo-home" RUSTUP_HOME="/workspace/rustup-home" "/workspace/cargo-home/bin/cargo" "+1.75.0" "fetch" "--manifest-path" "Cargo.toml", kill_on_drop: false }`
[INFO] [stderr]  Downloading crates ...
[INFO] [stderr]   Downloaded askama v0.12.0
[INFO] [stderr]   Downloaded askama_derive v0.12.1
[INFO] [stderr]   Downloaded syn v2.0.17
[INFO] [stderr]   Downloaded css-color v0.2.4
[INFO] running `Command { std: "docker" "create" "-v" "/var/lib/crater-agent-workspace/builds/worker-5-tc1/target:/opt/rustwide/target:rw,Z" "-v" "/var/lib/crater-agent-workspace/builds/worker-5-tc1/source:/opt/rustwide/workdir:ro,Z" "-v" "/var/lib/crater-agent-workspace/cargo-home:/opt/rustwide/cargo-home:ro,Z" "-v" "/var/lib/crater-agent-workspace/rustup-home:/opt/rustwide/rustup-home:ro,Z" "-e" "SOURCE_DIR=/opt/rustwide/workdir" "-e" "CARGO_TARGET_DIR=/opt/rustwide/target" "-e" "CARGO_HOME=/opt/rustwide/cargo-home" "-e" "RUSTUP_HOME=/opt/rustwide/rustup-home" "-w" "/opt/rustwide/workdir" "-m" "1610612736" "--user" "0:0" "--network" "none" "ghcr.io/rust-lang/crates-build-env/linux@sha256:2788e3201cd34a07e3172128adcd8b3090168a8e3bcc40d7c032b9dda1df7d1c" "/opt/rustwide/cargo-home/bin/cargo" "+1.75.0" "metadata" "--no-deps" "--format-version=1", kill_on_drop: false }`
[INFO] [stdout] 300714da6508876a8ae7b4d181cce13678ea47bef0c118f6f8b46e47db97c19f
[INFO] running `Command { std: "docker" "start" "-a" "300714da6508876a8ae7b4d181cce13678ea47bef0c118f6f8b46e47db97c19f", kill_on_drop: false }`
[INFO] running `Command { std: "docker" "inspect" "300714da6508876a8ae7b4d181cce13678ea47bef0c118f6f8b46e47db97c19f", kill_on_drop: false }`
[INFO] running `Command { std: "docker" "rm" "-f" "300714da6508876a8ae7b4d181cce13678ea47bef0c118f6f8b46e47db97c19f", kill_on_drop: false }`
[INFO] [stdout] 300714da6508876a8ae7b4d181cce13678ea47bef0c118f6f8b46e47db97c19f
[INFO] running `Command { std: "docker" "create" "-v" "/var/lib/crater-agent-workspace/builds/worker-5-tc1/target:/opt/rustwide/target:rw,Z" "-v" "/var/lib/crater-agent-workspace/builds/worker-5-tc1/source:/opt/rustwide/workdir:ro,Z" "-v" "/var/lib/crater-agent-workspace/cargo-home:/opt/rustwide/cargo-home:ro,Z" "-v" "/var/lib/crater-agent-workspace/rustup-home:/opt/rustwide/rustup-home:ro,Z" "-e" "SOURCE_DIR=/opt/rustwide/workdir" "-e" "CARGO_TARGET_DIR=/opt/rustwide/target" "-e" "CARGO_INCREMENTAL=0" "-e" "RUST_BACKTRACE=full" "-e" "RUSTFLAGS=--cap-lints=warn" "-e" "RUSTDOCFLAGS=--cap-lints=warn" "-e" "CARGO_HOME=/opt/rustwide/cargo-home" "-e" "RUSTUP_HOME=/opt/rustwide/rustup-home" "-w" "/opt/rustwide/workdir" "-m" "1610612736" "--user" "0:0" "--network" "none" "ghcr.io/rust-lang/crates-build-env/linux@sha256:2788e3201cd34a07e3172128adcd8b3090168a8e3bcc40d7c032b9dda1df7d1c" "/opt/rustwide/cargo-home/bin/cargo" "+1.75.0" "build" "--frozen" "--message-format=json", kill_on_drop: false }`
[INFO] [stdout] 4c8474e4929719b108973d79800f0eee1112afad145796383baa93d587fd8939
[INFO] running `Command { std: "docker" "start" "-a" "4c8474e4929719b108973d79800f0eee1112afad145796383baa93d587fd8939", kill_on_drop: false }`
[INFO] [stderr]    Compiling libc v0.2.132
[INFO] [stderr]    Compiling proc-macro2 v1.0.59
[INFO] [stderr]    Compiling quote v1.0.28
[INFO] [stderr]    Compiling unicode-ident v1.0.3
[INFO] [stderr]    Compiling cc v1.0.73
[INFO] [stderr]    Compiling syn v1.0.99
[INFO] [stderr]    Compiling version_check v0.9.4
[INFO] [stderr]    Compiling untrusted v0.7.1
[INFO] [stderr]    Compiling tinyvec_macros v0.1.0
[INFO] [stderr]    Compiling spin v0.5.2
[INFO] [stderr]    Compiling serde_derive v1.0.144
[INFO] [stderr]    Compiling once_cell v1.13.1
[INFO] [stderr]    Compiling tinyvec v1.6.0
[INFO] [stderr]    Compiling unicase v2.6.0
[INFO] [stderr]    Compiling percent-encoding v2.1.0
[INFO] [stderr]    Compiling log v0.4.17
[INFO] [stderr]    Compiling serde v1.0.144
[INFO] [stderr]    Compiling memchr v2.5.0
[INFO] [stderr]    Compiling matches v0.1.9
[INFO] [stderr]    Compiling crc32fast v1.3.2
[INFO] [stderr]    Compiling mime_guess v2.0.4
[INFO] [stderr]    Compiling unicode-bidi v0.3.8
[INFO] [stderr]    Compiling libm v0.2.7
[INFO] [stderr]    Compiling ring v0.16.20
[INFO] [stderr]    Compiling getrandom v0.2.7
[INFO] [stderr]    Compiling num-traits v0.2.15
[INFO] [stderr]    Compiling unicode-normalization v0.1.21
[INFO] [stderr]    Compiling form_urlencoded v1.0.1
[INFO] [stderr]    Compiling minimal-lexical v0.2.1
[INFO] [stderr]    Compiling adler v1.0.2
[INFO] [stderr]    Compiling mime v0.3.16
[INFO] [stderr]    Compiling rustls v0.20.6
[INFO] [stderr]    Compiling idna v0.2.3
[INFO] [stderr]    Compiling nom v7.1.1
[INFO] [stderr]    Compiling miniz_oxide v0.5.3
[INFO] [stderr]    Compiling rand_core v0.6.3
[INFO] [stderr]    Compiling url v2.2.2
[INFO] [stderr]    Compiling syn v2.0.17
[INFO] [stderr]    Compiling ppv-lite86 v0.2.16
[INFO] [stderr]    Compiling ttf-parser v0.6.2
[INFO] [stderr]    Compiling humansize v2.1.3
[INFO] [stderr]    Compiling rand_chacha v0.3.1
[INFO] [stderr]    Compiling flate2 v1.0.24
[INFO] [stderr]    Compiling base64 v0.13.0
[INFO] [stderr]    Compiling owned_ttf_parser v0.6.0
[INFO] [stderr]    Compiling home v0.5.5
[INFO] [stderr]    Compiling ab_glyph_rasterizer v0.1.5
[INFO] [stderr]    Compiling askama_escape v0.10.3
[INFO] [stderr]    Compiling unicode-width v0.1.9
[INFO] [stderr]    Compiling thiserror-impl v1.0.32
[INFO] [stderr]    Compiling getopts v0.2.21
[INFO] [stderr]    Compiling rusttype v0.9.2
[INFO] [stderr]    Compiling webbrowser v0.8.10
[INFO] [stderr]    Compiling rand v0.8.5
[INFO] [stderr]    Compiling css-color v0.2.4
[INFO] [stderr]    Compiling base64 v0.21.2
[INFO] [stderr]    Compiling webpki v0.22.0
[INFO] [stderr]    Compiling sct v0.7.0
[INFO] [stderr]    Compiling webpki-roots v0.22.4
[INFO] [stderr]    Compiling thiserror v1.0.32
[INFO] [stderr]    Compiling ureq v2.6.2
[INFO] [stderr]    Compiling basic-toml v0.1.2
[INFO] [stderr]    Compiling askama_derive v0.12.1
[INFO] [stderr]    Compiling askama v0.12.0
[INFO] [stderr]    Compiling rsbadges v1.1.5 (/opt/rustwide/workdir)
[INFO] [stderr]     Finished dev [unoptimized + debuginfo] target(s) in 14.85s
[INFO] running `Command { std: "docker" "inspect" "4c8474e4929719b108973d79800f0eee1112afad145796383baa93d587fd8939", kill_on_drop: false }`
[INFO] running `Command { std: "docker" "rm" "-f" "4c8474e4929719b108973d79800f0eee1112afad145796383baa93d587fd8939", kill_on_drop: false }`
[INFO] [stdout] 4c8474e4929719b108973d79800f0eee1112afad145796383baa93d587fd8939
[INFO] running `Command { std: "docker" "create" "-v" "/var/lib/crater-agent-workspace/builds/worker-5-tc1/target:/opt/rustwide/target:rw,Z" "-v" "/var/lib/crater-agent-workspace/builds/worker-5-tc1/source:/opt/rustwide/workdir:ro,Z" "-v" "/var/lib/crater-agent-workspace/cargo-home:/opt/rustwide/cargo-home:ro,Z" "-v" "/var/lib/crater-agent-workspace/rustup-home:/opt/rustwide/rustup-home:ro,Z" "-e" "SOURCE_DIR=/opt/rustwide/workdir" "-e" "CARGO_TARGET_DIR=/opt/rustwide/target" "-e" "CARGO_INCREMENTAL=0" "-e" "RUST_BACKTRACE=full" "-e" "RUSTFLAGS=--cap-lints=warn" "-e" "RUSTDOCFLAGS=--cap-lints=warn" "-e" "CARGO_HOME=/opt/rustwide/cargo-home" "-e" "RUSTUP_HOME=/opt/rustwide/rustup-home" "-w" "/opt/rustwide/workdir" "-m" "1610612736" "--user" "0:0" "--network" "none" "ghcr.io/rust-lang/crates-build-env/linux@sha256:2788e3201cd34a07e3172128adcd8b3090168a8e3bcc40d7c032b9dda1df7d1c" "/opt/rustwide/cargo-home/bin/cargo" "+1.75.0" "test" "--frozen" "--no-run" "--message-format=json", kill_on_drop: false }`
[INFO] [stdout] 66afd6b1b4137418fc73502125bd78d7c76c99570afd7259d2e54cfd49f79ff8
[INFO] running `Command { std: "docker" "start" "-a" "66afd6b1b4137418fc73502125bd78d7c76c99570afd7259d2e54cfd49f79ff8", kill_on_drop: false }`
[INFO] [stderr]    Compiling rsbadges v1.1.5 (/opt/rustwide/workdir)
[INFO] [stderr]     Finished test [unoptimized + debuginfo] target(s) in 1.96s
[INFO] running `Command { std: "docker" "inspect" "66afd6b1b4137418fc73502125bd78d7c76c99570afd7259d2e54cfd49f79ff8", kill_on_drop: false }`
[INFO] running `Command { std: "docker" "rm" "-f" "66afd6b1b4137418fc73502125bd78d7c76c99570afd7259d2e54cfd49f79ff8", kill_on_drop: false }`
[INFO] [stdout] 66afd6b1b4137418fc73502125bd78d7c76c99570afd7259d2e54cfd49f79ff8
[INFO] running `Command { std: "docker" "create" "-v" "/var/lib/crater-agent-workspace/builds/worker-5-tc1/target:/opt/rustwide/target:rw,Z" "-v" "/var/lib/crater-agent-workspace/builds/worker-5-tc1/source:/opt/rustwide/workdir:ro,Z" "-v" "/var/lib/crater-agent-workspace/cargo-home:/opt/rustwide/cargo-home:ro,Z" "-v" "/var/lib/crater-agent-workspace/rustup-home:/opt/rustwide/rustup-home:ro,Z" "-e" "SOURCE_DIR=/opt/rustwide/workdir" "-e" "CARGO_TARGET_DIR=/opt/rustwide/target" "-e" "CARGO_INCREMENTAL=0" "-e" "RUST_BACKTRACE=full" "-e" "RUSTFLAGS=--cap-lints=warn" "-e" "RUSTDOCFLAGS=--cap-lints=warn" "-e" "CARGO_HOME=/opt/rustwide/cargo-home" "-e" "RUSTUP_HOME=/opt/rustwide/rustup-home" "-w" "/opt/rustwide/workdir" "-m" "1610612736" "--user" "0:0" "--network" "none" "ghcr.io/rust-lang/crates-build-env/linux@sha256:2788e3201cd34a07e3172128adcd8b3090168a8e3bcc40d7c032b9dda1df7d1c" "/opt/rustwide/cargo-home/bin/cargo" "+1.75.0" "test" "--frozen", kill_on_drop: false }`
[INFO] [stdout] 7eb23f9184e6dc9a740948ae5f319bc53010c430b2c1f80d0b6f7d5205128097
[INFO] running `Command { std: "docker" "start" "-a" "7eb23f9184e6dc9a740948ae5f319bc53010c430b2c1f80d0b6f7d5205128097", kill_on_drop: false }`
[INFO] [stderr]     Finished test [unoptimized + debuginfo] target(s) in 0.07s
[INFO] [stderr]      Running unittests src/lib.rs (/opt/rustwide/target/debug/deps/rsbadges-be0011851a1e938a)
[INFO] [stdout] 
[INFO] [stdout] running 0 tests
[INFO] [stdout] 
[INFO] [stdout] test result: ok. 0 passed; 0 failed; 0 ignored; 0 measured; 0 filtered out; finished in 0.00s
[INFO] [stdout] 
[INFO] [stderr]      Running unittests src/main.rs (/opt/rustwide/target/debug/deps/rsbadges-f2a90db59737cae1)
[INFO] [stdout] 
[INFO] [stdout] running 0 tests
[INFO] [stdout] 
[INFO] [stdout] test result: ok. 0 passed; 0 failed; 0 ignored; 0 measured; 0 filtered out; finished in 0.00s
[INFO] [stdout] 
[INFO] [stderr]      Running tests/badge_errors.rs (/opt/rustwide/target/debug/deps/badge_errors-cfc2f9bf5b965781)
[INFO] [stdout] 
[INFO] [stdout] running 2 tests
[INFO] [stdout] test error_cannot_embed_logo ... ok
[INFO] [stdout] test error_color_not_valid ... ok
[INFO] [stdout] 
[INFO] [stdout] test result: ok. 2 passed; 0 failed; 0 ignored; 0 measured; 0 filtered out; finished in 0.00s
[INFO] [stdout] 
[INFO] [stderr]      Running tests/badge_generator.rs (/opt/rustwide/target/debug/deps/badge_generator-f17299e61ba39719)
[INFO] [stdout] 
[INFO] [stdout] running 10 tests
[INFO] [stdout] test create_badge_embed_logo_local_src ... ok
[INFO] [stdout] test create_badge_metal ... ok
[INFO] [stdout] test create_badge_arabic_characters ... ok
[INFO] [stdout] test create_badge_chinese_characters ... ok
[INFO] [stdout] test create_badge_with_logo_local ... ok
[INFO] [stdout] test create_badge_badge_link ... ok
[INFO] [stdout] test create_badge_with_separate_label_msg_links ... ok
[INFO] [stdout] test create_badge_with_logo ... ok
[INFO] [stdout] test create_badges_with_all_fields_populated ... ok
[INFO] [stdout] test create_badge_embed_logo ... FAILED
[INFO] [stdout] 
[INFO] [stdout] failures:
[INFO] [stdout] 
[INFO] [stdout] ---- create_badge_embed_logo stdout ----
[INFO] [stdout] thread 'create_badge_embed_logo' panicked at tests/badge_generator.rs:129:23:
[INFO] [stdout] internal error: entered unreachable code
[INFO] [stdout] stack backtrace:
[INFO] [stdout]    0:     0x5638638d2a3c - std::backtrace_rs::backtrace::libunwind::trace::ha637c64ce894333a
[INFO] [stdout]                                at /rustc/82e1608dfa6e0b5569232559e3d385fea5a93112/library/std/src/../../backtrace/src/backtrace/libunwind.rs:104:5
[INFO] [stdout]    1:     0x5638638d2a3c - std::backtrace_rs::backtrace::trace_unsynchronized::h47f62dea28e0c88d
[INFO] [stdout]                                at /rustc/82e1608dfa6e0b5569232559e3d385fea5a93112/library/std/src/../../backtrace/src/backtrace/mod.rs:66:5
[INFO] [stdout]    2:     0x5638638d2a3c - std::sys_common::backtrace::_print_fmt::h9eef0abe20ede486
[INFO] [stdout]                                at /rustc/82e1608dfa6e0b5569232559e3d385fea5a93112/library/std/src/sys_common/backtrace.rs:67:5
[INFO] [stdout]    3:     0x5638638d2a3c - <std::sys_common::backtrace::_print::DisplayBacktrace as core::fmt::Display>::fmt::hed7f999df88cc644
[INFO] [stdout]                                at /rustc/82e1608dfa6e0b5569232559e3d385fea5a93112/library/std/src/sys_common/backtrace.rs:44:22
[INFO] [stdout]    4:     0x563863901370 - core::fmt::rt::Argument::fmt::h1539a9308b8d058d
[INFO] [stdout]                                at /rustc/82e1608dfa6e0b5569232559e3d385fea5a93112/library/core/src/fmt/rt.rs:142:9
[INFO] [stdout]    5:     0x563863901370 - core::fmt::write::h3a39390d8560d9c9
[INFO] [stdout]                                at /rustc/82e1608dfa6e0b5569232559e3d385fea5a93112/library/core/src/fmt/mod.rs:1120:17
[INFO] [stdout]    6:     0x5638638cf28f - std::io::Write::write_fmt::h040b369f3a0f9cbc
[INFO] [stdout]                                at /rustc/82e1608dfa6e0b5569232559e3d385fea5a93112/library/std/src/io/mod.rs:1762:15
[INFO] [stdout]    7:     0x5638638d2824 - std::sys_common::backtrace::_print::h894006fb5c6f3d45
[INFO] [stdout]                                at /rustc/82e1608dfa6e0b5569232559e3d385fea5a93112/library/std/src/sys_common/backtrace.rs:47:5
[INFO] [stdout]    8:     0x5638638d2824 - std::sys_common::backtrace::print::h23a2d212c6fff936
[INFO] [stdout]                                at /rustc/82e1608dfa6e0b5569232559e3d385fea5a93112/library/std/src/sys_common/backtrace.rs:34:9
[INFO] [stdout]    9:     0x5638638d44e7 - std::panicking::default_hook::{{closure}}::h8a1d2ee00185001a
[INFO] [stdout]   10:     0x5638638d41d3 - std::panicking::default_hook::h6038f2eba384e475
[INFO] [stdout]                                at /rustc/82e1608dfa6e0b5569232559e3d385fea5a93112/library/std/src/panicking.rs:289:9
[INFO] [stdout]   11:     0x56386360a317 - <alloc::boxed::Box<F,A> as core::ops::function::Fn<Args>>::call::h0ad024c9bdc6d768
[INFO] [stdout]                                at /rustc/82e1608dfa6e0b5569232559e3d385fea5a93112/library/alloc/src/boxed.rs:2021:9
[INFO] [stdout]   12:     0x56386360a317 - test::test_main::{{closure}}::h7500b54257359db6
[INFO] [stdout]                                at /rustc/82e1608dfa6e0b5569232559e3d385fea5a93112/library/test/src/lib.rs:138:21
[INFO] [stdout]   13:     0x5638638d4af8 - <alloc::boxed::Box<F,A> as core::ops::function::Fn<Args>>::call::h1f8f335eaa9cfaee
[INFO] [stdout]                                at /rustc/82e1608dfa6e0b5569232559e3d385fea5a93112/library/alloc/src/boxed.rs:2021:9
[INFO] [stdout]   14:     0x5638638d4af8 - std::panicking::rust_panic_with_hook::h2b5517d590cab22e
[INFO] [stdout]                                at /rustc/82e1608dfa6e0b5569232559e3d385fea5a93112/library/std/src/panicking.rs:783:13
[INFO] [stdout]   15:     0x5638638d4819 - std::panicking::begin_panic_handler::{{closure}}::h233112c06e0ef43e
[INFO] [stdout]                                at /rustc/82e1608dfa6e0b5569232559e3d385fea5a93112/library/std/src/panicking.rs:649:13
[INFO] [stdout]   16:     0x5638638d2f06 - std::sys_common::backtrace::__rust_end_short_backtrace::h6e893f24d7ebbff8
[INFO] [stdout]                                at /rustc/82e1608dfa6e0b5569232559e3d385fea5a93112/library/std/src/sys_common/backtrace.rs:170:18
[INFO] [stdout]   17:     0x5638638d45b2 - rust_begin_unwind
[INFO] [stdout]                                at /rustc/82e1608dfa6e0b5569232559e3d385fea5a93112/library/std/src/panicking.rs:645:5
[INFO] [stdout]   18:     0x5638635ce3a5 - core::panicking::panic_fmt::hbf0e066aabfa482c
[INFO] [stdout]                                at /rustc/82e1608dfa6e0b5569232559e3d385fea5a93112/library/core/src/panicking.rs:72:14
[INFO] [stdout]   19:     0x5638635ce443 - core::panicking::panic::h195fc2a96298d4c3
[INFO] [stdout]                                at /rustc/82e1608dfa6e0b5569232559e3d385fea5a93112/library/core/src/panicking.rs:127:5
[INFO] [stdout]   20:     0x5638635d3b03 - badge_generator::create_badge_embed_logo::ha5ed3dd3050366cb
[INFO] [stdout]                                at /opt/rustwide/workdir/tests/badge_generator.rs:129:23
[INFO] [stdout]   21:     0x5638635d35a7 - badge_generator::create_badge_embed_logo::{{closure}}::h25b3cb484b375595
[INFO] [stdout]                                at /opt/rustwide/workdir/tests/badge_generator.rs:118:29
[INFO] [stdout]   22:     0x5638635cf706 - core::ops::function::FnOnce::call_once::ha933f2d310eef3e1
[INFO] [stdout]                                at /rustc/82e1608dfa6e0b5569232559e3d385fea5a93112/library/core/src/ops/function.rs:250:5
[INFO] [stdout]   23:     0x56386360f96f - core::ops::function::FnOnce::call_once::h2b5d431d5046312d
[INFO] [stdout]                                at /rustc/82e1608dfa6e0b5569232559e3d385fea5a93112/library/core/src/ops/function.rs:250:5
[INFO] [stdout]   24:     0x56386360f96f - test::__rust_begin_short_backtrace::h7714669af176e207
[INFO] [stdout]                                at /rustc/82e1608dfa6e0b5569232559e3d385fea5a93112/library/test/src/lib.rs:628:18
[INFO] [stdout]   25:     0x56386360e985 - test::run_test_in_process::{{closure}}::h85218797dcbcec12
[INFO] [stdout]                                at /rustc/82e1608dfa6e0b5569232559e3d385fea5a93112/library/test/src/lib.rs:651:60
[INFO] [stdout]   26:     0x56386360e985 - <core::panic::unwind_safe::AssertUnwindSafe<F> as core::ops::function::FnOnce<()>>::call_once::h76c106ea31c14d7b
[INFO] [stdout]                                at /rustc/82e1608dfa6e0b5569232559e3d385fea5a93112/library/core/src/panic/unwind_safe.rs:272:9
[INFO] [stdout]   27:     0x56386360e985 - std::panicking::try::do_call::h3bd5d0f6620ee946
[INFO] [stdout]                                at /rustc/82e1608dfa6e0b5569232559e3d385fea5a93112/library/std/src/panicking.rs:552:40
[INFO] [stdout]   28:     0x56386360e985 - std::panicking::try::h232e535e4744fe31
[INFO] [stdout]                                at /rustc/82e1608dfa6e0b5569232559e3d385fea5a93112/library/std/src/panicking.rs:516:19
[INFO] [stdout]   29:     0x56386360e985 - std::panic::catch_unwind::h3ce3bd6ca8dbac68
[INFO] [stdout]                                at /rustc/82e1608dfa6e0b5569232559e3d385fea5a93112/library/std/src/panic.rs:142:14
[INFO] [stdout]   30:     0x56386360e985 - test::run_test_in_process::hc97b257c9621286a
[INFO] [stdout]                                at /rustc/82e1608dfa6e0b5569232559e3d385fea5a93112/library/test/src/lib.rs:651:27
[INFO] [stdout]   31:     0x56386360e985 - test::run_test::{{closure}}::h2aa798823a438d38
[INFO] [stdout]                                at /rustc/82e1608dfa6e0b5569232559e3d385fea5a93112/library/test/src/lib.rs:574:43
[INFO] [stdout]   32:     0x5638635d6c46 - test::run_test::{{closure}}::h87d231c78fb59832
[INFO] [stdout]                                at /rustc/82e1608dfa6e0b5569232559e3d385fea5a93112/library/test/src/lib.rs:602:41
[INFO] [stdout]   33:     0x5638635d6c46 - std::sys_common::backtrace::__rust_begin_short_backtrace::he6df152596625789
[INFO] [stdout]                                at /rustc/82e1608dfa6e0b5569232559e3d385fea5a93112/library/std/src/sys_common/backtrace.rs:154:18
[INFO] [stdout]   34:     0x5638635dbcf7 - std::thread::Builder::spawn_unchecked_::{{closure}}::{{closure}}::ha94be15d1e0acf36
[INFO] [stdout]                                at /rustc/82e1608dfa6e0b5569232559e3d385fea5a93112/library/std/src/thread/mod.rs:529:17
[INFO] [stdout]   35:     0x5638635dbcf7 - <core::panic::unwind_safe::AssertUnwindSafe<F> as core::ops::function::FnOnce<()>>::call_once::h9dc6bd6372f16606
[INFO] [stdout]                                at /rustc/82e1608dfa6e0b5569232559e3d385fea5a93112/library/core/src/panic/unwind_safe.rs:272:9
[INFO] [stdout]   36:     0x5638635dbcf7 - std::panicking::try::do_call::h9057517f80303cd4
[INFO] [stdout]                                at /rustc/82e1608dfa6e0b5569232559e3d385fea5a93112/library/std/src/panicking.rs:552:40
[INFO] [stdout]   37:     0x5638635dbcf7 - std::panicking::try::he3a30b11ee45340c
[INFO] [stdout]                                at /rustc/82e1608dfa6e0b5569232559e3d385fea5a93112/library/std/src/panicking.rs:516:19
[INFO] [stdout]   38:     0x5638635dbcf7 - std::panic::catch_unwind::h410458cfd3528b8b
[INFO] [stdout]                                at /rustc/82e1608dfa6e0b5569232559e3d385fea5a93112/library/std/src/panic.rs:142:14
[INFO] [stdout]   39:     0x5638635dbcf7 - std::thread::Builder::spawn_unchecked_::{{closure}}::h72ac3bdb567b737b
[INFO] [stdout]                                at /rustc/82e1608dfa6e0b5569232559e3d385fea5a93112/library/std/src/thread/mod.rs:528:30
[INFO] [stdout]   40:     0x5638635dbcf7 - core::ops::function::FnOnce::call_once{{vtable.shim}}::h38f34da3654a8344
[INFO] [stdout]                                at /rustc/82e1608dfa6e0b5569232559e3d385fea5a93112/library/core/src/ops/function.rs:250:5
[INFO] [stdout]   41:     0x5638638d9615 - <alloc::boxed::Box<F,A> as core::ops::function::FnOnce<Args>>::call_once::hc7eafaff61e32df9
[INFO] [stdout]                                at /rustc/82e1608dfa6e0b5569232559e3d385fea5a93112/library/alloc/src/boxed.rs:2007:9
[INFO] [stdout]   42:     0x5638638d9615 - <alloc::boxed::Box<F,A> as core::ops::function::FnOnce<Args>>::call_once::h6ba4a5de48dd2304
[INFO] [stdout]                                at /rustc/82e1608dfa6e0b5569232559e3d385fea5a93112/library/alloc/src/boxed.rs:2007:9
[INFO] [stdout]   43:     0x5638638d9615 - std::sys::unix::thread::Thread::new::thread_start::he469335aef763e45
[INFO] [stdout]                                at /rustc/82e1608dfa6e0b5569232559e3d385fea5a93112/library/std/src/sys/unix/thread.rs:108:17
[INFO] [stdout]   44:     0x7fc176fd0ac3 - <unknown>
[INFO] [stdout]   45:     0x7fc177061bf4 - __clone
[INFO] [stdout]   46:                0x0 - <unknown>
[INFO] [stdout] 
[INFO] [stdout] 
[INFO] [stdout] failures:
[INFO] [stdout]     create_badge_embed_logo
[INFO] [stdout] 
[INFO] [stdout] test result: FAILED. 9 passed; 1 failed; 0 ignored; 0 measured; 0 filtered out; finished in 0.06s
[INFO] [stdout] 
[INFO] [stderr] error: test failed, to rerun pass `--test badge_generator`
[INFO] running `Command { std: "docker" "inspect" "7eb23f9184e6dc9a740948ae5f319bc53010c430b2c1f80d0b6f7d5205128097", kill_on_drop: false }`
[INFO] running `Command { std: "docker" "rm" "-f" "7eb23f9184e6dc9a740948ae5f319bc53010c430b2c1f80d0b6f7d5205128097", kill_on_drop: false }`
[INFO] [stdout] 7eb23f9184e6dc9a740948ae5f319bc53010c430b2c1f80d0b6f7d5205128097
