[INFO] fetching crate rsasl 2.0.0...
[INFO] testing rsasl-2.0.0 against 1.75.0 for beta-1.76-1
[INFO] extracting crate rsasl 2.0.0 into /workspace/builds/worker-5-tc1/source
[INFO] validating manifest of crates.io crate rsasl 2.0.0 on toolchain 1.75.0
[INFO] running `Command { std: CARGO_HOME="/workspace/cargo-home" RUSTUP_HOME="/workspace/rustup-home" "/workspace/cargo-home/bin/cargo" "+1.75.0" "metadata" "--manifest-path" "Cargo.toml" "--no-deps", kill_on_drop: false }`
[INFO] started tweaking crates.io crate rsasl 2.0.0
[INFO] removed 0 missing examples
[INFO] finished tweaking crates.io crate rsasl 2.0.0
[INFO] tweaked toml for crates.io crate rsasl 2.0.0 written to /workspace/builds/worker-5-tc1/source/Cargo.toml
[INFO] crate crates.io crate rsasl 2.0.0 already has a lockfile, it will not be regenerated
[INFO] running `Command { std: CARGO_HOME="/workspace/cargo-home" RUSTUP_HOME="/workspace/rustup-home" "/workspace/cargo-home/bin/cargo" "+1.75.0" "fetch" "--manifest-path" "Cargo.toml", kill_on_drop: false }`
[INFO] [stderr]     Updating crates.io index
[INFO] [stderr]  Downloading crates ...
[INFO] [stderr]   Downloaded document-features v0.2.6
[INFO] [stderr]   Downloaded acid_io v0.1.0
[INFO] [stderr]   Downloaded libgssapi-sys v0.2.4
[INFO] [stderr]   Downloaded windows v0.29.0
[INFO] [stderr]   Downloaded libgssapi v0.6.3
[INFO] running `Command { std: "docker" "create" "-v" "/var/lib/crater-agent-workspace/builds/worker-5-tc1/target:/opt/rustwide/target:rw,Z" "-v" "/var/lib/crater-agent-workspace/builds/worker-5-tc1/source:/opt/rustwide/workdir:ro,Z" "-v" "/var/lib/crater-agent-workspace/cargo-home:/opt/rustwide/cargo-home:ro,Z" "-v" "/var/lib/crater-agent-workspace/rustup-home:/opt/rustwide/rustup-home:ro,Z" "-e" "SOURCE_DIR=/opt/rustwide/workdir" "-e" "CARGO_TARGET_DIR=/opt/rustwide/target" "-e" "CARGO_HOME=/opt/rustwide/cargo-home" "-e" "RUSTUP_HOME=/opt/rustwide/rustup-home" "-w" "/opt/rustwide/workdir" "-m" "1610612736" "--user" "0:0" "--network" "none" "ghcr.io/rust-lang/crates-build-env/linux@sha256:2788e3201cd34a07e3172128adcd8b3090168a8e3bcc40d7c032b9dda1df7d1c" "/opt/rustwide/cargo-home/bin/cargo" "+1.75.0" "metadata" "--no-deps" "--format-version=1", kill_on_drop: false }`
[INFO] [stdout] d706ee24beacd06e92e5212970c1c16d321d25b0993abd26e441b0ca9f32cbdd
[INFO] running `Command { std: "docker" "start" "-a" "d706ee24beacd06e92e5212970c1c16d321d25b0993abd26e441b0ca9f32cbdd", kill_on_drop: false }`
[INFO] running `Command { std: "docker" "inspect" "d706ee24beacd06e92e5212970c1c16d321d25b0993abd26e441b0ca9f32cbdd", kill_on_drop: false }`
[INFO] running `Command { std: "docker" "rm" "-f" "d706ee24beacd06e92e5212970c1c16d321d25b0993abd26e441b0ca9f32cbdd", kill_on_drop: false }`
[INFO] [stdout] d706ee24beacd06e92e5212970c1c16d321d25b0993abd26e441b0ca9f32cbdd
[INFO] running `Command { std: "docker" "create" "-v" "/var/lib/crater-agent-workspace/builds/worker-5-tc1/target:/opt/rustwide/target:rw,Z" "-v" "/var/lib/crater-agent-workspace/builds/worker-5-tc1/source:/opt/rustwide/workdir:ro,Z" "-v" "/var/lib/crater-agent-workspace/cargo-home:/opt/rustwide/cargo-home:ro,Z" "-v" "/var/lib/crater-agent-workspace/rustup-home:/opt/rustwide/rustup-home:ro,Z" "-e" "SOURCE_DIR=/opt/rustwide/workdir" "-e" "CARGO_TARGET_DIR=/opt/rustwide/target" "-e" "CARGO_INCREMENTAL=0" "-e" "RUST_BACKTRACE=full" "-e" "RUSTFLAGS=--cap-lints=warn" "-e" "RUSTDOCFLAGS=--cap-lints=warn" "-e" "CARGO_HOME=/opt/rustwide/cargo-home" "-e" "RUSTUP_HOME=/opt/rustwide/rustup-home" "-w" "/opt/rustwide/workdir" "-m" "1610612736" "--user" "0:0" "--network" "none" "ghcr.io/rust-lang/crates-build-env/linux@sha256:2788e3201cd34a07e3172128adcd8b3090168a8e3bcc40d7c032b9dda1df7d1c" "/opt/rustwide/cargo-home/bin/cargo" "+1.75.0" "build" "--frozen" "--message-format=json", kill_on_drop: false }`
[INFO] [stdout] 2144e48bdb4572346d68bb7062e20fbaa3ece44a359ed64a7699794c4426bfba
[INFO] running `Command { std: "docker" "start" "-a" "2144e48bdb4572346d68bb7062e20fbaa3ece44a359ed64a7699794c4426bfba", kill_on_drop: false }`
[INFO] [stderr]    Compiling libc v0.2.133
[INFO] [stderr]    Compiling proc-macro2 v1.0.44
[INFO] [stderr]    Compiling unicode-ident v1.0.4
[INFO] [stderr]    Compiling quote v1.0.21
[INFO] [stderr]    Compiling memchr v2.5.0
[INFO] [stderr]    Compiling typenum v1.15.0
[INFO] [stderr]    Compiling version_check v0.9.4
[INFO] [stderr]    Compiling syn v1.0.101
[INFO] [stderr]    Compiling glob v0.3.1
[INFO] [stderr]    Compiling log v0.4.17
[INFO] [stderr]    Compiling generic-array v0.14.6
[INFO] [stderr]    Compiling regex-syntax v0.6.27
[INFO] [stderr]    Compiling unicode-width v0.1.10
[INFO] [stderr]    Compiling clang-sys v1.4.0
[INFO] [stderr]    Compiling minimal-lexical v0.2.1
[INFO] [stderr]    Compiling textwrap v0.11.0
[INFO] [stderr]    Compiling aho-corasick v0.7.19
[INFO] [stderr]    Compiling atty v0.2.14
[INFO] [stderr]    Compiling nom v7.1.3
[INFO] [stderr]    Compiling libloading v0.7.4
[INFO] [stderr]    Compiling ansi_term v0.12.1
[INFO] [stderr]    Compiling humantime v2.1.0
[INFO] [stderr]    Compiling bitflags v1.3.2
[INFO] [stderr]    Compiling bindgen v0.59.2
[INFO] [stderr]    Compiling either v1.8.1
[INFO] [stderr]    Compiling vec_map v0.8.2
[INFO] [stderr]    Compiling strsim v0.8.0
[INFO] [stderr]    Compiling termcolor v1.1.3
[INFO] [stderr]    Compiling clap v2.34.0
[INFO] [stderr]    Compiling which v4.4.0
[INFO] [stderr]    Compiling crypto-common v0.1.6
[INFO] [stderr]    Compiling block-buffer v0.10.3
[INFO] [stderr]    Compiling lazycell v1.3.0
[INFO] [stderr]    Compiling subtle v2.4.1
[INFO] [stderr]    Compiling regex v1.6.0
[INFO] [stderr]    Compiling rustc-hash v1.1.0
[INFO] [stderr]    Compiling peeking_take_while v0.1.2
[INFO] [stderr]    Compiling shlex v1.1.0
[INFO] [stderr]    Compiling digest v0.10.5
[INFO] [stderr]    Compiling serde_derive v1.0.145
[INFO] [stderr]    Compiling getrandom v0.2.7
[INFO] [stderr]    Compiling tinyvec_macros v0.1.0
[INFO] [stderr]    Compiling serde v1.0.145
[INFO] [stderr]    Compiling tinyvec v1.6.0
[INFO] [stderr]    Compiling cexpr v0.6.0
[INFO] [stderr]    Compiling rand_core v0.6.4
[INFO] [stderr]    Compiling env_logger v0.9.3
[INFO] [stderr]    Compiling thiserror v1.0.37
[INFO] [stderr]    Compiling ppv-lite86 v0.2.16
[INFO] [stderr]    Compiling serde_json v1.0.85
[INFO] [stderr]    Compiling cpufeatures v0.2.5
[INFO] [stderr]    Compiling rand_chacha v0.3.1
[INFO] [stderr]    Compiling thiserror-impl v1.0.37
[INFO] [stderr]    Compiling linkme-impl v0.2.10
[INFO] [stderr]    Compiling unicode-normalization v0.1.22
[INFO] [stderr]    Compiling unicode-bidi v0.3.8
[INFO] [stderr]    Compiling bytes v1.3.0
[INFO] [stderr]    Compiling itoa v1.0.3
[INFO] [stderr]    Compiling byteorder v1.4.3
[INFO] [stderr]    Compiling ryu v1.0.11
[INFO] [stderr]    Compiling acid_io v0.1.0
[INFO] [stderr]    Compiling stringprep v0.1.2
[INFO] [stderr]    Compiling linkme v0.2.10
[INFO] [stderr]    Compiling rand v0.8.5
[INFO] [stderr]    Compiling sha-1 v0.10.0
[INFO] [stderr]    Compiling sha2 v0.10.6
[INFO] [stderr]    Compiling pbkdf2 v0.10.1
[INFO] [stderr]    Compiling hmac v0.12.1
[INFO] [stderr]    Compiling base64 v0.13.0
[INFO] [stderr]    Compiling libgssapi-sys v0.2.4
[INFO] [stderr]    Compiling libgssapi v0.6.3
[INFO] [stderr]    Compiling rsasl v2.0.0 (/opt/rustwide/workdir)
[INFO] [stdout] warning: unused imports: `DemandReply`, `Demand`, `ProviderExt`, `Provider`, `ThisProvider`
[INFO] [stdout]  --> src/mechanism.rs:7:26
[INFO] [stdout]   |
[INFO] [stdout] 7 | pub use crate::context::{Demand, DemandReply, Provider, ProviderExt, ThisProvider};
[INFO] [stdout]   |                          ^^^^^^  ^^^^^^^^^^^  ^^^^^^^^  ^^^^^^^^^^^  ^^^^^^^^^^^^
[INFO] [stdout]   |
[INFO] [stdout]   = note: `#[warn(unused_imports)]` on by default
[INFO] [stdout] 
[INFO] [stdout] 
[INFO] [stdout] warning: unused import: `MechanismErrorKind`
[INFO] [stdout]  --> src/mechanism.rs:8:40
[INFO] [stdout]   |
[INFO] [stdout] 8 | pub use crate::error::{MechanismError, MechanismErrorKind, SessionError};
[INFO] [stdout]   |                                        ^^^^^^^^^^^^^^^^^^
[INFO] [stdout] 
[INFO] [stdout] 
[INFO] [stdout] warning: 2 warnings emitted
[INFO] [stdout] 
[INFO] [stdout] 
[INFO] [stderr]     Finished dev [unoptimized + debuginfo] target(s) in 20.16s
[INFO] running `Command { std: "docker" "inspect" "2144e48bdb4572346d68bb7062e20fbaa3ece44a359ed64a7699794c4426bfba", kill_on_drop: false }`
[INFO] running `Command { std: "docker" "rm" "-f" "2144e48bdb4572346d68bb7062e20fbaa3ece44a359ed64a7699794c4426bfba", kill_on_drop: false }`
[INFO] [stdout] 2144e48bdb4572346d68bb7062e20fbaa3ece44a359ed64a7699794c4426bfba
[INFO] running `Command { std: "docker" "create" "-v" "/var/lib/crater-agent-workspace/builds/worker-5-tc1/target:/opt/rustwide/target:rw,Z" "-v" "/var/lib/crater-agent-workspace/builds/worker-5-tc1/source:/opt/rustwide/workdir:ro,Z" "-v" "/var/lib/crater-agent-workspace/cargo-home:/opt/rustwide/cargo-home:ro,Z" "-v" "/var/lib/crater-agent-workspace/rustup-home:/opt/rustwide/rustup-home:ro,Z" "-e" "SOURCE_DIR=/opt/rustwide/workdir" "-e" "CARGO_TARGET_DIR=/opt/rustwide/target" "-e" "CARGO_INCREMENTAL=0" "-e" "RUST_BACKTRACE=full" "-e" "RUSTFLAGS=--cap-lints=warn" "-e" "RUSTDOCFLAGS=--cap-lints=warn" "-e" "CARGO_HOME=/opt/rustwide/cargo-home" "-e" "RUSTUP_HOME=/opt/rustwide/rustup-home" "-w" "/opt/rustwide/workdir" "-m" "1610612736" "--user" "0:0" "--network" "none" "ghcr.io/rust-lang/crates-build-env/linux@sha256:2788e3201cd34a07e3172128adcd8b3090168a8e3bcc40d7c032b9dda1df7d1c" "/opt/rustwide/cargo-home/bin/cargo" "+1.75.0" "test" "--frozen" "--no-run" "--message-format=json", kill_on_drop: false }`
[INFO] [stdout] d6df3b9ca370346e09f3d4c9fcc017dd94d100b95eabb3291bc3e3dbff21134d
[INFO] running `Command { std: "docker" "start" "-a" "d6df3b9ca370346e09f3d4c9fcc017dd94d100b95eabb3291bc3e3dbff21134d", kill_on_drop: false }`
[INFO] [stderr]    Compiling static_assertions v1.1.0
[INFO] [stdout] warning: unused imports: `DemandReply`, `Demand`, `ProviderExt`, `Provider`, `ThisProvider`
[INFO] [stdout]  --> src/mechanism.rs:7:26
[INFO] [stdout]   |
[INFO] [stdout] 7 | pub use crate::context::{Demand, DemandReply, Provider, ProviderExt, ThisProvider};
[INFO] [stdout]   |                          ^^^^^^  ^^^^^^^^^^^  ^^^^^^^^  ^^^^^^^^^^^  ^^^^^^^^^^^^
[INFO] [stdout]   |
[INFO] [stdout]   = note: `#[warn(unused_imports)]` on by default
[INFO] [stdout] 
[INFO] [stdout] 
[INFO] [stdout] warning: unused import: `MechanismErrorKind`
[INFO] [stdout]  --> src/mechanism.rs:8:40
[INFO] [stdout]   |
[INFO] [stdout] 8 | pub use crate::error::{MechanismError, MechanismErrorKind, SessionError};
[INFO] [stdout]   |                                        ^^^^^^^^^^^^^^^^^^
[INFO] [stdout] 
[INFO] [stdout] 
[INFO] [stdout] warning: 2 warnings emitted
[INFO] [stdout] 
[INFO] [stdout] 
[INFO] [stderr]    Compiling rsasl v2.0.0 (/opt/rustwide/workdir)
[INFO] [stdout] warning: unused imports: `DemandReply`, `Demand`, `ProviderExt`, `Provider`, `ThisProvider`
[INFO] [stdout]  --> src/mechanism.rs:7:26
[INFO] [stdout]   |
[INFO] [stdout] 7 | pub use crate::context::{Demand, DemandReply, Provider, ProviderExt, ThisProvider};
[INFO] [stdout]   |                          ^^^^^^  ^^^^^^^^^^^  ^^^^^^^^  ^^^^^^^^^^^  ^^^^^^^^^^^^
[INFO] [stdout]   |
[INFO] [stdout]   = note: `#[warn(unused_imports)]` on by default
[INFO] [stdout] 
[INFO] [stdout] 
[INFO] [stdout] warning: unused import: `MechanismErrorKind`
[INFO] [stdout]  --> src/mechanism.rs:8:40
[INFO] [stdout]   |
[INFO] [stdout] 8 | pub use crate::error::{MechanismError, MechanismErrorKind, SessionError};
[INFO] [stdout]   |                                        ^^^^^^^^^^^^^^^^^^
[INFO] [stdout] 
[INFO] [stdout] 
[INFO] [stdout] warning: 2 warnings emitted
[INFO] [stdout] 
[INFO] [stdout] 
[INFO] [stderr]     Finished test [unoptimized + debuginfo] target(s) in 1.62s
[INFO] running `Command { std: "docker" "inspect" "d6df3b9ca370346e09f3d4c9fcc017dd94d100b95eabb3291bc3e3dbff21134d", kill_on_drop: false }`
[INFO] running `Command { std: "docker" "rm" "-f" "d6df3b9ca370346e09f3d4c9fcc017dd94d100b95eabb3291bc3e3dbff21134d", kill_on_drop: false }`
[INFO] [stdout] d6df3b9ca370346e09f3d4c9fcc017dd94d100b95eabb3291bc3e3dbff21134d
[INFO] running `Command { std: "docker" "create" "-v" "/var/lib/crater-agent-workspace/builds/worker-5-tc1/target:/opt/rustwide/target:rw,Z" "-v" "/var/lib/crater-agent-workspace/builds/worker-5-tc1/source:/opt/rustwide/workdir:ro,Z" "-v" "/var/lib/crater-agent-workspace/cargo-home:/opt/rustwide/cargo-home:ro,Z" "-v" "/var/lib/crater-agent-workspace/rustup-home:/opt/rustwide/rustup-home:ro,Z" "-e" "SOURCE_DIR=/opt/rustwide/workdir" "-e" "CARGO_TARGET_DIR=/opt/rustwide/target" "-e" "CARGO_INCREMENTAL=0" "-e" "RUST_BACKTRACE=full" "-e" "RUSTFLAGS=--cap-lints=warn" "-e" "RUSTDOCFLAGS=--cap-lints=warn" "-e" "CARGO_HOME=/opt/rustwide/cargo-home" "-e" "RUSTUP_HOME=/opt/rustwide/rustup-home" "-w" "/opt/rustwide/workdir" "-m" "1610612736" "--user" "0:0" "--network" "none" "ghcr.io/rust-lang/crates-build-env/linux@sha256:2788e3201cd34a07e3172128adcd8b3090168a8e3bcc40d7c032b9dda1df7d1c" "/opt/rustwide/cargo-home/bin/cargo" "+1.75.0" "test" "--frozen", kill_on_drop: false }`
[INFO] [stdout] eb1abfb704ddd5b5b85978f5466ab69b8972807ff1c6167e3585c5988248992a
[INFO] running `Command { std: "docker" "start" "-a" "eb1abfb704ddd5b5b85978f5466ab69b8972807ff1c6167e3585c5988248992a", kill_on_drop: false }`
[INFO] [stderr] warning: unused imports: `DemandReply`, `Demand`, `ProviderExt`, `Provider`, `ThisProvider`
[INFO] [stderr]  --> src/mechanism.rs:7:26
[INFO] [stderr]   |
[INFO] [stderr] 7 | pub use crate::context::{Demand, DemandReply, Provider, ProviderExt, ThisProvider};
[INFO] [stderr]   |                          ^^^^^^  ^^^^^^^^^^^  ^^^^^^^^  ^^^^^^^^^^^  ^^^^^^^^^^^^
[INFO] [stderr]   |
[INFO] [stderr]   = note: `#[warn(unused_imports)]` on by default
[INFO] [stderr] 
[INFO] [stderr] warning: unused import: `MechanismErrorKind`
[INFO] [stderr]  --> src/mechanism.rs:8:40
[INFO] [stderr]   |
[INFO] [stderr] 8 | pub use crate::error::{MechanismError, MechanismErrorKind, SessionError};
[INFO] [stderr]   |                                        ^^^^^^^^^^^^^^^^^^
[INFO] [stderr] 
[INFO] [stderr] warning: `rsasl` (lib) generated 2 warnings (run `cargo fix --lib -p rsasl` to apply 2 suggestions)
[INFO] [stderr] warning: `rsasl` (lib test) generated 2 warnings (2 duplicates)
[INFO] [stderr]     Finished test [unoptimized + debuginfo] target(s) in 0.04s
[INFO] [stderr]      Running unittests src/lib.rs (/opt/rustwide/target/debug/deps/rsasl-a0119d4b728e8a0a)
[INFO] [stdout] 
[INFO] [stdout] running 36 tests
[INFO] [stdout] test context::tests::test_thisprovider ... ok
[INFO] [stdout] test mechanisms::anonymous::client::tests::test_with_token ... ok
[INFO] [stdout] test mechanisms::anonymous::client::tests::test_no_token ... ok
[INFO] [stdout] test channel_bindings::tests::test_this_cb ... ok
[INFO] [stdout] test mechanisms::anonymous::server::tests::test_no_input ... ok
[INFO] [stdout] test mechanisms::anonymous::server::tests::test_successful ... ok
[INFO] [stdout] test mechanisms::external::client::tests::test_no_authzid ... ok
[INFO] [stdout] test mechanisms::external::server::tests::test_no_input ... ok
[INFO] [stdout] test mechanisms::anonymous::server::tests::test_weird_utf8 ... ok
[INFO] [stdout] test mechanisms::external::client::tests::test_external ... ok
[INFO] [stdout] test mechanisms::external::server::tests::test_successful ... ok
[INFO] [stdout] test mechanisms::login::client::tests::simple_combination ... ok
[INFO] [stdout] test mechanisms::oauthbearer::server::tests::test_errored ... ok
[INFO] [stdout] test mechanisms::plain::client::tests::password_as_is ... ok
[INFO] [stdout] test mechanisms::oauthbearer::server::tests::test_successful ... ok
[INFO] [stdout] test mechanisms::plain::client::tests::empty_authzid_is_no_authzid ... ok
[INFO] [stdout] test mechanisms::plain::client::tests::reject_null_bytes ... ok
[INFO] [stdout] test mechanisms::plain::client::tests::reject_empty_authid_password ... ok
[INFO] [stdout] test mechanisms::plain::client::tests::test_simple_plain ... ok
[INFO] [stdout] test mechanisms::scram::mechinfo::tests::scram_sha2_plus_selection ... ok
[INFO] [stdout] test mechanisms::scram::mechinfo::tests::scram_sha1_plus_selection ... ok
[INFO] [stdout] test mechanisms::scram::client::tests::test_hmac_reset_assumption ... ok
[INFO] [stdout] test mechanisms::scram::parser::tests::test_parse_gs2_cbind_flag ... ok
[INFO] [stdout] test mechanisms::xoauth2::client::tests::test_auth_fail_finishes ... ok
[INFO] [stdout] test mechanisms::xoauth2::client::tests::test_auth_ok_behaviour_some_empty ... ok
[INFO] [stdout] test mechanisms::xoauth2::client::tests::test_xoauth2 ... ok
[INFO] [stdout] test mechanisms::xoauth2::client::tests::test_auth_ok_behaviour_none ... ok
[INFO] [stdout] test mechanisms::xoauth2::server::tests::test_errored ... ok
[INFO] [stdout] test mechanisms::xoauth2::server::tests::test_successful ... ok
[INFO] [stdout] test mechname::tests::test_mechname ... ok
[INFO] [stdout] test typed::tests::cant_outlive ... ok
[INFO] [stdout] test vectored_io::tests::test_with_split_writer ... ok
[INFO] [stdout] test mechanisms::anonymous::server::tests::test_reject_invalid_1 - should panic ... ok
[INFO] [stdout] test mechanisms::anonymous::server::tests::test_reject_invalid_2 - should panic ... ok
[INFO] [stdout] test mechanisms::external::server::tests::test_reject_invalid_1 - should panic ... ok
[INFO] [stdout] test mechanisms::external::server::tests::test_reject_invalid_2 - should panic ... ok
[INFO] [stdout] 
[INFO] [stdout] test result: ok. 36 passed; 0 failed; 0 ignored; 0 measured; 0 filtered out; finished in 0.02s
[INFO] [stdout] 
[INFO] [stderr]    Doc-tests rsasl
[INFO] [stdout] 
[INFO] [stdout] running 17 tests
[INFO] [stdout] test src/callback.rs - callback::CallbackError (line 184) ... ok
[INFO] [stdout] test src/callback.rs - callback::Request<'a>::satisfy (line 370) ... ok
[INFO] [stdout] test src/callback.rs - callback::CallbackError (line 170) ... ok
[INFO] [stdout] test src/callback.rs - callback::Request<'a>::get_action (line 330) ... ok
[INFO] [stdout] test src/builder.rs - builder::ConfigBuilder (line 37) ... ok
[INFO] [stdout] test src/builder.rs - builder::ConfigBuilder (line 58) ... ok
[INFO] [stdout] test src/builder.rs - builder::ConfigBuilder (line 17) ... ok
[INFO] [stdout] test src/context.rs - context::Context<'a>::get_ref (line 161) - compile ... ok
[INFO] [stdout] test src/lib.rs - (line 124) ... FAILED
[INFO] [stdout] test src/callback.rs - callback::Request<'a>::satisfy (line 389) ... ok
[INFO] [stdout] test src/validate.rs - validate (line 16) ... FAILED
[INFO] [stdout] test src/callback.rs - callback::Request<'a>::satisfy_with (line 440) ... ok
[INFO] [stdout] test src/callback.rs - callback::Request<'a>::satisfy_with (line 466) ... ok
[INFO] [stdout] test src/callback.rs - callback::SessionCallback::callback (line 42) ... ok
[INFO] [stdout] test src/validate.rs - validate::Validation (line 79) ... ok
[INFO] [stdout] test src/validate.rs - validate::Validation (line 56) ... ok
[INFO] [stdout] test src/validate.rs - validate::Validation (line 66) ... ok
[INFO] [stdout] 
[INFO] [stdout] failures:
[INFO] [stdout] 
[INFO] [stdout] ---- src/lib.rs - (line 124) stdout ----
[INFO] [stdout] error[E0433]: failed to resolve: use of undeclared type `SASLClient`
[INFO] [stdout]   --> src/lib.rs:136:16
[INFO] [stdout]    |
[INFO] [stdout] 15 |     let sasl = SASLClient::new(config);
[INFO] [stdout]    |                ^^^^^^^^^^ use of undeclared type `SASLClient`
[INFO] [stdout] 
[INFO] [stdout] error: aborting due to previous error
[INFO] [stdout] 
[INFO] [stdout] For more information about this error, try `rustc --explain E0433`.
[INFO] [stdout] Couldn't compile the test.
[INFO] [stdout] ---- src/validate.rs - validate (line 16) stdout ----
[INFO] [stdout] error[E0433]: failed to resolve: use of undeclared type `SASLServer`
[INFO] [stdout]   --> src/validate.rs:37:16
[INFO] [stdout]    |
[INFO] [stdout] 24 |     let sasl = SASLServer::<MyValidation>::new(config);
[INFO] [stdout]    |                ^^^^^^^^^^ use of undeclared type `SASLServer`
[INFO] [stdout] 
[INFO] [stdout] error: aborting due to previous error
[INFO] [stdout] 
[INFO] [stdout] For more information about this error, try `rustc --explain E0433`.
[INFO] [stdout] Couldn't compile the test.
[INFO] [stdout] 
[INFO] [stdout] failures:
[INFO] [stdout]     src/lib.rs - (line 124)
[INFO] [stdout]     src/validate.rs - validate (line 16)
[INFO] [stdout] 
[INFO] [stdout] test result: FAILED. 15 passed; 2 failed; 0 ignored; 0 measured; 0 filtered out; finished in 1.24s
[INFO] [stdout] 
[INFO] [stderr] error: doctest failed, to rerun pass `--doc`
[INFO] running `Command { std: "docker" "inspect" "eb1abfb704ddd5b5b85978f5466ab69b8972807ff1c6167e3585c5988248992a", kill_on_drop: false }`
[INFO] running `Command { std: "docker" "rm" "-f" "eb1abfb704ddd5b5b85978f5466ab69b8972807ff1c6167e3585c5988248992a", kill_on_drop: false }`
[INFO] [stdout] eb1abfb704ddd5b5b85978f5466ab69b8972807ff1c6167e3585c5988248992a
