[INFO] fetching crate rsa_ext 0.1.2...
[INFO] testing rsa_ext-0.1.2 against 1.75.0 for beta-1.76-1
[INFO] extracting crate rsa_ext 0.1.2 into /workspace/builds/worker-0-tc1/source
[INFO] validating manifest of crates.io crate rsa_ext 0.1.2 on toolchain 1.75.0
[INFO] running `Command { std: CARGO_HOME="/workspace/cargo-home" RUSTUP_HOME="/workspace/rustup-home" "/workspace/cargo-home/bin/cargo" "+1.75.0" "metadata" "--manifest-path" "Cargo.toml" "--no-deps", kill_on_drop: false }`
[INFO] started tweaking crates.io crate rsa_ext 0.1.2
[INFO] finished tweaking crates.io crate rsa_ext 0.1.2
[INFO] tweaked toml for crates.io crate rsa_ext 0.1.2 written to /workspace/builds/worker-0-tc1/source/Cargo.toml
[INFO] running `Command { std: CARGO_HOME="/workspace/cargo-home" RUSTUP_HOME="/workspace/rustup-home" "/workspace/cargo-home/bin/cargo" "+1.75.0" "generate-lockfile" "--manifest-path" "Cargo.toml", kill_on_drop: false }`
[INFO] [stderr]     Updating crates.io index
[INFO] running `Command { std: CARGO_HOME="/workspace/cargo-home" RUSTUP_HOME="/workspace/rustup-home" "/workspace/cargo-home/bin/cargo" "+1.75.0" "fetch" "--manifest-path" "Cargo.toml", kill_on_drop: false }`
[INFO] [stderr]  Downloading crates ...
[INFO] [stderr]   Downloaded pkcs5 v0.5.0
[INFO] running `Command { std: "docker" "create" "-v" "/var/lib/crater-agent-workspace/builds/worker-0-tc1/target:/opt/rustwide/target:rw,Z" "-v" "/var/lib/crater-agent-workspace/builds/worker-0-tc1/source:/opt/rustwide/workdir:ro,Z" "-v" "/var/lib/crater-agent-workspace/cargo-home:/opt/rustwide/cargo-home:ro,Z" "-v" "/var/lib/crater-agent-workspace/rustup-home:/opt/rustwide/rustup-home:ro,Z" "-e" "SOURCE_DIR=/opt/rustwide/workdir" "-e" "CARGO_TARGET_DIR=/opt/rustwide/target" "-e" "CARGO_HOME=/opt/rustwide/cargo-home" "-e" "RUSTUP_HOME=/opt/rustwide/rustup-home" "-w" "/opt/rustwide/workdir" "-m" "1610612736" "--user" "0:0" "--network" "none" "ghcr.io/rust-lang/crates-build-env/linux@sha256:2788e3201cd34a07e3172128adcd8b3090168a8e3bcc40d7c032b9dda1df7d1c" "/opt/rustwide/cargo-home/bin/cargo" "+1.75.0" "metadata" "--no-deps" "--format-version=1", kill_on_drop: false }`
[INFO] [stdout] ad03a362f311e8ce4513cc5b70cf89b720b468c410152729a0a912874499e9e1
[INFO] running `Command { std: "docker" "start" "-a" "ad03a362f311e8ce4513cc5b70cf89b720b468c410152729a0a912874499e9e1", kill_on_drop: false }`
[INFO] running `Command { std: "docker" "inspect" "ad03a362f311e8ce4513cc5b70cf89b720b468c410152729a0a912874499e9e1", kill_on_drop: false }`
[INFO] running `Command { std: "docker" "rm" "-f" "ad03a362f311e8ce4513cc5b70cf89b720b468c410152729a0a912874499e9e1", kill_on_drop: false }`
[INFO] [stdout] ad03a362f311e8ce4513cc5b70cf89b720b468c410152729a0a912874499e9e1
[INFO] running `Command { std: "docker" "create" "-v" "/var/lib/crater-agent-workspace/builds/worker-0-tc1/target:/opt/rustwide/target:rw,Z" "-v" "/var/lib/crater-agent-workspace/builds/worker-0-tc1/source:/opt/rustwide/workdir:ro,Z" "-v" "/var/lib/crater-agent-workspace/cargo-home:/opt/rustwide/cargo-home:ro,Z" "-v" "/var/lib/crater-agent-workspace/rustup-home:/opt/rustwide/rustup-home:ro,Z" "-e" "SOURCE_DIR=/opt/rustwide/workdir" "-e" "CARGO_TARGET_DIR=/opt/rustwide/target" "-e" "CARGO_INCREMENTAL=0" "-e" "RUST_BACKTRACE=full" "-e" "RUSTFLAGS=--cap-lints=warn" "-e" "RUSTDOCFLAGS=--cap-lints=warn" "-e" "CARGO_HOME=/opt/rustwide/cargo-home" "-e" "RUSTUP_HOME=/opt/rustwide/rustup-home" "-w" "/opt/rustwide/workdir" "-m" "1610612736" "--user" "0:0" "--network" "none" "ghcr.io/rust-lang/crates-build-env/linux@sha256:2788e3201cd34a07e3172128adcd8b3090168a8e3bcc40d7c032b9dda1df7d1c" "/opt/rustwide/cargo-home/bin/cargo" "+1.75.0" "build" "--frozen" "--message-format=json", kill_on_drop: false }`
[INFO] [stdout] adeca147a0d9d10c6b044d89603a87dc82446cc02da60bc9cbb2899e8a114164
[INFO] running `Command { std: "docker" "start" "-a" "adeca147a0d9d10c6b044d89603a87dc82446cc02da60bc9cbb2899e8a114164", kill_on_drop: false }`
[INFO] [stderr]    Compiling autocfg v1.1.0
[INFO] [stderr]    Compiling libc v0.2.151
[INFO] [stderr]    Compiling cfg-if v1.0.0
[INFO] [stderr]    Compiling version_check v0.9.4
[INFO] [stderr]    Compiling const-oid v0.9.6
[INFO] [stderr]    Compiling typenum v1.17.0
[INFO] [stderr]    Compiling libm v0.2.8
[INFO] [stderr]    Compiling base64ct v1.6.0
[INFO] [stderr]    Compiling zeroize v1.7.0
[INFO] [stderr]    Compiling generic-array v0.14.7
[INFO] [stderr]    Compiling pem-rfc7468 v0.6.0
[INFO] [stderr]    Compiling ppv-lite86 v0.2.17
[INFO] [stderr]    Compiling spin v0.5.2
[INFO] [stderr]    Compiling num-traits v0.2.17
[INFO] [stderr]    Compiling num-integer v0.1.45
[INFO] [stderr]    Compiling der v0.6.1
[INFO] [stderr]    Compiling num-iter v0.1.43
[INFO] [stderr]    Compiling num-bigint-dig v0.8.4
[INFO] [stderr]    Compiling lazy_static v1.4.0
[INFO] [stderr]    Compiling smallvec v1.11.2
[INFO] [stderr]    Compiling byteorder v1.5.0
[INFO] [stderr]    Compiling getrandom v0.2.11
[INFO] [stderr]    Compiling rand_core v0.6.4
[INFO] [stderr]    Compiling subtle v2.5.0
[INFO] [stderr]    Compiling rand_chacha v0.3.1
[INFO] [stderr]    Compiling spki v0.6.0
[INFO] [stderr]    Compiling rand v0.8.5
[INFO] [stderr]    Compiling crypto-common v0.1.6
[INFO] [stderr]    Compiling digest v0.10.7
[INFO] [stderr]    Compiling pkcs8 v0.9.0
[INFO] [stderr]    Compiling signature v1.6.4
[INFO] [stderr]    Compiling pkcs1 v0.4.1
[INFO] [stderr]    Compiling rsa_ext v0.1.2 (/opt/rustwide/workdir)
[INFO] [stdout] warning: missing documentation for a module
[INFO] [stdout]    --> src/lib.rs:220:1
[INFO] [stdout]     |
[INFO] [stdout] 220 | pub mod rsa_ext;
[INFO] [stdout]     | ^^^^^^^^^^^^^^^
[INFO] [stdout]     |
[INFO] [stdout] note: the lint level is defined here
[INFO] [stdout]    --> src/lib.rs:204:9
[INFO] [stdout]     |
[INFO] [stdout] 204 | #![warn(missing_docs)]
[INFO] [stdout]     |         ^^^^^^^^^^^^
[INFO] [stdout] 
[INFO] [stdout] 
[INFO] [stdout] warning: 1 warning emitted
[INFO] [stdout] 
[INFO] [stdout] 
[INFO] [stderr]     Finished dev [optimized + debuginfo] target(s) in 11.44s
[INFO] running `Command { std: "docker" "inspect" "adeca147a0d9d10c6b044d89603a87dc82446cc02da60bc9cbb2899e8a114164", kill_on_drop: false }`
[INFO] running `Command { std: "docker" "rm" "-f" "adeca147a0d9d10c6b044d89603a87dc82446cc02da60bc9cbb2899e8a114164", kill_on_drop: false }`
[INFO] [stdout] adeca147a0d9d10c6b044d89603a87dc82446cc02da60bc9cbb2899e8a114164
[INFO] running `Command { std: "docker" "create" "-v" "/var/lib/crater-agent-workspace/builds/worker-0-tc1/target:/opt/rustwide/target:rw,Z" "-v" "/var/lib/crater-agent-workspace/builds/worker-0-tc1/source:/opt/rustwide/workdir:ro,Z" "-v" "/var/lib/crater-agent-workspace/cargo-home:/opt/rustwide/cargo-home:ro,Z" "-v" "/var/lib/crater-agent-workspace/rustup-home:/opt/rustwide/rustup-home:ro,Z" "-e" "SOURCE_DIR=/opt/rustwide/workdir" "-e" "CARGO_TARGET_DIR=/opt/rustwide/target" "-e" "CARGO_INCREMENTAL=0" "-e" "RUST_BACKTRACE=full" "-e" "RUSTFLAGS=--cap-lints=warn" "-e" "RUSTDOCFLAGS=--cap-lints=warn" "-e" "CARGO_HOME=/opt/rustwide/cargo-home" "-e" "RUSTUP_HOME=/opt/rustwide/rustup-home" "-w" "/opt/rustwide/workdir" "-m" "1610612736" "--user" "0:0" "--network" "none" "ghcr.io/rust-lang/crates-build-env/linux@sha256:2788e3201cd34a07e3172128adcd8b3090168a8e3bcc40d7c032b9dda1df7d1c" "/opt/rustwide/cargo-home/bin/cargo" "+1.75.0" "test" "--frozen" "--no-run" "--message-format=json", kill_on_drop: false }`
[INFO] [stdout] f70cc4348193c0fe03cc64824f2ec36ad22dc374c062b17ee65fa7a5597989e0
[INFO] running `Command { std: "docker" "start" "-a" "f70cc4348193c0fe03cc64824f2ec36ad22dc374c062b17ee65fa7a5597989e0", kill_on_drop: false }`
[INFO] [stderr]    Compiling ppv-lite86 v0.2.17
[INFO] [stderr]    Compiling block-buffer v0.10.4
[INFO] [stderr]    Compiling serde v1.0.194
[INFO] [stderr]    Compiling cpufeatures v0.2.12
[INFO] [stderr]    Compiling keccak v0.1.4
[INFO] [stderr]    Compiling rand_xorshift v0.3.0
[INFO] [stderr]    Compiling hex-literal v0.3.4
[INFO] [stderr]    Compiling digest v0.10.7
[INFO] [stderr]    Compiling signature v1.6.4
[INFO] [stderr]    Compiling sha3 v0.10.8
[INFO] [stderr]    Compiling sha2 v0.10.8
[INFO] [stderr]    Compiling sha1 v0.10.6
[INFO] [stderr]    Compiling rand_chacha v0.3.1
[INFO] [stderr]    Compiling rand v0.8.5
[INFO] [stderr]    Compiling num-bigint-dig v0.8.4
[INFO] [stderr]    Compiling rsa_ext v0.1.2 (/opt/rustwide/workdir)
[INFO] [stdout] warning: missing documentation for a module
[INFO] [stdout]    --> src/lib.rs:220:1
[INFO] [stdout]     |
[INFO] [stdout] 220 | pub mod rsa_ext;
[INFO] [stdout]     | ^^^^^^^^^^^^^^^
[INFO] [stdout]     |
[INFO] [stdout] note: the lint level is defined here
[INFO] [stdout]    --> src/lib.rs:204:9
[INFO] [stdout]     |
[INFO] [stdout] 204 | #![warn(missing_docs)]
[INFO] [stdout]     |         ^^^^^^^^^^^^
[INFO] [stdout] 
[INFO] [stdout] 
[INFO] [stderr]    Compiling serde_test v1.0.176
[INFO] [stdout] warning: 1 warning emitted
[INFO] [stdout] 
[INFO] [stdout] 
[INFO] [stderr]     Finished test [optimized + debuginfo] target(s) in 12.37s
[INFO] running `Command { std: "docker" "inspect" "f70cc4348193c0fe03cc64824f2ec36ad22dc374c062b17ee65fa7a5597989e0", kill_on_drop: false }`
[INFO] running `Command { std: "docker" "rm" "-f" "f70cc4348193c0fe03cc64824f2ec36ad22dc374c062b17ee65fa7a5597989e0", kill_on_drop: false }`
[INFO] [stdout] f70cc4348193c0fe03cc64824f2ec36ad22dc374c062b17ee65fa7a5597989e0
[INFO] running `Command { std: "docker" "create" "-v" "/var/lib/crater-agent-workspace/builds/worker-0-tc1/target:/opt/rustwide/target:rw,Z" "-v" "/var/lib/crater-agent-workspace/builds/worker-0-tc1/source:/opt/rustwide/workdir:ro,Z" "-v" "/var/lib/crater-agent-workspace/cargo-home:/opt/rustwide/cargo-home:ro,Z" "-v" "/var/lib/crater-agent-workspace/rustup-home:/opt/rustwide/rustup-home:ro,Z" "-e" "SOURCE_DIR=/opt/rustwide/workdir" "-e" "CARGO_TARGET_DIR=/opt/rustwide/target" "-e" "CARGO_INCREMENTAL=0" "-e" "RUST_BACKTRACE=full" "-e" "RUSTFLAGS=--cap-lints=warn" "-e" "RUSTDOCFLAGS=--cap-lints=warn" "-e" "CARGO_HOME=/opt/rustwide/cargo-home" "-e" "RUSTUP_HOME=/opt/rustwide/rustup-home" "-w" "/opt/rustwide/workdir" "-m" "1610612736" "--user" "0:0" "--network" "none" "ghcr.io/rust-lang/crates-build-env/linux@sha256:2788e3201cd34a07e3172128adcd8b3090168a8e3bcc40d7c032b9dda1df7d1c" "/opt/rustwide/cargo-home/bin/cargo" "+1.75.0" "test" "--frozen", kill_on_drop: false }`
[INFO] [stdout] c3945a71d2284cedef88acbb5e34cf24b25e249cd8406b42de5ffd9e1b70bd88
[INFO] running `Command { std: "docker" "start" "-a" "c3945a71d2284cedef88acbb5e34cf24b25e249cd8406b42de5ffd9e1b70bd88", kill_on_drop: false }`
[INFO] [stderr] warning: missing documentation for a module
[INFO] [stderr]    --> src/lib.rs:220:1
[INFO] [stderr]     |
[INFO] [stderr] 220 | pub mod rsa_ext;
[INFO] [stderr]     | ^^^^^^^^^^^^^^^
[INFO] [stderr]     |
[INFO] [stderr] note: the lint level is defined here
[INFO] [stderr]    --> src/lib.rs:204:9
[INFO] [stderr]     |
[INFO] [stderr] 204 | #![warn(missing_docs)]
[INFO] [stderr]     |         ^^^^^^^^^^^^
[INFO] [stderr] 
[INFO] [stderr] warning: `rsa_ext` (lib) generated 1 warning
[INFO] [stderr]     Finished test [optimized + debuginfo] target(s) in 0.04s
[INFO] [stderr]      Running unittests src/lib.rs (/opt/rustwide/target/debug/deps/rsa_ext-5afb6bc3db58e7cf)
[INFO] [stdout] 
[INFO] [stdout] running 35 tests
[INFO] [stdout] test key::tests::invalid_coeff_private_key_regression ... ok
[INFO] [stdout] test key::tests::key_generation_multi_3_256 ... ok
[INFO] [stdout] test key::tests::key_generation_multi_4_64 ... ok
[INFO] [stdout] test key::tests::reject_oversized_private_key ... ok
[INFO] [stdout] test key::tests::key_generation_128 ... ok
[INFO] [stdout] test key::tests::test_decrypt_oaep_invalid_hash ... ok
[INFO] [stdout] test key::tests::key_generation_multi_5_64 ... ok
[INFO] [stdout] test pkcs1v15::tests::test_decrypt_pkcs1v15 ... ok
[INFO] [stdout] test key::tests::test_from_into ... ok
[INFO] [stdout] test pkcs1v15::tests::test_non_zero_bytes ... ok
[INFO] [stdout] test pkcs1v15::tests::test_sign_pkcs1v15 ... ok
[INFO] [stdout] test pkcs1v15::tests::test_sign_pkcs1v15_digest_signer ... ok
[INFO] [stdout] test pkcs1v15::tests::test_sign_pkcs1v15_signer ... ok
[INFO] [stdout] test key::tests::test_impossible_keys ... ok
[INFO] [stdout] test pkcs1v15::tests::test_sign_pkcs1v15_signer_sha2_256 ... ok
[INFO] [stdout] test pkcs1v15::tests::test_unpadded_signature ... ok
[INFO] [stdout] test pkcs1v15::tests::test_sign_pkcs1v15_signer_sha3_256 ... ok
[INFO] [stdout] test pkcs1v15::tests::test_encrypt_decrypt_pkcs1v15 ... ok
[INFO] [stdout] test pkcs1v15::tests::test_verify_pkcs1v15_digest_signer ... ok
[INFO] [stdout] test pkcs1v15::tests::test_verify_pkcs1v15 ... ok
[INFO] [stdout] test pss::test::test_sign_and_verify_roundtrip ... ok
[INFO] [stdout] test pss::test::test_sign_and_verify_roundtrip_blinded_digest_signer ... ok
[INFO] [stdout] test pkcs1v15::tests::test_verify_pkcs1v15_signer ... ok
[INFO] [stdout] test pss::test::test_sign_and_verify_roundtrip_digest_signer ... ok
[INFO] [stdout] test pss::test::test_sign_and_verify_roundtrip_blinded_signer ... ok
[INFO] [stdout] test pss::test::test_sign_blinded_and_verify_roundtrip ... ok
[INFO] [stdout] test pss::test::test_verify_pss ... ok
[INFO] [stdout] test pss::test::test_verify_pss_digest_signer ... ok
[INFO] [stdout] test key::tests::test_negative_decryption_value ... ok
[INFO] [stdout] test pss::test::test_verify_pss_signer ... ok
[INFO] [stdout] test key::tests::key_generation_multi_8_576 ... ok
[INFO] [stdout] test pss::test::test_sign_and_verify_roundtrip_signer ... ok
[INFO] [stdout] test key::tests::key_generation_multi_16_1024 ... ok
[INFO] [stdout] test key::tests::key_generation_1024 ... ok
[INFO] [stdout] test key::tests::test_encrypt_decrypt_oaep ... ok
[INFO] [stdout] 
[INFO] [stdout] test result: ok. 35 passed; 0 failed; 0 ignored; 0 measured; 0 filtered out; finished in 0.58s
[INFO] [stdout] 
[INFO] [stderr]      Running tests/pkcs1.rs (/opt/rustwide/target/debug/deps/pkcs1-26f1bde0ae9fc671)
[INFO] [stdout] 
[INFO] [stdout] running 16 tests
[INFO] [stdout] test decode_rsa2048_pub_der ... ok
[INFO] [stdout] test decode_rsa2048_pub_pem ... ok
[INFO] [stdout] test decode_rsa2048_priv_pem ... ok
[INFO] [stdout] test decode_rsa4096_pub_der ... ok
[INFO] [stdout] test decode_rsa4096_priv_der ... ok
[INFO] [stdout] test decode_rsa4096_priv_pem ... ok
[INFO] [stdout] test decode_rsa2048_priv_der ... ok
[INFO] [stdout] test encode_rsa2048_priv_der ... ok
[INFO] [stdout] test decode_rsa4096_pub_pem ... ok
[INFO] [stdout] test encode_rsa2048_pub_pem ... ok
[INFO] [stdout] test encode_rsa2048_pub_der ... ok
[INFO] [stdout] test encode_rsa4096_priv_der ... ok
[INFO] [stdout] test encode_rsa2048_priv_pem ... ok
[INFO] [stdout] test encode_rsa4096_pub_der ... ok
[INFO] [stdout] test encode_rsa4096_priv_pem ... ok
[INFO] [stdout] test encode_rsa4096_pub_pem ... ok
[INFO] [stdout] 
[INFO] [stdout] test result: ok. 16 passed; 0 failed; 0 ignored; 0 measured; 0 filtered out; finished in 0.01s
[INFO] [stdout] 
[INFO] [stderr]      Running tests/pkcs8.rs (/opt/rustwide/target/debug/deps/pkcs8-dbce6a3bb6c7df5c)
[INFO] [stdout] 
[INFO] [stdout] running 8 tests
[INFO] [stdout] test decode_rsa2048_pub_pem ... ok
[INFO] [stdout] test decode_rsa2048_pub_der ... ok
[INFO] [stdout] test decode_rsa2048_priv_der ... ok
[INFO] [stdout] test encode_rsa2048_priv_der ... ok
[INFO] [stdout] test decode_rsa2048_priv_pem ... ok
[INFO] [stdout] test encode_rsa2048_pub_der ... ok
[INFO] [stdout] test encode_rsa2048_priv_pem ... ok
[INFO] [stdout] test encode_rsa2048_pub_pem ... ok
[INFO] [stdout] 
[INFO] [stdout] test result: ok. 8 passed; 0 failed; 0 ignored; 0 measured; 0 filtered out; finished in 0.00s
[INFO] [stdout] 
[INFO] [stderr]    Doc-tests rsa_ext
[INFO] [stdout] 
[INFO] [stdout] running 8 tests
[INFO] [stdout] test src/lib.rs - (line 129) ... FAILED
[INFO] [stdout] test src/lib.rs - (line 173) ... FAILED
[INFO] [stdout] test src/lib.rs - (line 59) ... FAILED
[INFO] [stdout] test src/lib.rs - (line 82) ... FAILED
[INFO] [stdout] test src/padding.rs - padding::PaddingScheme::new_oaep_with_mgf_hash (line 111) ... FAILED
[INFO] [stdout] test src/padding.rs - padding::PaddingScheme::new_oaep (line 139) ... FAILED
[INFO] [stdout] test src/lib.rs - (line 37) ... FAILED
[INFO] [stdout] test src/lib.rs - (line 15) ... FAILED
[INFO] [stdout] 
[INFO] [stdout] failures:
[INFO] [stdout] 
[INFO] [stdout] ---- src/lib.rs - (line 129) stdout ----
[INFO] [stdout] error[E0433]: failed to resolve: use of undeclared crate or module `rsa`
[INFO] [stdout]  --> src/lib.rs:133:5
[INFO] [stdout]   |
[INFO] [stdout] 5 | use rsa::{RsaPublicKey, pkcs1::DecodeRsaPublicKey};
[INFO] [stdout]   |     ^^^ use of undeclared crate or module `rsa`
[INFO] [stdout] 
[INFO] [stdout] error[E0432]: unresolved import `rsa`
[INFO] [stdout]  --> src/lib.rs:133:5
[INFO] [stdout]   |
[INFO] [stdout] 5 | use rsa::{RsaPublicKey, pkcs1::DecodeRsaPublicKey};
[INFO] [stdout]   |     ^^^ use of undeclared crate or module `rsa`
[INFO] [stdout] 
[INFO] [stdout] error: aborting due to 2 previous errors
[INFO] [stdout] 
[INFO] [stdout] Some errors have detailed explanations: E0432, E0433.
[INFO] [stdout] For more information about an error, try `rustc --explain E0432`.
[INFO] [stdout] Couldn't compile the test.
[INFO] [stdout] ---- src/lib.rs - (line 173) stdout ----
[INFO] [stdout] error[E0433]: failed to resolve: use of undeclared crate or module `rsa`
[INFO] [stdout]  --> src/lib.rs:177:5
[INFO] [stdout]   |
[INFO] [stdout] 5 | use rsa::{RsaPublicKey, pkcs8::DecodePublicKey};
[INFO] [stdout]   |     ^^^ use of undeclared crate or module `rsa`
[INFO] [stdout] 
[INFO] [stdout] error[E0432]: unresolved import `rsa`
[INFO] [stdout]  --> src/lib.rs:177:5
[INFO] [stdout]   |
[INFO] [stdout] 5 | use rsa::{RsaPublicKey, pkcs8::DecodePublicKey};
[INFO] [stdout]   |     ^^^ use of undeclared crate or module `rsa`
[INFO] [stdout] 
[INFO] [stdout] error: aborting due to 2 previous errors
[INFO] [stdout] 
[INFO] [stdout] Some errors have detailed explanations: E0432, E0433.
[INFO] [stdout] For more information about an error, try `rustc --explain E0432`.
[INFO] [stdout] Couldn't compile the test.
[INFO] [stdout] ---- src/lib.rs - (line 59) stdout ----
[INFO] [stdout] error[E0433]: failed to resolve: use of undeclared crate or module `rsa`
[INFO] [stdout]  --> src/lib.rs:61:5
[INFO] [stdout]   |
[INFO] [stdout] 4 | use rsa::pkcs1v15::{SigningKey, VerifyingKey};
[INFO] [stdout]   |     ^^^ use of undeclared crate or module `rsa`
[INFO] [stdout] 
[INFO] [stdout] error[E0433]: failed to resolve: use of undeclared crate or module `rsa`
[INFO] [stdout]  --> src/lib.rs:62:5
[INFO] [stdout]   |
[INFO] [stdout] 5 | use rsa::signature::{RandomizedSigner, Signature, Verifier};
[INFO] [stdout]   |     ^^^ use of undeclared crate or module `rsa`
[INFO] [stdout] 
[INFO] [stdout] error[E0432]: unresolved import `rsa`
[INFO] [stdout]  --> src/lib.rs:60:5
[INFO] [stdout]   |
[INFO] [stdout] 3 | use rsa::RsaPrivateKey;
[INFO] [stdout]   |     ^^^ use of undeclared crate or module `rsa`
[INFO] [stdout] 
[INFO] [stdout] error: aborting due to 3 previous errors
[INFO] [stdout] 
[INFO] [stdout] Some errors have detailed explanations: E0432, E0433.
[INFO] [stdout] For more information about an error, try `rustc --explain E0432`.
[INFO] [stdout] Couldn't compile the test.
[INFO] [stdout] ---- src/lib.rs - (line 82) stdout ----
[INFO] [stdout] error[E0433]: failed to resolve: use of undeclared crate or module `rsa`
[INFO] [stdout]  --> src/lib.rs:84:5
[INFO] [stdout]   |
[INFO] [stdout] 4 | use rsa::pss::{BlindedSigningKey, VerifyingKey};
[INFO] [stdout]   |     ^^^ use of undeclared crate or module `rsa`
[INFO] [stdout] 
[INFO] [stdout] error[E0433]: failed to resolve: use of undeclared crate or module `rsa`
[INFO] [stdout]  --> src/lib.rs:85:5
[INFO] [stdout]   |
[INFO] [stdout] 5 | use rsa::signature::{RandomizedSigner, Signature, Verifier};
[INFO] [stdout]   |     ^^^ use of undeclared crate or module `rsa`
[INFO] [stdout] 
[INFO] [stdout] error[E0432]: unresolved import `rsa`
[INFO] [stdout]  --> src/lib.rs:83:5
[INFO] [stdout]   |
[INFO] [stdout] 3 | use rsa::RsaPrivateKey;
[INFO] [stdout]   |     ^^^ use of undeclared crate or module `rsa`
[INFO] [stdout] 
[INFO] [stdout] error: aborting due to 3 previous errors
[INFO] [stdout] 
[INFO] [stdout] Some errors have detailed explanations: E0432, E0433.
[INFO] [stdout] For more information about an error, try `rustc --explain E0432`.
[INFO] [stdout] Couldn't compile the test.
[INFO] [stdout] ---- src/padding.rs - padding::PaddingScheme::new_oaep_with_mgf_hash (line 111) stdout ----
[INFO] [stdout] error[E0432]: unresolved import `rsa`
[INFO] [stdout]  --> src/padding.rs:114:5
[INFO] [stdout]   |
[INFO] [stdout] 5 | use rsa::{BigUint, RsaPublicKey, PaddingScheme, PublicKey};
[INFO] [stdout]   |     ^^^ use of undeclared crate or module `rsa`
[INFO] [stdout] 
[INFO] [stdout] error: aborting due to previous error
[INFO] [stdout] 
[INFO] [stdout] For more information about this error, try `rustc --explain E0432`.
[INFO] [stdout] Couldn't compile the test.
[INFO] [stdout] ---- src/padding.rs - padding::PaddingScheme::new_oaep (line 139) stdout ----
[INFO] [stdout] error[E0432]: unresolved import `rsa`
[INFO] [stdout]  --> src/padding.rs:142:5
[INFO] [stdout]   |
[INFO] [stdout] 5 | use rsa::{BigUint, RsaPublicKey, PaddingScheme, PublicKey};
[INFO] [stdout]   |     ^^^ use of undeclared crate or module `rsa`
[INFO] [stdout] 
[INFO] [stdout] error: aborting due to previous error
[INFO] [stdout] 
[INFO] [stdout] For more information about this error, try `rustc --explain E0432`.
[INFO] [stdout] Couldn't compile the test.
[INFO] [stdout] ---- src/lib.rs - (line 37) stdout ----
[INFO] [stdout] error[E0432]: unresolved import `rsa`
[INFO] [stdout]  --> src/lib.rs:38:5
[INFO] [stdout]   |
[INFO] [stdout] 3 | use rsa::{PublicKey, RsaPrivateKey, RsaPublicKey, PaddingScheme};
[INFO] [stdout]   |     ^^^ use of undeclared crate or module `rsa`
[INFO] [stdout] 
[INFO] [stdout] error: aborting due to previous error
[INFO] [stdout] 
[INFO] [stdout] For more information about this error, try `rustc --explain E0432`.
[INFO] [stdout] Couldn't compile the test.
[INFO] [stdout] ---- src/lib.rs - (line 15) stdout ----
[INFO] [stdout] error[E0432]: unresolved import `rsa`
[INFO] [stdout]  --> src/lib.rs:16:5
[INFO] [stdout]   |
[INFO] [stdout] 3 | use rsa::{PublicKey, RsaPrivateKey, RsaPublicKey, PaddingScheme};
[INFO] [stdout]   |     ^^^ use of undeclared crate or module `rsa`
[INFO] [stdout] 
[INFO] [stdout] error: aborting due to previous error
[INFO] [stdout] 
[INFO] [stdout] For more information about this error, try `rustc --explain E0432`.
[INFO] [stdout] Couldn't compile the test.
[INFO] [stdout] 
[INFO] [stdout] failures:
[INFO] [stdout]     src/lib.rs - (line 129)
[INFO] [stdout]     src/lib.rs - (line 15)
[INFO] [stdout]     src/lib.rs - (line 173)
[INFO] [stdout]     src/lib.rs - (line 37)
[INFO] [stdout]     src/lib.rs - (line 59)
[INFO] [stdout]     src/lib.rs - (line 82)
[INFO] [stdout]     src/padding.rs - padding::PaddingScheme::new_oaep (line 139)
[INFO] [stdout]     src/padding.rs - padding::PaddingScheme::new_oaep_with_mgf_hash (line 111)
[INFO] [stdout] 
[INFO] [stdout] test result: FAILED. 0 passed; 8 failed; 0 ignored; 0 measured; 0 filtered out; finished in 0.08s
[INFO] [stdout] 
[INFO] [stderr] error: doctest failed, to rerun pass `--doc`
[INFO] running `Command { std: "docker" "inspect" "c3945a71d2284cedef88acbb5e34cf24b25e249cd8406b42de5ffd9e1b70bd88", kill_on_drop: false }`
[INFO] running `Command { std: "docker" "rm" "-f" "c3945a71d2284cedef88acbb5e34cf24b25e249cd8406b42de5ffd9e1b70bd88", kill_on_drop: false }`
[INFO] [stdout] c3945a71d2284cedef88acbb5e34cf24b25e249cd8406b42de5ffd9e1b70bd88
[INFO] testing rsa_ext-0.1.2 against beta-2023-12-22 for beta-1.76-1
[INFO] extracting crate rsa_ext 0.1.2 into /workspace/builds/worker-0-tc2/source
[INFO] validating manifest of crates.io crate rsa_ext 0.1.2 on toolchain beta-2023-12-22
[INFO] running `Command { std: CARGO_HOME="/workspace/cargo-home" RUSTUP_HOME="/workspace/rustup-home" "/workspace/cargo-home/bin/cargo" "+beta-2023-12-22" "metadata" "--manifest-path" "Cargo.toml" "--no-deps", kill_on_drop: false }`
[INFO] started tweaking crates.io crate rsa_ext 0.1.2
[INFO] finished tweaking crates.io crate rsa_ext 0.1.2
[INFO] tweaked toml for crates.io crate rsa_ext 0.1.2 written to /workspace/builds/worker-0-tc2/source/Cargo.toml
[INFO] running `Command { std: CARGO_HOME="/workspace/cargo-home" RUSTUP_HOME="/workspace/rustup-home" "/workspace/cargo-home/bin/cargo" "+beta-2023-12-22" "generate-lockfile" "--manifest-path" "Cargo.toml", kill_on_drop: false }`
[INFO] [stderr]     Updating crates.io index
[INFO] running `Command { std: CARGO_HOME="/workspace/cargo-home" RUSTUP_HOME="/workspace/rustup-home" "/workspace/cargo-home/bin/cargo" "+beta-2023-12-22" "fetch" "--manifest-path" "Cargo.toml", kill_on_drop: false }`
[INFO] running `Command { std: "docker" "create" "-v" "/var/lib/crater-agent-workspace/builds/worker-0-tc2/target:/opt/rustwide/target:rw,Z" "-v" "/var/lib/crater-agent-workspace/builds/worker-0-tc2/source:/opt/rustwide/workdir:ro,Z" "-v" "/var/lib/crater-agent-workspace/cargo-home:/opt/rustwide/cargo-home:ro,Z" "-v" "/var/lib/crater-agent-workspace/rustup-home:/opt/rustwide/rustup-home:ro,Z" "-e" "SOURCE_DIR=/opt/rustwide/workdir" "-e" "CARGO_TARGET_DIR=/opt/rustwide/target" "-e" "CARGO_HOME=/opt/rustwide/cargo-home" "-e" "RUSTUP_HOME=/opt/rustwide/rustup-home" "-w" "/opt/rustwide/workdir" "-m" "1610612736" "--user" "0:0" "--network" "none" "ghcr.io/rust-lang/crates-build-env/linux@sha256:2788e3201cd34a07e3172128adcd8b3090168a8e3bcc40d7c032b9dda1df7d1c" "/opt/rustwide/cargo-home/bin/cargo" "+beta-2023-12-22" "metadata" "--no-deps" "--format-version=1", kill_on_drop: false }`
[INFO] [stdout] 7306540e6b49bb9a437b8b350cf801d947d85fa6f3208a2d59f4f2fc6a6e2fce
[INFO] running `Command { std: "docker" "start" "-a" "7306540e6b49bb9a437b8b350cf801d947d85fa6f3208a2d59f4f2fc6a6e2fce", kill_on_drop: false }`
[INFO] running `Command { std: "docker" "inspect" "7306540e6b49bb9a437b8b350cf801d947d85fa6f3208a2d59f4f2fc6a6e2fce", kill_on_drop: false }`
[INFO] running `Command { std: "docker" "rm" "-f" "7306540e6b49bb9a437b8b350cf801d947d85fa6f3208a2d59f4f2fc6a6e2fce", kill_on_drop: false }`
[INFO] [stdout] 7306540e6b49bb9a437b8b350cf801d947d85fa6f3208a2d59f4f2fc6a6e2fce
[INFO] running `Command { std: "docker" "create" "-v" "/var/lib/crater-agent-workspace/builds/worker-0-tc2/target:/opt/rustwide/target:rw,Z" "-v" "/var/lib/crater-agent-workspace/builds/worker-0-tc2/source:/opt/rustwide/workdir:ro,Z" "-v" "/var/lib/crater-agent-workspace/cargo-home:/opt/rustwide/cargo-home:ro,Z" "-v" "/var/lib/crater-agent-workspace/rustup-home:/opt/rustwide/rustup-home:ro,Z" "-e" "SOURCE_DIR=/opt/rustwide/workdir" "-e" "CARGO_TARGET_DIR=/opt/rustwide/target" "-e" "CARGO_INCREMENTAL=0" "-e" "RUST_BACKTRACE=full" "-e" "RUSTFLAGS=--cap-lints=warn" "-e" "RUSTDOCFLAGS=--cap-lints=warn" "-e" "CARGO_HOME=/opt/rustwide/cargo-home" "-e" "RUSTUP_HOME=/opt/rustwide/rustup-home" "-w" "/opt/rustwide/workdir" "-m" "1610612736" "--user" "0:0" "--network" "none" "ghcr.io/rust-lang/crates-build-env/linux@sha256:2788e3201cd34a07e3172128adcd8b3090168a8e3bcc40d7c032b9dda1df7d1c" "/opt/rustwide/cargo-home/bin/cargo" "+beta-2023-12-22" "build" "--frozen" "--message-format=json", kill_on_drop: false }`
[INFO] [stdout] 01f9479b26cb2a55a3532c3d03eab672de40b82d833461d0c3b1e6c9c04dc93a
[INFO] running `Command { std: "docker" "start" "-a" "01f9479b26cb2a55a3532c3d03eab672de40b82d833461d0c3b1e6c9c04dc93a", kill_on_drop: false }`
[INFO] [stderr]    Compiling autocfg v1.1.0
[INFO] [stderr]    Compiling libc v0.2.151
[INFO] [stderr]    Compiling const-oid v0.9.6
[INFO] [stderr]    Compiling typenum v1.17.0
[INFO] [stderr]    Compiling version_check v0.9.4
[INFO] [stderr]    Compiling cfg-if v1.0.0
[INFO] [stderr]    Compiling libm v0.2.8
[INFO] [stderr]    Compiling base64ct v1.6.0
[INFO] [stderr]    Compiling zeroize v1.7.0
[INFO] [stderr]    Compiling generic-array v0.14.7
[INFO] [stderr]    Compiling num-traits v0.2.17
[INFO] [stderr]    Compiling num-integer v0.1.45
[INFO] [stderr]    Compiling pem-rfc7468 v0.6.0
[INFO] [stderr]    Compiling num-iter v0.1.43
[INFO] [stderr]    Compiling der v0.6.1
[INFO] [stderr]    Compiling ppv-lite86 v0.2.17
[INFO] [stderr]    Compiling spin v0.5.2
[INFO] [stderr]    Compiling num-bigint-dig v0.8.4
[INFO] [stderr]    Compiling getrandom v0.2.11
[INFO] [stderr]    Compiling lazy_static v1.4.0
[INFO] [stderr]    Compiling smallvec v1.11.2
[INFO] [stderr]    Compiling rand_core v0.6.4
[INFO] [stderr]    Compiling spki v0.6.0
[INFO] [stderr]    Compiling rand_chacha v0.3.1
[INFO] [stderr]    Compiling pkcs8 v0.9.0
[INFO] [stderr]    Compiling byteorder v1.5.0
[INFO] [stderr]    Compiling rand v0.8.5
[INFO] [stderr]    Compiling pkcs1 v0.4.1
[INFO] [stderr]    Compiling crypto-common v0.1.6
[INFO] [stderr]    Compiling digest v0.10.7
[INFO] [stderr]    Compiling subtle v2.5.0
[INFO] [stderr]    Compiling signature v1.6.4
[INFO] [stderr]    Compiling rsa_ext v0.1.2 (/opt/rustwide/workdir)
[INFO] [stdout] warning: missing documentation for a module
[INFO] [stdout]    --> src/lib.rs:220:1
[INFO] [stdout]     |
[INFO] [stdout] 220 | pub mod rsa_ext;
[INFO] [stdout]     | ^^^^^^^^^^^^^^^
[INFO] [stdout]     |
[INFO] [stdout] note: the lint level is defined here
[INFO] [stdout]    --> src/lib.rs:204:9
[INFO] [stdout]     |
[INFO] [stdout] 204 | #![warn(missing_docs)]
[INFO] [stdout]     |         ^^^^^^^^^^^^
[INFO] [stdout] 
[INFO] [stdout] 
[INFO] [stdout] warning: 1 warning emitted
[INFO] [stdout] 
[INFO] [stdout] 
[INFO] [stderr]     Finished dev [optimized + debuginfo] target(s) in 8.11s
[INFO] running `Command { std: "docker" "inspect" "01f9479b26cb2a55a3532c3d03eab672de40b82d833461d0c3b1e6c9c04dc93a", kill_on_drop: false }`
[INFO] running `Command { std: "docker" "rm" "-f" "01f9479b26cb2a55a3532c3d03eab672de40b82d833461d0c3b1e6c9c04dc93a", kill_on_drop: false }`
[INFO] [stdout] 01f9479b26cb2a55a3532c3d03eab672de40b82d833461d0c3b1e6c9c04dc93a
[INFO] running `Command { std: "docker" "create" "-v" "/var/lib/crater-agent-workspace/builds/worker-0-tc2/target:/opt/rustwide/target:rw,Z" "-v" "/var/lib/crater-agent-workspace/builds/worker-0-tc2/source:/opt/rustwide/workdir:ro,Z" "-v" "/var/lib/crater-agent-workspace/cargo-home:/opt/rustwide/cargo-home:ro,Z" "-v" "/var/lib/crater-agent-workspace/rustup-home:/opt/rustwide/rustup-home:ro,Z" "-e" "SOURCE_DIR=/opt/rustwide/workdir" "-e" "CARGO_TARGET_DIR=/opt/rustwide/target" "-e" "CARGO_INCREMENTAL=0" "-e" "RUST_BACKTRACE=full" "-e" "RUSTFLAGS=--cap-lints=warn" "-e" "RUSTDOCFLAGS=--cap-lints=warn" "-e" "CARGO_HOME=/opt/rustwide/cargo-home" "-e" "RUSTUP_HOME=/opt/rustwide/rustup-home" "-w" "/opt/rustwide/workdir" "-m" "1610612736" "--user" "0:0" "--network" "none" "ghcr.io/rust-lang/crates-build-env/linux@sha256:2788e3201cd34a07e3172128adcd8b3090168a8e3bcc40d7c032b9dda1df7d1c" "/opt/rustwide/cargo-home/bin/cargo" "+beta-2023-12-22" "test" "--frozen" "--no-run" "--message-format=json", kill_on_drop: false }`
[INFO] [stdout] a8b21d17edc1a662ea60d6ce72f101101266d60aab9e4d6193a0c49bebefd67f
[INFO] running `Command { std: "docker" "start" "-a" "a8b21d17edc1a662ea60d6ce72f101101266d60aab9e4d6193a0c49bebefd67f", kill_on_drop: false }`
[INFO] [stderr]    Compiling ppv-lite86 v0.2.17
[INFO] [stderr]    Compiling serde v1.0.194
[INFO] [stderr]    Compiling block-buffer v0.10.4
[INFO] [stderr]    Compiling cpufeatures v0.2.12
[INFO] [stderr]    Compiling keccak v0.1.4
[INFO] [stderr]    Compiling rand_xorshift v0.3.0
[INFO] [stderr]    Compiling hex-literal v0.3.4
[INFO] [stderr]    Compiling digest v0.10.7
[INFO] [stderr]    Compiling signature v1.6.4
[INFO] [stderr]    Compiling sha2 v0.10.8
[INFO] [stderr]    Compiling sha1 v0.10.6
[INFO] [stderr]    Compiling sha3 v0.10.8
[INFO] [stderr]    Compiling rand_chacha v0.3.1
[INFO] [stderr]    Compiling rand v0.8.5
[INFO] [stderr]    Compiling num-bigint-dig v0.8.4
[INFO] [stderr]    Compiling rsa_ext v0.1.2 (/opt/rustwide/workdir)
[INFO] [stderr]    Compiling serde_test v1.0.176
[INFO] [stdout] warning: missing documentation for a module
[INFO] [stdout]    --> src/lib.rs:220:1
[INFO] [stdout]     |
[INFO] [stdout] 220 | pub mod rsa_ext;
[INFO] [stdout]     | ^^^^^^^^^^^^^^^
[INFO] [stdout]     |
[INFO] [stdout] note: the lint level is defined here
[INFO] [stdout]    --> src/lib.rs:204:9
[INFO] [stdout]     |
[INFO] [stdout] 204 | #![warn(missing_docs)]
[INFO] [stdout]     |         ^^^^^^^^^^^^
[INFO] [stdout] 
[INFO] [stdout] 
[INFO] [stdout] warning: 1 warning emitted
[INFO] [stdout] 
[INFO] [stdout] 
[INFO] [stderr]     Finished test [optimized + debuginfo] target(s) in 12.42s
[INFO] running `Command { std: "docker" "inspect" "a8b21d17edc1a662ea60d6ce72f101101266d60aab9e4d6193a0c49bebefd67f", kill_on_drop: false }`
[INFO] running `Command { std: "docker" "rm" "-f" "a8b21d17edc1a662ea60d6ce72f101101266d60aab9e4d6193a0c49bebefd67f", kill_on_drop: false }`
[INFO] [stdout] a8b21d17edc1a662ea60d6ce72f101101266d60aab9e4d6193a0c49bebefd67f
[INFO] running `Command { std: "docker" "create" "-v" "/var/lib/crater-agent-workspace/builds/worker-0-tc2/target:/opt/rustwide/target:rw,Z" "-v" "/var/lib/crater-agent-workspace/builds/worker-0-tc2/source:/opt/rustwide/workdir:ro,Z" "-v" "/var/lib/crater-agent-workspace/cargo-home:/opt/rustwide/cargo-home:ro,Z" "-v" "/var/lib/crater-agent-workspace/rustup-home:/opt/rustwide/rustup-home:ro,Z" "-e" "SOURCE_DIR=/opt/rustwide/workdir" "-e" "CARGO_TARGET_DIR=/opt/rustwide/target" "-e" "CARGO_INCREMENTAL=0" "-e" "RUST_BACKTRACE=full" "-e" "RUSTFLAGS=--cap-lints=warn" "-e" "RUSTDOCFLAGS=--cap-lints=warn" "-e" "CARGO_HOME=/opt/rustwide/cargo-home" "-e" "RUSTUP_HOME=/opt/rustwide/rustup-home" "-w" "/opt/rustwide/workdir" "-m" "1610612736" "--user" "0:0" "--network" "none" "ghcr.io/rust-lang/crates-build-env/linux@sha256:2788e3201cd34a07e3172128adcd8b3090168a8e3bcc40d7c032b9dda1df7d1c" "/opt/rustwide/cargo-home/bin/cargo" "+beta-2023-12-22" "test" "--frozen", kill_on_drop: false }`
[INFO] [stdout] a7fce8fb5094fe72470627659baad2ffc9cc68e1ca841672271002d597517f04
[INFO] running `Command { std: "docker" "start" "-a" "a7fce8fb5094fe72470627659baad2ffc9cc68e1ca841672271002d597517f04", kill_on_drop: false }`
[INFO] [stderr] warning: missing documentation for a module
[INFO] [stderr]    --> src/lib.rs:220:1
[INFO] [stderr]     |
[INFO] [stderr] 220 | pub mod rsa_ext;
[INFO] [stderr]     | ^^^^^^^^^^^^^^^
[INFO] [stderr]     |
[INFO] [stderr] note: the lint level is defined here
[INFO] [stderr]    --> src/lib.rs:204:9
[INFO] [stderr]     |
[INFO] [stderr] 204 | #![warn(missing_docs)]
[INFO] [stderr]     |         ^^^^^^^^^^^^
[INFO] [stderr] 
[INFO] [stderr] warning: `rsa_ext` (lib) generated 1 warning
[INFO] [stderr]     Finished test [optimized + debuginfo] target(s) in 0.04s
[INFO] [stderr]      Running unittests src/lib.rs (/opt/rustwide/target/debug/deps/rsa_ext-0289b1c9dbbcd36b)
[INFO] [stdout] 
[INFO] [stdout] running 35 tests
[INFO] [stdout] test key::tests::invalid_coeff_private_key_regression ... ok
[INFO] [stdout] test key::tests::key_generation_128 ... ok
[INFO] [stdout] test key::tests::reject_oversized_private_key ... ok
[INFO] [stdout] test key::tests::key_generation_multi_4_64 ... ok
[INFO] [stdout] test key::tests::test_from_into ... ok
[INFO] [stdout] test key::tests::test_decrypt_oaep_invalid_hash ... ok
[INFO] [stdout] test key::tests::test_impossible_keys ... ok
[INFO] [stdout] test pkcs1v15::tests::test_decrypt_pkcs1v15 ... ok
[INFO] [stdout] test key::tests::key_generation_multi_5_64 ... ok
[INFO] [stdout] test key::tests::key_generation_multi_3_256 ... ok
[INFO] [stdout] test key::tests::key_generation_multi_8_576 ... ok
[INFO] [stdout] test pkcs1v15::tests::test_non_zero_bytes ... ok
[INFO] [stdout] test pkcs1v15::tests::test_sign_pkcs1v15 ... ok
[INFO] [stdout] test pkcs1v15::tests::test_sign_pkcs1v15_signer_sha2_256 ... ok
[INFO] [stdout] test pkcs1v15::tests::test_sign_pkcs1v15_signer ... ok
[INFO] [stdout] test pkcs1v15::tests::test_sign_pkcs1v15_digest_signer ... ok
[INFO] [stdout] test pkcs1v15::tests::test_verify_pkcs1v15 ... ok
[INFO] [stdout] test pkcs1v15::tests::test_unpadded_signature ... ok
[INFO] [stdout] test pkcs1v15::tests::test_verify_pkcs1v15_digest_signer ... ok
[INFO] [stdout] test pkcs1v15::tests::test_verify_pkcs1v15_signer ... ok
[INFO] [stdout] test pkcs1v15::tests::test_sign_pkcs1v15_signer_sha3_256 ... ok
[INFO] [stdout] test pss::test::test_sign_and_verify_roundtrip ... ok
[INFO] [stdout] test pkcs1v15::tests::test_encrypt_decrypt_pkcs1v15 ... ok
[INFO] [stdout] test key::tests::test_negative_decryption_value ... ok
[INFO] [stdout] test pss::test::test_sign_and_verify_roundtrip_signer ... ok
[INFO] [stdout] test pss::test::test_sign_and_verify_roundtrip_blinded_digest_signer ... ok
[INFO] [stdout] test pss::test::test_sign_and_verify_roundtrip_blinded_signer ... ok
[INFO] [stdout] test pss::test::test_verify_pss ... ok
[INFO] [stdout] test pss::test::test_verify_pss_digest_signer ... ok
[INFO] [stdout] test pss::test::test_sign_blinded_and_verify_roundtrip ... ok
[INFO] [stdout] test pss::test::test_verify_pss_signer ... ok
[INFO] [stdout] test pss::test::test_sign_and_verify_roundtrip_digest_signer ... ok
[INFO] [stdout] test key::tests::key_generation_multi_16_1024 ... ok
[INFO] [stdout] test key::tests::test_encrypt_decrypt_oaep ... ok
[INFO] [stdout] test key::tests::key_generation_1024 ... ok
[INFO] [stdout] 
[INFO] [stdout] test result: ok. 35 passed; 0 failed; 0 ignored; 0 measured; 0 filtered out; finished in 0.60s
[INFO] [stdout] 
[INFO] [stderr]      Running tests/pkcs1.rs (/opt/rustwide/target/debug/deps/pkcs1-eb3b3a41b3ffcb6a)
[INFO] [stdout] 
[INFO] [stdout] running 16 tests
[INFO] [stdout] test decode_rsa2048_priv_der ... ok
[INFO] [stdout] test decode_rsa4096_pub_der ... ok
[INFO] [stdout] test decode_rsa2048_pub_pem ... ok
[INFO] [stdout] test decode_rsa4096_pub_pem ... ok
[INFO] [stdout] test decode_rsa2048_pub_der ... ok
[INFO] [stdout] test decode_rsa4096_priv_der ... ok
[INFO] [stdout] test decode_rsa2048_priv_pem ... ok
[INFO] [stdout] test encode_rsa2048_priv_der ... ok
[INFO] [stdout] test encode_rsa4096_pub_der ... ok
[INFO] [stdout] test encode_rsa2048_pub_der ... ok
[INFO] [stdout] test encode_rsa2048_pub_pem ... ok
[INFO] [stdout] test encode_rsa2048_priv_pem ... ok
[INFO] [stdout] test decode_rsa4096_priv_pem ... ok
[INFO] [stdout] test encode_rsa4096_pub_pem ... ok
[INFO] [stdout] test encode_rsa4096_priv_pem ... ok
[INFO] [stdout] test encode_rsa4096_priv_der ... ok
[INFO] [stdout] 
[INFO] [stdout] test result: ok. 16 passed; 0 failed; 0 ignored; 0 measured; 0 filtered out; finished in 0.00s
[INFO] [stdout] 
[INFO] [stderr]      Running tests/pkcs8.rs (/opt/rustwide/target/debug/deps/pkcs8-c295a0017d00d42b)
[INFO] [stdout] 
[INFO] [stdout] running 8 tests
[INFO] [stdout] test decode_rsa2048_priv_pem ... ok
[INFO] [stdout] test decode_rsa2048_pub_pem ... ok
[INFO] [stdout] test encode_rsa2048_priv_der ... ok
[INFO] [stdout] test encode_rsa2048_priv_pem ... ok
[INFO] [stdout] test decode_rsa2048_priv_der ... ok
[INFO] [stdout] test decode_rsa2048_pub_der ... ok
[INFO] [stdout] test encode_rsa2048_pub_der ... ok
[INFO] [stdout] test encode_rsa2048_pub_pem ... ok
[INFO] [stdout] 
[INFO] [stdout] test result: ok. 8 passed; 0 failed; 0 ignored; 0 measured; 0 filtered out; finished in 0.00s
[INFO] [stdout] 
[INFO] [stderr]    Doc-tests rsa_ext
[INFO] [stdout] 
[INFO] [stdout] running 8 tests
[INFO] [stdout] test src/padding.rs - padding::PaddingScheme::new_oaep (line 139) ... FAILED
[INFO] [stdout] test src/lib.rs - (line 37) ... FAILED
[INFO] [stdout] test src/lib.rs - (line 173) ... FAILED
[INFO] [stdout] test src/lib.rs - (line 82) ... FAILED
[INFO] [stdout] test src/lib.rs - (line 15) ... FAILED
[INFO] [stdout] test src/padding.rs - padding::PaddingScheme::new_oaep_with_mgf_hash (line 111) ... FAILED
[INFO] [stdout] test src/lib.rs - (line 129) ... FAILED
[INFO] [stdout] test src/lib.rs - (line 59) ... FAILED
[INFO] [stdout] 
[INFO] [stdout] failures:
[INFO] [stdout] 
[INFO] [stdout] ---- src/padding.rs - padding::PaddingScheme::new_oaep (line 139) stdout ----
[INFO] [stdout] error[E0432]: unresolved import `rsa`
[INFO] [stdout]  --> src/padding.rs:142:5
[INFO] [stdout]   |
[INFO] [stdout] 5 | use rsa::{BigUint, RsaPublicKey, PaddingScheme, PublicKey};
[INFO] [stdout]   |     ^^^ use of undeclared crate or module `rsa`
[INFO] [stdout] 
[INFO] [stdout] error: aborting due to 1 previous error
[INFO] [stdout] 
[INFO] [stdout] For more information about this error, try `rustc --explain E0432`.
[INFO] [stdout] Couldn't compile the test.
[INFO] [stdout] ---- src/lib.rs - (line 37) stdout ----
[INFO] [stdout] error[E0432]: unresolved import `rsa`
[INFO] [stdout]  --> src/lib.rs:38:5
[INFO] [stdout]   |
[INFO] [stdout] 3 | use rsa::{PublicKey, RsaPrivateKey, RsaPublicKey, PaddingScheme};
[INFO] [stdout]   |     ^^^ use of undeclared crate or module `rsa`
[INFO] [stdout] 
[INFO] [stdout] error: aborting due to 1 previous error
[INFO] [stdout] 
[INFO] [stdout] For more information about this error, try `rustc --explain E0432`.
[INFO] [stdout] Couldn't compile the test.
[INFO] [stdout] ---- src/lib.rs - (line 173) stdout ----
[INFO] [stdout] error[E0433]: failed to resolve: use of undeclared crate or module `rsa`
[INFO] [stdout]  --> src/lib.rs:177:5
[INFO] [stdout]   |
[INFO] [stdout] 5 | use rsa::{RsaPublicKey, pkcs8::DecodePublicKey};
[INFO] [stdout]   |     ^^^ use of undeclared crate or module `rsa`
[INFO] [stdout] 
[INFO] [stdout] error[E0432]: unresolved import `rsa`
[INFO] [stdout]  --> src/lib.rs:177:5
[INFO] [stdout]   |
[INFO] [stdout] 5 | use rsa::{RsaPublicKey, pkcs8::DecodePublicKey};
[INFO] [stdout]   |     ^^^ use of undeclared crate or module `rsa`
[INFO] [stdout] 
[INFO] [stdout] error: aborting due to 2 previous errors
[INFO] [stdout] 
[INFO] [stdout] Some errors have detailed explanations: E0432, E0433.
[INFO] [stdout] For more information about an error, try `rustc --explain E0432`.
[INFO] [stdout] Couldn't compile the test.
[INFO] [stdout] ---- src/lib.rs - (line 82) stdout ----
[INFO] [stdout] error[E0433]: failed to resolve: use of undeclared crate or module `rsa`
[INFO] [stdout]  --> src/lib.rs:84:5
[INFO] [stdout]   |
[INFO] [stdout] 4 | use rsa::pss::{BlindedSigningKey, VerifyingKey};
[INFO] [stdout]   |     ^^^ use of undeclared crate or module `rsa`
[INFO] [stdout] 
[INFO] [stdout] error[E0433]: failed to resolve: use of undeclared crate or module `rsa`
[INFO] [stdout]  --> src/lib.rs:85:5
[INFO] [stdout]   |
[INFO] [stdout] 5 | use rsa::signature::{RandomizedSigner, Signature, Verifier};
[INFO] [stdout]   |     ^^^ use of undeclared crate or module `rsa`
[INFO] [stdout] 
[INFO] [stdout] error[E0432]: unresolved import `rsa`
[INFO] [stdout]  --> src/lib.rs:83:5
[INFO] [stdout]   |
[INFO] [stdout] 3 | use rsa::RsaPrivateKey;
[INFO] [stdout]   |     ^^^ use of undeclared crate or module `rsa`
[INFO] [stdout] 
[INFO] [stdout] error: aborting due to 3 previous errors
[INFO] [stdout] 
[INFO] [stdout] Some errors have detailed explanations: E0432, E0433.
[INFO] [stdout] For more information about an error, try `rustc --explain E0432`.
[INFO] [stdout] Couldn't compile the test.
[INFO] [stdout] ---- src/lib.rs - (line 15) stdout ----
[INFO] [stdout] error[E0432]: unresolved import `rsa`
[INFO] [stdout]  --> src/lib.rs:16:5
[INFO] [stdout]   |
[INFO] [stdout] 3 | use rsa::{PublicKey, RsaPrivateKey, RsaPublicKey, PaddingScheme};
[INFO] [stdout]   |     ^^^ use of undeclared crate or module `rsa`
[INFO] [stdout] 
[INFO] [stdout] error: aborting due to 1 previous error
[INFO] [stdout] 
[INFO] [stdout] For more information about this error, try `rustc --explain E0432`.
[INFO] [stdout] Couldn't compile the test.
[INFO] [stdout] ---- src/padding.rs - padding::PaddingScheme::new_oaep_with_mgf_hash (line 111) stdout ----
[INFO] [stdout] error[E0432]: unresolved import `rsa`
[INFO] [stdout]  --> src/padding.rs:114:5
[INFO] [stdout]   |
[INFO] [stdout] 5 | use rsa::{BigUint, RsaPublicKey, PaddingScheme, PublicKey};
[INFO] [stdout]   |     ^^^ use of undeclared crate or module `rsa`
[INFO] [stdout] 
[INFO] [stdout] error: aborting due to 1 previous error
[INFO] [stdout] 
[INFO] [stdout] For more information about this error, try `rustc --explain E0432`.
[INFO] [stdout] Couldn't compile the test.
[INFO] [stdout] ---- src/lib.rs - (line 129) stdout ----
[INFO] [stdout] error[E0433]: failed to resolve: use of undeclared crate or module `rsa`
[INFO] [stdout]  --> src/lib.rs:133:5
[INFO] [stdout]   |
[INFO] [stdout] 5 | use rsa::{RsaPublicKey, pkcs1::DecodeRsaPublicKey};
[INFO] [stdout]   |     ^^^ use of undeclared crate or module `rsa`
[INFO] [stdout] 
[INFO] [stdout] error[E0432]: unresolved import `rsa`
[INFO] [stdout]  --> src/lib.rs:133:5
[INFO] [stdout]   |
[INFO] [stdout] 5 | use rsa::{RsaPublicKey, pkcs1::DecodeRsaPublicKey};
[INFO] [stdout]   |     ^^^ use of undeclared crate or module `rsa`
[INFO] [stdout] 
[INFO] [stdout] error: aborting due to 2 previous errors
[INFO] [stdout] 
[INFO] [stdout] Some errors have detailed explanations: E0432, E0433.
[INFO] [stdout] For more information about an error, try `rustc --explain E0432`.
[INFO] [stdout] Couldn't compile the test.
[INFO] [stdout] ---- src/lib.rs - (line 59) stdout ----
[INFO] [stdout] error[E0433]: failed to resolve: use of undeclared crate or module `rsa`
[INFO] [stdout]  --> src/lib.rs:61:5
[INFO] [stdout]   |
[INFO] [stdout] 4 | use rsa::pkcs1v15::{SigningKey, VerifyingKey};
[INFO] [stdout]   |     ^^^ use of undeclared crate or module `rsa`
[INFO] [stdout] 
[INFO] [stdout] error[E0433]: failed to resolve: use of undeclared crate or module `rsa`
[INFO] [stdout]  --> src/lib.rs:62:5
[INFO] [stdout]   |
[INFO] [stdout] 5 | use rsa::signature::{RandomizedSigner, Signature, Verifier};
[INFO] [stdout]   |     ^^^ use of undeclared crate or module `rsa`
[INFO] [stdout] 
[INFO] [stdout] error[E0432]: unresolved import `rsa`
[INFO] [stdout]  --> src/lib.rs:60:5
[INFO] [stdout]   |
[INFO] [stdout] 3 | use rsa::RsaPrivateKey;
[INFO] [stdout]   |     ^^^ use of undeclared crate or module `rsa`
[INFO] [stdout] 
[INFO] [stdout] error: aborting due to 3 previous errors
[INFO] [stdout] 
[INFO] [stdout] Some errors have detailed explanations: E0432, E0433.
[INFO] [stdout] For more information about an error, try `rustc --explain E0432`.
[INFO] [stdout] Couldn't compile the test.
[INFO] [stdout] 
[INFO] [stdout] failures:
[INFO] [stdout]     src/lib.rs - (line 129)
[INFO] [stdout]     src/lib.rs - (line 15)
[INFO] [stdout]     src/lib.rs - (line 173)
[INFO] [stdout]     src/lib.rs - (line 37)
[INFO] [stdout]     src/lib.rs - (line 59)
[INFO] [stdout]     src/lib.rs - (line 82)
[INFO] [stdout]     src/padding.rs - padding::PaddingScheme::new_oaep (line 139)
[INFO] [stdout]     src/padding.rs - padding::PaddingScheme::new_oaep_with_mgf_hash (line 111)
[INFO] [stdout] 
[INFO] [stdout] test result: FAILED. 0 passed; 8 failed; 0 ignored; 0 measured; 0 filtered out; finished in 0.09s
[INFO] [stdout] 
[INFO] [stderr] error: doctest failed, to rerun pass `--doc`
[INFO] running `Command { std: "docker" "inspect" "a7fce8fb5094fe72470627659baad2ffc9cc68e1ca841672271002d597517f04", kill_on_drop: false }`
[INFO] running `Command { std: "docker" "rm" "-f" "a7fce8fb5094fe72470627659baad2ffc9cc68e1ca841672271002d597517f04", kill_on_drop: false }`
[INFO] [stdout] a7fce8fb5094fe72470627659baad2ffc9cc68e1ca841672271002d597517f04
