[INFO] fetching crate rrules 0.2.3...
[INFO] testing rrules-0.2.3 against 1.75.0 for beta-1.76-1
[INFO] extracting crate rrules 0.2.3 into /workspace/builds/worker-7-tc1/source
[INFO] validating manifest of crates.io crate rrules 0.2.3 on toolchain 1.75.0
[INFO] running `Command { std: CARGO_HOME="/workspace/cargo-home" RUSTUP_HOME="/workspace/rustup-home" "/workspace/cargo-home/bin/cargo" "+1.75.0" "metadata" "--manifest-path" "Cargo.toml" "--no-deps", kill_on_drop: false }`
[INFO] started tweaking crates.io crate rrules 0.2.3
[INFO] finished tweaking crates.io crate rrules 0.2.3
[INFO] tweaked toml for crates.io crate rrules 0.2.3 written to /workspace/builds/worker-7-tc1/source/Cargo.toml
[INFO] running `Command { std: CARGO_HOME="/workspace/cargo-home" RUSTUP_HOME="/workspace/rustup-home" "/workspace/cargo-home/bin/cargo" "+1.75.0" "generate-lockfile" "--manifest-path" "Cargo.toml", kill_on_drop: false }`
[INFO] [stderr]     Updating crates.io index
[INFO] running `Command { std: CARGO_HOME="/workspace/cargo-home" RUSTUP_HOME="/workspace/rustup-home" "/workspace/cargo-home/bin/cargo" "+1.75.0" "fetch" "--manifest-path" "Cargo.toml", kill_on_drop: false }`
[INFO] [stderr] warning: only one of `license` or `license-file` is necessary
[INFO] [stderr] `license` should be used if the package license can be expressed with a standard SPDX expression.
[INFO] [stderr] `license-file` should be used if the package uses a non-standard license.
[INFO] [stderr] See https://doc.rust-lang.org/cargo/reference/manifest.html#the-license-and-license-file-fields for more information.
[INFO] [stderr]  Downloading crates ...
[INFO] [stderr]   Downloaded cvss v2.0.0
[INFO] [stderr]   Downloaded tracing-error v0.1.2
[INFO] [stderr]   Downloaded skip_error v3.1.1
[INFO] [stderr]   Downloaded rustsec v0.26.5
[INFO] [stderr]   Downloaded cargo-lock v8.0.3
[INFO] [stderr]   Downloaded crates-index v0.19.13
[INFO] [stderr]   Downloaded color-spantrace v0.1.6
[INFO] [stderr]   Downloaded color-eyre v0.5.11
[INFO] [stderr]   Downloaded cargo-sonar v0.14.1
[INFO] running `Command { std: "docker" "create" "-v" "/var/lib/crater-agent-workspace/builds/worker-7-tc1/target:/opt/rustwide/target:rw,Z" "-v" "/var/lib/crater-agent-workspace/builds/worker-7-tc1/source:/opt/rustwide/workdir:ro,Z" "-v" "/var/lib/crater-agent-workspace/cargo-home:/opt/rustwide/cargo-home:ro,Z" "-v" "/var/lib/crater-agent-workspace/rustup-home:/opt/rustwide/rustup-home:ro,Z" "-e" "SOURCE_DIR=/opt/rustwide/workdir" "-e" "CARGO_TARGET_DIR=/opt/rustwide/target" "-e" "CARGO_HOME=/opt/rustwide/cargo-home" "-e" "RUSTUP_HOME=/opt/rustwide/rustup-home" "-w" "/opt/rustwide/workdir" "-m" "1610612736" "--user" "0:0" "--network" "none" "ghcr.io/rust-lang/crates-build-env/linux@sha256:2788e3201cd34a07e3172128adcd8b3090168a8e3bcc40d7c032b9dda1df7d1c" "/opt/rustwide/cargo-home/bin/cargo" "+1.75.0" "metadata" "--no-deps" "--format-version=1", kill_on_drop: false }`
[INFO] [stdout] 36f8adbede92bbdd11b351b8d2a469ef5175458069cf72b4de2f395db312f4da
[INFO] running `Command { std: "docker" "start" "-a" "36f8adbede92bbdd11b351b8d2a469ef5175458069cf72b4de2f395db312f4da", kill_on_drop: false }`
[INFO] running `Command { std: "docker" "inspect" "36f8adbede92bbdd11b351b8d2a469ef5175458069cf72b4de2f395db312f4da", kill_on_drop: false }`
[INFO] running `Command { std: "docker" "rm" "-f" "36f8adbede92bbdd11b351b8d2a469ef5175458069cf72b4de2f395db312f4da", kill_on_drop: false }`
[INFO] [stdout] 36f8adbede92bbdd11b351b8d2a469ef5175458069cf72b4de2f395db312f4da
[INFO] running `Command { std: "docker" "create" "-v" "/var/lib/crater-agent-workspace/builds/worker-7-tc1/target:/opt/rustwide/target:rw,Z" "-v" "/var/lib/crater-agent-workspace/builds/worker-7-tc1/source:/opt/rustwide/workdir:ro,Z" "-v" "/var/lib/crater-agent-workspace/cargo-home:/opt/rustwide/cargo-home:ro,Z" "-v" "/var/lib/crater-agent-workspace/rustup-home:/opt/rustwide/rustup-home:ro,Z" "-e" "SOURCE_DIR=/opt/rustwide/workdir" "-e" "CARGO_TARGET_DIR=/opt/rustwide/target" "-e" "CARGO_INCREMENTAL=0" "-e" "RUST_BACKTRACE=full" "-e" "RUSTFLAGS=--cap-lints=warn" "-e" "RUSTDOCFLAGS=--cap-lints=warn" "-e" "CARGO_HOME=/opt/rustwide/cargo-home" "-e" "RUSTUP_HOME=/opt/rustwide/rustup-home" "-w" "/opt/rustwide/workdir" "-m" "1610612736" "--user" "0:0" "--network" "none" "ghcr.io/rust-lang/crates-build-env/linux@sha256:2788e3201cd34a07e3172128adcd8b3090168a8e3bcc40d7c032b9dda1df7d1c" "/opt/rustwide/cargo-home/bin/cargo" "+1.75.0" "build" "--frozen" "--message-format=json", kill_on_drop: false }`
[INFO] [stdout] 91fd2318a286e55ddd6537b23d88ff7ef53681a520e63515f125cbe7c7b05d89
[INFO] running `Command { std: "docker" "start" "-a" "91fd2318a286e55ddd6537b23d88ff7ef53681a520e63515f125cbe7c7b05d89", kill_on_drop: false }`
[INFO] [stderr] warning: only one of `license` or `license-file` is necessary
[INFO] [stderr] `license` should be used if the package license can be expressed with a standard SPDX expression.
[INFO] [stderr] `license-file` should be used if the package uses a non-standard license.
[INFO] [stderr] See https://doc.rust-lang.org/cargo/reference/manifest.html#the-license-and-license-file-fields for more information.
[INFO] [stderr]    Compiling num-traits v0.2.17
[INFO] [stderr]    Compiling iana-time-zone v0.1.59
[INFO] [stderr]    Compiling regex v1.10.2
[INFO] [stderr]    Compiling chrono v0.4.31
[INFO] [stderr]    Compiling rrules v0.2.3 (/opt/rustwide/workdir)
[INFO] [stdout] warning: ambiguous glob re-exports
[INFO] [stdout]    --> src/lib.rs:259:9
[INFO] [stdout]     |
[INFO] [stdout] 259 | pub use frequencies::*;
[INFO] [stdout]     |         ^^^^^^^^^^^^^^ the name `validations` in the type namespace is first re-exported here
[INFO] [stdout] 260 | pub use recurrences::*;
[INFO] [stdout]     |         -------------- but the name `validations` in the type namespace is also re-exported here
[INFO] [stdout]     |
[INFO] [stdout]     = note: `#[warn(ambiguous_glob_reexports)]` on by default
[INFO] [stdout] 
[INFO] [stdout] 
[INFO] [stdout] warning: 1 warning emitted
[INFO] [stdout] 
[INFO] [stdout] 
[INFO] [stderr]     Finished dev [unoptimized + debuginfo] target(s) in 3.02s
[INFO] running `Command { std: "docker" "inspect" "91fd2318a286e55ddd6537b23d88ff7ef53681a520e63515f125cbe7c7b05d89", kill_on_drop: false }`
[INFO] running `Command { std: "docker" "rm" "-f" "91fd2318a286e55ddd6537b23d88ff7ef53681a520e63515f125cbe7c7b05d89", kill_on_drop: false }`
[INFO] [stdout] 91fd2318a286e55ddd6537b23d88ff7ef53681a520e63515f125cbe7c7b05d89
[INFO] running `Command { std: "docker" "create" "-v" "/var/lib/crater-agent-workspace/builds/worker-7-tc1/target:/opt/rustwide/target:rw,Z" "-v" "/var/lib/crater-agent-workspace/builds/worker-7-tc1/source:/opt/rustwide/workdir:ro,Z" "-v" "/var/lib/crater-agent-workspace/cargo-home:/opt/rustwide/cargo-home:ro,Z" "-v" "/var/lib/crater-agent-workspace/rustup-home:/opt/rustwide/rustup-home:ro,Z" "-e" "SOURCE_DIR=/opt/rustwide/workdir" "-e" "CARGO_TARGET_DIR=/opt/rustwide/target" "-e" "CARGO_INCREMENTAL=0" "-e" "RUST_BACKTRACE=full" "-e" "RUSTFLAGS=--cap-lints=warn" "-e" "RUSTDOCFLAGS=--cap-lints=warn" "-e" "CARGO_HOME=/opt/rustwide/cargo-home" "-e" "RUSTUP_HOME=/opt/rustwide/rustup-home" "-w" "/opt/rustwide/workdir" "-m" "1610612736" "--user" "0:0" "--network" "none" "ghcr.io/rust-lang/crates-build-env/linux@sha256:2788e3201cd34a07e3172128adcd8b3090168a8e3bcc40d7c032b9dda1df7d1c" "/opt/rustwide/cargo-home/bin/cargo" "+1.75.0" "test" "--frozen" "--no-run" "--message-format=json", kill_on_drop: false }`
[INFO] [stdout] 1e8fb54006be94d1561e10829a709415515e92be4b346899c05f2007605e9b05
[INFO] running `Command { std: "docker" "start" "-a" "1e8fb54006be94d1561e10829a709415515e92be4b346899c05f2007605e9b05", kill_on_drop: false }`
[INFO] [stderr] warning: only one of `license` or `license-file` is necessary
[INFO] [stderr] `license` should be used if the package license can be expressed with a standard SPDX expression.
[INFO] [stderr] `license-file` should be used if the package uses a non-standard license.
[INFO] [stderr] See https://doc.rust-lang.org/cargo/reference/manifest.html#the-license-and-license-file-fields for more information.
[INFO] [stderr] warning: rrules v0.2.3 (/opt/rustwide/workdir) ignoring invalid dependency `cargo-sonar` which is missing a lib target
[INFO] [stderr]    Compiling rrules v0.2.3 (/opt/rustwide/workdir)
[INFO] [stdout] warning: ambiguous glob re-exports
[INFO] [stdout]    --> src/lib.rs:259:9
[INFO] [stdout]     |
[INFO] [stdout] 259 | pub use frequencies::*;
[INFO] [stdout]     |         ^^^^^^^^^^^^^^ the name `validations` in the type namespace is first re-exported here
[INFO] [stdout] 260 | pub use recurrences::*;
[INFO] [stdout]     |         -------------- but the name `validations` in the type namespace is also re-exported here
[INFO] [stdout]     |
[INFO] [stdout]     = note: `#[warn(ambiguous_glob_reexports)]` on by default
[INFO] [stdout] 
[INFO] [stdout] 
[INFO] [stdout] warning: 1 warning emitted
[INFO] [stdout] 
[INFO] [stdout] 
[INFO] [stdout] warning: unused import: `crate::frequencies::InvalidFrequency`
[INFO] [stdout]    --> src/frequencies/serializer/mod.rs:541:9
[INFO] [stdout]     |
[INFO] [stdout] 541 |     use crate::frequencies::InvalidFrequency;
[INFO] [stdout]     |         ^^^^^^^^^^^^^^^^^^^^^^^^^^^^^^^^^^^^
[INFO] [stdout]     |
[INFO] [stdout]     = note: `#[warn(unused_imports)]` on by default
[INFO] [stdout] 
[INFO] [stdout] 
[INFO] [stdout] warning: unused import: `MonthlyDate`
[INFO] [stdout]    --> src/recurrences/recurrences_tests.rs:329:41
[INFO] [stdout]     |
[INFO] [stdout] 329 |     use crate::frequencies::{Frequency, MonthlyDate};
[INFO] [stdout]     |                                         ^^^^^^^^^^^
[INFO] [stdout] 
[INFO] [stdout] 
[INFO] [stdout] warning: unused import: `Month`
[INFO] [stdout]    --> src/recurrences/recurrences_tests.rs:331:38
[INFO] [stdout]     |
[INFO] [stdout] 331 |     use chrono::{DateTime, Duration, Month, Utc};
[INFO] [stdout]     |                                      ^^^^^
[INFO] [stdout] 
[INFO] [stdout] 
[INFO] [stdout] warning: unused import: `Frequency`
[INFO] [stdout]   --> src/recurrences/serializers/mod.rs:51:17
[INFO] [stdout]    |
[INFO] [stdout] 51 |     use crate::{Frequency, Recurrence};
[INFO] [stdout]    |                 ^^^^^^^^^
[INFO] [stdout] 
[INFO] [stdout] 
[INFO] [stdout] warning: ambiguous glob re-exports
[INFO] [stdout]    --> src/lib.rs:259:9
[INFO] [stdout]     |
[INFO] [stdout] 259 | pub use frequencies::*;
[INFO] [stdout]     |         ^^^^^^^^^^^^^^ the name `validations` in the type namespace is first re-exported here
[INFO] [stdout] 260 | pub use recurrences::*;
[INFO] [stdout]     |         -------------- but the name `validations` in the type namespace is also re-exported here
[INFO] [stdout]     |
[INFO] [stdout]     = note: `#[warn(ambiguous_glob_reexports)]` on by default
[INFO] [stdout] 
[INFO] [stdout] 
[INFO] [stdout] warning: unused variable: `remainder`
[INFO] [stdout]    --> src/frequencies/serializer/helpers.rs:265:24
[INFO] [stdout]     |
[INFO] [stdout] 265 |         let (interval, remainder) = extract_interval(&value).unwrap();
[INFO] [stdout]     |                        ^^^^^^^^^ help: if this is intentional, prefix it with an underscore: `_remainder`
[INFO] [stdout]     |
[INFO] [stdout]     = note: `#[warn(unused_variables)]` on by default
[INFO] [stdout] 
[INFO] [stdout] 
[INFO] [stdout] warning: unused variable: `remainder`
[INFO] [stdout]    --> src/frequencies/serializer/helpers.rs:327:21
[INFO] [stdout]     |
[INFO] [stdout] 327 |         let (times, remainder) = extract_times(&value).unwrap();
[INFO] [stdout]     |                     ^^^^^^^^^ help: if this is intentional, prefix it with an underscore: `_remainder`
[INFO] [stdout] 
[INFO] [stdout] 
[INFO] [stdout] warning: unused variable: `remainder`
[INFO] [stdout]    --> src/frequencies/serializer/helpers.rs:335:24
[INFO] [stdout]     |
[INFO] [stdout] 335 |         let (weekdays, remainder) = extract_weekdays(&value).unwrap();
[INFO] [stdout]     |                        ^^^^^^^^^ help: if this is intentional, prefix it with an underscore: `_remainder`
[INFO] [stdout] 
[INFO] [stdout] 
[INFO] [stdout] warning: unused variable: `remainder`
[INFO] [stdout]    --> src/frequencies/serializer/helpers.rs:358:24
[INFO] [stdout]     |
[INFO] [stdout] 358 |         let (weekdays, remainder) = extract_weekdays(&value).unwrap();
[INFO] [stdout]     |                        ^^^^^^^^^ help: if this is intentional, prefix it with an underscore: `_remainder`
[INFO] [stdout] 
[INFO] [stdout] 
[INFO] [stdout] warning: unused variable: `remainder`
[INFO] [stdout]    --> src/frequencies/serializer/helpers.rs:374:25
[INFO] [stdout]     |
[INFO] [stdout] 374 |         let (monthdays, remainder) = extract_monthdays(&value).unwrap();
[INFO] [stdout]     |                         ^^^^^^^^^ help: if this is intentional, prefix it with an underscore: `_remainder`
[INFO] [stdout] 
[INFO] [stdout] 
[INFO] [stdout] warning: unused variable: `remainder`
[INFO] [stdout]    --> src/frequencies/serializer/helpers.rs:397:28
[INFO] [stdout]     |
[INFO] [stdout] 397 |         let (nth_weekdays, remainder) = extract_nth_weekdays(&value).unwrap();
[INFO] [stdout]     |                            ^^^^^^^^^ help: if this is intentional, prefix it with an underscore: `_remainder`
[INFO] [stdout] 
[INFO] [stdout] 
[INFO] [stdout] warning: unused variable: `remainder`
[INFO] [stdout]    --> src/frequencies/serializer/helpers.rs:418:22
[INFO] [stdout]     |
[INFO] [stdout] 418 |         let (months, remainder) = extract_months(&value).unwrap();
[INFO] [stdout]     |                      ^^^^^^^^^ help: if this is intentional, prefix it with an underscore: `_remainder`
[INFO] [stdout] 
[INFO] [stdout] 
[INFO] [stdout] warning: unused variable: `remainder`
[INFO] [stdout]    --> src/frequencies/serializer/helpers.rs:446:28
[INFO] [stdout]     |
[INFO] [stdout] 446 |         let (monthly_date, remainder) = extract_monthly_date(&value).unwrap();
[INFO] [stdout]     |                            ^^^^^^^^^ help: if this is intentional, prefix it with an underscore: `_remainder`
[INFO] [stdout] 
[INFO] [stdout] 
[INFO] [stdout] warning: unused variable: `next`
[INFO] [stdout]    --> src/frequencies/serializer/mod.rs:616:13
[INFO] [stdout]     |
[INFO] [stdout] 616 |         let next = frequency.next_event(&date).unwrap();
[INFO] [stdout]     |             ^^^^ help: if this is intentional, prefix it with an underscore: `_next`
[INFO] [stdout] 
[INFO] [stdout] 
[INFO] [stdout] warning: unused variable: `expected`
[INFO] [stdout]    --> src/frequencies/serializer/mod.rs:617:13
[INFO] [stdout]     |
[INFO] [stdout] 617 |         let expected = DateTime::<Utc>::from_str("2020-01-01T10:00:00Z").unwrap();
[INFO] [stdout]     |             ^^^^^^^^ help: if this is intentional, prefix it with an underscore: `_expected`
[INFO] [stdout] 
[INFO] [stdout] 
[INFO] [stdout] warning: unused variable: `next`
[INFO] [stdout]    --> src/frequencies/serializer/mod.rs:651:13
[INFO] [stdout]     |
[INFO] [stdout] 651 |         let next = frequency.next_event(&date).unwrap();
[INFO] [stdout]     |             ^^^^ help: if this is intentional, prefix it with an underscore: `_next`
[INFO] [stdout] 
[INFO] [stdout] 
[INFO] [stdout] warning: unused variable: `expected`
[INFO] [stdout]    --> src/frequencies/serializer/mod.rs:652:13
[INFO] [stdout]     |
[INFO] [stdout] 652 |         let expected = DateTime::<Utc>::from_str("2020-02-01T00:00:00Z").unwrap();
[INFO] [stdout]     |             ^^^^^^^^ help: if this is intentional, prefix it with an underscore: `_expected`
[INFO] [stdout] 
[INFO] [stdout] 
[INFO] [stdout] warning: 17 warnings emitted
[INFO] [stdout] 
[INFO] [stdout] 
[INFO] [stderr]     Finished test [unoptimized + debuginfo] target(s) in 2.75s
[INFO] running `Command { std: "docker" "inspect" "1e8fb54006be94d1561e10829a709415515e92be4b346899c05f2007605e9b05", kill_on_drop: false }`
[INFO] running `Command { std: "docker" "rm" "-f" "1e8fb54006be94d1561e10829a709415515e92be4b346899c05f2007605e9b05", kill_on_drop: false }`
[INFO] [stdout] 1e8fb54006be94d1561e10829a709415515e92be4b346899c05f2007605e9b05
[INFO] running `Command { std: "docker" "create" "-v" "/var/lib/crater-agent-workspace/builds/worker-7-tc1/target:/opt/rustwide/target:rw,Z" "-v" "/var/lib/crater-agent-workspace/builds/worker-7-tc1/source:/opt/rustwide/workdir:ro,Z" "-v" "/var/lib/crater-agent-workspace/cargo-home:/opt/rustwide/cargo-home:ro,Z" "-v" "/var/lib/crater-agent-workspace/rustup-home:/opt/rustwide/rustup-home:ro,Z" "-e" "SOURCE_DIR=/opt/rustwide/workdir" "-e" "CARGO_TARGET_DIR=/opt/rustwide/target" "-e" "CARGO_INCREMENTAL=0" "-e" "RUST_BACKTRACE=full" "-e" "RUSTFLAGS=--cap-lints=warn" "-e" "RUSTDOCFLAGS=--cap-lints=warn" "-e" "CARGO_HOME=/opt/rustwide/cargo-home" "-e" "RUSTUP_HOME=/opt/rustwide/rustup-home" "-w" "/opt/rustwide/workdir" "-m" "1610612736" "--user" "0:0" "--network" "none" "ghcr.io/rust-lang/crates-build-env/linux@sha256:2788e3201cd34a07e3172128adcd8b3090168a8e3bcc40d7c032b9dda1df7d1c" "/opt/rustwide/cargo-home/bin/cargo" "+1.75.0" "test" "--frozen", kill_on_drop: false }`
[INFO] [stdout] 603f36f02cd93eee5b32e628cb0e5d27bd5c784e03dbbc608971b401e8f3b8c1
[INFO] running `Command { std: "docker" "start" "-a" "603f36f02cd93eee5b32e628cb0e5d27bd5c784e03dbbc608971b401e8f3b8c1", kill_on_drop: false }`
[INFO] [stderr] warning: only one of `license` or `license-file` is necessary
[INFO] [stderr] `license` should be used if the package license can be expressed with a standard SPDX expression.
[INFO] [stderr] `license-file` should be used if the package uses a non-standard license.
[INFO] [stderr] See https://doc.rust-lang.org/cargo/reference/manifest.html#the-license-and-license-file-fields for more information.
[INFO] [stderr] warning: rrules v0.2.3 (/opt/rustwide/workdir) ignoring invalid dependency `cargo-sonar` which is missing a lib target
[INFO] [stderr] warning: ambiguous glob re-exports
[INFO] [stderr]    --> src/lib.rs:259:9
[INFO] [stderr]     |
[INFO] [stderr] 259 | pub use frequencies::*;
[INFO] [stderr]     |         ^^^^^^^^^^^^^^ the name `validations` in the type namespace is first re-exported here
[INFO] [stderr] 260 | pub use recurrences::*;
[INFO] [stderr]     |         -------------- but the name `validations` in the type namespace is also re-exported here
[INFO] [stderr]     |
[INFO] [stderr]     = note: `#[warn(ambiguous_glob_reexports)]` on by default
[INFO] [stderr] 
[INFO] [stderr] warning: unused import: `crate::frequencies::InvalidFrequency`
[INFO] [stderr]    --> src/frequencies/serializer/mod.rs:541:9
[INFO] [stderr]     |
[INFO] [stderr] 541 |     use crate::frequencies::InvalidFrequency;
[INFO] [stderr]     |         ^^^^^^^^^^^^^^^^^^^^^^^^^^^^^^^^^^^^
[INFO] [stderr]     |
[INFO] [stderr]     = note: `#[warn(unused_imports)]` on by default
[INFO] [stderr] 
[INFO] [stderr] warning: unused import: `MonthlyDate`
[INFO] [stderr]    --> src/recurrences/recurrences_tests.rs:329:41
[INFO] [stderr]     |
[INFO] [stderr] 329 |     use crate::frequencies::{Frequency, MonthlyDate};
[INFO] [stderr]     |                                         ^^^^^^^^^^^
[INFO] [stderr] 
[INFO] [stderr] warning: unused import: `Month`
[INFO] [stderr]    --> src/recurrences/recurrences_tests.rs:331:38
[INFO] [stderr]     |
[INFO] [stderr] 331 |     use chrono::{DateTime, Duration, Month, Utc};
[INFO] [stderr]     |                                      ^^^^^
[INFO] [stderr] 
[INFO] [stderr] warning: unused import: `Frequency`
[INFO] [stderr]   --> src/recurrences/serializers/mod.rs:51:17
[INFO] [stderr]    |
[INFO] [stderr] 51 |     use crate::{Frequency, Recurrence};
[INFO] [stderr]    |                 ^^^^^^^^^
[INFO] [stderr] 
[INFO] [stderr] warning: unused variable: `remainder`
[INFO] [stderr]    --> src/frequencies/serializer/helpers.rs:265:24
[INFO] [stderr]     |
[INFO] [stderr] 265 |         let (interval, remainder) = extract_interval(&value).unwrap();
[INFO] [stderr]     |                        ^^^^^^^^^ help: if this is intentional, prefix it with an underscore: `_remainder`
[INFO] [stderr]     |
[INFO] [stderr]     = note: `#[warn(unused_variables)]` on by default
[INFO] [stderr] 
[INFO] [stderr] warning: unused variable: `remainder`
[INFO] [stderr]    --> src/frequencies/serializer/helpers.rs:327:21
[INFO] [stderr]     |
[INFO] [stderr] 327 |         let (times, remainder) = extract_times(&value).unwrap();
[INFO] [stderr]     |                     ^^^^^^^^^ help: if this is intentional, prefix it with an underscore: `_remainder`
[INFO] [stderr] 
[INFO] [stderr] warning: unused variable: `remainder`
[INFO] [stderr]    --> src/frequencies/serializer/helpers.rs:335:24
[INFO] [stderr]     |
[INFO] [stderr] 335 |         let (weekdays, remainder) = extract_weekdays(&value).unwrap();
[INFO] [stderr]     |                        ^^^^^^^^^ help: if this is intentional, prefix it with an underscore: `_remainder`
[INFO] [stderr] 
[INFO] [stderr] warning: unused variable: `remainder`
[INFO] [stderr]    --> src/frequencies/serializer/helpers.rs:358:24
[INFO] [stderr]     |
[INFO] [stderr] 358 |         let (weekdays, remainder) = extract_weekdays(&value).unwrap();
[INFO] [stderr]     |                        ^^^^^^^^^ help: if this is intentional, prefix it with an underscore: `_remainder`
[INFO] [stderr] 
[INFO] [stderr] warning: unused variable: `remainder`
[INFO] [stderr]    --> src/frequencies/serializer/helpers.rs:374:25
[INFO] [stderr]     |
[INFO] [stderr] 374 |         let (monthdays, remainder) = extract_monthdays(&value).unwrap();
[INFO] [stderr]     |                         ^^^^^^^^^ help: if this is intentional, prefix it with an underscore: `_remainder`
[INFO] [stderr] 
[INFO] [stderr] warning: unused variable: `remainder`
[INFO] [stderr]    --> src/frequencies/serializer/helpers.rs:397:28
[INFO] [stderr]     |
[INFO] [stderr] 397 |         let (nth_weekdays, remainder) = extract_nth_weekdays(&value).unwrap();
[INFO] [stderr]     |                            ^^^^^^^^^ help: if this is intentional, prefix it with an underscore: `_remainder`
[INFO] [stderr] 
[INFO] [stderr] warning: unused variable: `remainder`
[INFO] [stderr]    --> src/frequencies/serializer/helpers.rs:418:22
[INFO] [stderr]     |
[INFO] [stderr] 418 |         let (months, remainder) = extract_months(&value).unwrap();
[INFO] [stderr]     |                      ^^^^^^^^^ help: if this is intentional, prefix it with an underscore: `_remainder`
[INFO] [stderr] 
[INFO] [stderr] warning: unused variable: `remainder`
[INFO] [stderr]    --> src/frequencies/serializer/helpers.rs:446:28
[INFO] [stderr]     |
[INFO] [stderr] 446 |         let (monthly_date, remainder) = extract_monthly_date(&value).unwrap();
[INFO] [stderr]     |                            ^^^^^^^^^ help: if this is intentional, prefix it with an underscore: `_remainder`
[INFO] [stderr] 
[INFO] [stderr] warning: unused variable: `next`
[INFO] [stderr]    --> src/frequencies/serializer/mod.rs:616:13
[INFO] [stderr]     |
[INFO] [stderr] 616 |         let next = frequency.next_event(&date).unwrap();
[INFO] [stderr]     |             ^^^^ help: if this is intentional, prefix it with an underscore: `_next`
[INFO] [stderr] 
[INFO] [stderr] warning: unused variable: `expected`
[INFO] [stderr]    --> src/frequencies/serializer/mod.rs:617:13
[INFO] [stderr]     |
[INFO] [stderr] 617 |         let expected = DateTime::<Utc>::from_str("2020-01-01T10:00:00Z").unwrap();
[INFO] [stderr]     |             ^^^^^^^^ help: if this is intentional, prefix it with an underscore: `_expected`
[INFO] [stderr] 
[INFO] [stderr] warning: unused variable: `next`
[INFO] [stderr]    --> src/frequencies/serializer/mod.rs:651:13
[INFO] [stderr]     |
[INFO] [stderr] 651 |         let next = frequency.next_event(&date).unwrap();
[INFO] [stderr]     |             ^^^^ help: if this is intentional, prefix it with an underscore: `_next`
[INFO] [stderr] 
[INFO] [stderr] warning: unused variable: `expected`
[INFO] [stderr]    --> src/frequencies/serializer/mod.rs:652:13
[INFO] [stderr]     |
[INFO] [stderr] 652 |         let expected = DateTime::<Utc>::from_str("2020-02-01T00:00:00Z").unwrap();
[INFO] [stderr]     |             ^^^^^^^^ help: if this is intentional, prefix it with an underscore: `_expected`
[INFO] [stderr] 
[INFO] [stderr] warning: `rrules` (lib) generated 1 warning
[INFO] [stderr] warning: `rrules` (lib test) generated 17 warnings (1 duplicate) (run `cargo fix --lib -p rrules --tests` to apply 16 suggestions)
[INFO] [stderr]     Finished test [unoptimized + debuginfo] target(s) in 0.07s
[INFO] [stderr]      Running unittests src/lib.rs (/opt/rustwide/target/debug/deps/rrules-6edde78776abedcb)
[INFO] [stdout] 
[INFO] [stdout] running 198 tests
[INFO] [stdout] test frequencies::frequencies_tests::daily_frequencies_by_hour::twice_a_day ... ok
[INFO] [stdout] test frequencies::frequencies_tests::daily_frequency::collect_events_that_span_to_another_month ... ok
[INFO] [stdout] test frequencies::frequencies_tests::daily_frequencies_by_hour::twice_a_day_with_interval ... ok
[INFO] [stdout] test frequencies::frequencies_tests::daily_frequency::every_day_collect_events ... ok
[INFO] [stdout] test frequencies::frequencies_tests::hourly_frequency::collect_events_that_span_to_another_day ... ok
[INFO] [stdout] test frequencies::frequencies_tests::daily_frequency::invalid_interval ... ok
[INFO] [stdout] test frequencies::frequencies_tests::daily_frequency::every_day_frequency ... ok
[INFO] [stdout] test frequencies::frequencies_tests::hourly_frequency::every_hour_collect_events ... ok
[INFO] [stdout] test frequencies::frequencies_tests::hourly_frequency::every_hour_frequency ... ok
[INFO] [stdout] test frequencies::frequencies_tests::hourly_frequency::invalid_interval ... ok
[INFO] [stdout] test frequencies::frequencies_tests::minutely_frequency::collect_events_that_span_to_another_hour ... ok
[INFO] [stdout] test frequencies::frequencies_tests::minutely_frequency::every_minute_collect_events ... ok
[INFO] [stdout] test frequencies::frequencies_tests::minutely_frequency::every_minute_frequency ... ok
[INFO] [stdout] test frequencies::frequencies_tests::minutely_frequency::invalid_interval ... ok
[INFO] [stdout] test frequencies::frequencies_tests::monthly_by_month_day::every_1st_and_15th_of_the_month ... ok
[INFO] [stdout] test frequencies::frequencies_tests::monthly_by_month_day::every_1st_of_month ... ok
[INFO] [stdout] test frequencies::frequencies_tests::monthly_by_month_day::every_31th ... ok
[INFO] [stdout] test frequencies::frequencies_tests::monthly_by_weekday::every_1st_monday_of_the_month ... ok
[INFO] [stdout] test frequencies::frequencies_tests::monthly_by_weekday::every_2nd_tuesday ... ok
[INFO] [stdout] test frequencies::frequencies_tests::monthly_frequency::collect_events_that_span_to_another_year ... ok
[INFO] [stdout] test frequencies::frequencies_tests::monthly_frequency::every_month_frequency ... ok
[INFO] [stdout] test frequencies::frequencies_tests::monthly_by_weekday::every_1st_wednesday_and_friday ... ok
[INFO] [stdout] test frequencies::frequencies_tests::monthly_frequency::invalid_interval ... ok
[INFO] [stdout] test frequencies::frequencies_tests::secondly_frequency::every_second_frequency ... ok
[INFO] [stdout] test frequencies::frequencies_tests::secondly_frequency::invalid_interval ... ok
[INFO] [stdout] test frequencies::frequencies_tests::secondly_frequency::every_second_collect_events ... ok
[INFO] [stdout] test frequencies::frequencies_tests::monthly_frequency::every_month_collect_events ... ok
[INFO] [stdout] test frequencies::frequencies_tests::secondly_frequency::collect_events_that_span_to_another_minute ... ok
[INFO] [stdout] test frequencies::frequencies_tests::tests::within_daily_frequency ... ok
[INFO] [stdout] test frequencies::frequencies_tests::tests::not_within_frequency ... ok
[INFO] [stdout] test frequencies::frequencies_tests::tests::within_monthly_by_day ... ok
[INFO] [stdout] test frequencies::frequencies_tests::tests::within_monthly_by_month_day ... ok
[INFO] [stdout] test frequencies::frequencies_tests::tests::within_monthly_frequency ... ok
[INFO] [stdout] test frequencies::frequencies_tests::tests::test_date_within_frequency ... ok
[INFO] [stdout] test frequencies::frequencies_tests::tests::within_twice_a_day_frequency ... ok
[INFO] [stdout] test frequencies::frequencies_tests::tests::within_weekly_frequency ... ok
[INFO] [stdout] test frequencies::frequencies_tests::weekly_frequency::every_week_frequency ... ok
[INFO] [stdout] test frequencies::frequencies_tests::weekly_by_day::every_monday ... ok
[INFO] [stdout] test frequencies::frequencies_tests::yearly_frequencies::once_a_year ... ok
[INFO] [stdout] test frequencies::frequencies_validation_tests::test_daily::validate_daily ... ok
[INFO] [stdout] test frequencies::frequencies_validation_tests::test_monthly::validate_monthly ... ok
[INFO] [stdout] test frequencies::frequencies_validation_tests::test_weekly::validate_weekly_with_invalid_interval ... ok
[INFO] [stdout] test frequencies::frequencies_validation_tests::test_monthly::validate_monthly_with_invalid_interval ... ok
[INFO] [stdout] test frequencies::frequencies_validation_tests::test_weekly::validate_weekly ... ok
[INFO] [stdout] test frequencies::frequencies_tests::tests::within_weekly_by_day_frequency ... ok
[INFO] [stdout] test frequencies::frequencies_tests::weekly_by_day::twice_a_week ... ok
[INFO] [stdout] test frequencies::frequencies_tests::weekly_frequency::invalid_interval ... ok
[INFO] [stdout] test frequencies::frequencies_tests::yearly_frequencies::every_15th_january ... ok
[INFO] [stdout] test frequencies::frequencies_validation_tests::test_daily::validate_daily_with_invalid_interval ... ok
[INFO] [stdout] test frequencies::frequencies_tests::weekly_frequency::every_week_collect_events ... ok
[INFO] [stdout] test frequencies::frequencies_validation_tests::test_monthly::validate_monthly_with_repeated_nth_weekdays ... ok
[INFO] [stdout] test frequencies::frequencies_validation_tests::test_weekly::validate_weekly_with_repeated_days ... ok
[INFO] [stdout] test frequencies::frequencies_tests::weekly_frequency::collect_events_that_span_to_another_month ... ok
[INFO] [stdout] test frequencies::frequencies_validation_tests::test_daily::validate_daily_with_repeated_times ... ok
[INFO] [stdout] test frequencies::frequencies_validation_tests::test_monthly::validate_monthly_with_repeated_month_days ... ok
[INFO] [stdout] test frequencies::serializer::helpers::test_helpers::test_extract_months_not_present ... ok
[INFO] [stdout] test frequencies::serializer::helpers::test_helpers::test_extract_months_empty ... ok
[INFO] [stdout] test frequencies::serializer::helpers::test_helpers::test_extract_frequency ... ok
[INFO] [stdout] test frequencies::serializer::helpers::test_helpers::test_extract_interval_empty ... ok
[INFO] [stdout] test frequencies::serializer::helpers::test_helpers::test_extract_interval_invalid ... ok
[INFO] [stdout] test frequencies::serializer::helpers::test_helpers::test_extract_interval ... ok
[INFO] [stdout] test frequencies::serializer::helpers::test_helpers::test_extract_monthdays ... ok
[INFO] [stdout] test frequencies::serializer::helpers::test_helpers::test_extract_times_empty ... ok
[INFO] [stdout] test frequencies::serializer::helpers::test_helpers::test_extract_times ... ok
[INFO] [stdout] test frequencies::serializer::helpers::test_helpers::test_extract_times_invalid ... ok
[INFO] [stdout] test frequencies::serializer::helpers::test_helpers::test_extract_weekdays_invalid ... ok
[INFO] [stdout] test frequencies::serializer::helpers::test_helpers::test_extract_weekdays_not_present ... ok
[INFO] [stdout] test frequencies::serializer::helpers::test_helpers::test_extract_interval_with_semicolon ... ok
[INFO] [stdout] test frequencies::serializer::helpers::test_helpers::test_extract_monthdays_empty ... ok
[INFO] [stdout] test frequencies::serializer::helpers::test_helpers::test_extract_monthdays_invalid ... ok
[INFO] [stdout] test frequencies::serializer::helpers::test_helpers::test_extract_weekdays ... ok
[INFO] [stdout] test frequencies::serializer::helpers::test_helpers::test_extract_yearly_month_date_not_present ... ok
[INFO] [stdout] test frequencies::serializer::helpers::test_helpers::test_extract_months_invalid ... ok
[INFO] [stdout] test frequencies::serializer::helpers::test_helpers::test_extract_months ... ok
[INFO] [stdout] test frequencies::serializer::helpers::test_helpers::test_extract_weekdays_empty ... ok
[INFO] [stdout] test frequencies::serializer::helpers::test_helpers::test_extract_weekdays_with_semicolon ... ok
[INFO] [stdout] test frequencies::serializer::helpers::test_helpers::test_extract_times_with_semicolon ... ok
[INFO] [stdout] test frequencies::serializer::helpers::test_helpers::test_extract_times_multiple ... ok
[INFO] [stdout] test frequencies::serializer::helpers::test_helpers::test_extract_yearly_month_date_empty ... ok
[INFO] [stdout] test frequencies::serializer::helpers::test_helpers::test_extract_yearly_month_date ... ok
[INFO] [stdout] test frequencies::serializer::test_deserialize_from_str::daily_by_time_from_str ... ok
[INFO] [stdout] test frequencies::serializer::test_deserialize_from_str::minutely_from_str ... ok
[INFO] [stdout] test frequencies::serializer::test_deserialize_from_str::test_invalid_key ... ok
[INFO] [stdout] test frequencies::serializer::test_deserialize_from_str::secondly_from_str ... ok
[INFO] [stdout] test frequencies::serializer::test_deserialize_from_str::hourly_from_str ... ok
[INFO] [stdout] test frequencies::serializer::test_deserialize_from_str::monthly_from_str ... ok
[INFO] [stdout] test frequencies::serializer::helpers::test_helpers::test_extract_yearly_month_date_invalid ... ok
[INFO] [stdout] test frequencies::serializer::test_deserialize_from_str::weekly_by_day_from_str ... ok
[INFO] [stdout] test frequencies::serializer::test_serialize::test_serialize_daily_by_time ... ok
[INFO] [stdout] test frequencies::serializer::test_deserialize_from_str::monthly_by_nth_weekday_from_str ... ok
[INFO] [stdout] test frequencies::serializer::test_deserialize_from_str::monthly_by_monthday_from_str ... ok
[INFO] [stdout] test frequencies::serializer::test_serialize::test_serialize_daily ... ok
[INFO] [stdout] test frequencies::serializer::helpers::test_helpers::test_extract_nth_weekdays_empty ... ok
[INFO] [stdout] test frequencies::serializer::test_serialize::test_serialize_hourly ... ok
[INFO] [stdout] test frequencies::serializer::test_serialize::test_serialize_daily_by_time_multiple ... ok
[INFO] [stdout] test frequencies::serializer::test_serialize::test_serialize_secondly ... ok
[INFO] [stdout] test frequencies::serializer::test_serialize::test_serialize_monthly ... ok
[INFO] [stdout] test frequencies::serializer::test_serialize::test_serialize_monthly_by_month_day ... ok
[INFO] [stdout] test frequencies::serializer::test_serialize::test_serialize_weekly_by_day ... ok
[INFO] [stdout] test frequencies::serializer::test_serialize::test_serialize_monthly_by_month_day_multiple ... ok
[INFO] [stdout] test frequencies::serializer::test_serialize::test_serialize_weekly_by_day_multiple ... ok
[INFO] [stdout] test frequencies::serializer::test_serialize::test_serialize_minutely ... ok
[INFO] [stdout] test frequencies::serializer::test_serialize::test_serialize_monthly_by_nth_weekday_multiple ... ok
[INFO] [stdout] test frequencies::serializer::test_deserialize_from_str::test_invalid_format ... ok
[INFO] [stdout] test frequencies::serializer::test_serialize::test_serialize_weekly ... ok
[INFO] [stdout] test frequencies::serializer::test_serialize::test_serialize_yearly ... ok
[INFO] [stdout] test frequencies::serializer::test_serialize::test_serialize_monthly_by_nth_weekday ... ok
[INFO] [stdout] test recurrences::recurrence_validation_tests::daily_validations::every_day ... ok
[INFO] [stdout] test frequencies::serializer::test_serialize::test_serialize_yearly_by_monthly_date ... ok
[INFO] [stdout] test recurrences::recurrence_validation_tests::hourly_validations::every_hour ... ok
[INFO] [stdout] test frequencies::serializer::test_deserialize_from_str::daily_from_str ... ok
[INFO] [stdout] test recurrences::recurrence_validation_tests::hourly_validations::every_hour_with_invalid_duration ... ok
[INFO] [stdout] test recurrences::recurrence_validation_tests::daily_validations::every_day_by_time_with_invalid_duration ... ok
[INFO] [stdout] test frequencies::serializer::test_deserialize_from_str::weekly_from_str ... ok
[INFO] [stdout] test recurrences::recurrence_validation_tests::daily_validations::invalid_interval ... ok
[INFO] [stdout] test recurrences::recurrence_validation_tests::daily_validations::every_day_with_invalid_duration ... ok
[INFO] [stdout] test recurrences::recurrence_validation_tests::monthly_validations::every_month_with_invalid_duration ... ok
[INFO] [stdout] test recurrences::recurrence_validation_tests::monthly_validations::every_month_by_weekday_invalid_duration ... ok
[INFO] [stdout] test recurrences::recurrence_validation_tests::monthly_validations::every_month_by_nth_weekday ... ok
[INFO] [stdout] test frequencies::serializer::test_deserialize_from_str::yearly_from_str ... ok
[INFO] [stdout] test recurrences::recurrence_validation_tests::secondly_validations::every_second ... ok
[INFO] [stdout] test recurrences::recurrence_validation_tests::daily_validations::every_day_by_time_with_invalid_duration_over_day ... ok
[INFO] [stdout] test recurrences::recurrence_validation_tests::minutely_validations::every_minute_with_invalid_duration ... ok
[INFO] [stdout] test recurrences::recurrence_validation_tests::monthly_validations::every_month ... ok
[INFO] [stdout] test recurrences::recurrence_validation_tests::secondly_validations::every_second_with_invalid_duration ... ok
[INFO] [stdout] test recurrences::recurrence_validation_tests::minutely_validations::every_minute ... ok
[INFO] [stdout] test recurrences::recurrence_validation_tests::monthly_validations::every_month_by_month_day_invalid_duration ... ok
[INFO] [stdout] test recurrences::recurrence_validation_tests::weekly_validations::every_week ... ok
[INFO] [stdout] test recurrences::recurrences_tests::daily_recurrences::every_day ... ok
[INFO] [stdout] test recurrences::recurrences_tests::daily_recurrences::every_day_twice_a_day ... ok
[INFO] [stdout] test recurrences::recurrence_validation_tests::weekly_validations::every_week_by_day_with_invalid_duration ... ok
[INFO] [stdout] test frequencies::serializer::test_deserialize_from_str::yearly_by_monthday_from_str ... ok
[INFO] [stdout] test recurrences::recurrences_tests::minutely_recurrences::every_minute ... ok
[INFO] [stdout] test recurrences::recurrences_tests::monthly_recurrences::monthly_recurrence ... ok
[INFO] [stdout] test recurrences::recurrence_validation_tests::weekly_validations::every_week_with_invalid_duration ... ok
[INFO] [stdout] test recurrences::recurrences_tests::monthly_recurrences::monthly_recurrence_by_month_day ... ok
[INFO] [stdout] test recurrences::recurrences_tests::secondly_recurrences::every_second ... ok
[INFO] [stdout] test recurrences::recurrences_tests::hourly_recurrences::every_hour ... ok
[INFO] [stdout] test recurrences::recurrences_tests::monthly_recurrences::monthly_recurrence_by_week_number ... ok
[INFO] [stdout] test recurrences::recurrences_tests::tests::invalid_duration ... ok
[INFO] [stdout] test recurrences::recurrences_tests::tests::invalid_period ... ok
[INFO] [stdout] test recurrences::recurrences_tests::tests::test_new_secondly_recurrence ... ok
[INFO] [stdout] test recurrences::recurrences_tests::weekly_recurrences::weekly_by_day_recurrence ... ok
[INFO] [stdout] test recurrences::recurrences_tests::yearly_recurrences::test_once_a_year ... ok
[INFO] [stdout] test recurrences::recurrences_tests::weekly_recurrences::weekly_recurrence ... ok
[INFO] [stdout] test frequencies::serializer::helpers::test_helpers::test_extract_nth_weekdays_invalid ... ok
[INFO] [stdout] test frequencies::serializer::helpers::test_helpers::test_extract_nth_weekdays ... ok
[INFO] [stdout] test recurrences::serializers::deserialize_tests::daily_by_time_from_str ... ok
[INFO] [stdout] test recurrences::serializers::deserialize_tests::hourly_recurrence_from_str ... ok
[INFO] [stdout] test recurrences::serializers::deserialize_tests::minutely_recurrence_from_str ... ok
[INFO] [stdout] test recurrences::serializers::deserialize_tests::daily_recurrence_from_str ... ok
[INFO] [stdout] test recurrences::serializers::deserialize_tests::daily_with_dt_end ... ok
[INFO] [stdout] test recurrences::serializers::deserialize_tests::weekly_by_day ... ok
[INFO] [stdout] test recurrences::serializers::helpers::test_helpers::test_extract_duration_no_duration ... ok
[INFO] [stdout] test recurrences::serializers::helpers::test_helpers::test_extract_days_duration ... ok
[INFO] [stdout] test recurrences::serializers::deserialize_tests::yearly_recurrence_from_str ... ok
[INFO] [stdout] test recurrences::serializers::helpers::test_helpers::test_extract_duration_invalid_returns_0 ... ok
[INFO] [stdout] test recurrences::serializers::helpers::test_helpers::test_extract_start_invalid_date ... ok
[INFO] [stdout] test recurrences::serializers::helpers::test_helpers::test_extract_minutes_duration ... ok
[INFO] [stdout] test recurrences::serializers::deserialize_tests::yearly_by_month_date ... ok
[INFO] [stdout] test recurrences::serializers::helpers::test_helpers::test_extract_start_no_date ... ok
[INFO] [stdout] test recurrences::serializers::deserialize_tests::daily_invalid_end_date ... ok
[INFO] [stdout] test recurrences::serializers::deserialize_tests::monthly_recurrence_from_str ... ok
[INFO] [stdout] test recurrences::serializers::helpers::test_helpers::test_extract_hours_duration ... ok
[INFO] [stdout] test recurrences::serializers::helpers::test_helpers::test_extract_seconds_duration ... ok
[INFO] [stdout] test recurrences::serializers::helpers::test_helpers::test_extract_start ... ok
[INFO] [stdout] test utils::test_nth_weekdays::test_get_next_nth_weekday_none ... ok
[INFO] [stdout] test utils::shift_days::test_shift_days_backwards ... ok
[INFO] [stdout] test utils::shift_days::test_shift_days ... ok
[INFO] [stdout] test utils::test_nth_weekdays::test_get_next_nth_weekday_multiple_weekdays ... ok
[INFO] [stdout] test utils::test_nth_weekdays::test_get_next_nth_weekday_when_first_day_of_the_year ... ok
[INFO] [stdout] test utils::test_nth_weekdays::test_get_next_nth_weekday_base_case ... ok
[INFO] [stdout] test utils::test_shift_weeks::test_shift_weeks ... ok
[INFO] [stdout] test utils::test_shift_weeks::test_shift_back ... ok
[INFO] [stdout] test utils::test_nth_weekdays::test_order_nth_weekdays ... ok
[INFO] [stdout] test utils::test_shift_years::test_shift_years ... ok
[INFO] [stdout] test utils::tests::test_get_ordinal_number_of_the_week ... ok
[INFO] [stdout] test utils::test_nth_weekdays::test_get_next_nth_weekday_when_first_day_of_next_month ... ok
[INFO] [stdout] test utils::tests::test_get_weekday_ordinal_last ... ok
[INFO] [stdout] test utils::test_shift_weeks::test_shift_weeks_2 ... ok
[INFO] [stdout] test utils::test_nth_weekdays::test_get_next_nth_weekday_when_last_day_of_the_month ... ok
[INFO] [stdout] test utils::tests::test_shift_month ... ok
[INFO] [stdout] test recurrences::serializers::deserialize_tests::monthly_by_nth_weekday ... ok
[INFO] [stdout] test recurrences::serializers::helpers::test_helpers::test_extract_start_no_dtstart ... ok
[INFO] [stdout] test recurrences::serializers::helpers::test_helpers::test_extract_weeks_duration ... ok
[INFO] [stdout] test utils::tests::test_shift_month_to_next_year ... ok
[INFO] [stdout] test utils::tests::test_shift_backwards ... ok
[INFO] [stdout] test utils::tests::test_shift_month_2 ... ok
[INFO] [stdout] test utils::tests::test_shift_to_previous_year ... ok
[INFO] [stdout] test utils::tests::test_shift_to_previous_year_2 ... ok
[INFO] [stdout] test utils::tests::test_with_weekday ... ok
[INFO] [stdout] test recurrences::serializers::deserialize_tests::monthly_by_month_day ... ok
[INFO] [stdout] test utils::test_shift_years::test_shift_years_backwards ... ok
[INFO] [stdout] test recurrences::serializers::deserialize_tests::secondly_recurrence_from_str ... ok
[INFO] [stdout] test recurrences::serializers::serialize_tests::minutely_to_str ... ok
[INFO] [stdout] test recurrences::serializers::deserialize_tests::weekly_recurrence_from_str ... ok
[INFO] [stdout] test recurrences::serializers::serialize_tests::secondly_to_str ... ok
[INFO] [stdout] test recurrences::serializers::serialize_tests::second_to_str_with_end_date ... ok
[INFO] [stdout] 
[INFO] [stdout] test result: ok. 198 passed; 0 failed; 0 ignored; 0 measured; 0 filtered out; finished in 0.07s
[INFO] [stdout] 
[INFO] [stderr]    Doc-tests rrules
[INFO] [stdout] 
[INFO] [stdout] running 17 tests
[INFO] [stdout] test src/lib.rs - (line 232) ... FAILED
[INFO] [stdout] test src/lib.rs - (line 109) ... FAILED
[INFO] [stdout] test src/lib.rs - (line 246) ... FAILED
[INFO] [stdout] test src/frequencies/models.rs - frequencies::models::Frequency::contains (line 212) ... ok
[INFO] [stdout] test src/lib.rs - (line 49) ... ok
[INFO] [stdout] test src/frequencies/models.rs - frequencies::models::Frequency (line 17) ... ok
[INFO] [stdout] test src/recurrences/models.rs - recurrences::models::Recurrence::new (line 52) ... ok
[INFO] [stdout] test src/lib.rs - (line 216) ... ok
[INFO] [stdout] test src/recurrences/models.rs - recurrences::models::Recurrence (line 14) ... ok
[INFO] [stdout] test src/lib.rs - (line 148) ... ok
[INFO] [stdout] test src/lib.rs - (line 122) ... ok
[INFO] [stdout] test src/lib.rs - (line 185) ... ok
[INFO] [stdout] test src/lib.rs - (line 135) ... ok
[INFO] [stdout] test src/lib.rs - (line 169) ... ok
[INFO] [stdout] test src/recurrences/models.rs - recurrences::models::Recurrence::next (line 98) ... ok
[INFO] [stdout] test src/lib.rs - (line 23) ... ok
[INFO] [stdout] test src/lib.rs - (line 198) ... ok
[INFO] [stdout] 
[INFO] [stdout] failures:
[INFO] [stdout] 
[INFO] [stdout] ---- src/lib.rs - (line 232) stdout ----
[INFO] [stdout] error: linking with `cc` failed: exit status: 1
[INFO] [stdout]   |
[INFO] [stdout]   = note: LC_ALL="C" PATH="/opt/rustwide/rustup-home/toolchains/1.75.0-x86_64-unknown-linux-gnu/lib/rustlib/x86_64-unknown-linux-gnu/bin:/opt/rustwide/cargo-home/bin:/usr/local/sbin:/usr/local/bin:/usr/sbin:/usr/bin:/sbin:/bin" VSLANG="1033" "cc" "-m64" "/tmp/rustcEFhhDG/symbols.o" "/tmp/rustdoctestxkJtC3/rust_out.rust_out.263fb70ac1c95110-cgu.0.rcgu.o" "/tmp/rustdoctestxkJtC3/rust_out.2uel00cfmdh5ufit.rcgu.o" "-Wl,--as-needed" "-L" "/opt/rustwide/target/debug/deps" "-L" "/opt/rustwide/target/debug/deps" "-L" "/opt/rustwide/rustup-home/toolchains/1.75.0-x86_64-unknown-linux-gnu/lib/rustlib/x86_64-unknown-linux-gnu/lib" "-Wl,-Bstatic" "/opt/rustwide/target/debug/deps/librrules-a47ecf2a6c49f84c.rlib" "/opt/rustwide/target/debug/deps/libregex-3fdc9a8f6eaf81cf.rlib" "/opt/rustwide/target/debug/deps/libregex_automata-7e239e4b359aa58c.rlib" "/opt/rustwide/target/debug/deps/libaho_corasick-c461b2416345444e.rlib" "/opt/rustwide/target/debug/deps/libmemchr-94009dd89ebb9d8d.rlib" "/opt/rustwide/target/debug/deps/libregex_syntax-e4dd3c3a3cb10e1d.rlib" "/opt/rustwide/target/debug/deps/libchrono-697a4be3634de71c.rlib" "/opt/rustwide/target/debug/deps/libnum_traits-fbf3e4065138c85e.rlib" "/opt/rustwide/target/debug/deps/libiana_time_zone-528d9768cce5eb89.rlib" "/opt/rustwide/rustup-home/toolchains/1.75.0-x86_64-unknown-linux-gnu/lib/rustlib/x86_64-unknown-linux-gnu/lib/libstd-90f6ddbf82de36ec.rlib" "/opt/rustwide/rustup-home/toolchains/1.75.0-x86_64-unknown-linux-gnu/lib/rustlib/x86_64-unknown-linux-gnu/lib/libpanic_unwind-480c41e9d4e1f677.rlib" "/opt/rustwide/rustup-home/toolchains/1.75.0-x86_64-unknown-linux-gnu/lib/rustlib/x86_64-unknown-linux-gnu/lib/libobject-db744c0ca03eed1d.rlib" "/opt/rustwide/rustup-home/toolchains/1.75.0-x86_64-unknown-linux-gnu/lib/rustlib/x86_64-unknown-linux-gnu/lib/libmemchr-8ba652dc7d4b285a.rlib" "/opt/rustwide/rustup-home/toolchains/1.75.0-x86_64-unknown-linux-gnu/lib/rustlib/x86_64-unknown-linux-gnu/lib/libaddr2line-d5f4520a9ebc0d58.rlib" "/opt/rustwide/rustup-home/toolchains/1.75.0-x86_64-unknown-linux-gnu/lib/rustlib/x86_64-unknown-linux-gnu/lib/libgimli-4ad84de58f0cb463.rlib" "/opt/rustwide/rustup-home/toolchains/1.75.0-x86_64-unknown-linux-gnu/lib/rustlib/x86_64-unknown-linux-gnu/lib/librustc_demangle-0d10aae2e0f38735.rlib" "/opt/rustwide/rustup-home/toolchains/1.75.0-x86_64-unknown-linux-gnu/lib/rustlib/x86_64-unknown-linux-gnu/lib/libstd_detect-0c17cff739e6745b.rlib" "/opt/rustwide/rustup-home/toolchains/1.75.0-x86_64-unknown-linux-gnu/lib/rustlib/x86_64-unknown-linux-gnu/lib/libhashbrown-b29e17139dde1aa8.rlib" "/opt/rustwide/rustup-home/toolchains/1.75.0-x86_64-unknown-linux-gnu/lib/rustlib/x86_64-unknown-linux-gnu/lib/librustc_std_workspace_alloc-1f975299829cc7bd.rlib" "/opt/rustwide/rustup-home/toolchains/1.75.0-x86_64-unknown-linux-gnu/lib/rustlib/x86_64-unknown-linux-gnu/lib/libminiz_oxide-86bae3bc3079f89b.rlib" "/opt/rustwide/rustup-home/toolchains/1.75.0-x86_64-unknown-linux-gnu/lib/rustlib/x86_64-unknown-linux-gnu/lib/libadler-321b82c30dffdf5f.rlib" "/opt/rustwide/rustup-home/toolchains/1.75.0-x86_64-unknown-linux-gnu/lib/rustlib/x86_64-unknown-linux-gnu/lib/libunwind-3dd8a6810a0bdfef.rlib" "/opt/rustwide/rustup-home/toolchains/1.75.0-x86_64-unknown-linux-gnu/lib/rustlib/x86_64-unknown-linux-gnu/lib/libcfg_if-eb39a61c0c879984.rlib" "/opt/rustwide/rustup-home/toolchains/1.75.0-x86_64-unknown-linux-gnu/lib/rustlib/x86_64-unknown-linux-gnu/lib/liblibc-aa769569f91c3548.rlib" "/opt/rustwide/rustup-home/toolchains/1.75.0-x86_64-unknown-linux-gnu/lib/rustlib/x86_64-unknown-linux-gnu/lib/liballoc-510a192a50a983ed.rlib" "/opt/rustwide/rustup-home/toolchains/1.75.0-x86_64-unknown-linux-gnu/lib/rustlib/x86_64-unknown-linux-gnu/lib/librustc_std_workspace_core-0577018320f99037.rlib" "/opt/rustwide/rustup-home/toolchains/1.75.0-x86_64-unknown-linux-gnu/lib/rustlib/x86_64-unknown-linux-gnu/lib/libcore-193cf992125ccd4c.rlib" "/opt/rustwide/rustup-home/toolchains/1.75.0-x86_64-unknown-linux-gnu/lib/rustlib/x86_64-unknown-linux-gnu/lib/libcompiler_builtins-8e138eaf26ebb4a8.rlib" "-Wl,-Bdynamic" "-lgcc_s" "-lutil" "-lrt" "-lpthread" "-lm" "-ldl" "-lc" "-Wl,--eh-frame-hdr" "-Wl,-z,noexecstack" "-L" "/opt/rustwide/rustup-home/toolchains/1.75.0-x86_64-unknown-linux-gnu/lib/rustlib/x86_64-unknown-linux-gnu/lib" "-o" "/tmp/rustdoctestxkJtC3/rust_out" "-Wl,--gc-sections" "-pie" "-Wl,-z,relro,-z,now" "-nodefaultlibs"
[INFO] [stdout]   = note: collect2: fatal error: ld terminated with signal 9 [Killed]
[INFO] [stdout]           compilation terminated.
[INFO] [stdout]           
[INFO] [stdout] 
[INFO] [stdout] error: aborting due to previous error
[INFO] [stdout] 
[INFO] [stdout] Couldn't compile the test.
[INFO] [stdout] ---- src/lib.rs - (line 109) stdout ----
[INFO] [stdout] error: linking with `cc` failed: exit status: 1
[INFO] [stdout]   |
[INFO] [stdout]   = note: LC_ALL="C" PATH="/opt/rustwide/rustup-home/toolchains/1.75.0-x86_64-unknown-linux-gnu/lib/rustlib/x86_64-unknown-linux-gnu/bin:/opt/rustwide/cargo-home/bin:/usr/local/sbin:/usr/local/bin:/usr/sbin:/usr/bin:/sbin:/bin" VSLANG="1033" "cc" "-m64" "/tmp/rustcE9NT6c/symbols.o" "/tmp/rustdoctestJRtwFa/rust_out.rust_out.263fb70ac1c95110-cgu.0.rcgu.o" "/tmp/rustdoctestJRtwFa/rust_out.2uel00cfmdh5ufit.rcgu.o" "-Wl,--as-needed" "-L" "/opt/rustwide/target/debug/deps" "-L" "/opt/rustwide/target/debug/deps" "-L" "/opt/rustwide/rustup-home/toolchains/1.75.0-x86_64-unknown-linux-gnu/lib/rustlib/x86_64-unknown-linux-gnu/lib" "-Wl,-Bstatic" "/opt/rustwide/target/debug/deps/librrules-a47ecf2a6c49f84c.rlib" "/opt/rustwide/target/debug/deps/libregex-3fdc9a8f6eaf81cf.rlib" "/opt/rustwide/target/debug/deps/libregex_automata-7e239e4b359aa58c.rlib" "/opt/rustwide/target/debug/deps/libaho_corasick-c461b2416345444e.rlib" "/opt/rustwide/target/debug/deps/libmemchr-94009dd89ebb9d8d.rlib" "/opt/rustwide/target/debug/deps/libregex_syntax-e4dd3c3a3cb10e1d.rlib" "/opt/rustwide/target/debug/deps/libchrono-697a4be3634de71c.rlib" "/opt/rustwide/target/debug/deps/libnum_traits-fbf3e4065138c85e.rlib" "/opt/rustwide/target/debug/deps/libiana_time_zone-528d9768cce5eb89.rlib" "/opt/rustwide/rustup-home/toolchains/1.75.0-x86_64-unknown-linux-gnu/lib/rustlib/x86_64-unknown-linux-gnu/lib/libstd-90f6ddbf82de36ec.rlib" "/opt/rustwide/rustup-home/toolchains/1.75.0-x86_64-unknown-linux-gnu/lib/rustlib/x86_64-unknown-linux-gnu/lib/libpanic_unwind-480c41e9d4e1f677.rlib" "/opt/rustwide/rustup-home/toolchains/1.75.0-x86_64-unknown-linux-gnu/lib/rustlib/x86_64-unknown-linux-gnu/lib/libobject-db744c0ca03eed1d.rlib" "/opt/rustwide/rustup-home/toolchains/1.75.0-x86_64-unknown-linux-gnu/lib/rustlib/x86_64-unknown-linux-gnu/lib/libmemchr-8ba652dc7d4b285a.rlib" "/opt/rustwide/rustup-home/toolchains/1.75.0-x86_64-unknown-linux-gnu/lib/rustlib/x86_64-unknown-linux-gnu/lib/libaddr2line-d5f4520a9ebc0d58.rlib" "/opt/rustwide/rustup-home/toolchains/1.75.0-x86_64-unknown-linux-gnu/lib/rustlib/x86_64-unknown-linux-gnu/lib/libgimli-4ad84de58f0cb463.rlib" "/opt/rustwide/rustup-home/toolchains/1.75.0-x86_64-unknown-linux-gnu/lib/rustlib/x86_64-unknown-linux-gnu/lib/librustc_demangle-0d10aae2e0f38735.rlib" "/opt/rustwide/rustup-home/toolchains/1.75.0-x86_64-unknown-linux-gnu/lib/rustlib/x86_64-unknown-linux-gnu/lib/libstd_detect-0c17cff739e6745b.rlib" "/opt/rustwide/rustup-home/toolchains/1.75.0-x86_64-unknown-linux-gnu/lib/rustlib/x86_64-unknown-linux-gnu/lib/libhashbrown-b29e17139dde1aa8.rlib" "/opt/rustwide/rustup-home/toolchains/1.75.0-x86_64-unknown-linux-gnu/lib/rustlib/x86_64-unknown-linux-gnu/lib/librustc_std_workspace_alloc-1f975299829cc7bd.rlib" "/opt/rustwide/rustup-home/toolchains/1.75.0-x86_64-unknown-linux-gnu/lib/rustlib/x86_64-unknown-linux-gnu/lib/libminiz_oxide-86bae3bc3079f89b.rlib" "/opt/rustwide/rustup-home/toolchains/1.75.0-x86_64-unknown-linux-gnu/lib/rustlib/x86_64-unknown-linux-gnu/lib/libadler-321b82c30dffdf5f.rlib" "/opt/rustwide/rustup-home/toolchains/1.75.0-x86_64-unknown-linux-gnu/lib/rustlib/x86_64-unknown-linux-gnu/lib/libunwind-3dd8a6810a0bdfef.rlib" "/opt/rustwide/rustup-home/toolchains/1.75.0-x86_64-unknown-linux-gnu/lib/rustlib/x86_64-unknown-linux-gnu/lib/libcfg_if-eb39a61c0c879984.rlib" "/opt/rustwide/rustup-home/toolchains/1.75.0-x86_64-unknown-linux-gnu/lib/rustlib/x86_64-unknown-linux-gnu/lib/liblibc-aa769569f91c3548.rlib" "/opt/rustwide/rustup-home/toolchains/1.75.0-x86_64-unknown-linux-gnu/lib/rustlib/x86_64-unknown-linux-gnu/lib/liballoc-510a192a50a983ed.rlib" "/opt/rustwide/rustup-home/toolchains/1.75.0-x86_64-unknown-linux-gnu/lib/rustlib/x86_64-unknown-linux-gnu/lib/librustc_std_workspace_core-0577018320f99037.rlib" "/opt/rustwide/rustup-home/toolchains/1.75.0-x86_64-unknown-linux-gnu/lib/rustlib/x86_64-unknown-linux-gnu/lib/libcore-193cf992125ccd4c.rlib" "/opt/rustwide/rustup-home/toolchains/1.75.0-x86_64-unknown-linux-gnu/lib/rustlib/x86_64-unknown-linux-gnu/lib/libcompiler_builtins-8e138eaf26ebb4a8.rlib" "-Wl,-Bdynamic" "-lgcc_s" "-lutil" "-lrt" "-lpthread" "-lm" "-ldl" "-lc" "-Wl,--eh-frame-hdr" "-Wl,-z,noexecstack" "-L" "/opt/rustwide/rustup-home/toolchains/1.75.0-x86_64-unknown-linux-gnu/lib/rustlib/x86_64-unknown-linux-gnu/lib" "-o" "/tmp/rustdoctestJRtwFa/rust_out" "-Wl,--gc-sections" "-pie" "-Wl,-z,relro,-z,now" "-nodefaultlibs"
[INFO] [stdout]   = note: collect2: fatal error: ld terminated with signal 9 [Killed]
[INFO] [stdout]           compilation terminated.
[INFO] [stdout]           
[INFO] [stdout] 
[INFO] [stdout] error: aborting due to previous error
[INFO] [stdout] 
[INFO] [stdout] Couldn't compile the test.
[INFO] [stdout] ---- src/lib.rs - (line 246) stdout ----
[INFO] [stdout] error: linking with `cc` failed: exit status: 1
[INFO] [stdout]   |
[INFO] [stdout]   = note: LC_ALL="C" PATH="/opt/rustwide/rustup-home/toolchains/1.75.0-x86_64-unknown-linux-gnu/lib/rustlib/x86_64-unknown-linux-gnu/bin:/opt/rustwide/cargo-home/bin:/usr/local/sbin:/usr/local/bin:/usr/sbin:/usr/bin:/sbin:/bin" VSLANG="1033" "cc" "-m64" "/tmp/rustciTvSmQ/symbols.o" "/tmp/rustdoctestgljIBw/rust_out.rust_out.263fb70ac1c95110-cgu.0.rcgu.o" "/tmp/rustdoctestgljIBw/rust_out.2uel00cfmdh5ufit.rcgu.o" "-Wl,--as-needed" "-L" "/opt/rustwide/target/debug/deps" "-L" "/opt/rustwide/target/debug/deps" "-L" "/opt/rustwide/rustup-home/toolchains/1.75.0-x86_64-unknown-linux-gnu/lib/rustlib/x86_64-unknown-linux-gnu/lib" "-Wl,-Bstatic" "/opt/rustwide/target/debug/deps/librrules-a47ecf2a6c49f84c.rlib" "/opt/rustwide/target/debug/deps/libregex-3fdc9a8f6eaf81cf.rlib" "/opt/rustwide/target/debug/deps/libregex_automata-7e239e4b359aa58c.rlib" "/opt/rustwide/target/debug/deps/libaho_corasick-c461b2416345444e.rlib" "/opt/rustwide/target/debug/deps/libmemchr-94009dd89ebb9d8d.rlib" "/opt/rustwide/target/debug/deps/libregex_syntax-e4dd3c3a3cb10e1d.rlib" "/opt/rustwide/target/debug/deps/libchrono-697a4be3634de71c.rlib" "/opt/rustwide/target/debug/deps/libnum_traits-fbf3e4065138c85e.rlib" "/opt/rustwide/target/debug/deps/libiana_time_zone-528d9768cce5eb89.rlib" "/opt/rustwide/rustup-home/toolchains/1.75.0-x86_64-unknown-linux-gnu/lib/rustlib/x86_64-unknown-linux-gnu/lib/libstd-90f6ddbf82de36ec.rlib" "/opt/rustwide/rustup-home/toolchains/1.75.0-x86_64-unknown-linux-gnu/lib/rustlib/x86_64-unknown-linux-gnu/lib/libpanic_unwind-480c41e9d4e1f677.rlib" "/opt/rustwide/rustup-home/toolchains/1.75.0-x86_64-unknown-linux-gnu/lib/rustlib/x86_64-unknown-linux-gnu/lib/libobject-db744c0ca03eed1d.rlib" "/opt/rustwide/rustup-home/toolchains/1.75.0-x86_64-unknown-linux-gnu/lib/rustlib/x86_64-unknown-linux-gnu/lib/libmemchr-8ba652dc7d4b285a.rlib" "/opt/rustwide/rustup-home/toolchains/1.75.0-x86_64-unknown-linux-gnu/lib/rustlib/x86_64-unknown-linux-gnu/lib/libaddr2line-d5f4520a9ebc0d58.rlib" "/opt/rustwide/rustup-home/toolchains/1.75.0-x86_64-unknown-linux-gnu/lib/rustlib/x86_64-unknown-linux-gnu/lib/libgimli-4ad84de58f0cb463.rlib" "/opt/rustwide/rustup-home/toolchains/1.75.0-x86_64-unknown-linux-gnu/lib/rustlib/x86_64-unknown-linux-gnu/lib/librustc_demangle-0d10aae2e0f38735.rlib" "/opt/rustwide/rustup-home/toolchains/1.75.0-x86_64-unknown-linux-gnu/lib/rustlib/x86_64-unknown-linux-gnu/lib/libstd_detect-0c17cff739e6745b.rlib" "/opt/rustwide/rustup-home/toolchains/1.75.0-x86_64-unknown-linux-gnu/lib/rustlib/x86_64-unknown-linux-gnu/lib/libhashbrown-b29e17139dde1aa8.rlib" "/opt/rustwide/rustup-home/toolchains/1.75.0-x86_64-unknown-linux-gnu/lib/rustlib/x86_64-unknown-linux-gnu/lib/librustc_std_workspace_alloc-1f975299829cc7bd.rlib" "/opt/rustwide/rustup-home/toolchains/1.75.0-x86_64-unknown-linux-gnu/lib/rustlib/x86_64-unknown-linux-gnu/lib/libminiz_oxide-86bae3bc3079f89b.rlib" "/opt/rustwide/rustup-home/toolchains/1.75.0-x86_64-unknown-linux-gnu/lib/rustlib/x86_64-unknown-linux-gnu/lib/libadler-321b82c30dffdf5f.rlib" "/opt/rustwide/rustup-home/toolchains/1.75.0-x86_64-unknown-linux-gnu/lib/rustlib/x86_64-unknown-linux-gnu/lib/libunwind-3dd8a6810a0bdfef.rlib" "/opt/rustwide/rustup-home/toolchains/1.75.0-x86_64-unknown-linux-gnu/lib/rustlib/x86_64-unknown-linux-gnu/lib/libcfg_if-eb39a61c0c879984.rlib" "/opt/rustwide/rustup-home/toolchains/1.75.0-x86_64-unknown-linux-gnu/lib/rustlib/x86_64-unknown-linux-gnu/lib/liblibc-aa769569f91c3548.rlib" "/opt/rustwide/rustup-home/toolchains/1.75.0-x86_64-unknown-linux-gnu/lib/rustlib/x86_64-unknown-linux-gnu/lib/liballoc-510a192a50a983ed.rlib" "/opt/rustwide/rustup-home/toolchains/1.75.0-x86_64-unknown-linux-gnu/lib/rustlib/x86_64-unknown-linux-gnu/lib/librustc_std_workspace_core-0577018320f99037.rlib" "/opt/rustwide/rustup-home/toolchains/1.75.0-x86_64-unknown-linux-gnu/lib/rustlib/x86_64-unknown-linux-gnu/lib/libcore-193cf992125ccd4c.rlib" "/opt/rustwide/rustup-home/toolchains/1.75.0-x86_64-unknown-linux-gnu/lib/rustlib/x86_64-unknown-linux-gnu/lib/libcompiler_builtins-8e138eaf26ebb4a8.rlib" "-Wl,-Bdynamic" "-lgcc_s" "-lutil" "-lrt" "-lpthread" "-lm" "-ldl" "-lc" "-Wl,--eh-frame-hdr" "-Wl,-z,noexecstack" "-L" "/opt/rustwide/rustup-home/toolchains/1.75.0-x86_64-unknown-linux-gnu/lib/rustlib/x86_64-unknown-linux-gnu/lib" "-o" "/tmp/rustdoctestgljIBw/rust_out" "-Wl,--gc-sections" "-pie" "-Wl,-z,relro,-z,now" "-nodefaultlibs"
[INFO] [stdout]   = note: collect2: fatal error: ld terminated with signal 9 [Killed]
[INFO] [stdout]           compilation terminated.
[INFO] [stdout]           
[INFO] [stdout] 
[INFO] [stdout] error: aborting due to previous error
[INFO] [stdout] 
[INFO] [stdout] Couldn't compile the test.
[INFO] [stdout] 
[INFO] [stdout] failures:
[INFO] [stdout]     src/lib.rs - (line 109)
[INFO] [stdout]     src/lib.rs - (line 232)
[INFO] [stdout]     src/lib.rs - (line 246)
[INFO] [stdout] 
[INFO] [stdout] test result: FAILED. 14 passed; 3 failed; 0 ignored; 0 measured; 0 filtered out; finished in 3.58s
[INFO] [stdout] 
[INFO] [stderr] error: doctest failed, to rerun pass `--doc`
[INFO] running `Command { std: "docker" "inspect" "603f36f02cd93eee5b32e628cb0e5d27bd5c784e03dbbc608971b401e8f3b8c1", kill_on_drop: false }`
[INFO] running `Command { std: "docker" "rm" "-f" "603f36f02cd93eee5b32e628cb0e5d27bd5c784e03dbbc608971b401e8f3b8c1", kill_on_drop: false }`
[INFO] [stdout] 603f36f02cd93eee5b32e628cb0e5d27bd5c784e03dbbc608971b401e8f3b8c1
