[INFO] fetching crate rpn_calc_antoliny0919 0.1.1...
[INFO] testing rpn_calc_antoliny0919-0.1.1 against 1.75.0 for beta-1.76-1
[INFO] extracting crate rpn_calc_antoliny0919 0.1.1 into /workspace/builds/worker-0-tc1/source
[INFO] validating manifest of crates.io crate rpn_calc_antoliny0919 0.1.1 on toolchain 1.75.0
[INFO] running `Command { std: CARGO_HOME="/workspace/cargo-home" RUSTUP_HOME="/workspace/rustup-home" "/workspace/cargo-home/bin/cargo" "+1.75.0" "metadata" "--manifest-path" "Cargo.toml" "--no-deps", kill_on_drop: false }`
[INFO] started tweaking crates.io crate rpn_calc_antoliny0919 0.1.1
[INFO] finished tweaking crates.io crate rpn_calc_antoliny0919 0.1.1
[INFO] tweaked toml for crates.io crate rpn_calc_antoliny0919 0.1.1 written to /workspace/builds/worker-0-tc1/source/Cargo.toml
[INFO] running `Command { std: CARGO_HOME="/workspace/cargo-home" RUSTUP_HOME="/workspace/rustup-home" "/workspace/cargo-home/bin/cargo" "+1.75.0" "generate-lockfile" "--manifest-path" "Cargo.toml", kill_on_drop: false }`
[INFO] running `Command { std: CARGO_HOME="/workspace/cargo-home" RUSTUP_HOME="/workspace/rustup-home" "/workspace/cargo-home/bin/cargo" "+1.75.0" "fetch" "--manifest-path" "Cargo.toml", kill_on_drop: false }`
[INFO] running `Command { std: "docker" "create" "-v" "/var/lib/crater-agent-workspace/builds/worker-0-tc1/target:/opt/rustwide/target:rw,Z" "-v" "/var/lib/crater-agent-workspace/builds/worker-0-tc1/source:/opt/rustwide/workdir:ro,Z" "-v" "/var/lib/crater-agent-workspace/cargo-home:/opt/rustwide/cargo-home:ro,Z" "-v" "/var/lib/crater-agent-workspace/rustup-home:/opt/rustwide/rustup-home:ro,Z" "-e" "SOURCE_DIR=/opt/rustwide/workdir" "-e" "CARGO_TARGET_DIR=/opt/rustwide/target" "-e" "CARGO_HOME=/opt/rustwide/cargo-home" "-e" "RUSTUP_HOME=/opt/rustwide/rustup-home" "-w" "/opt/rustwide/workdir" "-m" "1610612736" "--user" "0:0" "--network" "none" "ghcr.io/rust-lang/crates-build-env/linux@sha256:2788e3201cd34a07e3172128adcd8b3090168a8e3bcc40d7c032b9dda1df7d1c" "/opt/rustwide/cargo-home/bin/cargo" "+1.75.0" "metadata" "--no-deps" "--format-version=1", kill_on_drop: false }`
[INFO] [stdout] f4ad4e91e5e4e74d29e30dad75b8b9fb0d5e42083b29ae553b942d9e9a6ed951
[INFO] running `Command { std: "docker" "start" "-a" "f4ad4e91e5e4e74d29e30dad75b8b9fb0d5e42083b29ae553b942d9e9a6ed951", kill_on_drop: false }`
[INFO] running `Command { std: "docker" "inspect" "f4ad4e91e5e4e74d29e30dad75b8b9fb0d5e42083b29ae553b942d9e9a6ed951", kill_on_drop: false }`
[INFO] running `Command { std: "docker" "rm" "-f" "f4ad4e91e5e4e74d29e30dad75b8b9fb0d5e42083b29ae553b942d9e9a6ed951", kill_on_drop: false }`
[INFO] [stdout] f4ad4e91e5e4e74d29e30dad75b8b9fb0d5e42083b29ae553b942d9e9a6ed951
[INFO] running `Command { std: "docker" "create" "-v" "/var/lib/crater-agent-workspace/builds/worker-0-tc1/target:/opt/rustwide/target:rw,Z" "-v" "/var/lib/crater-agent-workspace/builds/worker-0-tc1/source:/opt/rustwide/workdir:ro,Z" "-v" "/var/lib/crater-agent-workspace/cargo-home:/opt/rustwide/cargo-home:ro,Z" "-v" "/var/lib/crater-agent-workspace/rustup-home:/opt/rustwide/rustup-home:ro,Z" "-e" "SOURCE_DIR=/opt/rustwide/workdir" "-e" "CARGO_TARGET_DIR=/opt/rustwide/target" "-e" "CARGO_INCREMENTAL=0" "-e" "RUST_BACKTRACE=full" "-e" "RUSTFLAGS=--cap-lints=warn" "-e" "RUSTDOCFLAGS=--cap-lints=warn" "-e" "CARGO_HOME=/opt/rustwide/cargo-home" "-e" "RUSTUP_HOME=/opt/rustwide/rustup-home" "-w" "/opt/rustwide/workdir" "-m" "1610612736" "--user" "0:0" "--network" "none" "ghcr.io/rust-lang/crates-build-env/linux@sha256:2788e3201cd34a07e3172128adcd8b3090168a8e3bcc40d7c032b9dda1df7d1c" "/opt/rustwide/cargo-home/bin/cargo" "+1.75.0" "build" "--frozen" "--message-format=json", kill_on_drop: false }`
[INFO] [stdout] 8f79397d0b17108617a6075f34cb1059d3250a87a6d643cfc1768f23abe602fb
[INFO] running `Command { std: "docker" "start" "-a" "8f79397d0b17108617a6075f34cb1059d3250a87a6d643cfc1768f23abe602fb", kill_on_drop: false }`
[INFO] [stderr]    Compiling rpn_calc_antoliny0919 v0.1.1 (/opt/rustwide/workdir)
[INFO] [stderr]     Finished dev [unoptimized + debuginfo] target(s) in 0.16s
[INFO] running `Command { std: "docker" "inspect" "8f79397d0b17108617a6075f34cb1059d3250a87a6d643cfc1768f23abe602fb", kill_on_drop: false }`
[INFO] running `Command { std: "docker" "rm" "-f" "8f79397d0b17108617a6075f34cb1059d3250a87a6d643cfc1768f23abe602fb", kill_on_drop: false }`
[INFO] [stdout] 8f79397d0b17108617a6075f34cb1059d3250a87a6d643cfc1768f23abe602fb
[INFO] running `Command { std: "docker" "create" "-v" "/var/lib/crater-agent-workspace/builds/worker-0-tc1/target:/opt/rustwide/target:rw,Z" "-v" "/var/lib/crater-agent-workspace/builds/worker-0-tc1/source:/opt/rustwide/workdir:ro,Z" "-v" "/var/lib/crater-agent-workspace/cargo-home:/opt/rustwide/cargo-home:ro,Z" "-v" "/var/lib/crater-agent-workspace/rustup-home:/opt/rustwide/rustup-home:ro,Z" "-e" "SOURCE_DIR=/opt/rustwide/workdir" "-e" "CARGO_TARGET_DIR=/opt/rustwide/target" "-e" "CARGO_INCREMENTAL=0" "-e" "RUST_BACKTRACE=full" "-e" "RUSTFLAGS=--cap-lints=warn" "-e" "RUSTDOCFLAGS=--cap-lints=warn" "-e" "CARGO_HOME=/opt/rustwide/cargo-home" "-e" "RUSTUP_HOME=/opt/rustwide/rustup-home" "-w" "/opt/rustwide/workdir" "-m" "1610612736" "--user" "0:0" "--network" "none" "ghcr.io/rust-lang/crates-build-env/linux@sha256:2788e3201cd34a07e3172128adcd8b3090168a8e3bcc40d7c032b9dda1df7d1c" "/opt/rustwide/cargo-home/bin/cargo" "+1.75.0" "test" "--frozen" "--no-run" "--message-format=json", kill_on_drop: false }`
[INFO] [stdout] 527d910dc7f75a32926d1dd2fcbaf7bbb9878c83464f2f0e3c54fc8cdb03a448
[INFO] running `Command { std: "docker" "start" "-a" "527d910dc7f75a32926d1dd2fcbaf7bbb9878c83464f2f0e3c54fc8cdb03a448", kill_on_drop: false }`
[INFO] [stderr]    Compiling rpn_calc_antoliny0919 v0.1.1 (/opt/rustwide/workdir)
[INFO] [stderr]     Finished test [unoptimized + debuginfo] target(s) in 0.41s
[INFO] running `Command { std: "docker" "inspect" "527d910dc7f75a32926d1dd2fcbaf7bbb9878c83464f2f0e3c54fc8cdb03a448", kill_on_drop: false }`
[INFO] running `Command { std: "docker" "rm" "-f" "527d910dc7f75a32926d1dd2fcbaf7bbb9878c83464f2f0e3c54fc8cdb03a448", kill_on_drop: false }`
[INFO] [stdout] 527d910dc7f75a32926d1dd2fcbaf7bbb9878c83464f2f0e3c54fc8cdb03a448
[INFO] running `Command { std: "docker" "create" "-v" "/var/lib/crater-agent-workspace/builds/worker-0-tc1/target:/opt/rustwide/target:rw,Z" "-v" "/var/lib/crater-agent-workspace/builds/worker-0-tc1/source:/opt/rustwide/workdir:ro,Z" "-v" "/var/lib/crater-agent-workspace/cargo-home:/opt/rustwide/cargo-home:ro,Z" "-v" "/var/lib/crater-agent-workspace/rustup-home:/opt/rustwide/rustup-home:ro,Z" "-e" "SOURCE_DIR=/opt/rustwide/workdir" "-e" "CARGO_TARGET_DIR=/opt/rustwide/target" "-e" "CARGO_INCREMENTAL=0" "-e" "RUST_BACKTRACE=full" "-e" "RUSTFLAGS=--cap-lints=warn" "-e" "RUSTDOCFLAGS=--cap-lints=warn" "-e" "CARGO_HOME=/opt/rustwide/cargo-home" "-e" "RUSTUP_HOME=/opt/rustwide/rustup-home" "-w" "/opt/rustwide/workdir" "-m" "1610612736" "--user" "0:0" "--network" "none" "ghcr.io/rust-lang/crates-build-env/linux@sha256:2788e3201cd34a07e3172128adcd8b3090168a8e3bcc40d7c032b9dda1df7d1c" "/opt/rustwide/cargo-home/bin/cargo" "+1.75.0" "test" "--frozen", kill_on_drop: false }`
[INFO] [stdout] 788ad9ee7485b593852589e5e52e843b46a8bf0ebe42fa9f0a3137970759b776
[INFO] running `Command { std: "docker" "start" "-a" "788ad9ee7485b593852589e5e52e843b46a8bf0ebe42fa9f0a3137970759b776", kill_on_drop: false }`
[INFO] [stderr]     Finished test [unoptimized + debuginfo] target(s) in 0.01s
[INFO] [stderr]      Running unittests src/lib.rs (/opt/rustwide/target/debug/deps/rpn_calc_antoliny0919-1e1c7fb4371f43d4)
[INFO] [stdout] 
[INFO] [stdout] running 1 test
[INFO] [stdout] test tests::it_works ... ok
[INFO] [stdout] 
[INFO] [stdout] test result: ok. 1 passed; 0 failed; 0 ignored; 0 measured; 0 filtered out; finished in 0.00s
[INFO] [stdout] 
[INFO] [stderr]    Doc-tests rpn_calc_antoliny0919
[INFO] [stdout] 
[INFO] [stdout] running 1 test
[INFO] [stdout] test src/lib.rs - (line 5) ... FAILED
[INFO] [stdout] 
[INFO] [stdout] failures:
[INFO] [stdout] 
[INFO] [stdout] ---- src/lib.rs - (line 5) stdout ----
[INFO] [stdout] error[E0433]: failed to resolve: use of undeclared crate or module `rpn_calc`
[INFO] [stdout]  --> src/lib.rs:7:9
[INFO] [stdout]   |
[INFO] [stdout] 4 | let a = rpn_calc::eval(src).unwrap();
[INFO] [stdout]   |         ^^^^^^^^ use of undeclared crate or module `rpn_calc`
[INFO] [stdout] 
[INFO] [stdout] error: aborting due to previous error
[INFO] [stdout] 
[INFO] [stdout] For more information about this error, try `rustc --explain E0433`.
[INFO] [stdout] Couldn't compile the test.
[INFO] [stdout] 
[INFO] [stdout] failures:
[INFO] [stdout]     src/lib.rs - (line 5)
[INFO] [stdout] 
[INFO] [stdout] test result: FAILED. 0 passed; 1 failed; 0 ignored; 0 measured; 0 filtered out; finished in 0.05s
[INFO] [stdout] 
[INFO] [stderr] error: doctest failed, to rerun pass `--doc`
[INFO] running `Command { std: "docker" "inspect" "788ad9ee7485b593852589e5e52e843b46a8bf0ebe42fa9f0a3137970759b776", kill_on_drop: false }`
[INFO] running `Command { std: "docker" "rm" "-f" "788ad9ee7485b593852589e5e52e843b46a8bf0ebe42fa9f0a3137970759b776", kill_on_drop: false }`
[INFO] [stdout] 788ad9ee7485b593852589e5e52e843b46a8bf0ebe42fa9f0a3137970759b776
