[INFO] fetching crate rpkt-time 0.1.0...
[INFO] testing rpkt-time-0.1.0 against 1.75.0 for beta-1.76-1
[INFO] extracting crate rpkt-time 0.1.0 into /workspace/builds/worker-1-tc1/source
[INFO] validating manifest of crates.io crate rpkt-time 0.1.0 on toolchain 1.75.0
[INFO] running `Command { std: CARGO_HOME="/workspace/cargo-home" RUSTUP_HOME="/workspace/rustup-home" "/workspace/cargo-home/bin/cargo" "+1.75.0" "metadata" "--manifest-path" "Cargo.toml" "--no-deps", kill_on_drop: false }`
[INFO] started tweaking crates.io crate rpkt-time 0.1.0
[INFO] finished tweaking crates.io crate rpkt-time 0.1.0
[INFO] tweaked toml for crates.io crate rpkt-time 0.1.0 written to /workspace/builds/worker-1-tc1/source/Cargo.toml
[INFO] running `Command { std: CARGO_HOME="/workspace/cargo-home" RUSTUP_HOME="/workspace/rustup-home" "/workspace/cargo-home/bin/cargo" "+1.75.0" "generate-lockfile" "--manifest-path" "Cargo.toml", kill_on_drop: false }`
[INFO] [stderr]     Updating crates.io index
[INFO] running `Command { std: CARGO_HOME="/workspace/cargo-home" RUSTUP_HOME="/workspace/rustup-home" "/workspace/cargo-home/bin/cargo" "+1.75.0" "fetch" "--manifest-path" "Cargo.toml", kill_on_drop: false }`
[INFO] running `Command { std: "docker" "create" "-v" "/var/lib/crater-agent-workspace/builds/worker-1-tc1/target:/opt/rustwide/target:rw,Z" "-v" "/var/lib/crater-agent-workspace/builds/worker-1-tc1/source:/opt/rustwide/workdir:ro,Z" "-v" "/var/lib/crater-agent-workspace/cargo-home:/opt/rustwide/cargo-home:ro,Z" "-v" "/var/lib/crater-agent-workspace/rustup-home:/opt/rustwide/rustup-home:ro,Z" "-e" "SOURCE_DIR=/opt/rustwide/workdir" "-e" "CARGO_TARGET_DIR=/opt/rustwide/target" "-e" "CARGO_HOME=/opt/rustwide/cargo-home" "-e" "RUSTUP_HOME=/opt/rustwide/rustup-home" "-w" "/opt/rustwide/workdir" "-m" "1610612736" "--user" "0:0" "--network" "none" "ghcr.io/rust-lang/crates-build-env/linux@sha256:2788e3201cd34a07e3172128adcd8b3090168a8e3bcc40d7c032b9dda1df7d1c" "/opt/rustwide/cargo-home/bin/cargo" "+1.75.0" "metadata" "--no-deps" "--format-version=1", kill_on_drop: false }`
[INFO] [stdout] 0b8cbccd16ff80db921b9d3377a7943fb55c5d7ea5308bc48387a42b87a1b4ad
[INFO] running `Command { std: "docker" "start" "-a" "0b8cbccd16ff80db921b9d3377a7943fb55c5d7ea5308bc48387a42b87a1b4ad", kill_on_drop: false }`
[INFO] running `Command { std: "docker" "inspect" "0b8cbccd16ff80db921b9d3377a7943fb55c5d7ea5308bc48387a42b87a1b4ad", kill_on_drop: false }`
[INFO] running `Command { std: "docker" "rm" "-f" "0b8cbccd16ff80db921b9d3377a7943fb55c5d7ea5308bc48387a42b87a1b4ad", kill_on_drop: false }`
[INFO] [stdout] 0b8cbccd16ff80db921b9d3377a7943fb55c5d7ea5308bc48387a42b87a1b4ad
[INFO] running `Command { std: "docker" "create" "-v" "/var/lib/crater-agent-workspace/builds/worker-1-tc1/target:/opt/rustwide/target:rw,Z" "-v" "/var/lib/crater-agent-workspace/builds/worker-1-tc1/source:/opt/rustwide/workdir:ro,Z" "-v" "/var/lib/crater-agent-workspace/cargo-home:/opt/rustwide/cargo-home:ro,Z" "-v" "/var/lib/crater-agent-workspace/rustup-home:/opt/rustwide/rustup-home:ro,Z" "-e" "SOURCE_DIR=/opt/rustwide/workdir" "-e" "CARGO_TARGET_DIR=/opt/rustwide/target" "-e" "CARGO_INCREMENTAL=0" "-e" "RUST_BACKTRACE=full" "-e" "RUSTFLAGS=--cap-lints=warn" "-e" "RUSTDOCFLAGS=--cap-lints=warn" "-e" "CARGO_HOME=/opt/rustwide/cargo-home" "-e" "RUSTUP_HOME=/opt/rustwide/rustup-home" "-w" "/opt/rustwide/workdir" "-m" "1610612736" "--user" "0:0" "--network" "none" "ghcr.io/rust-lang/crates-build-env/linux@sha256:2788e3201cd34a07e3172128adcd8b3090168a8e3bcc40d7c032b9dda1df7d1c" "/opt/rustwide/cargo-home/bin/cargo" "+1.75.0" "build" "--frozen" "--message-format=json", kill_on_drop: false }`
[INFO] [stdout] d1ba054953cb853b6b0e9fde8bf67422635f8e67559cfa423cf8f363c0a3d9e6
[INFO] running `Command { std: "docker" "start" "-a" "d1ba054953cb853b6b0e9fde8bf67422635f8e67559cfa423cf8f363c0a3d9e6", kill_on_drop: false }`
[INFO] [stderr]    Compiling proc-macro2 v1.0.75
[INFO] [stderr]    Compiling unicode-ident v1.0.12
[INFO] [stderr]    Compiling syn v1.0.109
[INFO] [stderr]    Compiling libc v0.2.151
[INFO] [stderr]    Compiling quote v1.0.35
[INFO] [stderr]    Compiling ctor v0.1.26
[INFO] [stderr]    Compiling rpkt-time v0.1.0 (/opt/rustwide/workdir)
[INFO] [stderr]     Finished dev [unoptimized + debuginfo] target(s) in 3.18s
[INFO] running `Command { std: "docker" "inspect" "d1ba054953cb853b6b0e9fde8bf67422635f8e67559cfa423cf8f363c0a3d9e6", kill_on_drop: false }`
[INFO] running `Command { std: "docker" "rm" "-f" "d1ba054953cb853b6b0e9fde8bf67422635f8e67559cfa423cf8f363c0a3d9e6", kill_on_drop: false }`
[INFO] [stdout] d1ba054953cb853b6b0e9fde8bf67422635f8e67559cfa423cf8f363c0a3d9e6
[INFO] running `Command { std: "docker" "create" "-v" "/var/lib/crater-agent-workspace/builds/worker-1-tc1/target:/opt/rustwide/target:rw,Z" "-v" "/var/lib/crater-agent-workspace/builds/worker-1-tc1/source:/opt/rustwide/workdir:ro,Z" "-v" "/var/lib/crater-agent-workspace/cargo-home:/opt/rustwide/cargo-home:ro,Z" "-v" "/var/lib/crater-agent-workspace/rustup-home:/opt/rustwide/rustup-home:ro,Z" "-e" "SOURCE_DIR=/opt/rustwide/workdir" "-e" "CARGO_TARGET_DIR=/opt/rustwide/target" "-e" "CARGO_INCREMENTAL=0" "-e" "RUST_BACKTRACE=full" "-e" "RUSTFLAGS=--cap-lints=warn" "-e" "RUSTDOCFLAGS=--cap-lints=warn" "-e" "CARGO_HOME=/opt/rustwide/cargo-home" "-e" "RUSTUP_HOME=/opt/rustwide/rustup-home" "-w" "/opt/rustwide/workdir" "-m" "1610612736" "--user" "0:0" "--network" "none" "ghcr.io/rust-lang/crates-build-env/linux@sha256:2788e3201cd34a07e3172128adcd8b3090168a8e3bcc40d7c032b9dda1df7d1c" "/opt/rustwide/cargo-home/bin/cargo" "+1.75.0" "test" "--frozen" "--no-run" "--message-format=json", kill_on_drop: false }`
[INFO] [stdout] b9cca29764fd84cd1a0ec45c213e47037a186760db8867618b8493c0e2dde632
[INFO] running `Command { std: "docker" "start" "-a" "b9cca29764fd84cd1a0ec45c213e47037a186760db8867618b8493c0e2dde632", kill_on_drop: false }`
[INFO] [stderr]    Compiling rpkt-time v0.1.0 (/opt/rustwide/workdir)
[INFO] [stderr]     Finished test [unoptimized + debuginfo] target(s) in 0.38s
[INFO] running `Command { std: "docker" "inspect" "b9cca29764fd84cd1a0ec45c213e47037a186760db8867618b8493c0e2dde632", kill_on_drop: false }`
[INFO] running `Command { std: "docker" "rm" "-f" "b9cca29764fd84cd1a0ec45c213e47037a186760db8867618b8493c0e2dde632", kill_on_drop: false }`
[INFO] [stdout] b9cca29764fd84cd1a0ec45c213e47037a186760db8867618b8493c0e2dde632
[INFO] running `Command { std: "docker" "create" "-v" "/var/lib/crater-agent-workspace/builds/worker-1-tc1/target:/opt/rustwide/target:rw,Z" "-v" "/var/lib/crater-agent-workspace/builds/worker-1-tc1/source:/opt/rustwide/workdir:ro,Z" "-v" "/var/lib/crater-agent-workspace/cargo-home:/opt/rustwide/cargo-home:ro,Z" "-v" "/var/lib/crater-agent-workspace/rustup-home:/opt/rustwide/rustup-home:ro,Z" "-e" "SOURCE_DIR=/opt/rustwide/workdir" "-e" "CARGO_TARGET_DIR=/opt/rustwide/target" "-e" "CARGO_INCREMENTAL=0" "-e" "RUST_BACKTRACE=full" "-e" "RUSTFLAGS=--cap-lints=warn" "-e" "RUSTDOCFLAGS=--cap-lints=warn" "-e" "CARGO_HOME=/opt/rustwide/cargo-home" "-e" "RUSTUP_HOME=/opt/rustwide/rustup-home" "-w" "/opt/rustwide/workdir" "-m" "1610612736" "--user" "0:0" "--network" "none" "ghcr.io/rust-lang/crates-build-env/linux@sha256:2788e3201cd34a07e3172128adcd8b3090168a8e3bcc40d7c032b9dda1df7d1c" "/opt/rustwide/cargo-home/bin/cargo" "+1.75.0" "test" "--frozen", kill_on_drop: false }`
[INFO] [stdout] 402649ba7fc4130324170b2db780680a56d4519f5b57374d820044907ad53f3d
[INFO] running `Command { std: "docker" "start" "-a" "402649ba7fc4130324170b2db780680a56d4519f5b57374d820044907ad53f3d", kill_on_drop: false }`
[INFO] [stderr]     Finished test [unoptimized + debuginfo] target(s) in 0.01s
[INFO] [stderr]      Running unittests src/lib.rs (/opt/rustwide/target/debug/deps/rpkt_time-6cd018e4d42ec233)
[INFO] [stdout] 
[INFO] [stdout] running 0 tests
[INFO] [stdout] 
[INFO] [stdout] test result: ok. 0 passed; 0 failed; 0 ignored; 0 measured; 0 filtered out; finished in 0.00s
[INFO] [stdout] 
[INFO] [stderr]    Doc-tests rpkt-time
[INFO] [stdout] 
[INFO] [stdout] running 9 tests
[INFO] [stdout] test src/instant.rs - instant::Instant::elapsed (line 134) ... FAILED
[INFO] [stdout] test src/instant.rs - instant::Instant::now (line 40) ... FAILED
[INFO] [stdout] test src/instant.rs - instant::Instant::saturating_duration_since (line 107) ... FAILED
[INFO] [stdout] test src/instant.rs - instant::Instant::as_unix_nanos (line 179) ... FAILED
[INFO] [stdout] test src/instant.rs - instant::Instant::duration_since (line 61) ... FAILED
[INFO] [stdout] test src/instant.rs - instant::Instant::checked_duration_since (line 83) ... FAILED
[INFO] [stdout] test src/lib.rs - cycles_per_sec (line 53) ... FAILED
[INFO] [stdout] test src/instant.rs - instant::Instant::raw (line 23) ... FAILED
[INFO] [stdout] test src/lib.rs - tsc_stable (line 37) ... FAILED
[INFO] [stdout] 
[INFO] [stdout] failures:
[INFO] [stdout] 
[INFO] [stdout] ---- src/instant.rs - instant::Instant::elapsed (line 134) stdout ----
[INFO] [stdout] error[E0432]: unresolved import `minstant`
[INFO] [stdout]  --> src/instant.rs:138:5
[INFO] [stdout]   |
[INFO] [stdout] 6 | use minstant::Instant;
[INFO] [stdout]   |     ^^^^^^^^ use of undeclared crate or module `minstant`
[INFO] [stdout] 
[INFO] [stdout] error: aborting due to previous error
[INFO] [stdout] 
[INFO] [stdout] For more information about this error, try `rustc --explain E0432`.
[INFO] [stdout] Couldn't compile the test.
[INFO] [stdout] ---- src/instant.rs - instant::Instant::now (line 40) stdout ----
[INFO] [stdout] error[E0432]: unresolved import `minstant`
[INFO] [stdout]  --> src/instant.rs:41:5
[INFO] [stdout]   |
[INFO] [stdout] 3 | use minstant::Instant;
[INFO] [stdout]   |     ^^^^^^^^ use of undeclared crate or module `minstant`
[INFO] [stdout] 
[INFO] [stdout] error: aborting due to previous error
[INFO] [stdout] 
[INFO] [stdout] For more information about this error, try `rustc --explain E0432`.
[INFO] [stdout] Couldn't compile the test.
[INFO] [stdout] ---- src/instant.rs - instant::Instant::saturating_duration_since (line 107) stdout ----
[INFO] [stdout] error[E0432]: unresolved import `minstant`
[INFO] [stdout]  --> src/instant.rs:111:5
[INFO] [stdout]   |
[INFO] [stdout] 6 | use minstant::Instant;
[INFO] [stdout]   |     ^^^^^^^^ use of undeclared crate or module `minstant`
[INFO] [stdout] 
[INFO] [stdout] error: aborting due to previous error
[INFO] [stdout] 
[INFO] [stdout] For more information about this error, try `rustc --explain E0432`.
[INFO] [stdout] Couldn't compile the test.
[INFO] [stdout] ---- src/instant.rs - instant::Instant::as_unix_nanos (line 179) stdout ----
[INFO] [stdout] error[E0432]: unresolved import `minstant`
[INFO] [stdout]  --> src/instant.rs:181:5
[INFO] [stdout]   |
[INFO] [stdout] 4 | use minstant::{Instant, Anchor};
[INFO] [stdout]   |     ^^^^^^^^ use of undeclared crate or module `minstant`
[INFO] [stdout] 
[INFO] [stdout] error: aborting due to previous error
[INFO] [stdout] 
[INFO] [stdout] For more information about this error, try `rustc --explain E0432`.
[INFO] [stdout] Couldn't compile the test.
[INFO] [stdout] ---- src/instant.rs - instant::Instant::duration_since (line 61) stdout ----
[INFO] [stdout] error[E0432]: unresolved import `minstant`
[INFO] [stdout]  --> src/instant.rs:65:5
[INFO] [stdout]   |
[INFO] [stdout] 6 | use minstant::Instant;
[INFO] [stdout]   |     ^^^^^^^^ use of undeclared crate or module `minstant`
[INFO] [stdout] 
[INFO] [stdout] error: aborting due to previous error
[INFO] [stdout] 
[INFO] [stdout] For more information about this error, try `rustc --explain E0432`.
[INFO] [stdout] Couldn't compile the test.
[INFO] [stdout] ---- src/instant.rs - instant::Instant::checked_duration_since (line 83) stdout ----
[INFO] [stdout] error[E0432]: unresolved import `minstant`
[INFO] [stdout]  --> src/instant.rs:87:5
[INFO] [stdout]   |
[INFO] [stdout] 6 | use minstant::Instant;
[INFO] [stdout]   |     ^^^^^^^^ use of undeclared crate or module `minstant`
[INFO] [stdout] 
[INFO] [stdout] error: aborting due to previous error
[INFO] [stdout] 
[INFO] [stdout] For more information about this error, try `rustc --explain E0432`.
[INFO] [stdout] Couldn't compile the test.
[INFO] [stdout] ---- src/lib.rs - cycles_per_sec (line 53) stdout ----
[INFO] [stdout] error[E0432]: unresolved import `rdtsc_time`
[INFO] [stdout]  --> src/lib.rs:54:5
[INFO] [stdout]   |
[INFO] [stdout] 3 | use rdtsc_time::Instant;
[INFO] [stdout]   |     ^^^^^^^^^^ use of undeclared crate or module `rdtsc_time`
[INFO] [stdout] 
[INFO] [stdout] error[E0433]: failed to resolve: use of undeclared crate or module `rdtsc_time`
[INFO] [stdout]  --> src/lib.rs:56:44
[INFO] [stdout]   |
[INFO] [stdout] 5 | let ddl = Instant::now().raw().checked_add(rdtsc_time::cycles_per_sec()).unwrap();
[INFO] [stdout]   |                                            ^^^^^^^^^^ use of undeclared crate or module `rdtsc_time`
[INFO] [stdout] 
[INFO] [stdout] error: aborting due to 2 previous errors
[INFO] [stdout] 
[INFO] [stdout] Some errors have detailed explanations: E0432, E0433.
[INFO] [stdout] For more information about an error, try `rustc --explain E0432`.
[INFO] [stdout] Couldn't compile the test.
[INFO] [stdout] ---- src/instant.rs - instant::Instant::raw (line 23) stdout ----
[INFO] [stdout] error[E0432]: unresolved import `rdtsc_time`
[INFO] [stdout]  --> src/instant.rs:24:5
[INFO] [stdout]   |
[INFO] [stdout] 3 | use rdtsc_time::Instant;
[INFO] [stdout]   |     ^^^^^^^^^^ use of undeclared crate or module `rdtsc_time`
[INFO] [stdout] 
[INFO] [stdout] error[E0433]: failed to resolve: use of undeclared crate or module `rdtsc_time`
[INFO] [stdout]  --> src/instant.rs:26:44
[INFO] [stdout]   |
[INFO] [stdout] 5 | let ddl = Instant::now().raw().checked_add(rdtsc_time::cycles_per_sec()).unwrap();
[INFO] [stdout]   |                                            ^^^^^^^^^^ use of undeclared crate or module `rdtsc_time`
[INFO] [stdout] 
[INFO] [stdout] error: aborting due to 2 previous errors
[INFO] [stdout] 
[INFO] [stdout] Some errors have detailed explanations: E0432, E0433.
[INFO] [stdout] For more information about an error, try `rustc --explain E0432`.
[INFO] [stdout] Couldn't compile the test.
[INFO] [stdout] ---- src/lib.rs - tsc_stable (line 37) stdout ----
[INFO] [stdout] error[E0432]: unresolved import `rdtsc_time`
[INFO] [stdout]  --> src/lib.rs:38:5
[INFO] [stdout]   |
[INFO] [stdout] 3 | use rdtsc_time;
[INFO] [stdout]   |     ^^^^^^^^^^ no external crate `rdtsc_time`
[INFO] [stdout] 
[INFO] [stdout] error: aborting due to previous error
[INFO] [stdout] 
[INFO] [stdout] For more information about this error, try `rustc --explain E0432`.
[INFO] [stdout] Couldn't compile the test.
[INFO] [stdout] 
[INFO] [stdout] failures:
[INFO] [stdout]     src/instant.rs - instant::Instant::as_unix_nanos (line 179)
[INFO] [stdout]     src/instant.rs - instant::Instant::checked_duration_since (line 83)
[INFO] [stdout]     src/instant.rs - instant::Instant::duration_since (line 61)
[INFO] [stdout]     src/instant.rs - instant::Instant::elapsed (line 134)
[INFO] [stdout]     src/instant.rs - instant::Instant::now (line 40)
[INFO] [stdout]     src/instant.rs - instant::Instant::raw (line 23)
[INFO] [stdout]     src/instant.rs - instant::Instant::saturating_duration_since (line 107)
[INFO] [stdout]     src/lib.rs - cycles_per_sec (line 53)
[INFO] [stdout]     src/lib.rs - tsc_stable (line 37)
[INFO] [stdout] 
[INFO] [stdout] test result: FAILED. 0 passed; 9 failed; 0 ignored; 0 measured; 0 filtered out; finished in 0.05s
[INFO] [stdout] 
[INFO] [stderr] error: doctest failed, to rerun pass `--doc`
[INFO] running `Command { std: "docker" "inspect" "402649ba7fc4130324170b2db780680a56d4519f5b57374d820044907ad53f3d", kill_on_drop: false }`
[INFO] running `Command { std: "docker" "rm" "-f" "402649ba7fc4130324170b2db780680a56d4519f5b57374d820044907ad53f3d", kill_on_drop: false }`
[INFO] [stdout] 402649ba7fc4130324170b2db780680a56d4519f5b57374d820044907ad53f3d
[INFO] testing rpkt-time-0.1.0 against beta-2023-12-22 for beta-1.76-1
[INFO] extracting crate rpkt-time 0.1.0 into /workspace/builds/worker-1-tc2/source
[INFO] validating manifest of crates.io crate rpkt-time 0.1.0 on toolchain beta-2023-12-22
[INFO] running `Command { std: CARGO_HOME="/workspace/cargo-home" RUSTUP_HOME="/workspace/rustup-home" "/workspace/cargo-home/bin/cargo" "+beta-2023-12-22" "metadata" "--manifest-path" "Cargo.toml" "--no-deps", kill_on_drop: false }`
[INFO] started tweaking crates.io crate rpkt-time 0.1.0
[INFO] finished tweaking crates.io crate rpkt-time 0.1.0
[INFO] tweaked toml for crates.io crate rpkt-time 0.1.0 written to /workspace/builds/worker-1-tc2/source/Cargo.toml
[INFO] running `Command { std: CARGO_HOME="/workspace/cargo-home" RUSTUP_HOME="/workspace/rustup-home" "/workspace/cargo-home/bin/cargo" "+beta-2023-12-22" "generate-lockfile" "--manifest-path" "Cargo.toml", kill_on_drop: false }`
[INFO] [stderr]     Updating crates.io index
[INFO] running `Command { std: CARGO_HOME="/workspace/cargo-home" RUSTUP_HOME="/workspace/rustup-home" "/workspace/cargo-home/bin/cargo" "+beta-2023-12-22" "fetch" "--manifest-path" "Cargo.toml", kill_on_drop: false }`
[INFO] running `Command { std: "docker" "create" "-v" "/var/lib/crater-agent-workspace/builds/worker-1-tc2/target:/opt/rustwide/target:rw,Z" "-v" "/var/lib/crater-agent-workspace/builds/worker-1-tc2/source:/opt/rustwide/workdir:ro,Z" "-v" "/var/lib/crater-agent-workspace/cargo-home:/opt/rustwide/cargo-home:ro,Z" "-v" "/var/lib/crater-agent-workspace/rustup-home:/opt/rustwide/rustup-home:ro,Z" "-e" "SOURCE_DIR=/opt/rustwide/workdir" "-e" "CARGO_TARGET_DIR=/opt/rustwide/target" "-e" "CARGO_HOME=/opt/rustwide/cargo-home" "-e" "RUSTUP_HOME=/opt/rustwide/rustup-home" "-w" "/opt/rustwide/workdir" "-m" "1610612736" "--user" "0:0" "--network" "none" "ghcr.io/rust-lang/crates-build-env/linux@sha256:2788e3201cd34a07e3172128adcd8b3090168a8e3bcc40d7c032b9dda1df7d1c" "/opt/rustwide/cargo-home/bin/cargo" "+beta-2023-12-22" "metadata" "--no-deps" "--format-version=1", kill_on_drop: false }`
[INFO] [stdout] ecedab48cbd5e1c1b65baa434e8418c023222ef6c13fef80aeeb8c6bb44fddb5
[INFO] running `Command { std: "docker" "start" "-a" "ecedab48cbd5e1c1b65baa434e8418c023222ef6c13fef80aeeb8c6bb44fddb5", kill_on_drop: false }`
[INFO] running `Command { std: "docker" "inspect" "ecedab48cbd5e1c1b65baa434e8418c023222ef6c13fef80aeeb8c6bb44fddb5", kill_on_drop: false }`
[INFO] running `Command { std: "docker" "rm" "-f" "ecedab48cbd5e1c1b65baa434e8418c023222ef6c13fef80aeeb8c6bb44fddb5", kill_on_drop: false }`
[INFO] [stdout] ecedab48cbd5e1c1b65baa434e8418c023222ef6c13fef80aeeb8c6bb44fddb5
[INFO] running `Command { std: "docker" "create" "-v" "/var/lib/crater-agent-workspace/builds/worker-1-tc2/target:/opt/rustwide/target:rw,Z" "-v" "/var/lib/crater-agent-workspace/builds/worker-1-tc2/source:/opt/rustwide/workdir:ro,Z" "-v" "/var/lib/crater-agent-workspace/cargo-home:/opt/rustwide/cargo-home:ro,Z" "-v" "/var/lib/crater-agent-workspace/rustup-home:/opt/rustwide/rustup-home:ro,Z" "-e" "SOURCE_DIR=/opt/rustwide/workdir" "-e" "CARGO_TARGET_DIR=/opt/rustwide/target" "-e" "CARGO_INCREMENTAL=0" "-e" "RUST_BACKTRACE=full" "-e" "RUSTFLAGS=--cap-lints=warn" "-e" "RUSTDOCFLAGS=--cap-lints=warn" "-e" "CARGO_HOME=/opt/rustwide/cargo-home" "-e" "RUSTUP_HOME=/opt/rustwide/rustup-home" "-w" "/opt/rustwide/workdir" "-m" "1610612736" "--user" "0:0" "--network" "none" "ghcr.io/rust-lang/crates-build-env/linux@sha256:2788e3201cd34a07e3172128adcd8b3090168a8e3bcc40d7c032b9dda1df7d1c" "/opt/rustwide/cargo-home/bin/cargo" "+beta-2023-12-22" "build" "--frozen" "--message-format=json", kill_on_drop: false }`
[INFO] [stdout] 1aa994ba95523ebb8c3a198d7c3a1abe7ef53e98331361d25b33ef89d426d4f7
[INFO] running `Command { std: "docker" "start" "-a" "1aa994ba95523ebb8c3a198d7c3a1abe7ef53e98331361d25b33ef89d426d4f7", kill_on_drop: false }`
[INFO] [stderr]    Compiling proc-macro2 v1.0.75
[INFO] [stderr]    Compiling unicode-ident v1.0.12
[INFO] [stderr]    Compiling syn v1.0.109
[INFO] [stderr]    Compiling libc v0.2.151
[INFO] [stderr]    Compiling quote v1.0.35
[INFO] [stderr]    Compiling ctor v0.1.26
[INFO] [stderr]    Compiling rpkt-time v0.1.0 (/opt/rustwide/workdir)
[INFO] [stderr]     Finished dev [unoptimized + debuginfo] target(s) in 3.05s
[INFO] running `Command { std: "docker" "inspect" "1aa994ba95523ebb8c3a198d7c3a1abe7ef53e98331361d25b33ef89d426d4f7", kill_on_drop: false }`
[INFO] running `Command { std: "docker" "rm" "-f" "1aa994ba95523ebb8c3a198d7c3a1abe7ef53e98331361d25b33ef89d426d4f7", kill_on_drop: false }`
[INFO] [stdout] 1aa994ba95523ebb8c3a198d7c3a1abe7ef53e98331361d25b33ef89d426d4f7
[INFO] running `Command { std: "docker" "create" "-v" "/var/lib/crater-agent-workspace/builds/worker-1-tc2/target:/opt/rustwide/target:rw,Z" "-v" "/var/lib/crater-agent-workspace/builds/worker-1-tc2/source:/opt/rustwide/workdir:ro,Z" "-v" "/var/lib/crater-agent-workspace/cargo-home:/opt/rustwide/cargo-home:ro,Z" "-v" "/var/lib/crater-agent-workspace/rustup-home:/opt/rustwide/rustup-home:ro,Z" "-e" "SOURCE_DIR=/opt/rustwide/workdir" "-e" "CARGO_TARGET_DIR=/opt/rustwide/target" "-e" "CARGO_INCREMENTAL=0" "-e" "RUST_BACKTRACE=full" "-e" "RUSTFLAGS=--cap-lints=warn" "-e" "RUSTDOCFLAGS=--cap-lints=warn" "-e" "CARGO_HOME=/opt/rustwide/cargo-home" "-e" "RUSTUP_HOME=/opt/rustwide/rustup-home" "-w" "/opt/rustwide/workdir" "-m" "1610612736" "--user" "0:0" "--network" "none" "ghcr.io/rust-lang/crates-build-env/linux@sha256:2788e3201cd34a07e3172128adcd8b3090168a8e3bcc40d7c032b9dda1df7d1c" "/opt/rustwide/cargo-home/bin/cargo" "+beta-2023-12-22" "test" "--frozen" "--no-run" "--message-format=json", kill_on_drop: false }`
[INFO] [stdout] a1a30099069de19cdc54c181881b202c34e94c1e7ea6b5e07f11bed33b00b24d
[INFO] running `Command { std: "docker" "start" "-a" "a1a30099069de19cdc54c181881b202c34e94c1e7ea6b5e07f11bed33b00b24d", kill_on_drop: false }`
[INFO] [stderr]    Compiling rpkt-time v0.1.0 (/opt/rustwide/workdir)
[INFO] [stderr]     Finished test [unoptimized + debuginfo] target(s) in 0.37s
[INFO] running `Command { std: "docker" "inspect" "a1a30099069de19cdc54c181881b202c34e94c1e7ea6b5e07f11bed33b00b24d", kill_on_drop: false }`
[INFO] running `Command { std: "docker" "rm" "-f" "a1a30099069de19cdc54c181881b202c34e94c1e7ea6b5e07f11bed33b00b24d", kill_on_drop: false }`
[INFO] [stdout] a1a30099069de19cdc54c181881b202c34e94c1e7ea6b5e07f11bed33b00b24d
[INFO] running `Command { std: "docker" "create" "-v" "/var/lib/crater-agent-workspace/builds/worker-1-tc2/target:/opt/rustwide/target:rw,Z" "-v" "/var/lib/crater-agent-workspace/builds/worker-1-tc2/source:/opt/rustwide/workdir:ro,Z" "-v" "/var/lib/crater-agent-workspace/cargo-home:/opt/rustwide/cargo-home:ro,Z" "-v" "/var/lib/crater-agent-workspace/rustup-home:/opt/rustwide/rustup-home:ro,Z" "-e" "SOURCE_DIR=/opt/rustwide/workdir" "-e" "CARGO_TARGET_DIR=/opt/rustwide/target" "-e" "CARGO_INCREMENTAL=0" "-e" "RUST_BACKTRACE=full" "-e" "RUSTFLAGS=--cap-lints=warn" "-e" "RUSTDOCFLAGS=--cap-lints=warn" "-e" "CARGO_HOME=/opt/rustwide/cargo-home" "-e" "RUSTUP_HOME=/opt/rustwide/rustup-home" "-w" "/opt/rustwide/workdir" "-m" "1610612736" "--user" "0:0" "--network" "none" "ghcr.io/rust-lang/crates-build-env/linux@sha256:2788e3201cd34a07e3172128adcd8b3090168a8e3bcc40d7c032b9dda1df7d1c" "/opt/rustwide/cargo-home/bin/cargo" "+beta-2023-12-22" "test" "--frozen", kill_on_drop: false }`
[INFO] [stdout] 81acf660a325709dcec2e802b53e8cc8d4798225227abde9820825df2a5e651c
[INFO] running `Command { std: "docker" "start" "-a" "81acf660a325709dcec2e802b53e8cc8d4798225227abde9820825df2a5e651c", kill_on_drop: false }`
[INFO] [stderr]     Finished test [unoptimized + debuginfo] target(s) in 0.01s
[INFO] [stderr]      Running unittests src/lib.rs (/opt/rustwide/target/debug/deps/rpkt_time-ff4fccd4f0d4d10e)
[INFO] [stdout] 
[INFO] [stdout] running 0 tests
[INFO] [stdout] 
[INFO] [stdout] test result: ok. 0 passed; 0 failed; 0 ignored; 0 measured; 0 filtered out; finished in 0.00s
[INFO] [stdout] 
[INFO] [stderr]    Doc-tests rpkt-time
[INFO] [stdout] 
[INFO] [stdout] running 9 tests
[INFO] [stdout] test src/instant.rs - instant::Instant::as_unix_nanos (line 179) ... FAILED
[INFO] [stdout] test src/instant.rs - instant::Instant::checked_duration_since (line 83) ... FAILED
[INFO] [stdout] test src/instant.rs - instant::Instant::duration_since (line 61) ... FAILED
[INFO] [stdout] test src/instant.rs - instant::Instant::now (line 40) ... FAILED
[INFO] [stdout] test src/instant.rs - instant::Instant::elapsed (line 134) ... FAILED
[INFO] [stdout] test src/instant.rs - instant::Instant::saturating_duration_since (line 107) ... FAILED
[INFO] [stdout] test src/lib.rs - tsc_stable (line 37) ... FAILED
[INFO] [stdout] test src/lib.rs - cycles_per_sec (line 53) ... FAILED
[INFO] [stdout] test src/instant.rs - instant::Instant::raw (line 23) ... FAILED
[INFO] [stdout] 
[INFO] [stdout] failures:
[INFO] [stdout] 
[INFO] [stdout] ---- src/instant.rs - instant::Instant::as_unix_nanos (line 179) stdout ----
[INFO] [stdout] error[E0432]: unresolved import `minstant`
[INFO] [stdout]  --> src/instant.rs:181:5
[INFO] [stdout]   |
[INFO] [stdout] 4 | use minstant::{Instant, Anchor};
[INFO] [stdout]   |     ^^^^^^^^ use of undeclared crate or module `minstant`
[INFO] [stdout] 
[INFO] [stdout] error: aborting due to 1 previous error
[INFO] [stdout] 
[INFO] [stdout] For more information about this error, try `rustc --explain E0432`.
[INFO] [stdout] Couldn't compile the test.
[INFO] [stdout] ---- src/instant.rs - instant::Instant::checked_duration_since (line 83) stdout ----
[INFO] [stdout] error[E0432]: unresolved import `minstant`
[INFO] [stdout]  --> src/instant.rs:87:5
[INFO] [stdout]   |
[INFO] [stdout] 6 | use minstant::Instant;
[INFO] [stdout]   |     ^^^^^^^^ use of undeclared crate or module `minstant`
[INFO] [stdout] 
[INFO] [stdout] error: aborting due to 1 previous error
[INFO] [stdout] 
[INFO] [stdout] For more information about this error, try `rustc --explain E0432`.
[INFO] [stdout] Couldn't compile the test.
[INFO] [stdout] ---- src/instant.rs - instant::Instant::duration_since (line 61) stdout ----
[INFO] [stdout] error[E0432]: unresolved import `minstant`
[INFO] [stdout]  --> src/instant.rs:65:5
[INFO] [stdout]   |
[INFO] [stdout] 6 | use minstant::Instant;
[INFO] [stdout]   |     ^^^^^^^^ use of undeclared crate or module `minstant`
[INFO] [stdout] 
[INFO] [stdout] error: aborting due to 1 previous error
[INFO] [stdout] 
[INFO] [stdout] For more information about this error, try `rustc --explain E0432`.
[INFO] [stdout] Couldn't compile the test.
[INFO] [stdout] ---- src/instant.rs - instant::Instant::now (line 40) stdout ----
[INFO] [stdout] error[E0432]: unresolved import `minstant`
[INFO] [stdout]  --> src/instant.rs:41:5
[INFO] [stdout]   |
[INFO] [stdout] 3 | use minstant::Instant;
[INFO] [stdout]   |     ^^^^^^^^ use of undeclared crate or module `minstant`
[INFO] [stdout] 
[INFO] [stdout] error: aborting due to 1 previous error
[INFO] [stdout] 
[INFO] [stdout] For more information about this error, try `rustc --explain E0432`.
[INFO] [stdout] Couldn't compile the test.
[INFO] [stdout] ---- src/instant.rs - instant::Instant::elapsed (line 134) stdout ----
[INFO] [stdout] error[E0432]: unresolved import `minstant`
[INFO] [stdout]  --> src/instant.rs:138:5
[INFO] [stdout]   |
[INFO] [stdout] 6 | use minstant::Instant;
[INFO] [stdout]   |     ^^^^^^^^ use of undeclared crate or module `minstant`
[INFO] [stdout] 
[INFO] [stdout] error: aborting due to 1 previous error
[INFO] [stdout] 
[INFO] [stdout] For more information about this error, try `rustc --explain E0432`.
[INFO] [stdout] Couldn't compile the test.
[INFO] [stdout] ---- src/instant.rs - instant::Instant::saturating_duration_since (line 107) stdout ----
[INFO] [stdout] error[E0432]: unresolved import `minstant`
[INFO] [stdout]  --> src/instant.rs:111:5
[INFO] [stdout]   |
[INFO] [stdout] 6 | use minstant::Instant;
[INFO] [stdout]   |     ^^^^^^^^ use of undeclared crate or module `minstant`
[INFO] [stdout] 
[INFO] [stdout] error: aborting due to 1 previous error
[INFO] [stdout] 
[INFO] [stdout] For more information about this error, try `rustc --explain E0432`.
[INFO] [stdout] Couldn't compile the test.
[INFO] [stdout] ---- src/lib.rs - tsc_stable (line 37) stdout ----
[INFO] [stdout] error[E0432]: unresolved import `rdtsc_time`
[INFO] [stdout]  --> src/lib.rs:38:5
[INFO] [stdout]   |
[INFO] [stdout] 3 | use rdtsc_time;
[INFO] [stdout]   |     ^^^^^^^^^^ no external crate `rdtsc_time`
[INFO] [stdout] 
[INFO] [stdout] error: aborting due to 1 previous error
[INFO] [stdout] 
[INFO] [stdout] For more information about this error, try `rustc --explain E0432`.
[INFO] [stdout] Couldn't compile the test.
[INFO] [stdout] ---- src/lib.rs - cycles_per_sec (line 53) stdout ----
[INFO] [stdout] error[E0432]: unresolved import `rdtsc_time`
[INFO] [stdout]  --> src/lib.rs:54:5
[INFO] [stdout]   |
[INFO] [stdout] 3 | use rdtsc_time::Instant;
[INFO] [stdout]   |     ^^^^^^^^^^ use of undeclared crate or module `rdtsc_time`
[INFO] [stdout] 
[INFO] [stdout] error[E0433]: failed to resolve: use of undeclared crate or module `rdtsc_time`
[INFO] [stdout]  --> src/lib.rs:56:44
[INFO] [stdout]   |
[INFO] [stdout] 5 | let ddl = Instant::now().raw().checked_add(rdtsc_time::cycles_per_sec()).unwrap();
[INFO] [stdout]   |                                            ^^^^^^^^^^ use of undeclared crate or module `rdtsc_time`
[INFO] [stdout] 
[INFO] [stdout] error: aborting due to 2 previous errors
[INFO] [stdout] 
[INFO] [stdout] Some errors have detailed explanations: E0432, E0433.
[INFO] [stdout] For more information about an error, try `rustc --explain E0432`.
[INFO] [stdout] Couldn't compile the test.
[INFO] [stdout] ---- src/instant.rs - instant::Instant::raw (line 23) stdout ----
[INFO] [stdout] error[E0432]: unresolved import `rdtsc_time`
[INFO] [stdout]  --> src/instant.rs:24:5
[INFO] [stdout]   |
[INFO] [stdout] 3 | use rdtsc_time::Instant;
[INFO] [stdout]   |     ^^^^^^^^^^ use of undeclared crate or module `rdtsc_time`
[INFO] [stdout] 
[INFO] [stdout] error[E0433]: failed to resolve: use of undeclared crate or module `rdtsc_time`
[INFO] [stdout]  --> src/instant.rs:26:44
[INFO] [stdout]   |
[INFO] [stdout] 5 | let ddl = Instant::now().raw().checked_add(rdtsc_time::cycles_per_sec()).unwrap();
[INFO] [stdout]   |                                            ^^^^^^^^^^ use of undeclared crate or module `rdtsc_time`
[INFO] [stdout] 
[INFO] [stdout] error: aborting due to 2 previous errors
[INFO] [stdout] 
[INFO] [stdout] Some errors have detailed explanations: E0432, E0433.
[INFO] [stdout] For more information about an error, try `rustc --explain E0432`.
[INFO] [stdout] Couldn't compile the test.
[INFO] [stdout] 
[INFO] [stdout] failures:
[INFO] [stdout]     src/instant.rs - instant::Instant::as_unix_nanos (line 179)
[INFO] [stdout]     src/instant.rs - instant::Instant::checked_duration_since (line 83)
[INFO] [stdout]     src/instant.rs - instant::Instant::duration_since (line 61)
[INFO] [stdout]     src/instant.rs - instant::Instant::elapsed (line 134)
[INFO] [stdout]     src/instant.rs - instant::Instant::now (line 40)
[INFO] [stdout]     src/instant.rs - instant::Instant::raw (line 23)
[INFO] [stdout]     src/instant.rs - instant::Instant::saturating_duration_since (line 107)
[INFO] [stdout]     src/lib.rs - cycles_per_sec (line 53)
[INFO] [stdout]     src/lib.rs - tsc_stable (line 37)
[INFO] [stdout] 
[INFO] [stdout] test result: FAILED. 0 passed; 9 failed; 0 ignored; 0 measured; 0 filtered out; finished in 0.05s
[INFO] [stdout] 
[INFO] [stderr] error: doctest failed, to rerun pass `--doc`
[INFO] running `Command { std: "docker" "inspect" "81acf660a325709dcec2e802b53e8cc8d4798225227abde9820825df2a5e651c", kill_on_drop: false }`
[INFO] running `Command { std: "docker" "rm" "-f" "81acf660a325709dcec2e802b53e8cc8d4798225227abde9820825df2a5e651c", kill_on_drop: false }`
[INFO] [stdout] 81acf660a325709dcec2e802b53e8cc8d4798225227abde9820825df2a5e651c
