[INFO] fetching crate rpi_sim868 0.1.1...
[INFO] testing rpi_sim868-0.1.1 against 1.75.0 for beta-1.76-1
[INFO] extracting crate rpi_sim868 0.1.1 into /workspace/builds/worker-1-tc1/source
[INFO] validating manifest of crates.io crate rpi_sim868 0.1.1 on toolchain 1.75.0
[INFO] running `Command { std: CARGO_HOME="/workspace/cargo-home" RUSTUP_HOME="/workspace/rustup-home" "/workspace/cargo-home/bin/cargo" "+1.75.0" "metadata" "--manifest-path" "Cargo.toml" "--no-deps", kill_on_drop: false }`
[INFO] started tweaking crates.io crate rpi_sim868 0.1.1
[INFO] finished tweaking crates.io crate rpi_sim868 0.1.1
[INFO] tweaked toml for crates.io crate rpi_sim868 0.1.1 written to /workspace/builds/worker-1-tc1/source/Cargo.toml
[INFO] running `Command { std: CARGO_HOME="/workspace/cargo-home" RUSTUP_HOME="/workspace/rustup-home" "/workspace/cargo-home/bin/cargo" "+1.75.0" "generate-lockfile" "--manifest-path" "Cargo.toml", kill_on_drop: false }`
[INFO] [stderr]     Updating crates.io index
[INFO] running `Command { std: CARGO_HOME="/workspace/cargo-home" RUSTUP_HOME="/workspace/rustup-home" "/workspace/cargo-home/bin/cargo" "+1.75.0" "fetch" "--manifest-path" "Cargo.toml", kill_on_drop: false }`
[INFO] [stderr]  Downloading crates ...
[INFO] [stderr]   Downloaded serde_url_params v0.2.1
[INFO] [stderr]   Downloaded rppal v0.14.1
[INFO] running `Command { std: "docker" "create" "-v" "/var/lib/crater-agent-workspace/builds/worker-1-tc1/target:/opt/rustwide/target:rw,Z" "-v" "/var/lib/crater-agent-workspace/builds/worker-1-tc1/source:/opt/rustwide/workdir:ro,Z" "-v" "/var/lib/crater-agent-workspace/cargo-home:/opt/rustwide/cargo-home:ro,Z" "-v" "/var/lib/crater-agent-workspace/rustup-home:/opt/rustwide/rustup-home:ro,Z" "-e" "SOURCE_DIR=/opt/rustwide/workdir" "-e" "CARGO_TARGET_DIR=/opt/rustwide/target" "-e" "CARGO_HOME=/opt/rustwide/cargo-home" "-e" "RUSTUP_HOME=/opt/rustwide/rustup-home" "-w" "/opt/rustwide/workdir" "-m" "1610612736" "--user" "0:0" "--network" "none" "ghcr.io/rust-lang/crates-build-env/linux@sha256:2788e3201cd34a07e3172128adcd8b3090168a8e3bcc40d7c032b9dda1df7d1c" "/opt/rustwide/cargo-home/bin/cargo" "+1.75.0" "metadata" "--no-deps" "--format-version=1", kill_on_drop: false }`
[INFO] [stdout] 07c113f874971f3fdfb2e48655d5e6c048067eef1720bdc10f1a2358e7be2484
[INFO] running `Command { std: "docker" "start" "-a" "07c113f874971f3fdfb2e48655d5e6c048067eef1720bdc10f1a2358e7be2484", kill_on_drop: false }`
[INFO] running `Command { std: "docker" "inspect" "07c113f874971f3fdfb2e48655d5e6c048067eef1720bdc10f1a2358e7be2484", kill_on_drop: false }`
[INFO] running `Command { std: "docker" "rm" "-f" "07c113f874971f3fdfb2e48655d5e6c048067eef1720bdc10f1a2358e7be2484", kill_on_drop: false }`
[INFO] [stdout] 07c113f874971f3fdfb2e48655d5e6c048067eef1720bdc10f1a2358e7be2484
[INFO] running `Command { std: "docker" "create" "-v" "/var/lib/crater-agent-workspace/builds/worker-1-tc1/target:/opt/rustwide/target:rw,Z" "-v" "/var/lib/crater-agent-workspace/builds/worker-1-tc1/source:/opt/rustwide/workdir:ro,Z" "-v" "/var/lib/crater-agent-workspace/cargo-home:/opt/rustwide/cargo-home:ro,Z" "-v" "/var/lib/crater-agent-workspace/rustup-home:/opt/rustwide/rustup-home:ro,Z" "-e" "SOURCE_DIR=/opt/rustwide/workdir" "-e" "CARGO_TARGET_DIR=/opt/rustwide/target" "-e" "CARGO_INCREMENTAL=0" "-e" "RUST_BACKTRACE=full" "-e" "RUSTFLAGS=--cap-lints=warn" "-e" "RUSTDOCFLAGS=--cap-lints=warn" "-e" "CARGO_HOME=/opt/rustwide/cargo-home" "-e" "RUSTUP_HOME=/opt/rustwide/rustup-home" "-w" "/opt/rustwide/workdir" "-m" "1610612736" "--user" "0:0" "--network" "none" "ghcr.io/rust-lang/crates-build-env/linux@sha256:2788e3201cd34a07e3172128adcd8b3090168a8e3bcc40d7c032b9dda1df7d1c" "/opt/rustwide/cargo-home/bin/cargo" "+1.75.0" "build" "--frozen" "--message-format=json", kill_on_drop: false }`
[INFO] [stdout] 99d12c65a240d8824232551bfe6c8600f587d9971ee3baedf354f449f9e19be6
[INFO] running `Command { std: "docker" "start" "-a" "99d12c65a240d8824232551bfe6c8600f587d9971ee3baedf354f449f9e19be6", kill_on_drop: false }`
[INFO] [stderr]    Compiling proc-macro2 v1.0.75
[INFO] [stderr]    Compiling powerfmt v0.2.0
[INFO] [stderr]    Compiling time-core v0.1.2
[INFO] [stderr]    Compiling indexmap v1.9.3
[INFO] [stderr]    Compiling priority-queue v1.3.2
[INFO] [stderr]    Compiling hashbrown v0.12.3
[INFO] [stderr]    Compiling num_threads v0.1.6
[INFO] [stderr]    Compiling colored v2.1.0
[INFO] [stderr]    Compiling log v0.4.20
[INFO] [stderr]    Compiling tokio v1.35.1
[INFO] [stderr]    Compiling regex v1.10.2
[INFO] [stderr]    Compiling rppal v0.14.1
[INFO] [stderr]    Compiling chrono v0.4.31
[INFO] [stderr]    Compiling time-macros v0.2.16
[INFO] [stderr]    Compiling deranged v0.3.11
[INFO] [stderr]    Compiling quote v1.0.35
[INFO] [stderr]    Compiling syn v2.0.48
[INFO] [stderr]    Compiling time v0.3.31
[INFO] [stderr]    Compiling simple_logger v4.3.3
[INFO] [stderr]    Compiling serde_derive v1.0.194
[INFO] [stderr]    Compiling uuid-macro-internal v1.6.1
[INFO] [stderr]    Compiling uuid v1.6.1
[INFO] [stderr]    Compiling serde v1.0.194
[INFO] [stderr]    Compiling serde_json v1.0.111
[INFO] [stderr]    Compiling serde_url_params v0.2.1
[INFO] [stderr]    Compiling rpi_sim868 v0.1.1 (/opt/rustwide/workdir)
[INFO] [stderr]     Finished dev [unoptimized + debuginfo] target(s) in 7.94s
[INFO] running `Command { std: "docker" "inspect" "99d12c65a240d8824232551bfe6c8600f587d9971ee3baedf354f449f9e19be6", kill_on_drop: false }`
[INFO] running `Command { std: "docker" "rm" "-f" "99d12c65a240d8824232551bfe6c8600f587d9971ee3baedf354f449f9e19be6", kill_on_drop: false }`
[INFO] [stdout] 99d12c65a240d8824232551bfe6c8600f587d9971ee3baedf354f449f9e19be6
[INFO] running `Command { std: "docker" "create" "-v" "/var/lib/crater-agent-workspace/builds/worker-1-tc1/target:/opt/rustwide/target:rw,Z" "-v" "/var/lib/crater-agent-workspace/builds/worker-1-tc1/source:/opt/rustwide/workdir:ro,Z" "-v" "/var/lib/crater-agent-workspace/cargo-home:/opt/rustwide/cargo-home:ro,Z" "-v" "/var/lib/crater-agent-workspace/rustup-home:/opt/rustwide/rustup-home:ro,Z" "-e" "SOURCE_DIR=/opt/rustwide/workdir" "-e" "CARGO_TARGET_DIR=/opt/rustwide/target" "-e" "CARGO_INCREMENTAL=0" "-e" "RUST_BACKTRACE=full" "-e" "RUSTFLAGS=--cap-lints=warn" "-e" "RUSTDOCFLAGS=--cap-lints=warn" "-e" "CARGO_HOME=/opt/rustwide/cargo-home" "-e" "RUSTUP_HOME=/opt/rustwide/rustup-home" "-w" "/opt/rustwide/workdir" "-m" "1610612736" "--user" "0:0" "--network" "none" "ghcr.io/rust-lang/crates-build-env/linux@sha256:2788e3201cd34a07e3172128adcd8b3090168a8e3bcc40d7c032b9dda1df7d1c" "/opt/rustwide/cargo-home/bin/cargo" "+1.75.0" "test" "--frozen" "--no-run" "--message-format=json", kill_on_drop: false }`
[INFO] [stdout] 96a9e90bf80d28c55b8a6cedf243a69f92b121fba2c423b498a472593f955146
[INFO] running `Command { std: "docker" "start" "-a" "96a9e90bf80d28c55b8a6cedf243a69f92b121fba2c423b498a472593f955146", kill_on_drop: false }`
[INFO] [stderr]    Compiling rpi_sim868 v0.1.1 (/opt/rustwide/workdir)
[INFO] [stderr]     Finished test [unoptimized + debuginfo] target(s) in 1.43s
[INFO] running `Command { std: "docker" "inspect" "96a9e90bf80d28c55b8a6cedf243a69f92b121fba2c423b498a472593f955146", kill_on_drop: false }`
[INFO] running `Command { std: "docker" "rm" "-f" "96a9e90bf80d28c55b8a6cedf243a69f92b121fba2c423b498a472593f955146", kill_on_drop: false }`
[INFO] [stdout] 96a9e90bf80d28c55b8a6cedf243a69f92b121fba2c423b498a472593f955146
[INFO] running `Command { std: "docker" "create" "-v" "/var/lib/crater-agent-workspace/builds/worker-1-tc1/target:/opt/rustwide/target:rw,Z" "-v" "/var/lib/crater-agent-workspace/builds/worker-1-tc1/source:/opt/rustwide/workdir:ro,Z" "-v" "/var/lib/crater-agent-workspace/cargo-home:/opt/rustwide/cargo-home:ro,Z" "-v" "/var/lib/crater-agent-workspace/rustup-home:/opt/rustwide/rustup-home:ro,Z" "-e" "SOURCE_DIR=/opt/rustwide/workdir" "-e" "CARGO_TARGET_DIR=/opt/rustwide/target" "-e" "CARGO_INCREMENTAL=0" "-e" "RUST_BACKTRACE=full" "-e" "RUSTFLAGS=--cap-lints=warn" "-e" "RUSTDOCFLAGS=--cap-lints=warn" "-e" "CARGO_HOME=/opt/rustwide/cargo-home" "-e" "RUSTUP_HOME=/opt/rustwide/rustup-home" "-w" "/opt/rustwide/workdir" "-m" "1610612736" "--user" "0:0" "--network" "none" "ghcr.io/rust-lang/crates-build-env/linux@sha256:2788e3201cd34a07e3172128adcd8b3090168a8e3bcc40d7c032b9dda1df7d1c" "/opt/rustwide/cargo-home/bin/cargo" "+1.75.0" "test" "--frozen", kill_on_drop: false }`
[INFO] [stdout] bc86e31e53af93f7217a7b9ef38e72d26ae5af9e8b54d309c57e011fb92b89a1
[INFO] running `Command { std: "docker" "start" "-a" "bc86e31e53af93f7217a7b9ef38e72d26ae5af9e8b54d309c57e011fb92b89a1", kill_on_drop: false }`
[INFO] [stderr]     Finished test [unoptimized + debuginfo] target(s) in 0.04s
[INFO] [stderr]      Running unittests src/lib.rs (/opt/rustwide/target/debug/deps/rpi_sim868-76696b9d1a3a12a6)
[INFO] [stdout] 
[INFO] [stdout] running 0 tests
[INFO] [stdout] 
[INFO] [stdout] test result: ok. 0 passed; 0 failed; 0 ignored; 0 measured; 0 filtered out; finished in 0.00s
[INFO] [stdout] 
[INFO] [stderr]    Doc-tests rpi_sim868
[INFO] [stdout] 
[INFO] [stdout] running 3 tests
[INFO] [stdout] test src/lib.rs - (line 18) ... FAILED
[INFO] [stdout] test src/phone.rs - phone (line 5) ... FAILED
[INFO] [stdout] test src/gprs.rs - gprs (line 8) ... FAILED
[INFO] [stdout] 
[INFO] [stdout] failures:
[INFO] [stdout] 
[INFO] [stdout] ---- src/lib.rs - (line 18) stdout ----
[INFO] [stdout] error: expected one of `(`, `::`, `=`, `[`, `]`, or `{`, found `:`
[INFO] [stdout]  --> src/lib.rs:24:8
[INFO] [stdout]   |
[INFO] [stdout] 9 | #[tokio:main]
[INFO] [stdout]   |        ^ expected one of `(`, `::`, `=`, `[`, `]`, or `{`
[INFO] [stdout]   |
[INFO] [stdout] help: maybe write a path separator here
[INFO] [stdout]   |
[INFO] [stdout] 9 | #[tokio::main]
[INFO] [stdout]   |        ~~
[INFO] [stdout] 
[INFO] [stdout] error: aborting due to previous error
[INFO] [stdout] 
[INFO] [stdout] Couldn't compile the test.
[INFO] [stdout] ---- src/phone.rs - phone (line 5) stdout ----
[INFO] [stdout] error[E0425]: cannot find value `sim` in this scope
[INFO] [stdout]  --> src/phone.rs:7:9
[INFO] [stdout]   |
[INFO] [stdout] 4 | let _ = sim.phone.call("+123456789").join();
[INFO] [stdout]   |         ^^^ not found in this scope
[INFO] [stdout] 
[INFO] [stdout] error[E0433]: failed to resolve: use of undeclared crate or module `time`
[INFO] [stdout]  --> src/phone.rs:8:20
[INFO] [stdout]   |
[INFO] [stdout] 5 | std::thread::sleep(time::Duration::from_secs(20));
[INFO] [stdout]   |                    ^^^^ use of undeclared crate or module `time`
[INFO] [stdout]   |
[INFO] [stdout] help: consider importing one of these items
[INFO] [stdout]   |
[INFO] [stdout] 3 + use chrono::Duration;
[INFO] [stdout]   |
[INFO] [stdout] 3 + use core::time::Duration;
[INFO] [stdout]   |
[INFO] [stdout] 3 + use std::time::Duration;
[INFO] [stdout]   |
[INFO] [stdout] 3 + use tokio::time::Duration;
[INFO] [stdout]   |
[INFO] [stdout] help: if you import `Duration`, refer to it directly
[INFO] [stdout]   |
[INFO] [stdout] 5 - std::thread::sleep(time::Duration::from_secs(20));
[INFO] [stdout] 5 + std::thread::sleep(Duration::from_secs(20));
[INFO] [stdout]   |
[INFO] [stdout] 
[INFO] [stdout] error[E0425]: cannot find value `sim` in this scope
[INFO] [stdout]  --> src/phone.rs:9:9
[INFO] [stdout]   |
[INFO] [stdout] 6 | let _ = sim.phone.end_call().join();
[INFO] [stdout]   |         ^^^ not found in this scope
[INFO] [stdout] 
[INFO] [stdout] error: aborting due to 3 previous errors
[INFO] [stdout] 
[INFO] [stdout] Some errors have detailed explanations: E0425, E0433.
[INFO] [stdout] For more information about an error, try `rustc --explain E0425`.
[INFO] [stdout] Couldn't compile the test.
[INFO] [stdout] ---- src/gprs.rs - gprs (line 8) stdout ----
[INFO] [stdout] error[E0412]: cannot find type `Value` in this scope
[INFO] [stdout]   --> src/gprs.rs:27:8
[INFO] [stdout]    |
[INFO] [stdout] 21 | let v: Value = serde_json::from_str(data).unwrap();
[INFO] [stdout]    |        ^^^^^ not found in this scope
[INFO] [stdout]    |
[INFO] [stdout] help: consider importing this enum
[INFO] [stdout]    |
[INFO] [stdout] 2  + use serde_json::Value;
[INFO] [stdout]    |
[INFO] [stdout] 
[INFO] [stdout] error: aborting due to previous error
[INFO] [stdout] 
[INFO] [stdout] For more information about this error, try `rustc --explain E0412`.
[INFO] [stdout] Couldn't compile the test.
[INFO] [stdout] 
[INFO] [stdout] failures:
[INFO] [stdout]     src/gprs.rs - gprs (line 8)
[INFO] [stdout]     src/lib.rs - (line 18)
[INFO] [stdout]     src/phone.rs - phone (line 5)
[INFO] [stdout] 
[INFO] [stdout] test result: FAILED. 0 passed; 3 failed; 0 ignored; 0 measured; 0 filtered out; finished in 0.06s
[INFO] [stdout] 
[INFO] [stderr] error: doctest failed, to rerun pass `--doc`
[INFO] running `Command { std: "docker" "inspect" "bc86e31e53af93f7217a7b9ef38e72d26ae5af9e8b54d309c57e011fb92b89a1", kill_on_drop: false }`
[INFO] running `Command { std: "docker" "rm" "-f" "bc86e31e53af93f7217a7b9ef38e72d26ae5af9e8b54d309c57e011fb92b89a1", kill_on_drop: false }`
[INFO] [stdout] bc86e31e53af93f7217a7b9ef38e72d26ae5af9e8b54d309c57e011fb92b89a1
[INFO] testing rpi_sim868-0.1.1 against beta-2023-12-22 for beta-1.76-1
[INFO] extracting crate rpi_sim868 0.1.1 into /workspace/builds/worker-1-tc2/source
[INFO] validating manifest of crates.io crate rpi_sim868 0.1.1 on toolchain beta-2023-12-22
[INFO] running `Command { std: CARGO_HOME="/workspace/cargo-home" RUSTUP_HOME="/workspace/rustup-home" "/workspace/cargo-home/bin/cargo" "+beta-2023-12-22" "metadata" "--manifest-path" "Cargo.toml" "--no-deps", kill_on_drop: false }`
[INFO] started tweaking crates.io crate rpi_sim868 0.1.1
[INFO] finished tweaking crates.io crate rpi_sim868 0.1.1
[INFO] tweaked toml for crates.io crate rpi_sim868 0.1.1 written to /workspace/builds/worker-1-tc2/source/Cargo.toml
[INFO] running `Command { std: CARGO_HOME="/workspace/cargo-home" RUSTUP_HOME="/workspace/rustup-home" "/workspace/cargo-home/bin/cargo" "+beta-2023-12-22" "generate-lockfile" "--manifest-path" "Cargo.toml", kill_on_drop: false }`
[INFO] [stderr]     Updating crates.io index
[INFO] running `Command { std: CARGO_HOME="/workspace/cargo-home" RUSTUP_HOME="/workspace/rustup-home" "/workspace/cargo-home/bin/cargo" "+beta-2023-12-22" "fetch" "--manifest-path" "Cargo.toml", kill_on_drop: false }`
[INFO] running `Command { std: "docker" "create" "-v" "/var/lib/crater-agent-workspace/builds/worker-1-tc2/target:/opt/rustwide/target:rw,Z" "-v" "/var/lib/crater-agent-workspace/builds/worker-1-tc2/source:/opt/rustwide/workdir:ro,Z" "-v" "/var/lib/crater-agent-workspace/cargo-home:/opt/rustwide/cargo-home:ro,Z" "-v" "/var/lib/crater-agent-workspace/rustup-home:/opt/rustwide/rustup-home:ro,Z" "-e" "SOURCE_DIR=/opt/rustwide/workdir" "-e" "CARGO_TARGET_DIR=/opt/rustwide/target" "-e" "CARGO_HOME=/opt/rustwide/cargo-home" "-e" "RUSTUP_HOME=/opt/rustwide/rustup-home" "-w" "/opt/rustwide/workdir" "-m" "1610612736" "--user" "0:0" "--network" "none" "ghcr.io/rust-lang/crates-build-env/linux@sha256:2788e3201cd34a07e3172128adcd8b3090168a8e3bcc40d7c032b9dda1df7d1c" "/opt/rustwide/cargo-home/bin/cargo" "+beta-2023-12-22" "metadata" "--no-deps" "--format-version=1", kill_on_drop: false }`
[INFO] [stdout] d60cca358c5ef4dc63ff78f3569394d23199fc7133c6ea35a45d439325535e24
[INFO] running `Command { std: "docker" "start" "-a" "d60cca358c5ef4dc63ff78f3569394d23199fc7133c6ea35a45d439325535e24", kill_on_drop: false }`
[INFO] running `Command { std: "docker" "inspect" "d60cca358c5ef4dc63ff78f3569394d23199fc7133c6ea35a45d439325535e24", kill_on_drop: false }`
[INFO] running `Command { std: "docker" "rm" "-f" "d60cca358c5ef4dc63ff78f3569394d23199fc7133c6ea35a45d439325535e24", kill_on_drop: false }`
[INFO] [stdout] d60cca358c5ef4dc63ff78f3569394d23199fc7133c6ea35a45d439325535e24
[INFO] running `Command { std: "docker" "create" "-v" "/var/lib/crater-agent-workspace/builds/worker-1-tc2/target:/opt/rustwide/target:rw,Z" "-v" "/var/lib/crater-agent-workspace/builds/worker-1-tc2/source:/opt/rustwide/workdir:ro,Z" "-v" "/var/lib/crater-agent-workspace/cargo-home:/opt/rustwide/cargo-home:ro,Z" "-v" "/var/lib/crater-agent-workspace/rustup-home:/opt/rustwide/rustup-home:ro,Z" "-e" "SOURCE_DIR=/opt/rustwide/workdir" "-e" "CARGO_TARGET_DIR=/opt/rustwide/target" "-e" "CARGO_INCREMENTAL=0" "-e" "RUST_BACKTRACE=full" "-e" "RUSTFLAGS=--cap-lints=warn" "-e" "RUSTDOCFLAGS=--cap-lints=warn" "-e" "CARGO_HOME=/opt/rustwide/cargo-home" "-e" "RUSTUP_HOME=/opt/rustwide/rustup-home" "-w" "/opt/rustwide/workdir" "-m" "1610612736" "--user" "0:0" "--network" "none" "ghcr.io/rust-lang/crates-build-env/linux@sha256:2788e3201cd34a07e3172128adcd8b3090168a8e3bcc40d7c032b9dda1df7d1c" "/opt/rustwide/cargo-home/bin/cargo" "+beta-2023-12-22" "build" "--frozen" "--message-format=json", kill_on_drop: false }`
[INFO] [stdout] 8820826bff8aa34a3427937db9e18c75cbcad78511754a55fbea738968f0a28d
[INFO] running `Command { std: "docker" "start" "-a" "8820826bff8aa34a3427937db9e18c75cbcad78511754a55fbea738968f0a28d", kill_on_drop: false }`
[INFO] [stderr]    Compiling proc-macro2 v1.0.75
[INFO] [stderr]    Compiling powerfmt v0.2.0
[INFO] [stderr]    Compiling time-core v0.1.2
[INFO] [stderr]    Compiling hashbrown v0.12.3
[INFO] [stderr]    Compiling indexmap v1.9.3
[INFO] [stderr]    Compiling priority-queue v1.3.2
[INFO] [stderr]    Compiling num_threads v0.1.6
[INFO] [stderr]    Compiling colored v2.1.0
[INFO] [stderr]    Compiling log v0.4.20
[INFO] [stderr]    Compiling regex v1.10.2
[INFO] [stderr]    Compiling rppal v0.14.1
[INFO] [stderr]    Compiling chrono v0.4.31
[INFO] [stderr]    Compiling tokio v1.35.1
[INFO] [stderr]    Compiling time-macros v0.2.16
[INFO] [stderr]    Compiling deranged v0.3.11
[INFO] [stderr]    Compiling quote v1.0.35
[INFO] [stderr]    Compiling syn v2.0.48
[INFO] [stderr]    Compiling time v0.3.31
[INFO] [stderr]    Compiling simple_logger v4.3.3
[INFO] [stderr]    Compiling serde_derive v1.0.194
[INFO] [stderr]    Compiling uuid-macro-internal v1.6.1
[INFO] [stderr]    Compiling uuid v1.6.1
[INFO] [stderr]    Compiling serde v1.0.194
[INFO] [stderr]    Compiling serde_url_params v0.2.1
[INFO] [stderr]    Compiling serde_json v1.0.111
[INFO] [stderr]    Compiling rpi_sim868 v0.1.1 (/opt/rustwide/workdir)
[INFO] [stderr]     Finished dev [unoptimized + debuginfo] target(s) in 8.80s
[INFO] running `Command { std: "docker" "inspect" "8820826bff8aa34a3427937db9e18c75cbcad78511754a55fbea738968f0a28d", kill_on_drop: false }`
[INFO] running `Command { std: "docker" "rm" "-f" "8820826bff8aa34a3427937db9e18c75cbcad78511754a55fbea738968f0a28d", kill_on_drop: false }`
[INFO] [stdout] 8820826bff8aa34a3427937db9e18c75cbcad78511754a55fbea738968f0a28d
[INFO] running `Command { std: "docker" "create" "-v" "/var/lib/crater-agent-workspace/builds/worker-1-tc2/target:/opt/rustwide/target:rw,Z" "-v" "/var/lib/crater-agent-workspace/builds/worker-1-tc2/source:/opt/rustwide/workdir:ro,Z" "-v" "/var/lib/crater-agent-workspace/cargo-home:/opt/rustwide/cargo-home:ro,Z" "-v" "/var/lib/crater-agent-workspace/rustup-home:/opt/rustwide/rustup-home:ro,Z" "-e" "SOURCE_DIR=/opt/rustwide/workdir" "-e" "CARGO_TARGET_DIR=/opt/rustwide/target" "-e" "CARGO_INCREMENTAL=0" "-e" "RUST_BACKTRACE=full" "-e" "RUSTFLAGS=--cap-lints=warn" "-e" "RUSTDOCFLAGS=--cap-lints=warn" "-e" "CARGO_HOME=/opt/rustwide/cargo-home" "-e" "RUSTUP_HOME=/opt/rustwide/rustup-home" "-w" "/opt/rustwide/workdir" "-m" "1610612736" "--user" "0:0" "--network" "none" "ghcr.io/rust-lang/crates-build-env/linux@sha256:2788e3201cd34a07e3172128adcd8b3090168a8e3bcc40d7c032b9dda1df7d1c" "/opt/rustwide/cargo-home/bin/cargo" "+beta-2023-12-22" "test" "--frozen" "--no-run" "--message-format=json", kill_on_drop: false }`
[INFO] [stdout] 03025c93693e60e579f85037643e3c734f5cd203e47c6d0ab21dabcfafc8e468
[INFO] running `Command { std: "docker" "start" "-a" "03025c93693e60e579f85037643e3c734f5cd203e47c6d0ab21dabcfafc8e468", kill_on_drop: false }`
[INFO] [stderr]    Compiling rpi_sim868 v0.1.1 (/opt/rustwide/workdir)
[INFO] [stderr]     Finished test [unoptimized + debuginfo] target(s) in 1.27s
[INFO] running `Command { std: "docker" "inspect" "03025c93693e60e579f85037643e3c734f5cd203e47c6d0ab21dabcfafc8e468", kill_on_drop: false }`
[INFO] running `Command { std: "docker" "rm" "-f" "03025c93693e60e579f85037643e3c734f5cd203e47c6d0ab21dabcfafc8e468", kill_on_drop: false }`
[INFO] [stdout] 03025c93693e60e579f85037643e3c734f5cd203e47c6d0ab21dabcfafc8e468
[INFO] running `Command { std: "docker" "create" "-v" "/var/lib/crater-agent-workspace/builds/worker-1-tc2/target:/opt/rustwide/target:rw,Z" "-v" "/var/lib/crater-agent-workspace/builds/worker-1-tc2/source:/opt/rustwide/workdir:ro,Z" "-v" "/var/lib/crater-agent-workspace/cargo-home:/opt/rustwide/cargo-home:ro,Z" "-v" "/var/lib/crater-agent-workspace/rustup-home:/opt/rustwide/rustup-home:ro,Z" "-e" "SOURCE_DIR=/opt/rustwide/workdir" "-e" "CARGO_TARGET_DIR=/opt/rustwide/target" "-e" "CARGO_INCREMENTAL=0" "-e" "RUST_BACKTRACE=full" "-e" "RUSTFLAGS=--cap-lints=warn" "-e" "RUSTDOCFLAGS=--cap-lints=warn" "-e" "CARGO_HOME=/opt/rustwide/cargo-home" "-e" "RUSTUP_HOME=/opt/rustwide/rustup-home" "-w" "/opt/rustwide/workdir" "-m" "1610612736" "--user" "0:0" "--network" "none" "ghcr.io/rust-lang/crates-build-env/linux@sha256:2788e3201cd34a07e3172128adcd8b3090168a8e3bcc40d7c032b9dda1df7d1c" "/opt/rustwide/cargo-home/bin/cargo" "+beta-2023-12-22" "test" "--frozen", kill_on_drop: false }`
[INFO] [stdout] 7c55e53bc07b4ebd76630060b484a386daa2313c5b9faa7db7368f14ec362cbb
[INFO] running `Command { std: "docker" "start" "-a" "7c55e53bc07b4ebd76630060b484a386daa2313c5b9faa7db7368f14ec362cbb", kill_on_drop: false }`
[INFO] [stderr]     Finished test [unoptimized + debuginfo] target(s) in 0.05s
[INFO] [stderr]      Running unittests src/lib.rs (/opt/rustwide/target/debug/deps/rpi_sim868-3d3ccf045bea5707)
[INFO] [stdout] 
[INFO] [stdout] running 0 tests
[INFO] [stdout] 
[INFO] [stdout] test result: ok. 0 passed; 0 failed; 0 ignored; 0 measured; 0 filtered out; finished in 0.00s
[INFO] [stdout] 
[INFO] [stderr]    Doc-tests rpi_sim868
[INFO] [stdout] 
[INFO] [stdout] running 3 tests
[INFO] [stdout] test src/lib.rs - (line 18) ... FAILED
[INFO] [stdout] test src/phone.rs - phone (line 5) ... FAILED
[INFO] [stdout] test src/gprs.rs - gprs (line 8) ... FAILED
[INFO] [stdout] 
[INFO] [stdout] failures:
[INFO] [stdout] 
[INFO] [stdout] ---- src/lib.rs - (line 18) stdout ----
[INFO] [stdout] error: expected one of `(`, `::`, `=`, `[`, `]`, or `{`, found `:`
[INFO] [stdout]  --> src/lib.rs:24:8
[INFO] [stdout]   |
[INFO] [stdout] 9 | #[tokio:main]
[INFO] [stdout]   |        ^ expected one of `(`, `::`, `=`, `[`, `]`, or `{`
[INFO] [stdout]   |
[INFO] [stdout] help: maybe write a path separator here
[INFO] [stdout]   |
[INFO] [stdout] 9 | #[tokio::main]
[INFO] [stdout]   |        ~~
[INFO] [stdout] 
[INFO] [stdout] error: aborting due to 1 previous error
[INFO] [stdout] 
[INFO] [stdout] Couldn't compile the test.
[INFO] [stdout] ---- src/phone.rs - phone (line 5) stdout ----
[INFO] [stdout] error[E0425]: cannot find value `sim` in this scope
[INFO] [stdout]  --> src/phone.rs:7:9
[INFO] [stdout]   |
[INFO] [stdout] 4 | let _ = sim.phone.call("+123456789").join();
[INFO] [stdout]   |         ^^^ not found in this scope
[INFO] [stdout] 
[INFO] [stdout] error[E0433]: failed to resolve: use of undeclared crate or module `time`
[INFO] [stdout]  --> src/phone.rs:8:20
[INFO] [stdout]   |
[INFO] [stdout] 5 | std::thread::sleep(time::Duration::from_secs(20));
[INFO] [stdout]   |                    ^^^^ use of undeclared crate or module `time`
[INFO] [stdout]   |
[INFO] [stdout] help: consider importing one of these items
[INFO] [stdout]   |
[INFO] [stdout] 3 + use chrono::Duration;
[INFO] [stdout]   |
[INFO] [stdout] 3 + use core::time::Duration;
[INFO] [stdout]   |
[INFO] [stdout] 3 + use std::time::Duration;
[INFO] [stdout]   |
[INFO] [stdout] 3 + use tokio::time::Duration;
[INFO] [stdout]   |
[INFO] [stdout] help: if you import `Duration`, refer to it directly
[INFO] [stdout]   |
[INFO] [stdout] 5 - std::thread::sleep(time::Duration::from_secs(20));
[INFO] [stdout] 5 + std::thread::sleep(Duration::from_secs(20));
[INFO] [stdout]   |
[INFO] [stdout] 
[INFO] [stdout] error[E0425]: cannot find value `sim` in this scope
[INFO] [stdout]  --> src/phone.rs:9:9
[INFO] [stdout]   |
[INFO] [stdout] 6 | let _ = sim.phone.end_call().join();
[INFO] [stdout]   |         ^^^ not found in this scope
[INFO] [stdout] 
[INFO] [stdout] error: aborting due to 3 previous errors
[INFO] [stdout] 
[INFO] [stdout] Some errors have detailed explanations: E0425, E0433.
[INFO] [stdout] For more information about an error, try `rustc --explain E0425`.
[INFO] [stdout] Couldn't compile the test.
[INFO] [stdout] ---- src/gprs.rs - gprs (line 8) stdout ----
[INFO] [stdout] error[E0412]: cannot find type `Value` in this scope
[INFO] [stdout]   --> src/gprs.rs:27:8
[INFO] [stdout]    |
[INFO] [stdout] 21 | let v: Value = serde_json::from_str(data).unwrap();
[INFO] [stdout]    |        ^^^^^ not found in this scope
[INFO] [stdout]    |
[INFO] [stdout] help: consider importing this enum
[INFO] [stdout]    |
[INFO] [stdout] 2  + use serde_json::Value;
[INFO] [stdout]    |
[INFO] [stdout] 
[INFO] [stdout] error: aborting due to 1 previous error
[INFO] [stdout] 
[INFO] [stdout] For more information about this error, try `rustc --explain E0412`.
[INFO] [stdout] Couldn't compile the test.
[INFO] [stdout] 
[INFO] [stdout] failures:
[INFO] [stdout]     src/gprs.rs - gprs (line 8)
[INFO] [stdout]     src/lib.rs - (line 18)
[INFO] [stdout]     src/phone.rs - phone (line 5)
[INFO] [stdout] 
[INFO] [stdout] test result: FAILED. 0 passed; 3 failed; 0 ignored; 0 measured; 0 filtered out; finished in 0.05s
[INFO] [stdout] 
[INFO] [stderr] error: doctest failed, to rerun pass `--doc`
[INFO] running `Command { std: "docker" "inspect" "7c55e53bc07b4ebd76630060b484a386daa2313c5b9faa7db7368f14ec362cbb", kill_on_drop: false }`
[INFO] running `Command { std: "docker" "rm" "-f" "7c55e53bc07b4ebd76630060b484a386daa2313c5b9faa7db7368f14ec362cbb", kill_on_drop: false }`
[INFO] [stdout] 7c55e53bc07b4ebd76630060b484a386daa2313c5b9faa7db7368f14ec362cbb
