[INFO] fetching crate round-based 0.2.0...
[INFO] testing round-based-0.2.0 against 1.75.0 for beta-1.76-1
[INFO] extracting crate round-based 0.2.0 into /workspace/builds/worker-1-tc1/source
[INFO] validating manifest of crates.io crate round-based 0.2.0 on toolchain 1.75.0
[INFO] running `Command { std: CARGO_HOME="/workspace/cargo-home" RUSTUP_HOME="/workspace/rustup-home" "/workspace/cargo-home/bin/cargo" "+1.75.0" "metadata" "--manifest-path" "Cargo.toml" "--no-deps", kill_on_drop: false }`
[INFO] started tweaking crates.io crate round-based 0.2.0
[INFO] removed 0 missing tests
[INFO] finished tweaking crates.io crate round-based 0.2.0
[INFO] tweaked toml for crates.io crate round-based 0.2.0 written to /workspace/builds/worker-1-tc1/source/Cargo.toml
[INFO] running `Command { std: CARGO_HOME="/workspace/cargo-home" RUSTUP_HOME="/workspace/rustup-home" "/workspace/cargo-home/bin/cargo" "+1.75.0" "generate-lockfile" "--manifest-path" "Cargo.toml", kill_on_drop: false }`
[INFO] [stderr]     Updating crates.io index
[INFO] running `Command { std: CARGO_HOME="/workspace/cargo-home" RUSTUP_HOME="/workspace/rustup-home" "/workspace/cargo-home/bin/cargo" "+1.75.0" "fetch" "--manifest-path" "Cargo.toml", kill_on_drop: false }`
[INFO] [stderr]  Downloading crates ...
[INFO] [stderr]   Downloaded round-based-derive v0.2.0
[INFO] [stderr]   Downloaded phantom-type v0.3.1
[INFO] running `Command { std: "docker" "create" "-v" "/var/lib/crater-agent-workspace/builds/worker-1-tc1/target:/opt/rustwide/target:rw,Z" "-v" "/var/lib/crater-agent-workspace/builds/worker-1-tc1/source:/opt/rustwide/workdir:ro,Z" "-v" "/var/lib/crater-agent-workspace/cargo-home:/opt/rustwide/cargo-home:ro,Z" "-v" "/var/lib/crater-agent-workspace/rustup-home:/opt/rustwide/rustup-home:ro,Z" "-e" "SOURCE_DIR=/opt/rustwide/workdir" "-e" "CARGO_TARGET_DIR=/opt/rustwide/target" "-e" "CARGO_HOME=/opt/rustwide/cargo-home" "-e" "RUSTUP_HOME=/opt/rustwide/rustup-home" "-w" "/opt/rustwide/workdir" "-m" "1610612736" "--user" "0:0" "--network" "none" "ghcr.io/rust-lang/crates-build-env/linux@sha256:2788e3201cd34a07e3172128adcd8b3090168a8e3bcc40d7c032b9dda1df7d1c" "/opt/rustwide/cargo-home/bin/cargo" "+1.75.0" "metadata" "--no-deps" "--format-version=1", kill_on_drop: false }`
[INFO] [stdout] 1679faf8bd6056bbccb85dce6bba076209956a89237c05d786d68759e1d939a0
[INFO] running `Command { std: "docker" "start" "-a" "1679faf8bd6056bbccb85dce6bba076209956a89237c05d786d68759e1d939a0", kill_on_drop: false }`
[INFO] running `Command { std: "docker" "inspect" "1679faf8bd6056bbccb85dce6bba076209956a89237c05d786d68759e1d939a0", kill_on_drop: false }`
[INFO] running `Command { std: "docker" "rm" "-f" "1679faf8bd6056bbccb85dce6bba076209956a89237c05d786d68759e1d939a0", kill_on_drop: false }`
[INFO] [stdout] 1679faf8bd6056bbccb85dce6bba076209956a89237c05d786d68759e1d939a0
[INFO] running `Command { std: "docker" "create" "-v" "/var/lib/crater-agent-workspace/builds/worker-1-tc1/target:/opt/rustwide/target:rw,Z" "-v" "/var/lib/crater-agent-workspace/builds/worker-1-tc1/source:/opt/rustwide/workdir:ro,Z" "-v" "/var/lib/crater-agent-workspace/cargo-home:/opt/rustwide/cargo-home:ro,Z" "-v" "/var/lib/crater-agent-workspace/rustup-home:/opt/rustwide/rustup-home:ro,Z" "-e" "SOURCE_DIR=/opt/rustwide/workdir" "-e" "CARGO_TARGET_DIR=/opt/rustwide/target" "-e" "CARGO_INCREMENTAL=0" "-e" "RUST_BACKTRACE=full" "-e" "RUSTFLAGS=--cap-lints=warn" "-e" "RUSTDOCFLAGS=--cap-lints=warn" "-e" "CARGO_HOME=/opt/rustwide/cargo-home" "-e" "RUSTUP_HOME=/opt/rustwide/rustup-home" "-w" "/opt/rustwide/workdir" "-m" "1610612736" "--user" "0:0" "--network" "none" "ghcr.io/rust-lang/crates-build-env/linux@sha256:2788e3201cd34a07e3172128adcd8b3090168a8e3bcc40d7c032b9dda1df7d1c" "/opt/rustwide/cargo-home/bin/cargo" "+1.75.0" "build" "--frozen" "--message-format=json", kill_on_drop: false }`
[INFO] [stdout] 7d256272da6c6f0911fbe11c742d88cf7ae3aad68184575486e1d5c5fd51c43d
[INFO] running `Command { std: "docker" "start" "-a" "7d256272da6c6f0911fbe11c742d88cf7ae3aad68184575486e1d5c5fd51c43d", kill_on_drop: false }`
[INFO] [stderr]    Compiling num-traits v0.2.17
[INFO] [stderr]    Compiling num-integer v0.1.45
[INFO] [stderr]    Compiling num-bigint v0.4.4
[INFO] [stderr]    Compiling futures-task v0.3.30
[INFO] [stderr]    Compiling futures-sink v0.3.30
[INFO] [stderr]    Compiling futures-core v0.3.30
[INFO] [stderr]    Compiling syn v2.0.48
[INFO] [stderr]    Compiling futures-util v0.3.30
[INFO] [stderr]    Compiling enum-ordinalize v3.1.15
[INFO] [stderr]    Compiling tracing-attributes v0.1.27
[INFO] [stderr]    Compiling thiserror-impl v1.0.56
[INFO] [stderr]    Compiling educe v0.4.23
[INFO] [stderr]    Compiling thiserror v1.0.56
[INFO] [stderr]    Compiling tracing v0.1.40
[INFO] [stderr]    Compiling phantom-type v0.3.1
[INFO] [stderr]    Compiling round-based v0.2.0 (/opt/rustwide/workdir)
[INFO] [stderr]     Finished dev [unoptimized + debuginfo] target(s) in 5.45s
[INFO] running `Command { std: "docker" "inspect" "7d256272da6c6f0911fbe11c742d88cf7ae3aad68184575486e1d5c5fd51c43d", kill_on_drop: false }`
[INFO] running `Command { std: "docker" "rm" "-f" "7d256272da6c6f0911fbe11c742d88cf7ae3aad68184575486e1d5c5fd51c43d", kill_on_drop: false }`
[INFO] [stdout] 7d256272da6c6f0911fbe11c742d88cf7ae3aad68184575486e1d5c5fd51c43d
[INFO] running `Command { std: "docker" "create" "-v" "/var/lib/crater-agent-workspace/builds/worker-1-tc1/target:/opt/rustwide/target:rw,Z" "-v" "/var/lib/crater-agent-workspace/builds/worker-1-tc1/source:/opt/rustwide/workdir:ro,Z" "-v" "/var/lib/crater-agent-workspace/cargo-home:/opt/rustwide/cargo-home:ro,Z" "-v" "/var/lib/crater-agent-workspace/rustup-home:/opt/rustwide/rustup-home:ro,Z" "-e" "SOURCE_DIR=/opt/rustwide/workdir" "-e" "CARGO_TARGET_DIR=/opt/rustwide/target" "-e" "CARGO_INCREMENTAL=0" "-e" "RUST_BACKTRACE=full" "-e" "RUSTFLAGS=--cap-lints=warn" "-e" "RUSTDOCFLAGS=--cap-lints=warn" "-e" "CARGO_HOME=/opt/rustwide/cargo-home" "-e" "RUSTUP_HOME=/opt/rustwide/rustup-home" "-w" "/opt/rustwide/workdir" "-m" "1610612736" "--user" "0:0" "--network" "none" "ghcr.io/rust-lang/crates-build-env/linux@sha256:2788e3201cd34a07e3172128adcd8b3090168a8e3bcc40d7c032b9dda1df7d1c" "/opt/rustwide/cargo-home/bin/cargo" "+1.75.0" "test" "--frozen" "--no-run" "--message-format=json", kill_on_drop: false }`
[INFO] [stdout] 2f8907fb4e1cb1ef2d4b8433892695b8612f0bbd97f6a105d0b0b3ea411e2327
[INFO] running `Command { std: "docker" "start" "-a" "2f8907fb4e1cb1ef2d4b8433892695b8612f0bbd97f6a105d0b0b3ea411e2327", kill_on_drop: false }`
[INFO] [stderr]    Compiling trybuild v1.0.87
[INFO] [stderr]    Compiling futures-channel v0.3.30
[INFO] [stderr]    Compiling glob v0.3.1
[INFO] [stderr]    Compiling futures-io v0.3.30
[INFO] [stderr]    Compiling termcolor v1.4.0
[INFO] [stderr]    Compiling matches v0.1.10
[INFO] [stderr]    Compiling basic-toml v0.1.8
[INFO] [stderr]    Compiling serde_derive v1.0.194
[INFO] [stderr]    Compiling futures v0.3.30
[INFO] [stderr]    Compiling round-based v0.2.0 (/opt/rustwide/workdir)
[INFO] [stderr]     Finished test [unoptimized + debuginfo] target(s) in 4.98s
[INFO] running `Command { std: "docker" "inspect" "2f8907fb4e1cb1ef2d4b8433892695b8612f0bbd97f6a105d0b0b3ea411e2327", kill_on_drop: false }`
[INFO] running `Command { std: "docker" "rm" "-f" "2f8907fb4e1cb1ef2d4b8433892695b8612f0bbd97f6a105d0b0b3ea411e2327", kill_on_drop: false }`
[INFO] [stdout] 2f8907fb4e1cb1ef2d4b8433892695b8612f0bbd97f6a105d0b0b3ea411e2327
[INFO] running `Command { std: "docker" "create" "-v" "/var/lib/crater-agent-workspace/builds/worker-1-tc1/target:/opt/rustwide/target:rw,Z" "-v" "/var/lib/crater-agent-workspace/builds/worker-1-tc1/source:/opt/rustwide/workdir:ro,Z" "-v" "/var/lib/crater-agent-workspace/cargo-home:/opt/rustwide/cargo-home:ro,Z" "-v" "/var/lib/crater-agent-workspace/rustup-home:/opt/rustwide/rustup-home:ro,Z" "-e" "SOURCE_DIR=/opt/rustwide/workdir" "-e" "CARGO_TARGET_DIR=/opt/rustwide/target" "-e" "CARGO_INCREMENTAL=0" "-e" "RUST_BACKTRACE=full" "-e" "RUSTFLAGS=--cap-lints=warn" "-e" "RUSTDOCFLAGS=--cap-lints=warn" "-e" "CARGO_HOME=/opt/rustwide/cargo-home" "-e" "RUSTUP_HOME=/opt/rustwide/rustup-home" "-w" "/opt/rustwide/workdir" "-m" "1610612736" "--user" "0:0" "--network" "none" "ghcr.io/rust-lang/crates-build-env/linux@sha256:2788e3201cd34a07e3172128adcd8b3090168a8e3bcc40d7c032b9dda1df7d1c" "/opt/rustwide/cargo-home/bin/cargo" "+1.75.0" "test" "--frozen", kill_on_drop: false }`
[INFO] [stdout] cece4be60ba6c9130fcb8c4a5b4f5fc5d38d9d77978c70f3fca170c1025fb070
[INFO] running `Command { std: "docker" "start" "-a" "cece4be60ba6c9130fcb8c4a5b4f5fc5d38d9d77978c70f3fca170c1025fb070", kill_on_drop: false }`
[INFO] [stderr]     Finished test [unoptimized + debuginfo] target(s) in 0.03s
[INFO] [stderr]      Running unittests src/lib.rs (/opt/rustwide/target/debug/deps/round_based-ff2be5f186247eba)
[INFO] [stdout] 
[INFO] [stdout] running 5 tests
[INFO] [stdout] test rounds_router::simple_store::tests::store_outputs_received_messages ... ok
[INFO] [stdout] test rounds_router::simple_store::tests::store_returns_error_if_incoming_msg_overwrites_already_received_one ... ok
[INFO] [stdout] test rounds_router::simple_store::tests::store_returns_error_if_message_type_mismatched ... ok
[INFO] [stdout] test rounds_router::simple_store::tests::store_returns_error_if_sender_index_is_out_of_range ... ok
[INFO] [stdout] test rounds_router::simple_store::tests::store_returns_error_if_tried_to_output_before_receiving_enough_messages ... ok
[INFO] [stdout] 
[INFO] [stdout] test result: ok. 5 passed; 0 failed; 0 ignored; 0 measured; 0 filtered out; finished in 0.00s
[INFO] [stdout] 
[INFO] [stderr]    Doc-tests round-based
[INFO] [stdout] 
[INFO] [stdout] running 7 tests
[INFO] [stdout] test src/rounds_router/store.rs - rounds_router::store::ProtocolMessage (line 51) ... FAILED
[INFO] [stdout] test src/rounds_router/mod.rs - rounds_router (line 8) ... FAILED
[INFO] [stdout] test src/party.rs - party::Mpc (line 61) ... ok
[INFO] [stdout] test src/party.rs - party::Mpc (line 47) ... ok
[INFO] [stdout] test src/rounds_router/store.rs - rounds_router::store::ProtocolMessage (line 67) ... ok
[INFO] [stdout] test src/party.rs - party (line 5) ... ok
[INFO] [stdout] test src/rounds_router/simple_store.rs - rounds_router::simple_store::RoundInput (line 19) ... ok
[INFO] [stdout] 
[INFO] [stdout] failures:
[INFO] [stdout] 
[INFO] [stdout] ---- src/rounds_router/store.rs - rounds_router::store::ProtocolMessage (line 51) stdout ----
[INFO] [stdout] error: cannot find derive macro `ProtocolMessage` in this scope
[INFO] [stdout]  --> src/rounds_router/store.rs:55:10
[INFO] [stdout]   |
[INFO] [stdout] 7 | #[derive(ProtocolMessage)]
[INFO] [stdout]   |          ^^^^^^^^^^^^^^^
[INFO] [stdout]   |
[INFO] [stdout] note: `ProtocolMessage` is imported here, but it is only a trait, without a derive macro
[INFO] [stdout]  --> src/rounds_router/store.rs:53:5
[INFO] [stdout]   |
[INFO] [stdout] 5 | use round_based::ProtocolMessage;
[INFO] [stdout]   |     ^^^^^^^^^^^^^^^^^^^^^^^^^^^^
[INFO] [stdout] 
[INFO] [stdout] error: aborting due to previous error
[INFO] [stdout] 
[INFO] [stdout] Couldn't compile the test.
[INFO] [stdout] ---- src/rounds_router/mod.rs - rounds_router (line 8) stdout ----
[INFO] [stdout] error: cannot find derive macro `ProtocolMessage` in this scope
[INFO] [stdout]  --> src/rounds_router/mod.rs:13:10
[INFO] [stdout]   |
[INFO] [stdout] 8 | #[derive(ProtocolMessage)]
[INFO] [stdout]   |          ^^^^^^^^^^^^^^^
[INFO] [stdout]   |
[INFO] [stdout] note: `ProtocolMessage` is imported here, but it is only a trait, without a derive macro
[INFO] [stdout]  --> src/rounds_router/mod.rs:10:34
[INFO] [stdout]   |
[INFO] [stdout] 5 | use round_based::{Mpc, MpcParty, ProtocolMessage, Delivery, PartyIndex};
[INFO] [stdout]   |                                  ^^^^^^^^^^^^^^^
[INFO] [stdout] 
[INFO] [stdout] error[E0277]: the trait bound `Msg: ProtocolMessage` is not satisfied
[INFO] [stdout]   --> src/rounds_router/mod.rs:31:22
[INFO] [stdout]    |
[INFO] [stdout] 26 |     let mut rounds = RoundsRouter::builder();
[INFO] [stdout]    |                      ^^^^^^^^^^^^^^^^^^^^^ the trait `ProtocolMessage` is not implemented for `Msg`
[INFO] [stdout]    |
[INFO] [stdout] note: required by a bound in `RoundsRouter::<M>::builder`
[INFO] [stdout]   --> /opt/rustwide/workdir/src/rounds_router/mod.rs:78:9
[INFO] [stdout]    |
[INFO] [stdout] 78 | impl<M: ProtocolMessage + 'static> RoundsRouter<M> {
[INFO] [stdout]    |         ^^^^^^^^^^^^^^^ required by this bound in `RoundsRouter::<M>::builder`
[INFO] [stdout] 79 |     /// Instantiates [`RoundsRouterBuilder`]
[INFO] [stdout] 80 |     pub fn builder() -> RoundsRouterBuilder<M> {
[INFO] [stdout]    |            ------- required by a bound in this associated function
[INFO] [stdout] 
[INFO] [stdout] error[E0277]: the trait bound `Msg: ProtocolMessage` is not satisfied
[INFO] [stdout]    --> src/rounds_router/mod.rs:32:25
[INFO] [stdout]     |
[INFO] [stdout] 27  |     let round1 = rounds.add_round(RoundInput::<Msg1>::broadcast(i, n));
[INFO] [stdout]     |                         ^^^^^^^^^ the trait `ProtocolMessage` is not implemented for `Msg`
[INFO] [stdout]     |
[INFO] [stdout] note: required by a bound in `RoundsRouterBuilder::<M>::add_round`
[INFO] [stdout]    --> /opt/rustwide/workdir/src/rounds_router/mod.rs:239:8
[INFO] [stdout]     |
[INFO] [stdout] 239 |     M: ProtocolMessage + 'static,
[INFO] [stdout]     |        ^^^^^^^^^^^^^^^ required by this bound in `RoundsRouterBuilder::<M>::add_round`
[INFO] [stdout] ...
[INFO] [stdout] 254 |     pub fn add_round<R>(&mut self, message_store: R) -> Round<R>
[INFO] [stdout]     |            --------- required by a bound in this associated function
[INFO] [stdout] 
[INFO] [stdout] error[E0277]: the trait bound `Msg: RoundMessage<Msg1>` is not satisfied
[INFO] [stdout]    --> src/rounds_router/mod.rs:32:35
[INFO] [stdout]     |
[INFO] [stdout] 27  |     let round1 = rounds.add_round(RoundInput::<Msg1>::broadcast(i, n));
[INFO] [stdout]     |                         --------- ^^^^^^^^^^^^^^^^^^^^^^^^^^^^^^^^^^^ the trait `RoundMessage<Msg1>` is not implemented for `Msg`
[INFO] [stdout]     |                         |
[INFO] [stdout]     |                         required by a bound introduced by this call
[INFO] [stdout]     |
[INFO] [stdout] note: required by a bound in `RoundsRouterBuilder::<M>::add_round`
[INFO] [stdout]    --> /opt/rustwide/workdir/src/rounds_router/mod.rs:259:12
[INFO] [stdout]     |
[INFO] [stdout] 254 |     pub fn add_round<R>(&mut self, message_store: R) -> Round<R>
[INFO] [stdout]     |            --------- required by a bound in this associated function
[INFO] [stdout] ...
[INFO] [stdout] 259 |         M: RoundMessage<R::Msg>,
[INFO] [stdout]     |            ^^^^^^^^^^^^^^^^^^^^ required by this bound in `RoundsRouterBuilder::<M>::add_round`
[INFO] [stdout] 
[INFO] [stdout] error[E0277]: the trait bound `Msg: ProtocolMessage` is not satisfied
[INFO] [stdout]    --> src/rounds_router/mod.rs:33:25
[INFO] [stdout]     |
[INFO] [stdout] 28  |     let round2 = rounds.add_round(RoundInput::<Msg2>::p2p(i, n));
[INFO] [stdout]     |                         ^^^^^^^^^ the trait `ProtocolMessage` is not implemented for `Msg`
[INFO] [stdout]     |
[INFO] [stdout] note: required by a bound in `RoundsRouterBuilder::<M>::add_round`
[INFO] [stdout]    --> /opt/rustwide/workdir/src/rounds_router/mod.rs:239:8
[INFO] [stdout]     |
[INFO] [stdout] 239 |     M: ProtocolMessage + 'static,
[INFO] [stdout]     |        ^^^^^^^^^^^^^^^ required by this bound in `RoundsRouterBuilder::<M>::add_round`
[INFO] [stdout] ...
[INFO] [stdout] 254 |     pub fn add_round<R>(&mut self, message_store: R) -> Round<R>
[INFO] [stdout]     |            --------- required by a bound in this associated function
[INFO] [stdout] 
[INFO] [stdout] error[E0277]: the trait bound `Msg: RoundMessage<Msg2>` is not satisfied
[INFO] [stdout]    --> src/rounds_router/mod.rs:33:35
[INFO] [stdout]     |
[INFO] [stdout] 28  |     let round2 = rounds.add_round(RoundInput::<Msg2>::p2p(i, n));
[INFO] [stdout]     |                         --------- ^^^^^^^^^^^^^^^^^^^^^^^^^^^^^ the trait `RoundMessage<Msg2>` is not implemented for `Msg`
[INFO] [stdout]     |                         |
[INFO] [stdout]     |                         required by a bound introduced by this call
[INFO] [stdout]     |
[INFO] [stdout] note: required by a bound in `RoundsRouterBuilder::<M>::add_round`
[INFO] [stdout]    --> /opt/rustwide/workdir/src/rounds_router/mod.rs:259:12
[INFO] [stdout]     |
[INFO] [stdout] 254 |     pub fn add_round<R>(&mut self, message_store: R) -> Round<R>
[INFO] [stdout]     |            --------- required by a bound in this associated function
[INFO] [stdout] ...
[INFO] [stdout] 259 |         M: RoundMessage<R::Msg>,
[INFO] [stdout]     |            ^^^^^^^^^^^^^^^^^^^^ required by this bound in `RoundsRouterBuilder::<M>::add_round`
[INFO] [stdout] 
[INFO] [stdout] error[E0277]: the trait bound `Msg: ProtocolMessage` is not satisfied
[INFO] [stdout]    --> src/rounds_router/mod.rs:34:29
[INFO] [stdout]     |
[INFO] [stdout] 29  |     let mut rounds = rounds.listen(incomings);
[INFO] [stdout]     |                             ^^^^^^ the trait `ProtocolMessage` is not implemented for `Msg`
[INFO] [stdout]     |
[INFO] [stdout] note: required by a bound in `RoundsRouterBuilder::<M>::listen`
[INFO] [stdout]    --> /opt/rustwide/workdir/src/rounds_router/mod.rs:239:8
[INFO] [stdout]     |
[INFO] [stdout] 239 |     M: ProtocolMessage + 'static,
[INFO] [stdout]     |        ^^^^^^^^^^^^^^^ required by this bound in `RoundsRouterBuilder::<M>::listen`
[INFO] [stdout] ...
[INFO] [stdout] 279 |     pub fn listen<S, E>(self, incomings: S) -> RoundsRouter<M, S>
[INFO] [stdout]     |            ------ required by a bound in this associated function
[INFO] [stdout] 
[INFO] [stdout] error[E0599]: the method `complete` exists for struct `RoundsRouter<Msg, <<M as Mpc>::Delivery as Delivery<Msg>>::Receive>`, but its trait bounds were not satisfied
[INFO] [stdout]    --> src/rounds_router/mod.rs:37:40
[INFO] [stdout]     |
[INFO] [stdout] 9   | pub enum Msg {
[INFO] [stdout]     | ------------ doesn't satisfy `Msg: ProtocolMessage`
[INFO] [stdout] ...
[INFO] [stdout] 32  |     let msgs: RoundMsgs<Msg1> = rounds.complete(round1).await?;
[INFO] [stdout]     |                                        ^^^^^^^^ method cannot be called due to unsatisfied trait bounds
[INFO] [stdout]     |
[INFO] [stdout]     = note: the following trait bounds were not satisfied:
[INFO] [stdout]             `Msg: ProtocolMessage`
[INFO] [stdout] note: the trait `ProtocolMessage` must be implemented
[INFO] [stdout]    --> /opt/rustwide/workdir/src/rounds_router/store.rs:113:1
[INFO] [stdout]     |
[INFO] [stdout] 113 | pub trait ProtocolMessage: Sized {
[INFO] [stdout]     | ^^^^^^^^^^^^^^^^^^^^^^^^^^^^^^^^
[INFO] [stdout] 
[INFO] [stdout] error[E0599]: the method `complete` exists for struct `RoundsRouter<Msg, <<M as Mpc>::Delivery as Delivery<Msg>>::Receive>`, but its trait bounds were not satisfied
[INFO] [stdout]    --> src/rounds_router/mod.rs:42:23
[INFO] [stdout]     |
[INFO] [stdout] 9   | pub enum Msg {
[INFO] [stdout]     | ------------ doesn't satisfy `Msg: ProtocolMessage`
[INFO] [stdout] ...
[INFO] [stdout] 37  |     let msgs = rounds.complete(round2).await?;
[INFO] [stdout]     |                       ^^^^^^^^ method cannot be called due to unsatisfied trait bounds
[INFO] [stdout]     |
[INFO] [stdout]     = note: the following trait bounds were not satisfied:
[INFO] [stdout]             `Msg: ProtocolMessage`
[INFO] [stdout] note: the trait `ProtocolMessage` must be implemented
[INFO] [stdout]    --> /opt/rustwide/workdir/src/rounds_router/store.rs:113:1
[INFO] [stdout]     |
[INFO] [stdout] 113 | pub trait ProtocolMessage: Sized {
[INFO] [stdout]     | ^^^^^^^^^^^^^^^^^^^^^^^^^^^^^^^^
[INFO] [stdout] 
[INFO] [stdout] error: aborting due to 9 previous errors
[INFO] [stdout] 
[INFO] [stdout] Some errors have detailed explanations: E0277, E0599.
[INFO] [stdout] For more information about an error, try `rustc --explain E0277`.
[INFO] [stdout] Couldn't compile the test.
[INFO] [stdout] 
[INFO] [stdout] failures:
[INFO] [stdout]     src/rounds_router/mod.rs - rounds_router (line 8)
[INFO] [stdout]     src/rounds_router/store.rs - rounds_router::store::ProtocolMessage (line 51)
[INFO] [stdout] 
[INFO] [stdout] test result: FAILED. 5 passed; 2 failed; 0 ignored; 0 measured; 0 filtered out; finished in 0.24s
[INFO] [stdout] 
[INFO] [stderr] error: doctest failed, to rerun pass `--doc`
[INFO] running `Command { std: "docker" "inspect" "cece4be60ba6c9130fcb8c4a5b4f5fc5d38d9d77978c70f3fca170c1025fb070", kill_on_drop: false }`
[INFO] running `Command { std: "docker" "rm" "-f" "cece4be60ba6c9130fcb8c4a5b4f5fc5d38d9d77978c70f3fca170c1025fb070", kill_on_drop: false }`
[INFO] [stdout] cece4be60ba6c9130fcb8c4a5b4f5fc5d38d9d77978c70f3fca170c1025fb070
[INFO] testing round-based-0.2.0 against beta-2023-12-22 for beta-1.76-1
[INFO] extracting crate round-based 0.2.0 into /workspace/builds/worker-1-tc2/source
[INFO] validating manifest of crates.io crate round-based 0.2.0 on toolchain beta-2023-12-22
[INFO] running `Command { std: CARGO_HOME="/workspace/cargo-home" RUSTUP_HOME="/workspace/rustup-home" "/workspace/cargo-home/bin/cargo" "+beta-2023-12-22" "metadata" "--manifest-path" "Cargo.toml" "--no-deps", kill_on_drop: false }`
[INFO] started tweaking crates.io crate round-based 0.2.0
[INFO] removed 0 missing tests
[INFO] finished tweaking crates.io crate round-based 0.2.0
[INFO] tweaked toml for crates.io crate round-based 0.2.0 written to /workspace/builds/worker-1-tc2/source/Cargo.toml
[INFO] running `Command { std: CARGO_HOME="/workspace/cargo-home" RUSTUP_HOME="/workspace/rustup-home" "/workspace/cargo-home/bin/cargo" "+beta-2023-12-22" "generate-lockfile" "--manifest-path" "Cargo.toml", kill_on_drop: false }`
[INFO] [stderr]     Updating crates.io index
[INFO] running `Command { std: CARGO_HOME="/workspace/cargo-home" RUSTUP_HOME="/workspace/rustup-home" "/workspace/cargo-home/bin/cargo" "+beta-2023-12-22" "fetch" "--manifest-path" "Cargo.toml", kill_on_drop: false }`
[INFO] running `Command { std: "docker" "create" "-v" "/var/lib/crater-agent-workspace/builds/worker-1-tc2/target:/opt/rustwide/target:rw,Z" "-v" "/var/lib/crater-agent-workspace/builds/worker-1-tc2/source:/opt/rustwide/workdir:ro,Z" "-v" "/var/lib/crater-agent-workspace/cargo-home:/opt/rustwide/cargo-home:ro,Z" "-v" "/var/lib/crater-agent-workspace/rustup-home:/opt/rustwide/rustup-home:ro,Z" "-e" "SOURCE_DIR=/opt/rustwide/workdir" "-e" "CARGO_TARGET_DIR=/opt/rustwide/target" "-e" "CARGO_HOME=/opt/rustwide/cargo-home" "-e" "RUSTUP_HOME=/opt/rustwide/rustup-home" "-w" "/opt/rustwide/workdir" "-m" "1610612736" "--user" "0:0" "--network" "none" "ghcr.io/rust-lang/crates-build-env/linux@sha256:2788e3201cd34a07e3172128adcd8b3090168a8e3bcc40d7c032b9dda1df7d1c" "/opt/rustwide/cargo-home/bin/cargo" "+beta-2023-12-22" "metadata" "--no-deps" "--format-version=1", kill_on_drop: false }`
[INFO] [stdout] 793eefcf29541923a9c0050d439ce89314d727607038b8dbf82ee14ffdb8c785
[INFO] running `Command { std: "docker" "start" "-a" "793eefcf29541923a9c0050d439ce89314d727607038b8dbf82ee14ffdb8c785", kill_on_drop: false }`
[INFO] running `Command { std: "docker" "inspect" "793eefcf29541923a9c0050d439ce89314d727607038b8dbf82ee14ffdb8c785", kill_on_drop: false }`
[INFO] running `Command { std: "docker" "rm" "-f" "793eefcf29541923a9c0050d439ce89314d727607038b8dbf82ee14ffdb8c785", kill_on_drop: false }`
[INFO] [stdout] 793eefcf29541923a9c0050d439ce89314d727607038b8dbf82ee14ffdb8c785
[INFO] running `Command { std: "docker" "create" "-v" "/var/lib/crater-agent-workspace/builds/worker-1-tc2/target:/opt/rustwide/target:rw,Z" "-v" "/var/lib/crater-agent-workspace/builds/worker-1-tc2/source:/opt/rustwide/workdir:ro,Z" "-v" "/var/lib/crater-agent-workspace/cargo-home:/opt/rustwide/cargo-home:ro,Z" "-v" "/var/lib/crater-agent-workspace/rustup-home:/opt/rustwide/rustup-home:ro,Z" "-e" "SOURCE_DIR=/opt/rustwide/workdir" "-e" "CARGO_TARGET_DIR=/opt/rustwide/target" "-e" "CARGO_INCREMENTAL=0" "-e" "RUST_BACKTRACE=full" "-e" "RUSTFLAGS=--cap-lints=warn" "-e" "RUSTDOCFLAGS=--cap-lints=warn" "-e" "CARGO_HOME=/opt/rustwide/cargo-home" "-e" "RUSTUP_HOME=/opt/rustwide/rustup-home" "-w" "/opt/rustwide/workdir" "-m" "1610612736" "--user" "0:0" "--network" "none" "ghcr.io/rust-lang/crates-build-env/linux@sha256:2788e3201cd34a07e3172128adcd8b3090168a8e3bcc40d7c032b9dda1df7d1c" "/opt/rustwide/cargo-home/bin/cargo" "+beta-2023-12-22" "build" "--frozen" "--message-format=json", kill_on_drop: false }`
[INFO] [stdout] 19428e7a8dbd051d1542e6bc92c4b27e43b48dee42a1b404fb527d134d4cb67d
[INFO] running `Command { std: "docker" "start" "-a" "19428e7a8dbd051d1542e6bc92c4b27e43b48dee42a1b404fb527d134d4cb67d", kill_on_drop: false }`
[INFO] [stderr]    Compiling num-traits v0.2.17
[INFO] [stderr]    Compiling num-integer v0.1.45
[INFO] [stderr]    Compiling num-bigint v0.4.4
[INFO] [stderr]    Compiling futures-task v0.3.30
[INFO] [stderr]    Compiling futures-core v0.3.30
[INFO] [stderr]    Compiling futures-sink v0.3.30
[INFO] [stderr]    Compiling syn v2.0.48
[INFO] [stderr]    Compiling futures-util v0.3.30
[INFO] [stderr]    Compiling enum-ordinalize v3.1.15
[INFO] [stderr]    Compiling tracing-attributes v0.1.27
[INFO] [stderr]    Compiling thiserror-impl v1.0.56
[INFO] [stderr]    Compiling educe v0.4.23
[INFO] [stderr]    Compiling thiserror v1.0.56
[INFO] [stderr]    Compiling tracing v0.1.40
[INFO] [stderr]    Compiling phantom-type v0.3.1
[INFO] [stderr]    Compiling round-based v0.2.0 (/opt/rustwide/workdir)
[INFO] [stderr]     Finished dev [unoptimized + debuginfo] target(s) in 8.92s
[INFO] running `Command { std: "docker" "inspect" "19428e7a8dbd051d1542e6bc92c4b27e43b48dee42a1b404fb527d134d4cb67d", kill_on_drop: false }`
[INFO] running `Command { std: "docker" "rm" "-f" "19428e7a8dbd051d1542e6bc92c4b27e43b48dee42a1b404fb527d134d4cb67d", kill_on_drop: false }`
[INFO] [stdout] 19428e7a8dbd051d1542e6bc92c4b27e43b48dee42a1b404fb527d134d4cb67d
[INFO] running `Command { std: "docker" "create" "-v" "/var/lib/crater-agent-workspace/builds/worker-1-tc2/target:/opt/rustwide/target:rw,Z" "-v" "/var/lib/crater-agent-workspace/builds/worker-1-tc2/source:/opt/rustwide/workdir:ro,Z" "-v" "/var/lib/crater-agent-workspace/cargo-home:/opt/rustwide/cargo-home:ro,Z" "-v" "/var/lib/crater-agent-workspace/rustup-home:/opt/rustwide/rustup-home:ro,Z" "-e" "SOURCE_DIR=/opt/rustwide/workdir" "-e" "CARGO_TARGET_DIR=/opt/rustwide/target" "-e" "CARGO_INCREMENTAL=0" "-e" "RUST_BACKTRACE=full" "-e" "RUSTFLAGS=--cap-lints=warn" "-e" "RUSTDOCFLAGS=--cap-lints=warn" "-e" "CARGO_HOME=/opt/rustwide/cargo-home" "-e" "RUSTUP_HOME=/opt/rustwide/rustup-home" "-w" "/opt/rustwide/workdir" "-m" "1610612736" "--user" "0:0" "--network" "none" "ghcr.io/rust-lang/crates-build-env/linux@sha256:2788e3201cd34a07e3172128adcd8b3090168a8e3bcc40d7c032b9dda1df7d1c" "/opt/rustwide/cargo-home/bin/cargo" "+beta-2023-12-22" "test" "--frozen" "--no-run" "--message-format=json", kill_on_drop: false }`
[INFO] [stdout] d623f0bce43eb3c1c4f5ac7aba19c348690b427ca9be1fc07e9fd4ffac5faada
[INFO] running `Command { std: "docker" "start" "-a" "d623f0bce43eb3c1c4f5ac7aba19c348690b427ca9be1fc07e9fd4ffac5faada", kill_on_drop: false }`
[INFO] [stderr]    Compiling trybuild v1.0.87
[INFO] [stderr]    Compiling futures-channel v0.3.30
[INFO] [stderr]    Compiling termcolor v1.4.0
[INFO] [stderr]    Compiling futures-io v0.3.30
[INFO] [stderr]    Compiling glob v0.3.1
[INFO] [stderr]    Compiling matches v0.1.10
[INFO] [stderr]    Compiling basic-toml v0.1.8
[INFO] [stderr]    Compiling serde_derive v1.0.194
[INFO] [stderr]    Compiling futures v0.3.30
[INFO] [stderr]    Compiling round-based v0.2.0 (/opt/rustwide/workdir)
[INFO] [stderr]     Finished test [unoptimized + debuginfo] target(s) in 4.34s
[INFO] running `Command { std: "docker" "inspect" "d623f0bce43eb3c1c4f5ac7aba19c348690b427ca9be1fc07e9fd4ffac5faada", kill_on_drop: false }`
[INFO] running `Command { std: "docker" "rm" "-f" "d623f0bce43eb3c1c4f5ac7aba19c348690b427ca9be1fc07e9fd4ffac5faada", kill_on_drop: false }`
[INFO] [stdout] d623f0bce43eb3c1c4f5ac7aba19c348690b427ca9be1fc07e9fd4ffac5faada
[INFO] running `Command { std: "docker" "create" "-v" "/var/lib/crater-agent-workspace/builds/worker-1-tc2/target:/opt/rustwide/target:rw,Z" "-v" "/var/lib/crater-agent-workspace/builds/worker-1-tc2/source:/opt/rustwide/workdir:ro,Z" "-v" "/var/lib/crater-agent-workspace/cargo-home:/opt/rustwide/cargo-home:ro,Z" "-v" "/var/lib/crater-agent-workspace/rustup-home:/opt/rustwide/rustup-home:ro,Z" "-e" "SOURCE_DIR=/opt/rustwide/workdir" "-e" "CARGO_TARGET_DIR=/opt/rustwide/target" "-e" "CARGO_INCREMENTAL=0" "-e" "RUST_BACKTRACE=full" "-e" "RUSTFLAGS=--cap-lints=warn" "-e" "RUSTDOCFLAGS=--cap-lints=warn" "-e" "CARGO_HOME=/opt/rustwide/cargo-home" "-e" "RUSTUP_HOME=/opt/rustwide/rustup-home" "-w" "/opt/rustwide/workdir" "-m" "1610612736" "--user" "0:0" "--network" "none" "ghcr.io/rust-lang/crates-build-env/linux@sha256:2788e3201cd34a07e3172128adcd8b3090168a8e3bcc40d7c032b9dda1df7d1c" "/opt/rustwide/cargo-home/bin/cargo" "+beta-2023-12-22" "test" "--frozen", kill_on_drop: false }`
[INFO] [stdout] 0ffda97a441aa55f483f8912c4f0ba46836a2e362c6ed5343c89162edf7f95a4
[INFO] running `Command { std: "docker" "start" "-a" "0ffda97a441aa55f483f8912c4f0ba46836a2e362c6ed5343c89162edf7f95a4", kill_on_drop: false }`
[INFO] [stderr]     Finished test [unoptimized + debuginfo] target(s) in 0.03s
[INFO] [stderr]      Running unittests src/lib.rs (/opt/rustwide/target/debug/deps/round_based-00ac3d6e61344931)
[INFO] [stdout] 
[INFO] [stdout] running 5 tests
[INFO] [stdout] test rounds_router::simple_store::tests::store_outputs_received_messages ... ok
[INFO] [stdout] test rounds_router::simple_store::tests::store_returns_error_if_sender_index_is_out_of_range ... ok
[INFO] [stdout] test rounds_router::simple_store::tests::store_returns_error_if_incoming_msg_overwrites_already_received_one ... ok
[INFO] [stdout] test rounds_router::simple_store::tests::store_returns_error_if_message_type_mismatched ... ok
[INFO] [stdout] test rounds_router::simple_store::tests::store_returns_error_if_tried_to_output_before_receiving_enough_messages ... ok
[INFO] [stdout] 
[INFO] [stdout] test result: ok. 5 passed; 0 failed; 0 ignored; 0 measured; 0 filtered out; finished in 0.00s
[INFO] [stdout] 
[INFO] [stderr]    Doc-tests round-based
[INFO] [stdout] 
[INFO] [stdout] running 7 tests
[INFO] [stdout] test src/rounds_router/store.rs - rounds_router::store::ProtocolMessage (line 51) ... FAILED
[INFO] [stdout] test src/rounds_router/mod.rs - rounds_router (line 8) ... FAILED
[INFO] [stdout] test src/party.rs - party::Mpc (line 61) ... ok
[INFO] [stdout] test src/party.rs - party::Mpc (line 47) ... ok
[INFO] [stdout] test src/rounds_router/store.rs - rounds_router::store::ProtocolMessage (line 67) ... ok
[INFO] [stdout] test src/party.rs - party (line 5) ... ok
[INFO] [stdout] test src/rounds_router/simple_store.rs - rounds_router::simple_store::RoundInput (line 19) ... ok
[INFO] [stdout] 
[INFO] [stdout] failures:
[INFO] [stdout] 
[INFO] [stdout] ---- src/rounds_router/store.rs - rounds_router::store::ProtocolMessage (line 51) stdout ----
[INFO] [stdout] error: cannot find derive macro `ProtocolMessage` in this scope
[INFO] [stdout]  --> src/rounds_router/store.rs:55:10
[INFO] [stdout]   |
[INFO] [stdout] 7 | #[derive(ProtocolMessage)]
[INFO] [stdout]   |          ^^^^^^^^^^^^^^^
[INFO] [stdout]   |
[INFO] [stdout] note: `ProtocolMessage` is imported here, but it is only a trait, without a derive macro
[INFO] [stdout]  --> src/rounds_router/store.rs:53:5
[INFO] [stdout]   |
[INFO] [stdout] 5 | use round_based::ProtocolMessage;
[INFO] [stdout]   |     ^^^^^^^^^^^^^^^^^^^^^^^^^^^^
[INFO] [stdout] 
[INFO] [stdout] error: aborting due to 1 previous error
[INFO] [stdout] 
[INFO] [stdout] Couldn't compile the test.
[INFO] [stdout] ---- src/rounds_router/mod.rs - rounds_router (line 8) stdout ----
[INFO] [stdout] error: cannot find derive macro `ProtocolMessage` in this scope
[INFO] [stdout]  --> src/rounds_router/mod.rs:13:10
[INFO] [stdout]   |
[INFO] [stdout] 8 | #[derive(ProtocolMessage)]
[INFO] [stdout]   |          ^^^^^^^^^^^^^^^
[INFO] [stdout]   |
[INFO] [stdout] note: `ProtocolMessage` is imported here, but it is only a trait, without a derive macro
[INFO] [stdout]  --> src/rounds_router/mod.rs:10:34
[INFO] [stdout]   |
[INFO] [stdout] 5 | use round_based::{Mpc, MpcParty, ProtocolMessage, Delivery, PartyIndex};
[INFO] [stdout]   |                                  ^^^^^^^^^^^^^^^
[INFO] [stdout] 
[INFO] [stdout] error[E0277]: the trait bound `Msg: ProtocolMessage` is not satisfied
[INFO] [stdout]   --> src/rounds_router/mod.rs:31:22
[INFO] [stdout]    |
[INFO] [stdout] 26 |     let mut rounds = RoundsRouter::builder();
[INFO] [stdout]    |                      ^^^^^^^^^^^^^^^^^^^^^ the trait `ProtocolMessage` is not implemented for `Msg`
[INFO] [stdout]    |
[INFO] [stdout] note: required by a bound in `RoundsRouter::<M>::builder`
[INFO] [stdout]   --> /opt/rustwide/workdir/src/rounds_router/mod.rs:78:9
[INFO] [stdout]    |
[INFO] [stdout] 78 | impl<M: ProtocolMessage + 'static> RoundsRouter<M> {
[INFO] [stdout]    |         ^^^^^^^^^^^^^^^ required by this bound in `RoundsRouter::<M>::builder`
[INFO] [stdout] 79 |     /// Instantiates [`RoundsRouterBuilder`]
[INFO] [stdout] 80 |     pub fn builder() -> RoundsRouterBuilder<M> {
[INFO] [stdout]    |            ------- required by a bound in this associated function
[INFO] [stdout] 
[INFO] [stdout] error[E0277]: the trait bound `Msg: ProtocolMessage` is not satisfied
[INFO] [stdout]    --> src/rounds_router/mod.rs:32:25
[INFO] [stdout]     |
[INFO] [stdout] 27  |     let round1 = rounds.add_round(RoundInput::<Msg1>::broadcast(i, n));
[INFO] [stdout]     |                         ^^^^^^^^^ the trait `ProtocolMessage` is not implemented for `Msg`
[INFO] [stdout]     |
[INFO] [stdout] note: required by a bound in `RoundsRouterBuilder::<M>::add_round`
[INFO] [stdout]    --> /opt/rustwide/workdir/src/rounds_router/mod.rs:239:8
[INFO] [stdout]     |
[INFO] [stdout] 239 |     M: ProtocolMessage + 'static,
[INFO] [stdout]     |        ^^^^^^^^^^^^^^^ required by this bound in `RoundsRouterBuilder::<M>::add_round`
[INFO] [stdout] ...
[INFO] [stdout] 254 |     pub fn add_round<R>(&mut self, message_store: R) -> Round<R>
[INFO] [stdout]     |            --------- required by a bound in this associated function
[INFO] [stdout] 
[INFO] [stdout] error[E0277]: the trait bound `Msg: RoundMessage<Msg1>` is not satisfied
[INFO] [stdout]    --> src/rounds_router/mod.rs:32:35
[INFO] [stdout]     |
[INFO] [stdout] 27  |     let round1 = rounds.add_round(RoundInput::<Msg1>::broadcast(i, n));
[INFO] [stdout]     |                         --------- ^^^^^^^^^^^^^^^^^^^^^^^^^^^^^^^^^^^ the trait `RoundMessage<Msg1>` is not implemented for `Msg`
[INFO] [stdout]     |                         |
[INFO] [stdout]     |                         required by a bound introduced by this call
[INFO] [stdout]     |
[INFO] [stdout] note: required by a bound in `RoundsRouterBuilder::<M>::add_round`
[INFO] [stdout]    --> /opt/rustwide/workdir/src/rounds_router/mod.rs:259:12
[INFO] [stdout]     |
[INFO] [stdout] 254 |     pub fn add_round<R>(&mut self, message_store: R) -> Round<R>
[INFO] [stdout]     |            --------- required by a bound in this associated function
[INFO] [stdout] ...
[INFO] [stdout] 259 |         M: RoundMessage<R::Msg>,
[INFO] [stdout]     |            ^^^^^^^^^^^^^^^^^^^^ required by this bound in `RoundsRouterBuilder::<M>::add_round`
[INFO] [stdout] 
[INFO] [stdout] error[E0277]: the trait bound `Msg: ProtocolMessage` is not satisfied
[INFO] [stdout]    --> src/rounds_router/mod.rs:33:25
[INFO] [stdout]     |
[INFO] [stdout] 28  |     let round2 = rounds.add_round(RoundInput::<Msg2>::p2p(i, n));
[INFO] [stdout]     |                         ^^^^^^^^^ the trait `ProtocolMessage` is not implemented for `Msg`
[INFO] [stdout]     |
[INFO] [stdout] note: required by a bound in `RoundsRouterBuilder::<M>::add_round`
[INFO] [stdout]    --> /opt/rustwide/workdir/src/rounds_router/mod.rs:239:8
[INFO] [stdout]     |
[INFO] [stdout] 239 |     M: ProtocolMessage + 'static,
[INFO] [stdout]     |        ^^^^^^^^^^^^^^^ required by this bound in `RoundsRouterBuilder::<M>::add_round`
[INFO] [stdout] ...
[INFO] [stdout] 254 |     pub fn add_round<R>(&mut self, message_store: R) -> Round<R>
[INFO] [stdout]     |            --------- required by a bound in this associated function
[INFO] [stdout] 
[INFO] [stdout] error[E0277]: the trait bound `Msg: RoundMessage<Msg2>` is not satisfied
[INFO] [stdout]    --> src/rounds_router/mod.rs:33:35
[INFO] [stdout]     |
[INFO] [stdout] 28  |     let round2 = rounds.add_round(RoundInput::<Msg2>::p2p(i, n));
[INFO] [stdout]     |                         --------- ^^^^^^^^^^^^^^^^^^^^^^^^^^^^^ the trait `RoundMessage<Msg2>` is not implemented for `Msg`
[INFO] [stdout]     |                         |
[INFO] [stdout]     |                         required by a bound introduced by this call
[INFO] [stdout]     |
[INFO] [stdout] note: required by a bound in `RoundsRouterBuilder::<M>::add_round`
[INFO] [stdout]    --> /opt/rustwide/workdir/src/rounds_router/mod.rs:259:12
[INFO] [stdout]     |
[INFO] [stdout] 254 |     pub fn add_round<R>(&mut self, message_store: R) -> Round<R>
[INFO] [stdout]     |            --------- required by a bound in this associated function
[INFO] [stdout] ...
[INFO] [stdout] 259 |         M: RoundMessage<R::Msg>,
[INFO] [stdout]     |            ^^^^^^^^^^^^^^^^^^^^ required by this bound in `RoundsRouterBuilder::<M>::add_round`
[INFO] [stdout] 
[INFO] [stdout] error[E0277]: the trait bound `Msg: ProtocolMessage` is not satisfied
[INFO] [stdout]    --> src/rounds_router/mod.rs:34:29
[INFO] [stdout]     |
[INFO] [stdout] 29  |     let mut rounds = rounds.listen(incomings);
[INFO] [stdout]     |                             ^^^^^^ the trait `ProtocolMessage` is not implemented for `Msg`
[INFO] [stdout]     |
[INFO] [stdout] note: required by a bound in `RoundsRouterBuilder::<M>::listen`
[INFO] [stdout]    --> /opt/rustwide/workdir/src/rounds_router/mod.rs:239:8
[INFO] [stdout]     |
[INFO] [stdout] 239 |     M: ProtocolMessage + 'static,
[INFO] [stdout]     |        ^^^^^^^^^^^^^^^ required by this bound in `RoundsRouterBuilder::<M>::listen`
[INFO] [stdout] ...
[INFO] [stdout] 279 |     pub fn listen<S, E>(self, incomings: S) -> RoundsRouter<M, S>
[INFO] [stdout]     |            ------ required by a bound in this associated function
[INFO] [stdout] 
[INFO] [stdout] error[E0599]: the method `complete` exists for struct `RoundsRouter<Msg, <<M as Mpc>::Delivery as Delivery<Msg>>::Receive>`, but its trait bounds were not satisfied
[INFO] [stdout]    --> src/rounds_router/mod.rs:37:40
[INFO] [stdout]     |
[INFO] [stdout] 9   | pub enum Msg {
[INFO] [stdout]     | ------------ doesn't satisfy `Msg: ProtocolMessage`
[INFO] [stdout] ...
[INFO] [stdout] 32  |     let msgs: RoundMsgs<Msg1> = rounds.complete(round1).await?;
[INFO] [stdout]     |                                        ^^^^^^^^ method cannot be called due to unsatisfied trait bounds
[INFO] [stdout]     |
[INFO] [stdout]     = note: the following trait bounds were not satisfied:
[INFO] [stdout]             `Msg: ProtocolMessage`
[INFO] [stdout] note: the trait `ProtocolMessage` must be implemented
[INFO] [stdout]    --> /opt/rustwide/workdir/src/rounds_router/store.rs:113:1
[INFO] [stdout]     |
[INFO] [stdout] 113 | pub trait ProtocolMessage: Sized {
[INFO] [stdout]     | ^^^^^^^^^^^^^^^^^^^^^^^^^^^^^^^^
[INFO] [stdout] 
[INFO] [stdout] error[E0599]: the method `complete` exists for struct `RoundsRouter<Msg, <<M as Mpc>::Delivery as Delivery<Msg>>::Receive>`, but its trait bounds were not satisfied
[INFO] [stdout]    --> src/rounds_router/mod.rs:42:23
[INFO] [stdout]     |
[INFO] [stdout] 9   | pub enum Msg {
[INFO] [stdout]     | ------------ doesn't satisfy `Msg: ProtocolMessage`
[INFO] [stdout] ...
[INFO] [stdout] 37  |     let msgs = rounds.complete(round2).await?;
[INFO] [stdout]     |                       ^^^^^^^^ method cannot be called due to unsatisfied trait bounds
[INFO] [stdout]     |
[INFO] [stdout]     = note: the following trait bounds were not satisfied:
[INFO] [stdout]             `Msg: ProtocolMessage`
[INFO] [stdout] note: the trait `ProtocolMessage` must be implemented
[INFO] [stdout]    --> /opt/rustwide/workdir/src/rounds_router/store.rs:113:1
[INFO] [stdout]     |
[INFO] [stdout] 113 | pub trait ProtocolMessage: Sized {
[INFO] [stdout]     | ^^^^^^^^^^^^^^^^^^^^^^^^^^^^^^^^
[INFO] [stdout] 
[INFO] [stdout] error: aborting due to 9 previous errors
[INFO] [stdout] 
[INFO] [stdout] Some errors have detailed explanations: E0277, E0599.
[INFO] [stdout] For more information about an error, try `rustc --explain E0277`.
[INFO] [stdout] Couldn't compile the test.
[INFO] [stdout] 
[INFO] [stdout] failures:
[INFO] [stdout]     src/rounds_router/mod.rs - rounds_router (line 8)
[INFO] [stdout]     src/rounds_router/store.rs - rounds_router::store::ProtocolMessage (line 51)
[INFO] [stdout] 
[INFO] [stdout] test result: FAILED. 5 passed; 2 failed; 0 ignored; 0 measured; 0 filtered out; finished in 0.28s
[INFO] [stdout] 
[INFO] [stderr] error: doctest failed, to rerun pass `--doc`
[INFO] running `Command { std: "docker" "inspect" "0ffda97a441aa55f483f8912c4f0ba46836a2e362c6ed5343c89162edf7f95a4", kill_on_drop: false }`
[INFO] running `Command { std: "docker" "rm" "-f" "0ffda97a441aa55f483f8912c4f0ba46836a2e362c6ed5343c89162edf7f95a4", kill_on_drop: false }`
[INFO] [stdout] 0ffda97a441aa55f483f8912c4f0ba46836a2e362c6ed5343c89162edf7f95a4
