[INFO] fetching crate rotonda-macros 0.2.0-pre.6...
[INFO] testing rotonda-macros-0.2.0-pre.6 against 1.75.0 for beta-1.76-1
[INFO] extracting crate rotonda-macros 0.2.0-pre.6 into /workspace/builds/worker-0-tc1/source
[INFO] validating manifest of crates.io crate rotonda-macros 0.2.0-pre.6 on toolchain 1.75.0
[INFO] running `Command { std: CARGO_HOME="/workspace/cargo-home" RUSTUP_HOME="/workspace/rustup-home" "/workspace/cargo-home/bin/cargo" "+1.75.0" "metadata" "--manifest-path" "Cargo.toml" "--no-deps", kill_on_drop: false }`
[INFO] started tweaking crates.io crate rotonda-macros 0.2.0-pre.6
[INFO] finished tweaking crates.io crate rotonda-macros 0.2.0-pre.6
[INFO] tweaked toml for crates.io crate rotonda-macros 0.2.0-pre.6 written to /workspace/builds/worker-0-tc1/source/Cargo.toml
[INFO] running `Command { std: CARGO_HOME="/workspace/cargo-home" RUSTUP_HOME="/workspace/rustup-home" "/workspace/cargo-home/bin/cargo" "+1.75.0" "generate-lockfile" "--manifest-path" "Cargo.toml", kill_on_drop: false }`
[INFO] [stderr]     Updating crates.io index
[INFO] running `Command { std: CARGO_HOME="/workspace/cargo-home" RUSTUP_HOME="/workspace/rustup-home" "/workspace/cargo-home/bin/cargo" "+1.75.0" "fetch" "--manifest-path" "Cargo.toml", kill_on_drop: false }`
[INFO] running `Command { std: "docker" "create" "-v" "/var/lib/crater-agent-workspace/builds/worker-0-tc1/target:/opt/rustwide/target:rw,Z" "-v" "/var/lib/crater-agent-workspace/builds/worker-0-tc1/source:/opt/rustwide/workdir:ro,Z" "-v" "/var/lib/crater-agent-workspace/cargo-home:/opt/rustwide/cargo-home:ro,Z" "-v" "/var/lib/crater-agent-workspace/rustup-home:/opt/rustwide/rustup-home:ro,Z" "-e" "SOURCE_DIR=/opt/rustwide/workdir" "-e" "CARGO_TARGET_DIR=/opt/rustwide/target" "-e" "CARGO_HOME=/opt/rustwide/cargo-home" "-e" "RUSTUP_HOME=/opt/rustwide/rustup-home" "-w" "/opt/rustwide/workdir" "-m" "1610612736" "--user" "0:0" "--network" "none" "ghcr.io/rust-lang/crates-build-env/linux@sha256:2788e3201cd34a07e3172128adcd8b3090168a8e3bcc40d7c032b9dda1df7d1c" "/opt/rustwide/cargo-home/bin/cargo" "+1.75.0" "metadata" "--no-deps" "--format-version=1", kill_on_drop: false }`
[INFO] [stdout] b67b2a293c8284df17d9120ff5f242d5eb3dc3ddc6b8f8e307489c5671f0e405
[INFO] running `Command { std: "docker" "start" "-a" "b67b2a293c8284df17d9120ff5f242d5eb3dc3ddc6b8f8e307489c5671f0e405", kill_on_drop: false }`
[INFO] running `Command { std: "docker" "inspect" "b67b2a293c8284df17d9120ff5f242d5eb3dc3ddc6b8f8e307489c5671f0e405", kill_on_drop: false }`
[INFO] running `Command { std: "docker" "rm" "-f" "b67b2a293c8284df17d9120ff5f242d5eb3dc3ddc6b8f8e307489c5671f0e405", kill_on_drop: false }`
[INFO] [stdout] b67b2a293c8284df17d9120ff5f242d5eb3dc3ddc6b8f8e307489c5671f0e405
[INFO] running `Command { std: "docker" "create" "-v" "/var/lib/crater-agent-workspace/builds/worker-0-tc1/target:/opt/rustwide/target:rw,Z" "-v" "/var/lib/crater-agent-workspace/builds/worker-0-tc1/source:/opt/rustwide/workdir:ro,Z" "-v" "/var/lib/crater-agent-workspace/cargo-home:/opt/rustwide/cargo-home:ro,Z" "-v" "/var/lib/crater-agent-workspace/rustup-home:/opt/rustwide/rustup-home:ro,Z" "-e" "SOURCE_DIR=/opt/rustwide/workdir" "-e" "CARGO_TARGET_DIR=/opt/rustwide/target" "-e" "CARGO_INCREMENTAL=0" "-e" "RUST_BACKTRACE=full" "-e" "RUSTFLAGS=--cap-lints=warn" "-e" "RUSTDOCFLAGS=--cap-lints=warn" "-e" "CARGO_HOME=/opt/rustwide/cargo-home" "-e" "RUSTUP_HOME=/opt/rustwide/rustup-home" "-w" "/opt/rustwide/workdir" "-m" "1610612736" "--user" "0:0" "--network" "none" "ghcr.io/rust-lang/crates-build-env/linux@sha256:2788e3201cd34a07e3172128adcd8b3090168a8e3bcc40d7c032b9dda1df7d1c" "/opt/rustwide/cargo-home/bin/cargo" "+1.75.0" "build" "--frozen" "--message-format=json", kill_on_drop: false }`
[INFO] [stdout] 5f2656998de6edd28c628d695e158dabd14fbbbdc6da5b28dd7c33d2d8f12385
[INFO] running `Command { std: "docker" "start" "-a" "5f2656998de6edd28c628d695e158dabd14fbbbdc6da5b28dd7c33d2d8f12385", kill_on_drop: false }`
[INFO] [stderr]    Compiling proc-macro2 v1.0.75
[INFO] [stderr]    Compiling unicode-ident v1.0.12
[INFO] [stderr]    Compiling quote v1.0.35
[INFO] [stderr]    Compiling syn v2.0.48
[INFO] [stderr]    Compiling rotonda-macros v0.2.0-pre.6 (/opt/rustwide/workdir)
[INFO] [stderr]     Finished dev [unoptimized + debuginfo] target(s) in 9.19s
[INFO] running `Command { std: "docker" "inspect" "5f2656998de6edd28c628d695e158dabd14fbbbdc6da5b28dd7c33d2d8f12385", kill_on_drop: false }`
[INFO] running `Command { std: "docker" "rm" "-f" "5f2656998de6edd28c628d695e158dabd14fbbbdc6da5b28dd7c33d2d8f12385", kill_on_drop: false }`
[INFO] [stdout] 5f2656998de6edd28c628d695e158dabd14fbbbdc6da5b28dd7c33d2d8f12385
[INFO] running `Command { std: "docker" "create" "-v" "/var/lib/crater-agent-workspace/builds/worker-0-tc1/target:/opt/rustwide/target:rw,Z" "-v" "/var/lib/crater-agent-workspace/builds/worker-0-tc1/source:/opt/rustwide/workdir:ro,Z" "-v" "/var/lib/crater-agent-workspace/cargo-home:/opt/rustwide/cargo-home:ro,Z" "-v" "/var/lib/crater-agent-workspace/rustup-home:/opt/rustwide/rustup-home:ro,Z" "-e" "SOURCE_DIR=/opt/rustwide/workdir" "-e" "CARGO_TARGET_DIR=/opt/rustwide/target" "-e" "CARGO_INCREMENTAL=0" "-e" "RUST_BACKTRACE=full" "-e" "RUSTFLAGS=--cap-lints=warn" "-e" "RUSTDOCFLAGS=--cap-lints=warn" "-e" "CARGO_HOME=/opt/rustwide/cargo-home" "-e" "RUSTUP_HOME=/opt/rustwide/rustup-home" "-w" "/opt/rustwide/workdir" "-m" "1610612736" "--user" "0:0" "--network" "none" "ghcr.io/rust-lang/crates-build-env/linux@sha256:2788e3201cd34a07e3172128adcd8b3090168a8e3bcc40d7c032b9dda1df7d1c" "/opt/rustwide/cargo-home/bin/cargo" "+1.75.0" "test" "--frozen" "--no-run" "--message-format=json", kill_on_drop: false }`
[INFO] [stdout] 7320066d034417c2bb3e517741d199ce4735052e6f209f11c308d7a0b3354f29
[INFO] running `Command { std: "docker" "start" "-a" "7320066d034417c2bb3e517741d199ce4735052e6f209f11c308d7a0b3354f29", kill_on_drop: false }`
[INFO] [stderr]    Compiling rotonda-macros v0.2.0-pre.6 (/opt/rustwide/workdir)
[INFO] [stderr]     Finished test [unoptimized + debuginfo] target(s) in 4.78s
[INFO] running `Command { std: "docker" "inspect" "7320066d034417c2bb3e517741d199ce4735052e6f209f11c308d7a0b3354f29", kill_on_drop: false }`
[INFO] running `Command { std: "docker" "rm" "-f" "7320066d034417c2bb3e517741d199ce4735052e6f209f11c308d7a0b3354f29", kill_on_drop: false }`
[INFO] [stdout] 7320066d034417c2bb3e517741d199ce4735052e6f209f11c308d7a0b3354f29
[INFO] running `Command { std: "docker" "create" "-v" "/var/lib/crater-agent-workspace/builds/worker-0-tc1/target:/opt/rustwide/target:rw,Z" "-v" "/var/lib/crater-agent-workspace/builds/worker-0-tc1/source:/opt/rustwide/workdir:ro,Z" "-v" "/var/lib/crater-agent-workspace/cargo-home:/opt/rustwide/cargo-home:ro,Z" "-v" "/var/lib/crater-agent-workspace/rustup-home:/opt/rustwide/rustup-home:ro,Z" "-e" "SOURCE_DIR=/opt/rustwide/workdir" "-e" "CARGO_TARGET_DIR=/opt/rustwide/target" "-e" "CARGO_INCREMENTAL=0" "-e" "RUST_BACKTRACE=full" "-e" "RUSTFLAGS=--cap-lints=warn" "-e" "RUSTDOCFLAGS=--cap-lints=warn" "-e" "CARGO_HOME=/opt/rustwide/cargo-home" "-e" "RUSTUP_HOME=/opt/rustwide/rustup-home" "-w" "/opt/rustwide/workdir" "-m" "1610612736" "--user" "0:0" "--network" "none" "ghcr.io/rust-lang/crates-build-env/linux@sha256:2788e3201cd34a07e3172128adcd8b3090168a8e3bcc40d7c032b9dda1df7d1c" "/opt/rustwide/cargo-home/bin/cargo" "+1.75.0" "test" "--frozen", kill_on_drop: false }`
[INFO] [stdout] 98f045df89ddf83eb356bc068f8ee8c9adb20f5d72624ad86e3745fee7cacb1a
[INFO] running `Command { std: "docker" "start" "-a" "98f045df89ddf83eb356bc068f8ee8c9adb20f5d72624ad86e3745fee7cacb1a", kill_on_drop: false }`
[INFO] [stderr]     Finished test [unoptimized + debuginfo] target(s) in 0.01s
[INFO] [stderr]      Running unittests src/lib.rs (/opt/rustwide/target/debug/deps/rotonda_macros-9974dad5b979d660)
[INFO] [stdout] 
[INFO] [stdout] running 0 tests
[INFO] [stdout] 
[INFO] [stdout] test result: ok. 0 passed; 0 failed; 0 ignored; 0 measured; 0 filtered out; finished in 0.00s
[INFO] [stdout] 
[INFO] [stderr]    Doc-tests rotonda-macros
[INFO] [stdout] 
[INFO] [stdout] running 2 tests
[INFO] [stdout] test src/lib.rs - create_store (line 329) ... FAILED
[INFO] [stdout] test src/lib.rs - create_store (line 351) ... FAILED
[INFO] [stdout] 
[INFO] [stdout] failures:
[INFO] [stdout] 
[INFO] [stdout] ---- src/lib.rs - create_store (line 329) stdout ----
[INFO] [stdout] error[E0433]: failed to resolve: use of undeclared crate or module `rotonda_store`
[INFO] [stdout]  --> src/lib.rs:330:5
[INFO] [stdout]   |
[INFO] [stdout] 3 | use rotonda_store::prelude::*;
[INFO] [stdout]   |     ^^^^^^^^^^^^^ use of undeclared crate or module `rotonda_store`
[INFO] [stdout] 
[INFO] [stdout] error[E0433]: failed to resolve: use of undeclared crate or module `rotonda_store`
[INFO] [stdout]  --> src/lib.rs:331:5
[INFO] [stdout]   |
[INFO] [stdout] 4 | use rotonda_store::prelude::multi::*;
[INFO] [stdout]   |     ^^^^^^^^^^^^^ use of undeclared crate or module `rotonda_store`
[INFO] [stdout] 
[INFO] [stdout] error[E0433]: failed to resolve: use of undeclared crate or module `rotonda_store`
[INFO] [stdout]  --> src/lib.rs:332:5
[INFO] [stdout]   |
[INFO] [stdout] 5 | use rotonda_store::meta_examples::PrefixAs;
[INFO] [stdout]   |     ^^^^^^^^^^^^^ use of undeclared crate or module `rotonda_store`
[INFO] [stdout] 
[INFO] [stdout] error[E0432]: unresolved imports `rotonda_store::prelude::*`, `rotonda_store::prelude::multi::*`, `rotonda_store::meta_examples::PrefixAs`
[INFO] [stdout]  --> src/lib.rs:330:5
[INFO] [stdout]   |
[INFO] [stdout] 3 | use rotonda_store::prelude::*;
[INFO] [stdout]   |     ^^^^^^^^^^^^^^^^^^^^^^^^^
[INFO] [stdout] 4 | use rotonda_store::prelude::multi::*;
[INFO] [stdout]   |     ^^^^^^^^^^^^^^^^^^^^^^^^^^^^^^^^
[INFO] [stdout] 5 | use rotonda_store::meta_examples::PrefixAs;
[INFO] [stdout]   |     ^^^^^^^^^^^^^^^^^^^^^^^^^^^^^^^^^^^^^^
[INFO] [stdout] 
[INFO] [stdout] error: cannot find attribute `create_store` in this scope
[INFO] [stdout]   --> src/lib.rs:337:3
[INFO] [stdout]    |
[INFO] [stdout] 10 | #[create_store((IPV4_STRIDE_ARRAY, IPV6_STRIDE_ARRAY))]
[INFO] [stdout]    |   ^^^^^^^^^^^^
[INFO] [stdout]    |
[INFO] [stdout] help: a built-in attribute with a similar name exists
[INFO] [stdout]    |
[INFO] [stdout] 10 | #[crate_type((IPV4_STRIDE_ARRAY, IPV6_STRIDE_ARRAY))]
[INFO] [stdout]    |   ~~~~~~~~~~
[INFO] [stdout] help: consider importing this attribute macro
[INFO] [stdout]    |
[INFO] [stdout] 2  + use rotonda_macros::create_store;
[INFO] [stdout]    |
[INFO] [stdout] 
[INFO] [stdout] error: missing type for `const` item
[INFO] [stdout]  --> src/lib.rs:334:23
[INFO] [stdout]   |
[INFO] [stdout] 7 | const IP4_STRIDE_ARRAY = [4; 8];
[INFO] [stdout]   |                       ^ help: provide a type for the constant: `: [i32; 8]`
[INFO] [stdout] 
[INFO] [stdout] error: missing type for `const` item
[INFO] [stdout]  --> src/lib.rs:335:23
[INFO] [stdout]   |
[INFO] [stdout] 8 | const IP6_STRIDE_ARRAY = [4; 32];
[INFO] [stdout]   |                       ^ help: provide a type for the constant: `: [i32; 32]`
[INFO] [stdout] 
[INFO] [stdout] error: aborting due to 7 previous errors
[INFO] [stdout] 
[INFO] [stdout] Some errors have detailed explanations: E0432, E0433.
[INFO] [stdout] For more information about an error, try `rustc --explain E0432`.
[INFO] [stdout] Couldn't compile the test.
[INFO] [stdout] ---- src/lib.rs - create_store (line 351) stdout ----
[INFO] [stdout] error[E0433]: failed to resolve: use of undeclared crate or module `rotonda_store`
[INFO] [stdout]  --> src/lib.rs:352:5
[INFO] [stdout]   |
[INFO] [stdout] 3 | use rotonda_store::prelude::*;
[INFO] [stdout]   |     ^^^^^^^^^^^^^ use of undeclared crate or module `rotonda_store`
[INFO] [stdout] 
[INFO] [stdout] error[E0433]: failed to resolve: use of undeclared crate or module `rotonda_store`
[INFO] [stdout]  --> src/lib.rs:353:5
[INFO] [stdout]   |
[INFO] [stdout] 4 | use rotonda_store::prelude::multi::*;
[INFO] [stdout]   |     ^^^^^^^^^^^^^ use of undeclared crate or module `rotonda_store`
[INFO] [stdout] 
[INFO] [stdout] error[E0433]: failed to resolve: use of undeclared crate or module `rotonda_store`
[INFO] [stdout]  --> src/lib.rs:354:5
[INFO] [stdout]   |
[INFO] [stdout] 5 | use rotonda_store::meta_examples::PrefixAs;
[INFO] [stdout]   |     ^^^^^^^^^^^^^ use of undeclared crate or module `rotonda_store`
[INFO] [stdout] 
[INFO] [stdout] error[E0432]: unresolved imports `rotonda_store::prelude::*`, `rotonda_store::prelude::multi::*`, `rotonda_store::meta_examples::PrefixAs`
[INFO] [stdout]  --> src/lib.rs:352:5
[INFO] [stdout]   |
[INFO] [stdout] 3 | use rotonda_store::prelude::*;
[INFO] [stdout]   |     ^^^^^^^^^^^^^^^^^^^^^^^^^
[INFO] [stdout] 4 | use rotonda_store::prelude::multi::*;
[INFO] [stdout]   |     ^^^^^^^^^^^^^^^^^^^^^^^^^^^^^^^^
[INFO] [stdout] 5 | use rotonda_store::meta_examples::PrefixAs;
[INFO] [stdout]   |     ^^^^^^^^^^^^^^^^^^^^^^^^^^^^^^^^^^^^^^
[INFO] [stdout] 
[INFO] [stdout] error: cannot find attribute `create_store` in this scope
[INFO] [stdout]  --> src/lib.rs:357:3
[INFO] [stdout]   |
[INFO] [stdout] 8 | #[create_store((
[INFO] [stdout]   |   ^^^^^^^^^^^^
[INFO] [stdout]   |
[INFO] [stdout] help: a built-in attribute with a similar name exists
[INFO] [stdout]   |
[INFO] [stdout] 8 | #[crate_type((
[INFO] [stdout]   |   ~~~~~~~~~~
[INFO] [stdout] help: consider importing this attribute macro
[INFO] [stdout]   |
[INFO] [stdout] 2 + use rotonda_macros::create_store;
[INFO] [stdout]   |
[INFO] [stdout] 
[INFO] [stdout] error[E0433]: failed to resolve: use of undeclared type `Arc`
[INFO] [stdout]   --> src/lib.rs:364:13
[INFO] [stdout]    |
[INFO] [stdout] 15 | let store = Arc::new(NuStore::<PrefixAs>::new().unwrap());
[INFO] [stdout]    |             ^^^ use of undeclared type `Arc`
[INFO] [stdout]    |
[INFO] [stdout] help: consider importing this struct
[INFO] [stdout]    |
[INFO] [stdout] 2  + use std::sync::Arc;
[INFO] [stdout]    |
[INFO] [stdout] 
[INFO] [stdout] error[E0107]: struct takes 0 generic arguments but 1 generic argument was supplied
[INFO] [stdout]   --> src/lib.rs:364:22
[INFO] [stdout]    |
[INFO] [stdout] 15 | let store = Arc::new(NuStore::<PrefixAs>::new().unwrap());
[INFO] [stdout]    |                      ^^^^^^^------------ help: remove these generics
[INFO] [stdout]    |                      |
[INFO] [stdout]    |                      expected 0 generic arguments
[INFO] [stdout]    |
[INFO] [stdout] note: struct defined here, with 0 generic parameters
[INFO] [stdout]   --> src/lib.rs:362:8
[INFO] [stdout]    |
[INFO] [stdout] 13 | struct NuStore;
[INFO] [stdout]    |        ^^^^^^^
[INFO] [stdout] 
[INFO] [stdout] error[E0599]: no function or associated item named `new` found for struct `NuStore` in the current scope
[INFO] [stdout]   --> src/lib.rs:364:43
[INFO] [stdout]    |
[INFO] [stdout] 13 | struct NuStore;
[INFO] [stdout]    | -------------- function or associated item `new` not found for this struct
[INFO] [stdout] 14 |
[INFO] [stdout] 15 | let store = Arc::new(NuStore::<PrefixAs>::new().unwrap());
[INFO] [stdout]    |                                           ^^^ function or associated item not found in `NuStore`
[INFO] [stdout] 
[INFO] [stdout] error: aborting due to 8 previous errors
[INFO] [stdout] 
[INFO] [stdout] Some errors have detailed explanations: E0107, E0432, E0433, E0599.
[INFO] [stdout] For more information about an error, try `rustc --explain E0107`.
[INFO] [stdout] Couldn't compile the test.
[INFO] [stdout] 
[INFO] [stdout] failures:
[INFO] [stdout]     src/lib.rs - create_store (line 329)
[INFO] [stdout]     src/lib.rs - create_store (line 351)
[INFO] [stdout] 
[INFO] [stdout] test result: FAILED. 0 passed; 2 failed; 0 ignored; 0 measured; 0 filtered out; finished in 0.10s
[INFO] [stdout] 
[INFO] [stderr] error: doctest failed, to rerun pass `--doc`
[INFO] running `Command { std: "docker" "inspect" "98f045df89ddf83eb356bc068f8ee8c9adb20f5d72624ad86e3745fee7cacb1a", kill_on_drop: false }`
[INFO] running `Command { std: "docker" "rm" "-f" "98f045df89ddf83eb356bc068f8ee8c9adb20f5d72624ad86e3745fee7cacb1a", kill_on_drop: false }`
[INFO] [stdout] 98f045df89ddf83eb356bc068f8ee8c9adb20f5d72624ad86e3745fee7cacb1a
