[INFO] fetching crate rosetta-server-ethereum 0.4.0...
[INFO] testing rosetta-server-ethereum-0.4.0 against 1.75.0 for beta-1.76-1
[INFO] extracting crate rosetta-server-ethereum 0.4.0 into /workspace/builds/worker-0-tc1/source
[INFO] validating manifest of crates.io crate rosetta-server-ethereum 0.4.0 on toolchain 1.75.0
[INFO] running `Command { std: CARGO_HOME="/workspace/cargo-home" RUSTUP_HOME="/workspace/rustup-home" "/workspace/cargo-home/bin/cargo" "+1.75.0" "metadata" "--manifest-path" "Cargo.toml" "--no-deps", kill_on_drop: false }`
[INFO] started tweaking crates.io crate rosetta-server-ethereum 0.4.0
[INFO] finished tweaking crates.io crate rosetta-server-ethereum 0.4.0
[INFO] tweaked toml for crates.io crate rosetta-server-ethereum 0.4.0 written to /workspace/builds/worker-0-tc1/source/Cargo.toml
[INFO] crate crates.io crate rosetta-server-ethereum 0.4.0 already has a lockfile, it will not be regenerated
[INFO] running `Command { std: CARGO_HOME="/workspace/cargo-home" RUSTUP_HOME="/workspace/rustup-home" "/workspace/cargo-home/bin/cargo" "+1.75.0" "fetch" "--manifest-path" "Cargo.toml", kill_on_drop: false }`
[INFO] [stderr]     Updating crates.io index
[INFO] [stderr]  Downloading crates ...
[INFO] [stderr]   Downloaded spki v0.7.1
[INFO] [stderr]   Downloaded sec1 v0.7.2
[INFO] [stderr]   Downloaded coins-bip39 v0.8.6
[INFO] [stderr]   Downloaded primeorder v0.13.1
[INFO] [stderr]   Downloaded rust-bip39 v1.0.0
[INFO] [stderr]   Downloaded ethers v2.0.7
[INFO] [stderr]   Downloaded rosetta-server v0.4.0
[INFO] [stderr]   Downloaded ethers-contract-derive v2.0.7
[INFO] [stderr]   Downloaded coins-bip32 v0.8.3
[INFO] [stderr]   Downloaded crypto-bigint v0.5.1
[INFO] [stderr]   Downloaded syn v2.0.20
[INFO] [stderr]   Downloaded ethers-core v2.0.7
[INFO] [stderr]   Downloaded schnorrkel v0.10.2
[INFO] [stderr]   Downloaded ethers-solc v2.0.7
[INFO] [stderr]   Downloaded ethers-providers v2.0.7
[INFO] [stderr]   Downloaded serde_with v2.3.2
[INFO] [stderr]   Downloaded p256 v0.13.1
[INFO] [stderr]   Downloaded ecdsa v0.16.6
[INFO] [stderr]   Downloaded docker-api v0.13.0
[INFO] [stderr]   Downloaded rosetta-crypto v0.4.0
[INFO] [stderr]   Downloaded ethers-contract v2.0.7
[INFO] [stderr]   Downloaded prettyplease v0.2.9
[INFO] [stderr]   Downloaded tokio-tungstenite v0.19.0
[INFO] [stderr]   Downloaded docker-api-stubs v0.5.0
[INFO] [stderr]   Downloaded camino v1.1.4
[INFO] [stderr]   Downloaded ethers-middleware v2.0.7
[INFO] [stderr]   Downloaded ethers-contract-abigen v2.0.7
[INFO] [stderr]   Downloaded parity-scale-codec-derive v3.1.4
[INFO] [stderr]   Downloaded serde_with_macros v2.3.2
[INFO] [stderr]   Downloaded svm-rs v0.2.22
[INFO] [stderr]   Downloaded ethers-etherscan v2.0.7
[INFO] [stderr]   Downloaded coins-core v0.8.3
[INFO] [stderr]   Downloaded ethers-signers v2.0.7
[INFO] [stderr]   Downloaded containers-api v0.8.0
[INFO] [stderr]   Downloaded scale-info v2.8.0
[INFO] [stderr]   Downloaded parity-scale-codec v3.4.0
[INFO] [stderr]   Downloaded rosetta-client v0.4.0
[INFO] [stderr]   Downloaded elliptic-curve v0.13.4
[INFO] [stderr]   Downloaded ss58-registry v1.39.0
[INFO] [stderr]   Downloaded rosetta-docker v0.4.0
[INFO] [stderr]   Downloaded vergen v8.1.1
[INFO] [stderr]   Downloaded substrate-bip39 v0.4.4
[INFO] [stderr]   Downloaded pbkdf2 v0.12.1
[INFO] [stderr]   Downloaded rosetta-types v0.4.0
[INFO] [stderr]   Downloaded rosetta-config-astar v0.4.0
[INFO] [stderr]   Downloaded dunce v1.0.3
[INFO] [stderr]   Downloaded scale-info-derive v2.8.0
[INFO] [stderr]   Downloaded asynchronous-codec v0.6.1
[INFO] [stderr]   Downloaded ethers-addressbook v2.0.7
[INFO] [stderr]   Downloaded dialoguer v0.8.0
[INFO] [stderr]   Downloaded enr v0.8.1
[INFO] [stderr]   Downloaded rosetta-tx-polkadot v0.4.0
[INFO] [stderr]   Downloaded solang-parser v0.3.0
[INFO] [stderr]   Downloaded rosetta-core v0.4.0
[INFO] [stderr]   Downloaded rosetta-config-bitcoin v0.4.0
[INFO] [stderr]   Downloaded rosetta-tx-ethereum v0.4.0
[INFO] [stderr]   Downloaded rosetta-config-ethereum v0.4.0
[INFO] [stderr]   Downloaded primitive-types v0.12.1
[INFO] [stderr]   Downloaded rosetta-config-polkadot v0.4.0
[INFO] [stderr]   Downloaded der v0.7.3
[INFO] running `Command { std: "docker" "create" "-v" "/var/lib/crater-agent-workspace/builds/worker-0-tc1/target:/opt/rustwide/target:rw,Z" "-v" "/var/lib/crater-agent-workspace/builds/worker-0-tc1/source:/opt/rustwide/workdir:ro,Z" "-v" "/var/lib/crater-agent-workspace/cargo-home:/opt/rustwide/cargo-home:ro,Z" "-v" "/var/lib/crater-agent-workspace/rustup-home:/opt/rustwide/rustup-home:ro,Z" "-e" "SOURCE_DIR=/opt/rustwide/workdir" "-e" "CARGO_TARGET_DIR=/opt/rustwide/target" "-e" "CARGO_HOME=/opt/rustwide/cargo-home" "-e" "RUSTUP_HOME=/opt/rustwide/rustup-home" "-w" "/opt/rustwide/workdir" "-m" "1610612736" "--user" "0:0" "--network" "none" "ghcr.io/rust-lang/crates-build-env/linux@sha256:2788e3201cd34a07e3172128adcd8b3090168a8e3bcc40d7c032b9dda1df7d1c" "/opt/rustwide/cargo-home/bin/cargo" "+1.75.0" "metadata" "--no-deps" "--format-version=1", kill_on_drop: false }`
[INFO] [stdout] f2e6c41d32200bc7bed145523ca315af86462420221e7c89a397b1c005184932
[INFO] running `Command { std: "docker" "start" "-a" "f2e6c41d32200bc7bed145523ca315af86462420221e7c89a397b1c005184932", kill_on_drop: false }`
[INFO] running `Command { std: "docker" "inspect" "f2e6c41d32200bc7bed145523ca315af86462420221e7c89a397b1c005184932", kill_on_drop: false }`
[INFO] running `Command { std: "docker" "rm" "-f" "f2e6c41d32200bc7bed145523ca315af86462420221e7c89a397b1c005184932", kill_on_drop: false }`
[INFO] [stdout] f2e6c41d32200bc7bed145523ca315af86462420221e7c89a397b1c005184932
[INFO] running `Command { std: "docker" "create" "-v" "/var/lib/crater-agent-workspace/builds/worker-0-tc1/target:/opt/rustwide/target:rw,Z" "-v" "/var/lib/crater-agent-workspace/builds/worker-0-tc1/source:/opt/rustwide/workdir:ro,Z" "-v" "/var/lib/crater-agent-workspace/cargo-home:/opt/rustwide/cargo-home:ro,Z" "-v" "/var/lib/crater-agent-workspace/rustup-home:/opt/rustwide/rustup-home:ro,Z" "-e" "SOURCE_DIR=/opt/rustwide/workdir" "-e" "CARGO_TARGET_DIR=/opt/rustwide/target" "-e" "CARGO_INCREMENTAL=0" "-e" "RUST_BACKTRACE=full" "-e" "RUSTFLAGS=--cap-lints=warn" "-e" "RUSTDOCFLAGS=--cap-lints=warn" "-e" "CARGO_HOME=/opt/rustwide/cargo-home" "-e" "RUSTUP_HOME=/opt/rustwide/rustup-home" "-w" "/opt/rustwide/workdir" "-m" "1610612736" "--user" "0:0" "--network" "none" "ghcr.io/rust-lang/crates-build-env/linux@sha256:2788e3201cd34a07e3172128adcd8b3090168a8e3bcc40d7c032b9dda1df7d1c" "/opt/rustwide/cargo-home/bin/cargo" "+1.75.0" "build" "--frozen" "--message-format=json", kill_on_drop: false }`
[INFO] [stdout] 7a22be48cb536384f6bd671b71db8c631f37e382154ff444b06350f87263b832
[INFO] running `Command { std: "docker" "start" "-a" "7a22be48cb536384f6bd671b71db8c631f37e382154ff444b06350f87263b832", kill_on_drop: false }`
[INFO] [stderr]    Compiling proc-macro2 v1.0.60
[INFO] [stderr]    Compiling quote v1.0.28
[INFO] [stderr]    Compiling unicode-ident v1.0.8
[INFO] [stderr]    Compiling libc v0.2.141
[INFO] [stderr]    Compiling serde v1.0.164
[INFO] [stderr]    Compiling typenum v1.16.0
[INFO] [stderr]    Compiling generic-array v0.14.7
[INFO] [stderr]    Compiling syn v1.0.109
[INFO] [stderr]    Compiling once_cell v1.17.1
[INFO] [stderr]    Compiling subtle v2.4.1
[INFO] [stderr]    Compiling const-oid v0.9.2
[INFO] [stderr]    Compiling itoa v1.0.6
[INFO] [stderr]    Compiling cpufeatures v0.2.6
[INFO] [stderr]    Compiling indexmap v1.9.3
[INFO] [stderr]    Compiling memchr v2.5.0
[INFO] [stderr]    Compiling erased-serde v0.3.25
[INFO] [stderr]    Compiling value-bag v1.0.0-alpha.9
[INFO] [stderr]    Compiling byteorder v1.4.3
[INFO] [stderr]    Compiling winnow v0.4.1
[INFO] [stderr]    Compiling log v0.4.17
[INFO] [stderr]    Compiling ryu v1.0.13
[INFO] [stderr]    Compiling futures-core v0.3.28
[INFO] [stderr]    Compiling syn v2.0.20
[INFO] [stderr]    Compiling thiserror v1.0.40
[INFO] [stderr]    Compiling hex v0.4.3
[INFO] [stderr]    Compiling pin-project-lite v0.2.9
[INFO] [stderr]    Compiling keccak v0.1.3
[INFO] [stderr]    Compiling linux-raw-sys v0.3.1
[INFO] [stderr]    Compiling base16ct v0.2.0
[INFO] [stderr]    Compiling byte-slice-cast v1.2.2
[INFO] [stderr]    Compiling rustc-hex v2.1.0
[INFO] [stderr]    Compiling io-lifetimes v1.0.10
[INFO] [stderr]    Compiling crunchy v0.2.2
[INFO] [stderr]    Compiling getrandom v0.2.9
[INFO] [stderr]    Compiling lock_api v0.4.9
[INFO] [stderr]    Compiling rustix v0.37.11
[INFO] [stderr]    Compiling rand_core v0.6.4
[INFO] [stderr]    Compiling static_assertions v1.1.0
[INFO] [stderr]    Compiling scopeguard v1.1.0
[INFO] [stderr]    Compiling opaque-debug v0.3.0
[INFO] [stderr]    Compiling smallvec v1.10.0
[INFO] [stderr]    Compiling rand_chacha v0.3.1
[INFO] [stderr]    Compiling serde_json v1.0.99
[INFO] [stderr]    Compiling slab v0.4.8
[INFO] [stderr]    Compiling rand v0.8.5
[INFO] [stderr]    Compiling arrayvec v0.7.2
[INFO] [stderr]    Compiling parking_lot_core v0.9.7
[INFO] [stderr]    Compiling signal-hook-registry v1.4.1
[INFO] [stderr]    Compiling socket2 v0.4.9
[INFO] [stderr]    Compiling aho-corasick v1.0.2
[INFO] [stderr]    Compiling regex-syntax v0.7.2
[INFO] [stderr]    Compiling ff v0.13.0
[INFO] [stderr]    Compiling tokio v1.28.2
[INFO] [stderr]    Compiling tinyvec_macros v0.1.1
[INFO] [stderr]    Compiling rustversion v1.0.12
[INFO] [stderr]    Compiling zeroize v1.6.0
[INFO] [stderr]    Compiling tiny-keccak v2.0.2
[INFO] [stderr]    Compiling tinyvec v1.6.0
[INFO] [stderr]    Compiling group v0.13.0
[INFO] [stderr]    Compiling parking_lot v0.12.1
[INFO] [stderr]    Compiling num_cpus v1.15.0
[INFO] [stderr]    Compiling regex v1.8.4
[INFO] [stderr]    Compiling unicode-normalization v0.1.22
[INFO] [stderr]    Compiling cc v1.0.79
[INFO] [stderr]    Compiling percent-encoding v2.2.0
[INFO] [stderr]    Compiling unicode-xid v0.2.4
[INFO] [stderr]    Compiling getrandom v0.1.16
[INFO] [stderr]    Compiling proc-macro-error-attr v1.0.4
[INFO] [stderr]    Compiling crossbeam-utils v0.8.15
[INFO] [stderr]    Compiling rand_core v0.5.1
[INFO] [stderr]    Compiling proc-macro-error v1.0.4
[INFO] [stderr]    Compiling untrusted v0.7.1
[INFO] [stderr]    Compiling spin v0.5.2
[INFO] [stderr]    Compiling heck v0.4.1
[INFO] [stderr]    Compiling ring v0.16.20
[INFO] [stderr]    Compiling form_urlencoded v1.1.0
[INFO] [stderr]    Compiling block-buffer v0.10.4
[INFO] [stderr]    Compiling crypto-common v0.1.6
[INFO] [stderr]    Compiling num-traits v0.2.15
[INFO] [stderr]    Compiling unicode-bidi v0.3.13
[INFO] [stderr]    Compiling semver v1.0.17
[INFO] [stderr]    Compiling camino v1.1.4
[INFO] [stderr]    Compiling futures-task v0.3.28
[INFO] [stderr]    Compiling serde_derive v1.0.164
[INFO] [stderr]    Compiling zeroize_derive v1.4.2
[INFO] [stderr]    Compiling thiserror-impl v1.0.40
[INFO] [stderr]    Compiling tokio-macros v2.1.0
[INFO] [stderr]    Compiling idna v0.3.0
[INFO] [stderr]    Compiling der v0.7.3
[INFO] [stderr]    Compiling ctor v0.1.26
[INFO] [stderr]    Compiling impl-trait-for-tuples v0.2.2
[INFO] [stderr]    Compiling rlp-derive v0.1.0
[INFO] [stderr]    Compiling derive_more v0.99.17
[INFO] [stderr]    Compiling digest v0.9.0
[INFO] [stderr]    Compiling digest v0.10.6
[INFO] [stderr]    Compiling crypto-bigint v0.5.1
[INFO] [stderr]    Compiling hmac v0.12.1
[INFO] [stderr]    Compiling sha2 v0.10.6
[INFO] [stderr]    Compiling block-buffer v0.9.0
[INFO] [stderr]    Compiling spki v0.7.1
[INFO] [stderr]    Compiling pkcs8 v0.10.2
[INFO] [stderr]    Compiling sec1 v0.7.2
[INFO] [stderr]    Compiling sha2 v0.9.9
[INFO] [stderr]    Compiling rfc6979 v0.4.0
[INFO] [stderr]    Compiling signature v2.1.0
[INFO] [stderr]    Compiling sha3 v0.10.6
[INFO] [stderr]    Compiling elliptic-curve v0.13.4
[INFO] [stderr]    Compiling num-integer v0.1.45
[INFO] [stderr]    Compiling ecdsa v0.16.6
[INFO] [stderr]    Compiling auto_impl v1.1.0
[INFO] [stderr]    Compiling fixed-hash v0.8.0
[INFO] [stderr]    Compiling futures-util v0.3.28
[INFO] [stderr]    Compiling anyhow v1.0.70
[INFO] [stderr]    Compiling futures-io v0.3.28
[INFO] [stderr]    Compiling k256 v0.13.1
[INFO] [stderr]    Compiling futures-sink v0.3.28
[INFO] [stderr]    Compiling tracing-attributes v0.1.23
[INFO] [stderr]    Compiling strum_macros v0.24.3
[INFO] [stderr]    Compiling futures-macro v0.3.28
[INFO] [stderr]    Compiling concurrent-queue v2.2.0
[INFO] [stderr]    Compiling Inflector v0.11.4
[INFO] [stderr]    Compiling rand_chacha v0.2.2
[INFO] [stderr]    Compiling uint v0.9.5
[INFO] [stderr]    Compiling tracing-core v0.1.30
[INFO] [stderr]    Compiling parking v2.1.0
[INFO] [stderr]    Compiling futures-channel v0.3.28
[INFO] [stderr]    Compiling waker-fn v1.1.0
[INFO] [stderr]    Compiling wasm-bindgen-shared v0.2.84
[INFO] [stderr]    Compiling futures-lite v1.13.0
[INFO] [stderr]    Compiling rand v0.7.3
[INFO] [stderr]    Compiling tracing v0.1.37
[INFO] [stderr]    Compiling strum v0.24.1
[INFO] [stderr]    Compiling chrono v0.4.24
[INFO] [stderr]    Compiling rustls-webpki v0.100.1
[INFO] [stderr]    Compiling async-lock v2.7.0
[INFO] [stderr]    Compiling polling v2.7.0
[INFO] [stderr]    Compiling standback v0.2.17
[INFO] [stderr]    Compiling proc-macro-hack v0.5.20+deprecated
[INFO] [stderr]    Compiling rustls v0.21.2
[INFO] [stderr]    Compiling async-trait v0.1.68
[INFO] [stderr]    Compiling base64 v0.13.1
[INFO] [stderr]    Compiling sct v0.7.0
[INFO] [stderr]    Compiling cipher v0.2.5
[INFO] [stderr]    Compiling base64 v0.21.0
[INFO] [stderr]    Compiling bumpalo v3.12.0
[INFO] [stderr]    Compiling bs58 v0.4.0
[INFO] [stderr]    Compiling ripemd v0.1.3
[INFO] [stderr]    Compiling wasm-bindgen-backend v0.2.84
[INFO] [stderr]    Compiling universal-hash v0.4.1
[INFO] [stderr]    Compiling generic-array v0.12.4
[INFO] [stderr]    Compiling bytes v1.4.0
[INFO] [stderr]    Compiling sval v1.0.0-alpha.5
[INFO] [stderr]    Compiling serde_spanned v0.6.1
[INFO] [stderr]    Compiling serde_fmt v1.0.2
[INFO] [stderr]    Compiling toml_datetime v0.6.1
[INFO] [stderr]    Compiling rlp v0.5.2
[INFO] [stderr]    Compiling toml_edit v0.19.8
[INFO] [stderr]    Compiling impl-rlp v0.3.0
[INFO] [stderr]    Compiling impl-serde v0.4.0
[INFO] [stderr]    Compiling open-fastrlp-derive v0.1.1
[INFO] [stderr]    Compiling cargo-platform v0.1.2
[INFO] [stderr]    Compiling url v2.3.1
[INFO] [stderr]    Compiling mio v0.8.6
[INFO] [stderr]    Compiling http v0.2.9
[INFO] [stderr]    Compiling serde_urlencoded v0.7.1
[INFO] [stderr]    Compiling proc-macro-crate v1.3.1
[INFO] [stderr]    Compiling const_fn v0.4.9
[INFO] [stderr]    Compiling cpuid-bool v0.2.0
[INFO] [stderr]    Compiling async-task v4.4.0
[INFO] [stderr]    Compiling signal-hook v0.3.15
[INFO] [stderr]    Compiling polyval v0.4.5
[INFO] [stderr]    Compiling async-io v1.13.0
[INFO] [stderr]    Compiling cargo_metadata v0.15.4
[INFO] [stderr]    Compiling wasm-bindgen-macro-support v0.2.84
[INFO] [stderr]    Compiling time-macros-impl v0.1.2
[INFO] [stderr]    Compiling aes-soft v0.6.4
[INFO] [stderr]    Compiling async-channel v1.8.0
[INFO] [stderr]    Compiling webpki v0.22.0
[INFO] [stderr]    Compiling crypto-mac v0.10.1
[INFO] [stderr]    Compiling inout v0.1.3
[INFO] [stderr]    Compiling pin-project-internal v1.1.0
[INFO] [stderr]    Compiling tempfile v3.5.0
[INFO] [stderr]    Compiling async-process v1.7.0
[INFO] [stderr]    Compiling time v0.2.27
[INFO] [stderr]    Compiling atomic-waker v1.1.1
[INFO] [stderr]    Compiling try-lock v0.2.4
[INFO] [stderr]    Compiling byte-tools v0.3.1
[INFO] [stderr]    Compiling parity-scale-codec-derive v3.1.4
[INFO] [stderr]    Compiling scale-info-derive v2.8.0
[INFO] [stderr]    Compiling num_enum_derive v0.6.1
[INFO] [stderr]    Compiling prettyplease v0.2.9
[INFO] [stderr]    Compiling wasm-bindgen v0.2.84
[INFO] [stderr]    Compiling pin-project v1.1.0
[INFO] [stderr]    Compiling block-padding v0.1.5
[INFO] [stderr]    Compiling want v0.3.0
[INFO] [stderr]    Compiling blocking v1.3.1
[INFO] [stderr]    Compiling cipher v0.4.4
[INFO] [stderr]    Compiling hmac v0.10.1
[INFO] [stderr]    Compiling aes v0.6.0
[INFO] [stderr]    Compiling time-macros v0.1.1
[INFO] [stderr]    Compiling tokio-util v0.7.7
[INFO] [stderr]    Compiling tokio-rustls v0.24.1
[INFO] [stderr]    Compiling wasm-bindgen-macro v0.2.84
[INFO] [stderr]    Compiling ghash v0.3.1
[INFO] [stderr]    Compiling h2 v0.3.16
[INFO] [stderr]    Compiling num_enum v0.6.1
[INFO] [stderr]    Compiling async-executor v1.5.1
[INFO] [stderr]    Compiling http-body v0.4.5
[INFO] [stderr]    Compiling digest v0.8.1
[INFO] [stderr]    Compiling ctr v0.6.0
[INFO] [stderr]    Compiling aead v0.3.2
[INFO] [stderr]    Compiling instant v0.1.12
[INFO] [stderr]    Compiling cookie v0.14.4
[INFO] [stderr]    Compiling parity-scale-codec v3.4.0
[INFO] [stderr]    Compiling httpdate v1.0.2
[INFO] [stderr]    Compiling eyre v0.6.8
[INFO] [stderr]    Compiling aes-gcm v0.8.0
[INFO] [stderr]    Compiling async-global-executor v2.3.1
[INFO] [stderr]    Compiling scale-info v2.8.0
[INFO] [stderr]    Compiling impl-codec v0.6.0
[INFO] [stderr]    Compiling ethbloom v0.13.0
[INFO] [stderr]    Compiling primitive-types v0.12.1
[INFO] [stderr]    Compiling hyper v0.14.25
[INFO] [stderr]    Compiling hkdf v0.10.0
[INFO] [stderr]    Compiling block-buffer v0.7.3
[INFO] [stderr]    Compiling kv-log-macro v1.0.7
[INFO] [stderr]    Compiling ethereum-types v0.14.1
[INFO] [stderr]    Compiling crypto-mac v0.11.1
[INFO] [stderr]    Compiling fxhash v0.2.1
[INFO] [stderr]    Compiling fake-simd v0.1.2
[INFO] [stderr]    Compiling opaque-debug v0.2.3
[INFO] [stderr]    Compiling arrayref v0.3.7
[INFO] [stderr]    Compiling http-types v2.12.0
[INFO] [stderr]    Compiling ethabi v18.0.0
[INFO] [stderr]    Compiling open-fastrlp v0.1.4
[INFO] [stderr]    Compiling same-file v1.0.6
[INFO] [stderr]    Compiling indenter v0.3.3
[INFO] [stderr]    Compiling walkdir v2.3.3
[INFO] [stderr]    Compiling sha2 v0.8.2
[INFO] [stderr]    Compiling async-std v1.12.0
[INFO] [stderr]    Compiling ethers-core v2.0.7
[INFO] [stderr]    Compiling hyper-rustls v0.24.0
[INFO] [stderr]    Compiling js-sys v0.3.61
[INFO] [stderr]    Compiling curve25519-dalek v2.1.3
[INFO] [stderr]    Compiling webpki-roots v0.22.6
[INFO] [stderr]    Compiling toml v0.7.3
[INFO] [stderr]    Compiling ss58-registry v1.39.0
[INFO] [stderr]    Compiling serde_qs v0.8.5
[INFO] [stderr]    Compiling rustls-pemfile v1.0.2
[INFO] [stderr]    Compiling sha1 v0.10.5
[INFO] [stderr]    Compiling merlin v2.0.1
[INFO] [stderr]    Compiling encoding_rs v0.8.32
[INFO] [stderr]    Compiling infer v0.2.3
[INFO] [stderr]    Compiling data-encoding v2.4.0
[INFO] [stderr]    Compiling arrayvec v0.5.2
[INFO] [stderr]    Compiling subtle-ng v2.5.0
[INFO] [stderr]    Compiling ipnet v2.7.2
[INFO] [stderr]    Compiling mime v0.3.17
[INFO] [stderr]    Compiling utf-8 v0.7.6
[INFO] [stderr]    Compiling signature v1.6.4
[INFO] [stderr]    Compiling dunce v1.0.3
[INFO] [stderr]    Compiling bech32 v0.7.3
[INFO] [stderr]    Compiling ed25519 v1.5.3
[INFO] [stderr]    Compiling tungstenite v0.19.0
[INFO] [stderr]    Compiling coins-core v0.8.3
[INFO] [stderr]    Compiling reqwest v0.11.18
[INFO] [stderr]    Compiling curve25519-dalek-ng v4.1.1
[INFO] [stderr]    Compiling gloo-timers v0.2.6
[INFO] [stderr]    Compiling schnorrkel v0.9.1
[INFO] [stderr]    Compiling hmac v0.11.0
[INFO] [stderr]    Compiling pbkdf2 v0.8.0
[INFO] [stderr]    Compiling salsa20 v0.10.2
[INFO] [stderr]    Compiling bincode v1.3.3
[INFO] [stderr]    Compiling serde_bytes v0.11.9
[INFO] [stderr]    Compiling webpki-roots v0.23.1
[INFO] [stderr]    Compiling primeorder v0.13.1
[INFO] [stderr]    Compiling pbkdf2 v0.11.0
[INFO] [stderr]    Compiling curve25519-dalek v3.2.0
[INFO] [stderr]    Compiling merlin v3.0.0
[INFO] [stderr]    Compiling vergen v8.1.1
[INFO] [stderr]    Compiling num-format v0.4.4
[INFO] [stderr]    Compiling memoffset v0.8.0
[INFO] [stderr]    Compiling bitcoin_hashes v0.11.0
[INFO] [stderr]    Compiling send_wrapper v0.4.0
[INFO] [stderr]    Compiling utf8parse v0.2.1
[INFO] [stderr]    Compiling constant_time_eq v0.1.5
[INFO] [stderr]    Compiling radium v0.3.0
[INFO] [stderr]    Compiling time-core v0.1.0
[INFO] [stderr]    Compiling parking_lot_core v0.8.6
[INFO] [stderr]    Compiling either v1.8.1
[INFO] [stderr]    Compiling bitvec v0.17.4
[INFO] [stderr]    Compiling rust-bip39 v1.0.0
[INFO] [stderr]    Compiling time v0.3.20
[INFO] [stderr]    Compiling blake2-rfc v0.2.18
[INFO] [stderr]    Compiling ed25519-dalek v1.0.1
[INFO] [stderr]    Compiling anstyle-parse v0.1.1
[INFO] [stderr]    Compiling futures-timer v3.0.2
[INFO] [stderr]    Compiling schnorrkel v0.10.2
[INFO] [stderr]    Compiling p256 v0.13.1
[INFO] [stderr]    Compiling tokio-tungstenite v0.19.0
[INFO] [stderr]    Compiling scrypt v0.10.0
[INFO] [stderr]    Compiling coins-bip32 v0.8.3
[INFO] [stderr]    Compiling substrate-bip39 v0.4.4
[INFO] [stderr]    Compiling hashers v1.0.1
[INFO] [stderr]    Compiling ctr v0.9.2
[INFO] [stderr]    Compiling aes v0.8.2
[INFO] [stderr]    Compiling tracing-futures v0.2.5
[INFO] [stderr]    Compiling enr v0.8.1
[INFO] [stderr]    Compiling uuid v0.8.2
[INFO] [stderr]    Compiling pbkdf2 v0.12.1
[INFO] [stderr]    Compiling simple-mutex v1.1.5
[INFO] [stderr]    Compiling is-terminal v0.4.7
[INFO] [stderr]    Compiling crossbeam-epoch v0.9.14
[INFO] [stderr]    Compiling concolor-query v0.3.3
[INFO] [stderr]    Compiling bech32 v0.9.1
[INFO] [stderr]    Compiling concolor-override v1.0.0
[INFO] [stderr]    Compiling anstyle v0.3.5
[INFO] [stderr]    Compiling crc32fast v1.3.2
[INFO] [stderr]    Compiling async-dup v1.2.2
[INFO] [stderr]    Compiling coins-bip39 v0.8.6
[INFO] [stderr]    Compiling rosetta-crypto v0.4.0
[INFO] [stderr]    Compiling anstream v0.2.6
[INFO] [stderr]    Compiling ethers-contract-abigen v2.0.7
[INFO] [stderr]    Compiling ethers-providers v2.0.7
[INFO] [stderr]    Compiling eth-keystore v0.5.0
[INFO] [stderr]    Compiling rosetta-types v0.4.0
[INFO] [stderr]    Compiling clap_lex v0.4.1
[INFO] [stderr]    Compiling strsim v0.10.0
[INFO] [stderr]    Compiling async-sse v4.1.0
[INFO] [stderr]    Compiling clap_builder v4.2.1
[INFO] [stderr]    Compiling rosetta-server v0.4.0
[INFO] [stderr]    Compiling parking_lot v0.11.2
[INFO] [stderr]    Compiling ethers-signers v2.0.7
[INFO] [stderr]    Compiling async-h1 v2.3.3
[INFO] [stderr]    Compiling rosetta-core v0.4.0
[INFO] [stderr]    Compiling http-client v6.5.3
[INFO] [stderr]    Compiling ethers-etherscan v2.0.7
[INFO] [stderr]    Compiling femme v2.2.1
[INFO] [stderr]    Compiling futures-locks v0.7.1
[INFO] [stderr]    Compiling clap_derive v4.2.0
[INFO] [stderr]    Compiling fs2 v0.4.3
[INFO] [stderr]    Compiling route-recognizer v0.2.0
[INFO] [stderr]    Compiling tide v0.16.0
[INFO] [stderr]    Compiling sled v0.34.7
[INFO] [stderr]    Compiling ethers-contract-derive v2.0.7
[INFO] [stderr]    Compiling ethers-addressbook v2.0.7
[INFO] [stderr]    Compiling rosetta-config-ethereum v0.4.0
[INFO] [stderr]    Compiling clap v4.2.1
[INFO] [stderr]    Compiling ethers-contract v2.0.7
[INFO] [stderr]    Compiling ethers-middleware v2.0.7
[INFO] [stderr]    Compiling ethers v2.0.7
[INFO] [stderr]    Compiling rosetta-server-ethereum v0.4.0 (/opt/rustwide/workdir)
[INFO] [stderr]     Finished dev [unoptimized + debuginfo] target(s) in 3m 56s
[INFO] running `Command { std: "docker" "inspect" "7a22be48cb536384f6bd671b71db8c631f37e382154ff444b06350f87263b832", kill_on_drop: false }`
[INFO] running `Command { std: "docker" "rm" "-f" "7a22be48cb536384f6bd671b71db8c631f37e382154ff444b06350f87263b832", kill_on_drop: false }`
[INFO] [stdout] 7a22be48cb536384f6bd671b71db8c631f37e382154ff444b06350f87263b832
[INFO] running `Command { std: "docker" "create" "-v" "/var/lib/crater-agent-workspace/builds/worker-0-tc1/target:/opt/rustwide/target:rw,Z" "-v" "/var/lib/crater-agent-workspace/builds/worker-0-tc1/source:/opt/rustwide/workdir:ro,Z" "-v" "/var/lib/crater-agent-workspace/cargo-home:/opt/rustwide/cargo-home:ro,Z" "-v" "/var/lib/crater-agent-workspace/rustup-home:/opt/rustwide/rustup-home:ro,Z" "-e" "SOURCE_DIR=/opt/rustwide/workdir" "-e" "CARGO_TARGET_DIR=/opt/rustwide/target" "-e" "CARGO_INCREMENTAL=0" "-e" "RUST_BACKTRACE=full" "-e" "RUSTFLAGS=--cap-lints=warn" "-e" "RUSTDOCFLAGS=--cap-lints=warn" "-e" "CARGO_HOME=/opt/rustwide/cargo-home" "-e" "RUSTUP_HOME=/opt/rustwide/rustup-home" "-w" "/opt/rustwide/workdir" "-m" "1610612736" "--user" "0:0" "--network" "none" "ghcr.io/rust-lang/crates-build-env/linux@sha256:2788e3201cd34a07e3172128adcd8b3090168a8e3bcc40d7c032b9dda1df7d1c" "/opt/rustwide/cargo-home/bin/cargo" "+1.75.0" "test" "--frozen" "--no-run" "--message-format=json", kill_on_drop: false }`
[INFO] [stdout] e3fee4cf15c46c96dc0cafa046e7d4f4a29c8d96afa7767e7a518c15fcb3426b
[INFO] running `Command { std: "docker" "start" "-a" "e3fee4cf15c46c96dc0cafa046e7d4f4a29c8d96afa7767e7a518c15fcb3426b", kill_on_drop: false }`
[INFO] [stderr]    Compiling serde v1.0.164
[INFO] [stderr]    Compiling memchr v2.5.0
[INFO] [stderr]    Compiling aho-corasick v1.0.2
[INFO] [stderr]    Compiling futures-channel v0.3.28
[INFO] [stderr]    Compiling num-traits v0.2.15
[INFO] [stderr]    Compiling num-integer v0.1.45
[INFO] [stderr]    Compiling futures-util v0.3.28
[INFO] [stderr]    Compiling arrayvec v0.5.2
[INFO] [stderr]    Compiling time v0.1.45
[INFO] [stderr]    Compiling iana-time-zone v0.1.56
[INFO] [stderr]    Compiling rand v0.8.5
[INFO] [stderr]    Compiling tiny-keccak v2.0.2
[INFO] [stderr]    Compiling either v1.8.1
[INFO] [stderr]    Compiling futures-lite v1.13.0
[INFO] [stderr]    Compiling regex v1.8.4
[INFO] [stderr]    Compiling schnorrkel v0.9.1
[INFO] [stderr]    Compiling Inflector v0.11.4
[INFO] [stderr]    Compiling substrate-bip39 v0.4.4
[INFO] [stderr]    Compiling async-executor v1.5.1
[INFO] [stderr]    Compiling serde_spanned v0.6.1
[INFO] [stderr]    Compiling bytes v1.4.0
[INFO] [stderr]    Compiling serde_fmt v1.0.2
[INFO] [stderr]    Compiling sval v1.0.0-alpha.5
[INFO] [stderr]    Compiling erased-serde v0.3.25
[INFO] [stderr]    Compiling toml_datetime v0.6.1
[INFO] [stderr]    Compiling serde_json v1.0.99
[INFO] [stderr]    Compiling toml_edit v0.19.8
[INFO] [stderr]    Compiling value-bag v1.0.0-alpha.9
[INFO] [stderr]    Compiling rlp v0.5.2
[INFO] [stderr]    Compiling open-fastrlp-derive v0.1.1
[INFO] [stderr]    Compiling log v0.4.17
[INFO] [stderr]    Compiling impl-rlp v0.3.0
[INFO] [stderr]    Compiling impl-serde v0.4.0
[INFO] [stderr]    Compiling url v2.3.1
[INFO] [stderr]    Compiling mio v0.8.6
[INFO] [stderr]    Compiling http v0.2.9
[INFO] [stderr]    Compiling chrono v0.4.24
[INFO] [stderr]    Compiling proc-macro-crate v1.3.1
[INFO] [stderr]    Compiling tokio v1.28.2
[INFO] [stderr]    Compiling serde_urlencoded v0.7.1
[INFO] [stderr]    Compiling camino v1.1.4
[INFO] [stderr]    Compiling cargo-platform v0.1.2
[INFO] [stderr]    Compiling semver v1.0.17
[INFO] [stderr]    Compiling http-body v0.4.5
[INFO] [stderr]    Compiling ss58-registry v1.39.0
[INFO] [stderr]    Compiling cargo_metadata v0.15.4
[INFO] [stderr]    Compiling want v0.3.0
[INFO] [stderr]    Compiling polling v2.7.0
[INFO] [stderr]    Compiling async-io v1.13.0
[INFO] [stderr]    Compiling serde_bytes v0.11.9
[INFO] [stderr]    Compiling schnorrkel v0.10.2
[INFO] [stderr]    Compiling blocking v1.3.1
[INFO] [stderr]    Compiling rust-bip39 v1.0.0
[INFO] [stderr]    Compiling ed25519-dalek v1.0.1
[INFO] [stderr]    Compiling fixed-hash v0.8.0
[INFO] [stderr]    Compiling dirs-sys-next v0.1.2
[INFO] [stderr]    Compiling lexical-core v0.7.6
[INFO] [stderr]    Compiling siphasher v0.3.10
[INFO] [stderr]    Compiling dirs-next v2.0.0
[INFO] [stderr]    Compiling rosetta-crypto v0.4.0
[INFO] [stderr]    Compiling rustls v0.21.2
[INFO] [stderr]    Compiling async-process v1.7.0
[INFO] [stderr]    Compiling kv-log-macro v1.0.7
[INFO] [stderr]    Compiling rosetta-types v0.4.0
[INFO] [stderr]    Compiling nom v5.1.2
[INFO] [stderr]    Compiling serde_qs v0.8.5
[INFO] [stderr]    Compiling crossbeam-queue v0.3.8
[INFO] [stderr]    Compiling parity-scale-codec-derive v3.1.4
[INFO] [stderr]    Compiling scale-info-derive v2.8.0
[INFO] [stderr]    Compiling num_enum_derive v0.6.1
[INFO] [stderr]    Compiling ident_case v1.0.1
[INFO] [stderr]    Compiling darling_core v0.14.4
[INFO] [stderr]    Compiling tokio-util v0.7.7
[INFO] [stderr]    Compiling async-global-executor v2.3.1
[INFO] [stderr]    Compiling h2 v0.3.16
[INFO] [stderr]    Compiling num_enum v0.6.1
[INFO] [stderr]    Compiling async-std v1.12.0
[INFO] [stderr]    Compiling rosetta-core v0.4.0
[INFO] [stderr]    Compiling parity-scale-codec v3.4.0
[INFO] [stderr]    Compiling tokio-rustls v0.24.1
[INFO] [stderr]    Compiling impl-codec v0.6.0
[INFO] [stderr]    Compiling scale-info v2.8.0
[INFO] [stderr]    Compiling unicase v2.6.0
[INFO] [stderr]    Compiling primitive-types v0.12.1
[INFO] [stderr]    Compiling ethbloom v0.13.0
[INFO] [stderr]    Compiling hyper v0.14.25
[INFO] [stderr]    Compiling http-types v2.12.0
[INFO] [stderr]    Compiling num-bigint v0.4.3
[INFO] [stderr]    Compiling config v0.10.1
[INFO] [stderr]    Compiling ethereum-types v0.14.1
[INFO] [stderr]    Compiling ethabi v18.0.0
[INFO] [stderr]    Compiling open-fastrlp v0.1.4
[INFO] [stderr]    Compiling ethers-core v2.0.7
[INFO] [stderr]    Compiling darling_macro v0.14.4
[INFO] [stderr]    Compiling futures-executor v0.3.28
[INFO] [stderr]    Compiling num-iter v0.1.43
[INFO] [stderr]    Compiling num-rational v0.4.1
[INFO] [stderr]    Compiling hyper-rustls v0.24.0
[INFO] [stderr]    Compiling darling v0.14.4
[INFO] [stderr]    Compiling futures v0.3.28
[INFO] [stderr]    Compiling mime_guess v2.0.4
[INFO] [stderr]    Compiling deadpool v0.7.0
[INFO] [stderr]    Compiling async-h1 v2.3.3
[INFO] [stderr]    Compiling dashmap v5.4.0
[INFO] [stderr]    Compiling adler v1.0.2
[INFO] [stderr]    Compiling paste v1.0.12
[INFO] [stderr]    Compiling coins-core v0.8.3
[INFO] [stderr]    Compiling miniz_oxide v0.6.2
[INFO] [stderr]    Compiling tungstenite v0.19.0
[INFO] [stderr]    Compiling http-client v6.5.3
[INFO] [stderr]    Compiling reqwest v0.11.18
[INFO] [stderr]    Compiling gloo-timers v0.2.6
[INFO] [stderr]    Compiling serde_with_macros v2.3.2
[INFO] [stderr]    Compiling term v0.7.0
[INFO] [stderr]    Compiling phf_shared v0.10.0
[INFO] [stderr]    Compiling toml v0.7.3
[INFO] [stderr]    Compiling bincode v1.3.3
[INFO] [stderr]    Compiling num-complex v0.4.3
[INFO] [stderr]    Compiling filetime v0.2.21
[INFO] [stderr]    Compiling xattr v0.2.3
[INFO] [stderr]    Compiling new_debug_unreachable v1.0.4
[INFO] [stderr]    Compiling bit-vec v0.6.3
[INFO] [stderr]    Compiling precomputed-hash v0.1.1
[INFO] [stderr]    Compiling fixedbitset v0.4.2
[INFO] [stderr]    Compiling num v0.4.0
[INFO] [stderr]    Compiling bit-set v0.5.3
[INFO] [stderr]    Compiling string_cache v0.8.7
[INFO] [stderr]    Compiling tar v0.4.38
[INFO] [stderr]    Compiling petgraph v0.6.3
[INFO] [stderr]    Compiling serde_with v2.3.2
[INFO] [stderr]    Compiling futures-timer v3.0.2
[INFO] [stderr]    Compiling bitvec v0.17.4
[INFO] [stderr]    Compiling coins-bip32 v0.8.3
[INFO] [stderr]    Compiling tokio-tungstenite v0.19.0
[INFO] [stderr]    Compiling ascii-canvas v3.0.0
[INFO] [stderr]    Compiling flate2 v1.0.25
[INFO] [stderr]    Compiling hyperlocal v0.8.0
[INFO] [stderr]    Compiling rosetta-config-ethereum v0.4.0
[INFO] [stderr]    Compiling rosetta-config-polkadot v0.4.0
[INFO] [stderr]    Compiling phf_shared v0.11.1
[INFO] [stderr]    Compiling enr v0.8.1
[INFO] [stderr]    Compiling uuid v0.8.2
[INFO] [stderr]    Compiling itertools v0.10.5
[INFO] [stderr]    Compiling ena v0.14.2
[INFO] [stderr]    Compiling diff v0.1.13
[INFO] [stderr]    Compiling regex-syntax v0.6.29
[INFO] [stderr]    Compiling lalrpop-util v0.19.12
[INFO] [stderr]    Compiling ethers-contract-abigen v2.0.7
[INFO] [stderr]    Compiling coins-bip39 v0.8.6
[INFO] [stderr]    Compiling ethers-providers v2.0.7
[INFO] [stderr]    Compiling eth-keystore v0.5.0
[INFO] [stderr]    Compiling containers-api v0.8.0
[INFO] [stderr]    Compiling rosetta-tx-polkadot v0.4.0
[INFO] [stderr]    Compiling rosetta-tx-ethereum v0.4.0
[INFO] [stderr]    Compiling phf_generator v0.11.1
[INFO] [stderr]    Compiling surf v2.3.2
[INFO] [stderr]    Compiling docker-api-stubs v0.5.0
[INFO] [stderr]    Compiling lalrpop v0.19.12
[INFO] [stderr]    Compiling fraction v0.13.1
[INFO] [stderr]    Compiling rosetta-config-bitcoin v0.4.0
[INFO] [stderr]    Compiling rosetta-config-astar v0.4.0
[INFO] [stderr]    Compiling asynchronous-codec v0.6.1
[INFO] [stderr]    Compiling humantime v2.1.0
[INFO] [stderr]    Compiling rayon-core v1.11.0
[INFO] [stderr]    Compiling termcolor v1.2.0
[INFO] [stderr]    Compiling env_logger v0.10.0
[INFO] [stderr]    Compiling async-sse v4.1.0
[INFO] [stderr]    Compiling rosetta-client v0.4.0
[INFO] [stderr]    Compiling rosetta-server v0.4.0
[INFO] [stderr]    Compiling phf_macros v0.11.1
[INFO] [stderr]    Compiling ethers-contract-derive v2.0.7
[INFO] [stderr]    Compiling ethers-signers v2.0.7
[INFO] [stderr]    Compiling ethers-etherscan v2.0.7
[INFO] [stderr]    Compiling crossbeam-deque v0.8.3
[INFO] [stderr]    Compiling femme v2.2.1
[INFO] [stderr]    Compiling futures-locks v0.7.1
[INFO] [stderr]    Compiling crossbeam-channel v0.5.8
[INFO] [stderr]    Compiling tide v0.16.0
[INFO] [stderr]    Compiling sled v0.34.7
[INFO] [stderr]    Compiling phf v0.11.1
[INFO] [stderr]    Compiling ethers-addressbook v2.0.7
[INFO] [stderr]    Compiling rayon v1.7.0
[INFO] [stderr]    Compiling md-5 v0.10.5
[INFO] [stderr]    Compiling path-slash v0.2.1
[INFO] [stderr]    Compiling yansi v0.5.1
[INFO] [stderr]    Compiling home v0.5.5
[INFO] [stderr]    Compiling glob v0.3.1
[INFO] [stderr]    Compiling ethers-contract v2.0.7
[INFO] [stderr]    Compiling docker-api v0.13.0
[INFO] [stderr]    Compiling solang-parser v0.3.0
[INFO] [stderr]    Compiling rosetta-docker v0.4.0
[INFO] [stderr]    Compiling ethers-middleware v2.0.7
[INFO] [stderr]    Compiling ethers-solc v2.0.7
[INFO] [stderr]    Compiling ethers v2.0.7
[INFO] [stderr]    Compiling rosetta-server-ethereum v0.4.0 (/opt/rustwide/workdir)
[INFO] [stderr]     Finished test [unoptimized + debuginfo] target(s) in 2m 31s
[INFO] [stderr] warning: the following packages contain code that will be rejected by a future version of Rust: nom v5.1.2
[INFO] [stderr] note: to see what the problems were, use the option `--future-incompat-report`, or run `cargo report future-incompatibilities --id 1`
[INFO] running `Command { std: "docker" "inspect" "e3fee4cf15c46c96dc0cafa046e7d4f4a29c8d96afa7767e7a518c15fcb3426b", kill_on_drop: false }`
[INFO] running `Command { std: "docker" "rm" "-f" "e3fee4cf15c46c96dc0cafa046e7d4f4a29c8d96afa7767e7a518c15fcb3426b", kill_on_drop: false }`
[INFO] [stdout] e3fee4cf15c46c96dc0cafa046e7d4f4a29c8d96afa7767e7a518c15fcb3426b
[INFO] running `Command { std: "docker" "create" "-v" "/var/lib/crater-agent-workspace/builds/worker-0-tc1/target:/opt/rustwide/target:rw,Z" "-v" "/var/lib/crater-agent-workspace/builds/worker-0-tc1/source:/opt/rustwide/workdir:ro,Z" "-v" "/var/lib/crater-agent-workspace/cargo-home:/opt/rustwide/cargo-home:ro,Z" "-v" "/var/lib/crater-agent-workspace/rustup-home:/opt/rustwide/rustup-home:ro,Z" "-e" "SOURCE_DIR=/opt/rustwide/workdir" "-e" "CARGO_TARGET_DIR=/opt/rustwide/target" "-e" "CARGO_INCREMENTAL=0" "-e" "RUST_BACKTRACE=full" "-e" "RUSTFLAGS=--cap-lints=warn" "-e" "RUSTDOCFLAGS=--cap-lints=warn" "-e" "CARGO_HOME=/opt/rustwide/cargo-home" "-e" "RUSTUP_HOME=/opt/rustwide/rustup-home" "-w" "/opt/rustwide/workdir" "-m" "1610612736" "--user" "0:0" "--network" "none" "ghcr.io/rust-lang/crates-build-env/linux@sha256:2788e3201cd34a07e3172128adcd8b3090168a8e3bcc40d7c032b9dda1df7d1c" "/opt/rustwide/cargo-home/bin/cargo" "+1.75.0" "test" "--frozen", kill_on_drop: false }`
[INFO] [stdout] f1f29866db164bfb88421c216358ac7158246effd592f28e0d5c8fd2e8433fe0
[INFO] running `Command { std: "docker" "start" "-a" "f1f29866db164bfb88421c216358ac7158246effd592f28e0d5c8fd2e8433fe0", kill_on_drop: false }`
[INFO] [stderr]     Finished test [unoptimized + debuginfo] target(s) in 1.10s
[INFO] [stderr] warning: the following packages contain code that will be rejected by a future version of Rust: nom v5.1.2
[INFO] [stderr] note: to see what the problems were, use the option `--future-incompat-report`, or run `cargo report future-incompatibilities --id 1`
[INFO] [stderr]      Running unittests src/lib.rs (/opt/rustwide/target/debug/deps/rosetta_server_ethereum-79975fe9c6d02e30)
[INFO] [stdout] 
[INFO] [stdout] running 10 tests
[INFO] [stdout] test tests::test_network_list ... FAILED
[INFO] [stdout] test tests::test_network_options ... FAILED
[INFO] [stdout] test tests::test_list_transactions ... FAILED
[INFO] [stdout] test tests::test_network_status ... FAILED
[INFO] [stdout] test tests::test_find_transaction ... FAILED
[INFO] [stdout] test proof::tests::test_shared_prefix_length ... ok
[INFO] [stdout] test tests::test_account ... FAILED
[INFO] [stdout] test tests::test_construction ... FAILED
[INFO] [stdout] test tests::test_smart_contract_view ... FAILED
[INFO] [stdout] test tests::test_smart_contract ... FAILED
[INFO] [stdout] 
[INFO] [stdout] failures:
[INFO] [stdout] 
[INFO] [stdout] ---- tests::test_network_list stdout ----
[INFO] [stdout] Error: error trying to connect: No such file or directory (os error 2)
[INFO] [stdout] 
[INFO] [stdout] Caused by:
[INFO] [stdout]     No such file or directory (os error 2)
[INFO] [stdout] 
[INFO] [stdout] ---- tests::test_network_options stdout ----
[INFO] [stdout] Error: error trying to connect: No such file or directory (os error 2)
[INFO] [stdout] 
[INFO] [stdout] Caused by:
[INFO] [stdout]     No such file or directory (os error 2)
[INFO] [stdout] 
[INFO] [stdout] ---- tests::test_list_transactions stdout ----
[INFO] [stdout] Error: error trying to connect: No such file or directory (os error 2)
[INFO] [stdout] 
[INFO] [stdout] Caused by:
[INFO] [stdout]     No such file or directory (os error 2)
[INFO] [stdout] 
[INFO] [stdout] ---- tests::test_network_status stdout ----
[INFO] [stdout] Error: error trying to connect: No such file or directory (os error 2)
[INFO] [stdout] 
[INFO] [stdout] Caused by:
[INFO] [stdout]     No such file or directory (os error 2)
[INFO] [stdout] 
[INFO] [stdout] ---- tests::test_find_transaction stdout ----
[INFO] [stdout] Error: error trying to connect: No such file or directory (os error 2)
[INFO] [stdout] 
[INFO] [stdout] Caused by:
[INFO] [stdout]     No such file or directory (os error 2)
[INFO] [stdout] 
[INFO] [stdout] ---- tests::test_account stdout ----
[INFO] [stdout] Error: error trying to connect: No such file or directory (os error 2)
[INFO] [stdout] 
[INFO] [stdout] Caused by:
[INFO] [stdout]     No such file or directory (os error 2)
[INFO] [stdout] 
[INFO] [stdout] ---- tests::test_construction stdout ----
[INFO] [stdout] Error: error trying to connect: No such file or directory (os error 2)
[INFO] [stdout] 
[INFO] [stdout] Caused by:
[INFO] [stdout]     No such file or directory (os error 2)
[INFO] [stdout] 
[INFO] [stdout] ---- tests::test_smart_contract_view stdout ----
[INFO] [stdout] Error: error trying to connect: No such file or directory (os error 2)
[INFO] [stdout] 
[INFO] [stdout] Caused by:
[INFO] [stdout]     No such file or directory (os error 2)
[INFO] [stdout] 
[INFO] [stdout] ---- tests::test_smart_contract stdout ----
[INFO] [stdout] Error: error trying to connect: No such file or directory (os error 2)
[INFO] [stdout] 
[INFO] [stdout] Caused by:
[INFO] [stdout]     No such file or directory (os error 2)
[INFO] [stdout] 
[INFO] [stdout] 
[INFO] [stdout] failures:
[INFO] [stdout]     tests::test_account
[INFO] [stdout]     tests::test_construction
[INFO] [stdout]     tests::test_find_transaction
[INFO] [stdout]     tests::test_list_transactions
[INFO] [stdout]     tests::test_network_list
[INFO] [stdout]     tests::test_network_options
[INFO] [stdout]     tests::test_network_status
[INFO] [stdout]     tests::test_smart_contract
[INFO] [stdout]     tests::test_smart_contract_view
[INFO] [stdout] 
[INFO] [stdout] test result: FAILED. 1 passed; 9 failed; 0 ignored; 0 measured; 0 filtered out; finished in 0.01s
[INFO] [stdout] 
[INFO] [stderr] error: test failed, to rerun pass `--lib`
[INFO] running `Command { std: "docker" "inspect" "f1f29866db164bfb88421c216358ac7158246effd592f28e0d5c8fd2e8433fe0", kill_on_drop: false }`
[INFO] running `Command { std: "docker" "rm" "-f" "f1f29866db164bfb88421c216358ac7158246effd592f28e0d5c8fd2e8433fe0", kill_on_drop: false }`
[INFO] [stdout] f1f29866db164bfb88421c216358ac7158246effd592f28e0d5c8fd2e8433fe0
