[INFO] fetching crate rooting 0.1.6...
[INFO] testing rooting-0.1.6 against 1.75.0 for beta-1.76-1
[INFO] extracting crate rooting 0.1.6 into /workspace/builds/worker-5-tc1/source
[INFO] validating manifest of crates.io crate rooting 0.1.6 on toolchain 1.75.0
[INFO] running `Command { std: CARGO_HOME="/workspace/cargo-home" RUSTUP_HOME="/workspace/rustup-home" "/workspace/cargo-home/bin/cargo" "+1.75.0" "metadata" "--manifest-path" "Cargo.toml" "--no-deps", kill_on_drop: false }`
[INFO] started tweaking crates.io crate rooting 0.1.6
[INFO] finished tweaking crates.io crate rooting 0.1.6
[INFO] tweaked toml for crates.io crate rooting 0.1.6 written to /workspace/builds/worker-5-tc1/source/Cargo.toml
[INFO] running `Command { std: CARGO_HOME="/workspace/cargo-home" RUSTUP_HOME="/workspace/rustup-home" "/workspace/cargo-home/bin/cargo" "+1.75.0" "generate-lockfile" "--manifest-path" "Cargo.toml", kill_on_drop: false }`
[INFO] [stderr]     Updating crates.io index
[INFO] running `Command { std: CARGO_HOME="/workspace/cargo-home" RUSTUP_HOME="/workspace/rustup-home" "/workspace/cargo-home/bin/cargo" "+1.75.0" "fetch" "--manifest-path" "Cargo.toml", kill_on_drop: false }`
[INFO] running `Command { std: "docker" "create" "-v" "/var/lib/crater-agent-workspace/builds/worker-5-tc1/target:/opt/rustwide/target:rw,Z" "-v" "/var/lib/crater-agent-workspace/builds/worker-5-tc1/source:/opt/rustwide/workdir:ro,Z" "-v" "/var/lib/crater-agent-workspace/cargo-home:/opt/rustwide/cargo-home:ro,Z" "-v" "/var/lib/crater-agent-workspace/rustup-home:/opt/rustwide/rustup-home:ro,Z" "-e" "SOURCE_DIR=/opt/rustwide/workdir" "-e" "CARGO_TARGET_DIR=/opt/rustwide/target" "-e" "CARGO_HOME=/opt/rustwide/cargo-home" "-e" "RUSTUP_HOME=/opt/rustwide/rustup-home" "-w" "/opt/rustwide/workdir" "-m" "1610612736" "--user" "0:0" "--network" "none" "ghcr.io/rust-lang/crates-build-env/linux@sha256:2788e3201cd34a07e3172128adcd8b3090168a8e3bcc40d7c032b9dda1df7d1c" "/opt/rustwide/cargo-home/bin/cargo" "+1.75.0" "metadata" "--no-deps" "--format-version=1", kill_on_drop: false }`
[INFO] [stdout] 29f59ec03d6ae715b807ce3c793eb8c7bac921a4d66fde6f3a7bf61aa141f671
[INFO] running `Command { std: "docker" "start" "-a" "29f59ec03d6ae715b807ce3c793eb8c7bac921a4d66fde6f3a7bf61aa141f671", kill_on_drop: false }`
[INFO] running `Command { std: "docker" "inspect" "29f59ec03d6ae715b807ce3c793eb8c7bac921a4d66fde6f3a7bf61aa141f671", kill_on_drop: false }`
[INFO] running `Command { std: "docker" "rm" "-f" "29f59ec03d6ae715b807ce3c793eb8c7bac921a4d66fde6f3a7bf61aa141f671", kill_on_drop: false }`
[INFO] [stdout] 29f59ec03d6ae715b807ce3c793eb8c7bac921a4d66fde6f3a7bf61aa141f671
[INFO] running `Command { std: "docker" "create" "-v" "/var/lib/crater-agent-workspace/builds/worker-5-tc1/target:/opt/rustwide/target:rw,Z" "-v" "/var/lib/crater-agent-workspace/builds/worker-5-tc1/source:/opt/rustwide/workdir:ro,Z" "-v" "/var/lib/crater-agent-workspace/cargo-home:/opt/rustwide/cargo-home:ro,Z" "-v" "/var/lib/crater-agent-workspace/rustup-home:/opt/rustwide/rustup-home:ro,Z" "-e" "SOURCE_DIR=/opt/rustwide/workdir" "-e" "CARGO_TARGET_DIR=/opt/rustwide/target" "-e" "CARGO_INCREMENTAL=0" "-e" "RUST_BACKTRACE=full" "-e" "RUSTFLAGS=--cap-lints=warn" "-e" "RUSTDOCFLAGS=--cap-lints=warn" "-e" "CARGO_HOME=/opt/rustwide/cargo-home" "-e" "RUSTUP_HOME=/opt/rustwide/rustup-home" "-w" "/opt/rustwide/workdir" "-m" "1610612736" "--user" "0:0" "--network" "none" "ghcr.io/rust-lang/crates-build-env/linux@sha256:2788e3201cd34a07e3172128adcd8b3090168a8e3bcc40d7c032b9dda1df7d1c" "/opt/rustwide/cargo-home/bin/cargo" "+1.75.0" "build" "--frozen" "--message-format=json", kill_on_drop: false }`
[INFO] [stdout] 9d049daaea73374827e843c2779ed7dcc9cf0ddc22d7a6bfc0f12041b2ae9840
[INFO] running `Command { std: "docker" "start" "-a" "9d049daaea73374827e843c2779ed7dcc9cf0ddc22d7a6bfc0f12041b2ae9840", kill_on_drop: false }`
[INFO] [stderr]    Compiling wasm-bindgen-shared v0.2.89
[INFO] [stderr]    Compiling bumpalo v3.14.0
[INFO] [stderr]    Compiling log v0.4.20
[INFO] [stderr]    Compiling once_cell v1.19.0
[INFO] [stderr]    Compiling wasm-bindgen v0.2.89
[INFO] [stderr]    Compiling serde v1.0.194
[INFO] [stderr]    Compiling serde_json v1.0.111
[INFO] [stderr]    Compiling ryu v1.0.16
[INFO] [stderr]    Compiling itoa v1.0.10
[INFO] [stderr]    Compiling syn v2.0.48
[INFO] [stderr]    Compiling wasm-bindgen-backend v0.2.89
[INFO] [stderr]    Compiling wasm-bindgen-macro-support v0.2.89
[INFO] [stderr]    Compiling wasm-bindgen-macro v0.2.89
[INFO] [stderr]    Compiling js-sys v0.3.66
[INFO] [stderr]    Compiling web-sys v0.3.66
[INFO] [stderr]    Compiling gloo-events v0.1.2
[INFO] [stderr]    Compiling gloo-utils v0.1.7
[INFO] [stderr]    Compiling rooting v0.1.6 (/opt/rustwide/workdir)
[INFO] [stderr]     Finished dev [unoptimized + debuginfo] target(s) in 14.42s
[INFO] running `Command { std: "docker" "inspect" "9d049daaea73374827e843c2779ed7dcc9cf0ddc22d7a6bfc0f12041b2ae9840", kill_on_drop: false }`
[INFO] running `Command { std: "docker" "rm" "-f" "9d049daaea73374827e843c2779ed7dcc9cf0ddc22d7a6bfc0f12041b2ae9840", kill_on_drop: false }`
[INFO] [stdout] 9d049daaea73374827e843c2779ed7dcc9cf0ddc22d7a6bfc0f12041b2ae9840
[INFO] running `Command { std: "docker" "create" "-v" "/var/lib/crater-agent-workspace/builds/worker-5-tc1/target:/opt/rustwide/target:rw,Z" "-v" "/var/lib/crater-agent-workspace/builds/worker-5-tc1/source:/opt/rustwide/workdir:ro,Z" "-v" "/var/lib/crater-agent-workspace/cargo-home:/opt/rustwide/cargo-home:ro,Z" "-v" "/var/lib/crater-agent-workspace/rustup-home:/opt/rustwide/rustup-home:ro,Z" "-e" "SOURCE_DIR=/opt/rustwide/workdir" "-e" "CARGO_TARGET_DIR=/opt/rustwide/target" "-e" "CARGO_INCREMENTAL=0" "-e" "RUST_BACKTRACE=full" "-e" "RUSTFLAGS=--cap-lints=warn" "-e" "RUSTDOCFLAGS=--cap-lints=warn" "-e" "CARGO_HOME=/opt/rustwide/cargo-home" "-e" "RUSTUP_HOME=/opt/rustwide/rustup-home" "-w" "/opt/rustwide/workdir" "-m" "1610612736" "--user" "0:0" "--network" "none" "ghcr.io/rust-lang/crates-build-env/linux@sha256:2788e3201cd34a07e3172128adcd8b3090168a8e3bcc40d7c032b9dda1df7d1c" "/opt/rustwide/cargo-home/bin/cargo" "+1.75.0" "test" "--frozen" "--no-run" "--message-format=json", kill_on_drop: false }`
[INFO] [stdout] 97c2983d0865a234cf774e864ff48d850ec72ea3b431c6d1beb4e2f969a03abc
[INFO] running `Command { std: "docker" "start" "-a" "97c2983d0865a234cf774e864ff48d850ec72ea3b431c6d1beb4e2f969a03abc", kill_on_drop: false }`
[INFO] [stderr]    Compiling rooting v0.1.6 (/opt/rustwide/workdir)
[INFO] [stderr]     Finished test [unoptimized + debuginfo] target(s) in 0.70s
[INFO] running `Command { std: "docker" "inspect" "97c2983d0865a234cf774e864ff48d850ec72ea3b431c6d1beb4e2f969a03abc", kill_on_drop: false }`
[INFO] running `Command { std: "docker" "rm" "-f" "97c2983d0865a234cf774e864ff48d850ec72ea3b431c6d1beb4e2f969a03abc", kill_on_drop: false }`
[INFO] [stdout] 97c2983d0865a234cf774e864ff48d850ec72ea3b431c6d1beb4e2f969a03abc
[INFO] running `Command { std: "docker" "create" "-v" "/var/lib/crater-agent-workspace/builds/worker-5-tc1/target:/opt/rustwide/target:rw,Z" "-v" "/var/lib/crater-agent-workspace/builds/worker-5-tc1/source:/opt/rustwide/workdir:ro,Z" "-v" "/var/lib/crater-agent-workspace/cargo-home:/opt/rustwide/cargo-home:ro,Z" "-v" "/var/lib/crater-agent-workspace/rustup-home:/opt/rustwide/rustup-home:ro,Z" "-e" "SOURCE_DIR=/opt/rustwide/workdir" "-e" "CARGO_TARGET_DIR=/opt/rustwide/target" "-e" "CARGO_INCREMENTAL=0" "-e" "RUST_BACKTRACE=full" "-e" "RUSTFLAGS=--cap-lints=warn" "-e" "RUSTDOCFLAGS=--cap-lints=warn" "-e" "CARGO_HOME=/opt/rustwide/cargo-home" "-e" "RUSTUP_HOME=/opt/rustwide/rustup-home" "-w" "/opt/rustwide/workdir" "-m" "1610612736" "--user" "0:0" "--network" "none" "ghcr.io/rust-lang/crates-build-env/linux@sha256:2788e3201cd34a07e3172128adcd8b3090168a8e3bcc40d7c032b9dda1df7d1c" "/opt/rustwide/cargo-home/bin/cargo" "+1.75.0" "test" "--frozen", kill_on_drop: false }`
[INFO] [stdout] 11dd871cc86ce1f11ea0c9e0f02788d877dfc7f2f995eb7e29567945c2c3e632
[INFO] running `Command { std: "docker" "start" "-a" "11dd871cc86ce1f11ea0c9e0f02788d877dfc7f2f995eb7e29567945c2c3e632", kill_on_drop: false }`
[INFO] [stderr]     Finished test [unoptimized + debuginfo] target(s) in 0.02s
[INFO] [stderr]      Running unittests src/lib.rs (/opt/rustwide/target/debug/deps/rooting-43ddfa0b368790d6)
[INFO] [stdout] 
[INFO] [stdout] running 0 tests
[INFO] [stdout] 
[INFO] [stdout] test result: ok. 0 passed; 0 failed; 0 ignored; 0 measured; 0 filtered out; finished in 0.00s
[INFO] [stdout] 
[INFO] [stderr]    Doc-tests rooting
[INFO] [stdout] 
[INFO] [stdout] running 1 test
[INFO] [stdout] test src/lib.rs - ResizeObserver::new (line 69) ... FAILED
[INFO] [stdout] 
[INFO] [stdout] failures:
[INFO] [stdout] 
[INFO] [stdout] ---- src/lib.rs - ResizeObserver::new (line 69) stdout ----
[INFO] [stdout] error[E0425]: cannot find value `entries` in this scope
[INFO] [stdout]  --> src/lib.rs:70:13
[INFO] [stdout]   |
[INFO] [stdout] 3 | let entry = entries.get(0).dyn_into::<ResizeObserverEntry>().unwrap();
[INFO] [stdout]   |             ^^^^^^^ not found in this scope
[INFO] [stdout] 
[INFO] [stdout] error[E0412]: cannot find type `ResizeObserverEntry` in this scope
[INFO] [stdout]  --> src/lib.rs:70:39
[INFO] [stdout]   |
[INFO] [stdout] 3 | let entry = entries.get(0).dyn_into::<ResizeObserverEntry>().unwrap();
[INFO] [stdout]   |                                       ^^^^^^^^^^^^^^^^^^^ not found in this scope
[INFO] [stdout]   |
[INFO] [stdout] help: consider importing this struct
[INFO] [stdout]   |
[INFO] [stdout] 2 + use web_sys::ResizeObserverEntry;
[INFO] [stdout]   |
[INFO] [stdout] 
[INFO] [stdout] error[E0412]: cannot find type `ResizeObserverSize` in this scope
[INFO] [stdout]  --> src/lib.rs:71:55
[INFO] [stdout]   |
[INFO] [stdout] 4 | let size = entry.content_box_size().get(0).dyn_into::<ResizeObserverSize>().unwrap();
[INFO] [stdout]   |                                                       ^^^^^^^^^^^^^^^^^^ not found in this scope
[INFO] [stdout]   |
[INFO] [stdout] help: consider importing this struct
[INFO] [stdout]   |
[INFO] [stdout] 2 + use web_sys::ResizeObserverSize;
[INFO] [stdout]   |
[INFO] [stdout] 
[INFO] [stdout] error: aborting due to 3 previous errors
[INFO] [stdout] 
[INFO] [stdout] Some errors have detailed explanations: E0412, E0425.
[INFO] [stdout] For more information about an error, try `rustc --explain E0412`.
[INFO] [stdout] Couldn't compile the test.
[INFO] [stdout] 
[INFO] [stdout] failures:
[INFO] [stdout]     src/lib.rs - ResizeObserver::new (line 69)
[INFO] [stdout] 
[INFO] [stdout] test result: FAILED. 0 passed; 1 failed; 0 ignored; 0 measured; 0 filtered out; finished in 0.30s
[INFO] [stdout] 
[INFO] [stderr] error: doctest failed, to rerun pass `--doc`
[INFO] running `Command { std: "docker" "inspect" "11dd871cc86ce1f11ea0c9e0f02788d877dfc7f2f995eb7e29567945c2c3e632", kill_on_drop: false }`
[INFO] running `Command { std: "docker" "rm" "-f" "11dd871cc86ce1f11ea0c9e0f02788d877dfc7f2f995eb7e29567945c2c3e632", kill_on_drop: false }`
[INFO] [stdout] 11dd871cc86ce1f11ea0c9e0f02788d877dfc7f2f995eb7e29567945c2c3e632
