[INFO] fetching crate rof_rs_macros 0.1.3...
[INFO] testing rof_rs_macros-0.1.3 against 1.75.0 for beta-1.76-1
[INFO] extracting crate rof_rs_macros 0.1.3 into /workspace/builds/worker-5-tc1/source
[INFO] validating manifest of crates.io crate rof_rs_macros 0.1.3 on toolchain 1.75.0
[INFO] running `Command { std: CARGO_HOME="/workspace/cargo-home" RUSTUP_HOME="/workspace/rustup-home" "/workspace/cargo-home/bin/cargo" "+1.75.0" "metadata" "--manifest-path" "Cargo.toml" "--no-deps", kill_on_drop: false }`
[INFO] started tweaking crates.io crate rof_rs_macros 0.1.3
[INFO] finished tweaking crates.io crate rof_rs_macros 0.1.3
[INFO] tweaked toml for crates.io crate rof_rs_macros 0.1.3 written to /workspace/builds/worker-5-tc1/source/Cargo.toml
[INFO] running `Command { std: CARGO_HOME="/workspace/cargo-home" RUSTUP_HOME="/workspace/rustup-home" "/workspace/cargo-home/bin/cargo" "+1.75.0" "generate-lockfile" "--manifest-path" "Cargo.toml", kill_on_drop: false }`
[INFO] [stderr]     Updating crates.io index
[INFO] running `Command { std: CARGO_HOME="/workspace/cargo-home" RUSTUP_HOME="/workspace/rustup-home" "/workspace/cargo-home/bin/cargo" "+1.75.0" "fetch" "--manifest-path" "Cargo.toml", kill_on_drop: false }`
[INFO] running `Command { std: "docker" "create" "-v" "/var/lib/crater-agent-workspace/builds/worker-5-tc1/target:/opt/rustwide/target:rw,Z" "-v" "/var/lib/crater-agent-workspace/builds/worker-5-tc1/source:/opt/rustwide/workdir:ro,Z" "-v" "/var/lib/crater-agent-workspace/cargo-home:/opt/rustwide/cargo-home:ro,Z" "-v" "/var/lib/crater-agent-workspace/rustup-home:/opt/rustwide/rustup-home:ro,Z" "-e" "SOURCE_DIR=/opt/rustwide/workdir" "-e" "CARGO_TARGET_DIR=/opt/rustwide/target" "-e" "CARGO_HOME=/opt/rustwide/cargo-home" "-e" "RUSTUP_HOME=/opt/rustwide/rustup-home" "-w" "/opt/rustwide/workdir" "-m" "1610612736" "--user" "0:0" "--network" "none" "ghcr.io/rust-lang/crates-build-env/linux@sha256:2788e3201cd34a07e3172128adcd8b3090168a8e3bcc40d7c032b9dda1df7d1c" "/opt/rustwide/cargo-home/bin/cargo" "+1.75.0" "metadata" "--no-deps" "--format-version=1", kill_on_drop: false }`
[INFO] [stdout] a559f28d6827da2db9cf1f1bfaae5c9925d444b1f0e3e4613b3c37fa9d927b80
[INFO] running `Command { std: "docker" "start" "-a" "a559f28d6827da2db9cf1f1bfaae5c9925d444b1f0e3e4613b3c37fa9d927b80", kill_on_drop: false }`
[INFO] running `Command { std: "docker" "inspect" "a559f28d6827da2db9cf1f1bfaae5c9925d444b1f0e3e4613b3c37fa9d927b80", kill_on_drop: false }`
[INFO] running `Command { std: "docker" "rm" "-f" "a559f28d6827da2db9cf1f1bfaae5c9925d444b1f0e3e4613b3c37fa9d927b80", kill_on_drop: false }`
[INFO] [stdout] a559f28d6827da2db9cf1f1bfaae5c9925d444b1f0e3e4613b3c37fa9d927b80
[INFO] running `Command { std: "docker" "create" "-v" "/var/lib/crater-agent-workspace/builds/worker-5-tc1/target:/opt/rustwide/target:rw,Z" "-v" "/var/lib/crater-agent-workspace/builds/worker-5-tc1/source:/opt/rustwide/workdir:ro,Z" "-v" "/var/lib/crater-agent-workspace/cargo-home:/opt/rustwide/cargo-home:ro,Z" "-v" "/var/lib/crater-agent-workspace/rustup-home:/opt/rustwide/rustup-home:ro,Z" "-e" "SOURCE_DIR=/opt/rustwide/workdir" "-e" "CARGO_TARGET_DIR=/opt/rustwide/target" "-e" "CARGO_INCREMENTAL=0" "-e" "RUST_BACKTRACE=full" "-e" "RUSTFLAGS=--cap-lints=warn" "-e" "RUSTDOCFLAGS=--cap-lints=warn" "-e" "CARGO_HOME=/opt/rustwide/cargo-home" "-e" "RUSTUP_HOME=/opt/rustwide/rustup-home" "-w" "/opt/rustwide/workdir" "-m" "1610612736" "--user" "0:0" "--network" "none" "ghcr.io/rust-lang/crates-build-env/linux@sha256:2788e3201cd34a07e3172128adcd8b3090168a8e3bcc40d7c032b9dda1df7d1c" "/opt/rustwide/cargo-home/bin/cargo" "+1.75.0" "build" "--frozen" "--message-format=json", kill_on_drop: false }`
[INFO] [stdout] d2e64baee37a992f9f1901d1c9b16e4b1c3eac64ebba6ab28fb91591ba494907
[INFO] running `Command { std: "docker" "start" "-a" "d2e64baee37a992f9f1901d1c9b16e4b1c3eac64ebba6ab28fb91591ba494907", kill_on_drop: false }`
[INFO] [stderr]    Compiling proc-macro2 v1.0.75
[INFO] [stderr]    Compiling unicode-ident v1.0.12
[INFO] [stderr]    Compiling quote v1.0.35
[INFO] [stderr]    Compiling syn v2.0.48
[INFO] [stderr]    Compiling rof_rs_macros v0.1.3 (/opt/rustwide/workdir)
[INFO] [stderr]     Finished dev [unoptimized + debuginfo] target(s) in 2.98s
[INFO] running `Command { std: "docker" "inspect" "d2e64baee37a992f9f1901d1c9b16e4b1c3eac64ebba6ab28fb91591ba494907", kill_on_drop: false }`
[INFO] running `Command { std: "docker" "rm" "-f" "d2e64baee37a992f9f1901d1c9b16e4b1c3eac64ebba6ab28fb91591ba494907", kill_on_drop: false }`
[INFO] [stdout] d2e64baee37a992f9f1901d1c9b16e4b1c3eac64ebba6ab28fb91591ba494907
[INFO] running `Command { std: "docker" "create" "-v" "/var/lib/crater-agent-workspace/builds/worker-5-tc1/target:/opt/rustwide/target:rw,Z" "-v" "/var/lib/crater-agent-workspace/builds/worker-5-tc1/source:/opt/rustwide/workdir:ro,Z" "-v" "/var/lib/crater-agent-workspace/cargo-home:/opt/rustwide/cargo-home:ro,Z" "-v" "/var/lib/crater-agent-workspace/rustup-home:/opt/rustwide/rustup-home:ro,Z" "-e" "SOURCE_DIR=/opt/rustwide/workdir" "-e" "CARGO_TARGET_DIR=/opt/rustwide/target" "-e" "CARGO_INCREMENTAL=0" "-e" "RUST_BACKTRACE=full" "-e" "RUSTFLAGS=--cap-lints=warn" "-e" "RUSTDOCFLAGS=--cap-lints=warn" "-e" "CARGO_HOME=/opt/rustwide/cargo-home" "-e" "RUSTUP_HOME=/opt/rustwide/rustup-home" "-w" "/opt/rustwide/workdir" "-m" "1610612736" "--user" "0:0" "--network" "none" "ghcr.io/rust-lang/crates-build-env/linux@sha256:2788e3201cd34a07e3172128adcd8b3090168a8e3bcc40d7c032b9dda1df7d1c" "/opt/rustwide/cargo-home/bin/cargo" "+1.75.0" "test" "--frozen" "--no-run" "--message-format=json", kill_on_drop: false }`
[INFO] [stdout] 0140fe53f02db40b301c12529d43a7bd0a80b455c7ffefbab60b6ae5f02589b5
[INFO] running `Command { std: "docker" "start" "-a" "0140fe53f02db40b301c12529d43a7bd0a80b455c7ffefbab60b6ae5f02589b5", kill_on_drop: false }`
[INFO] [stderr]    Compiling rof_rs_macros v0.1.3 (/opt/rustwide/workdir)
[INFO] [stderr]     Finished test [unoptimized + debuginfo] target(s) in 0.36s
[INFO] running `Command { std: "docker" "inspect" "0140fe53f02db40b301c12529d43a7bd0a80b455c7ffefbab60b6ae5f02589b5", kill_on_drop: false }`
[INFO] running `Command { std: "docker" "rm" "-f" "0140fe53f02db40b301c12529d43a7bd0a80b455c7ffefbab60b6ae5f02589b5", kill_on_drop: false }`
[INFO] [stdout] 0140fe53f02db40b301c12529d43a7bd0a80b455c7ffefbab60b6ae5f02589b5
[INFO] running `Command { std: "docker" "create" "-v" "/var/lib/crater-agent-workspace/builds/worker-5-tc1/target:/opt/rustwide/target:rw,Z" "-v" "/var/lib/crater-agent-workspace/builds/worker-5-tc1/source:/opt/rustwide/workdir:ro,Z" "-v" "/var/lib/crater-agent-workspace/cargo-home:/opt/rustwide/cargo-home:ro,Z" "-v" "/var/lib/crater-agent-workspace/rustup-home:/opt/rustwide/rustup-home:ro,Z" "-e" "SOURCE_DIR=/opt/rustwide/workdir" "-e" "CARGO_TARGET_DIR=/opt/rustwide/target" "-e" "CARGO_INCREMENTAL=0" "-e" "RUST_BACKTRACE=full" "-e" "RUSTFLAGS=--cap-lints=warn" "-e" "RUSTDOCFLAGS=--cap-lints=warn" "-e" "CARGO_HOME=/opt/rustwide/cargo-home" "-e" "RUSTUP_HOME=/opt/rustwide/rustup-home" "-w" "/opt/rustwide/workdir" "-m" "1610612736" "--user" "0:0" "--network" "none" "ghcr.io/rust-lang/crates-build-env/linux@sha256:2788e3201cd34a07e3172128adcd8b3090168a8e3bcc40d7c032b9dda1df7d1c" "/opt/rustwide/cargo-home/bin/cargo" "+1.75.0" "test" "--frozen", kill_on_drop: false }`
[INFO] [stdout] 0fac05b5577118f8003c171810756234d80e567680baa2074dc7fa3a384d29f8
[INFO] running `Command { std: "docker" "start" "-a" "0fac05b5577118f8003c171810756234d80e567680baa2074dc7fa3a384d29f8", kill_on_drop: false }`
[INFO] [stderr]     Finished test [unoptimized + debuginfo] target(s) in 0.02s
[INFO] [stderr]      Running unittests src/lib.rs (/opt/rustwide/target/debug/deps/rof_rs_macros-374c02a566fe1d33)
[INFO] [stdout] 
[INFO] [stdout] running 0 tests
[INFO] [stdout] 
[INFO] [stdout] test result: ok. 0 passed; 0 failed; 0 ignored; 0 measured; 0 filtered out; finished in 0.00s
[INFO] [stdout] 
[INFO] [stderr]    Doc-tests rof_rs_macros
[INFO] [stdout] 
[INFO] [stdout] running 1 test
[INFO] [stdout] test src/lib.rs - derive (line 26) ... FAILED
[INFO] [stdout] 
[INFO] [stdout] failures:
[INFO] [stdout] 
[INFO] [stdout] ---- src/lib.rs - derive (line 26) stdout ----
[INFO] [stdout] error: cannot find derive macro `RofCompat` in this scope
[INFO] [stdout]   --> src/lib.rs:40:10
[INFO] [stdout]    |
[INFO] [stdout] 15 | #[derive(RofCompat)]
[INFO] [stdout]    |          ^^^^^^^^^
[INFO] [stdout]    |
[INFO] [stdout] help: consider importing this derive macro
[INFO] [stdout]    |
[INFO] [stdout] 2  + use rof_rs_macros::RofCompat;
[INFO] [stdout]    |
[INFO] [stdout] 
[INFO] [stdout] error: cannot find derive macro `RofCompat` in this scope
[INFO] [stdout]  --> src/lib.rs:27:10
[INFO] [stdout]   |
[INFO] [stdout] 2 | #[derive(RofCompat)]
[INFO] [stdout]   |          ^^^^^^^^^
[INFO] [stdout]   |
[INFO] [stdout] help: consider importing this derive macro
[INFO] [stdout]   |
[INFO] [stdout] 2 + use rof_rs_macros::RofCompat;
[INFO] [stdout]   |
[INFO] [stdout] 
[INFO] [stdout] error[E0599]: no function or associated item named `load_from_file` found for struct `Song` in the current scope
[INFO] [stdout]   --> src/lib.rs:50:19
[INFO] [stdout]    |
[INFO] [stdout] 16 | struct Song {
[INFO] [stdout]    | ----------- function or associated item `load_from_file` not found for this struct
[INFO] [stdout] ...
[INFO] [stdout] 25 |             Song::load_from_file("C:\\songs\\song_32.rof");
[INFO] [stdout]    |                   ^^^^^^^^^^^^^^ function or associated item not found in `Song`
[INFO] [stdout] 
[INFO] [stdout] error: aborting due to 3 previous errors
[INFO] [stdout] 
[INFO] [stdout] For more information about this error, try `rustc --explain E0599`.
[INFO] [stdout] Couldn't compile the test.
[INFO] [stdout] 
[INFO] [stdout] failures:
[INFO] [stdout]     src/lib.rs - derive (line 26)
[INFO] [stdout] 
[INFO] [stdout] test result: FAILED. 0 passed; 1 failed; 0 ignored; 0 measured; 0 filtered out; finished in 0.08s
[INFO] [stdout] 
[INFO] [stderr] error: doctest failed, to rerun pass `--doc`
[INFO] running `Command { std: "docker" "inspect" "0fac05b5577118f8003c171810756234d80e567680baa2074dc7fa3a384d29f8", kill_on_drop: false }`
[INFO] running `Command { std: "docker" "rm" "-f" "0fac05b5577118f8003c171810756234d80e567680baa2074dc7fa3a384d29f8", kill_on_drop: false }`
[INFO] [stdout] 0fac05b5577118f8003c171810756234d80e567680baa2074dc7fa3a384d29f8
[INFO] testing rof_rs_macros-0.1.3 against beta-2023-12-22 for beta-1.76-1
[INFO] extracting crate rof_rs_macros 0.1.3 into /workspace/builds/worker-5-tc2/source
[INFO] validating manifest of crates.io crate rof_rs_macros 0.1.3 on toolchain beta-2023-12-22
[INFO] running `Command { std: CARGO_HOME="/workspace/cargo-home" RUSTUP_HOME="/workspace/rustup-home" "/workspace/cargo-home/bin/cargo" "+beta-2023-12-22" "metadata" "--manifest-path" "Cargo.toml" "--no-deps", kill_on_drop: false }`
[INFO] started tweaking crates.io crate rof_rs_macros 0.1.3
[INFO] finished tweaking crates.io crate rof_rs_macros 0.1.3
[INFO] tweaked toml for crates.io crate rof_rs_macros 0.1.3 written to /workspace/builds/worker-5-tc2/source/Cargo.toml
[INFO] running `Command { std: CARGO_HOME="/workspace/cargo-home" RUSTUP_HOME="/workspace/rustup-home" "/workspace/cargo-home/bin/cargo" "+beta-2023-12-22" "generate-lockfile" "--manifest-path" "Cargo.toml", kill_on_drop: false }`
[INFO] [stderr]     Updating crates.io index
[INFO] running `Command { std: CARGO_HOME="/workspace/cargo-home" RUSTUP_HOME="/workspace/rustup-home" "/workspace/cargo-home/bin/cargo" "+beta-2023-12-22" "fetch" "--manifest-path" "Cargo.toml", kill_on_drop: false }`
[INFO] running `Command { std: "docker" "create" "-v" "/var/lib/crater-agent-workspace/builds/worker-5-tc2/target:/opt/rustwide/target:rw,Z" "-v" "/var/lib/crater-agent-workspace/builds/worker-5-tc2/source:/opt/rustwide/workdir:ro,Z" "-v" "/var/lib/crater-agent-workspace/cargo-home:/opt/rustwide/cargo-home:ro,Z" "-v" "/var/lib/crater-agent-workspace/rustup-home:/opt/rustwide/rustup-home:ro,Z" "-e" "SOURCE_DIR=/opt/rustwide/workdir" "-e" "CARGO_TARGET_DIR=/opt/rustwide/target" "-e" "CARGO_HOME=/opt/rustwide/cargo-home" "-e" "RUSTUP_HOME=/opt/rustwide/rustup-home" "-w" "/opt/rustwide/workdir" "-m" "1610612736" "--user" "0:0" "--network" "none" "ghcr.io/rust-lang/crates-build-env/linux@sha256:2788e3201cd34a07e3172128adcd8b3090168a8e3bcc40d7c032b9dda1df7d1c" "/opt/rustwide/cargo-home/bin/cargo" "+beta-2023-12-22" "metadata" "--no-deps" "--format-version=1", kill_on_drop: false }`
[INFO] [stdout] 3520281e7ae7d648390a681d58a350b36d13cc52463af11d704ea5c4d6750530
[INFO] running `Command { std: "docker" "start" "-a" "3520281e7ae7d648390a681d58a350b36d13cc52463af11d704ea5c4d6750530", kill_on_drop: false }`
[INFO] running `Command { std: "docker" "inspect" "3520281e7ae7d648390a681d58a350b36d13cc52463af11d704ea5c4d6750530", kill_on_drop: false }`
[INFO] running `Command { std: "docker" "rm" "-f" "3520281e7ae7d648390a681d58a350b36d13cc52463af11d704ea5c4d6750530", kill_on_drop: false }`
[INFO] [stdout] 3520281e7ae7d648390a681d58a350b36d13cc52463af11d704ea5c4d6750530
[INFO] running `Command { std: "docker" "create" "-v" "/var/lib/crater-agent-workspace/builds/worker-5-tc2/target:/opt/rustwide/target:rw,Z" "-v" "/var/lib/crater-agent-workspace/builds/worker-5-tc2/source:/opt/rustwide/workdir:ro,Z" "-v" "/var/lib/crater-agent-workspace/cargo-home:/opt/rustwide/cargo-home:ro,Z" "-v" "/var/lib/crater-agent-workspace/rustup-home:/opt/rustwide/rustup-home:ro,Z" "-e" "SOURCE_DIR=/opt/rustwide/workdir" "-e" "CARGO_TARGET_DIR=/opt/rustwide/target" "-e" "CARGO_INCREMENTAL=0" "-e" "RUST_BACKTRACE=full" "-e" "RUSTFLAGS=--cap-lints=warn" "-e" "RUSTDOCFLAGS=--cap-lints=warn" "-e" "CARGO_HOME=/opt/rustwide/cargo-home" "-e" "RUSTUP_HOME=/opt/rustwide/rustup-home" "-w" "/opt/rustwide/workdir" "-m" "1610612736" "--user" "0:0" "--network" "none" "ghcr.io/rust-lang/crates-build-env/linux@sha256:2788e3201cd34a07e3172128adcd8b3090168a8e3bcc40d7c032b9dda1df7d1c" "/opt/rustwide/cargo-home/bin/cargo" "+beta-2023-12-22" "build" "--frozen" "--message-format=json", kill_on_drop: false }`
[INFO] [stdout] 60337f24ae4de1016fab51f00e9049e5e4c3b765fa72683c62c4de2c0d311ea6
[INFO] running `Command { std: "docker" "start" "-a" "60337f24ae4de1016fab51f00e9049e5e4c3b765fa72683c62c4de2c0d311ea6", kill_on_drop: false }`
[INFO] [stderr]    Compiling proc-macro2 v1.0.75
[INFO] [stderr]    Compiling unicode-ident v1.0.12
[INFO] [stderr]    Compiling quote v1.0.35
[INFO] [stderr]    Compiling syn v2.0.48
[INFO] [stderr]    Compiling rof_rs_macros v0.1.3 (/opt/rustwide/workdir)
[INFO] [stderr]     Finished dev [unoptimized + debuginfo] target(s) in 4.49s
[INFO] running `Command { std: "docker" "inspect" "60337f24ae4de1016fab51f00e9049e5e4c3b765fa72683c62c4de2c0d311ea6", kill_on_drop: false }`
[INFO] running `Command { std: "docker" "rm" "-f" "60337f24ae4de1016fab51f00e9049e5e4c3b765fa72683c62c4de2c0d311ea6", kill_on_drop: false }`
[INFO] [stdout] 60337f24ae4de1016fab51f00e9049e5e4c3b765fa72683c62c4de2c0d311ea6
[INFO] running `Command { std: "docker" "create" "-v" "/var/lib/crater-agent-workspace/builds/worker-5-tc2/target:/opt/rustwide/target:rw,Z" "-v" "/var/lib/crater-agent-workspace/builds/worker-5-tc2/source:/opt/rustwide/workdir:ro,Z" "-v" "/var/lib/crater-agent-workspace/cargo-home:/opt/rustwide/cargo-home:ro,Z" "-v" "/var/lib/crater-agent-workspace/rustup-home:/opt/rustwide/rustup-home:ro,Z" "-e" "SOURCE_DIR=/opt/rustwide/workdir" "-e" "CARGO_TARGET_DIR=/opt/rustwide/target" "-e" "CARGO_INCREMENTAL=0" "-e" "RUST_BACKTRACE=full" "-e" "RUSTFLAGS=--cap-lints=warn" "-e" "RUSTDOCFLAGS=--cap-lints=warn" "-e" "CARGO_HOME=/opt/rustwide/cargo-home" "-e" "RUSTUP_HOME=/opt/rustwide/rustup-home" "-w" "/opt/rustwide/workdir" "-m" "1610612736" "--user" "0:0" "--network" "none" "ghcr.io/rust-lang/crates-build-env/linux@sha256:2788e3201cd34a07e3172128adcd8b3090168a8e3bcc40d7c032b9dda1df7d1c" "/opt/rustwide/cargo-home/bin/cargo" "+beta-2023-12-22" "test" "--frozen" "--no-run" "--message-format=json", kill_on_drop: false }`
[INFO] [stdout] 4f34ee9c3215825519b9cc66a0aa8d36d25a6715ca377e13533a7bcacad8c6b0
[INFO] running `Command { std: "docker" "start" "-a" "4f34ee9c3215825519b9cc66a0aa8d36d25a6715ca377e13533a7bcacad8c6b0", kill_on_drop: false }`
[INFO] [stderr]    Compiling rof_rs_macros v0.1.3 (/opt/rustwide/workdir)
[INFO] [stderr]     Finished test [unoptimized + debuginfo] target(s) in 0.63s
[INFO] running `Command { std: "docker" "inspect" "4f34ee9c3215825519b9cc66a0aa8d36d25a6715ca377e13533a7bcacad8c6b0", kill_on_drop: false }`
[INFO] running `Command { std: "docker" "rm" "-f" "4f34ee9c3215825519b9cc66a0aa8d36d25a6715ca377e13533a7bcacad8c6b0", kill_on_drop: false }`
[INFO] [stdout] 4f34ee9c3215825519b9cc66a0aa8d36d25a6715ca377e13533a7bcacad8c6b0
[INFO] running `Command { std: "docker" "create" "-v" "/var/lib/crater-agent-workspace/builds/worker-5-tc2/target:/opt/rustwide/target:rw,Z" "-v" "/var/lib/crater-agent-workspace/builds/worker-5-tc2/source:/opt/rustwide/workdir:ro,Z" "-v" "/var/lib/crater-agent-workspace/cargo-home:/opt/rustwide/cargo-home:ro,Z" "-v" "/var/lib/crater-agent-workspace/rustup-home:/opt/rustwide/rustup-home:ro,Z" "-e" "SOURCE_DIR=/opt/rustwide/workdir" "-e" "CARGO_TARGET_DIR=/opt/rustwide/target" "-e" "CARGO_INCREMENTAL=0" "-e" "RUST_BACKTRACE=full" "-e" "RUSTFLAGS=--cap-lints=warn" "-e" "RUSTDOCFLAGS=--cap-lints=warn" "-e" "CARGO_HOME=/opt/rustwide/cargo-home" "-e" "RUSTUP_HOME=/opt/rustwide/rustup-home" "-w" "/opt/rustwide/workdir" "-m" "1610612736" "--user" "0:0" "--network" "none" "ghcr.io/rust-lang/crates-build-env/linux@sha256:2788e3201cd34a07e3172128adcd8b3090168a8e3bcc40d7c032b9dda1df7d1c" "/opt/rustwide/cargo-home/bin/cargo" "+beta-2023-12-22" "test" "--frozen", kill_on_drop: false }`
[INFO] [stdout] 233235da9b98328f448238b49e371c5c50c3a1ae05038aadd4436b2f29a7b83d
[INFO] running `Command { std: "docker" "start" "-a" "233235da9b98328f448238b49e371c5c50c3a1ae05038aadd4436b2f29a7b83d", kill_on_drop: false }`
[INFO] [stderr]     Finished test [unoptimized + debuginfo] target(s) in 0.01s
[INFO] [stderr]      Running unittests src/lib.rs (/opt/rustwide/target/debug/deps/rof_rs_macros-336fcc79da27b44f)
[INFO] [stderr]    Doc-tests rof_rs_macros
[INFO] [stdout] 
[INFO] [stdout] running 0 tests
[INFO] [stdout] 
[INFO] [stdout] test result: ok. 0 passed; 0 failed; 0 ignored; 0 measured; 0 filtered out; finished in 0.00s
[INFO] [stdout] 
[INFO] [stdout] 
[INFO] [stdout] running 1 test
[INFO] [stdout] test src/lib.rs - derive (line 26) ... FAILED
[INFO] [stdout] 
[INFO] [stdout] failures:
[INFO] [stdout] 
[INFO] [stdout] ---- src/lib.rs - derive (line 26) stdout ----
[INFO] [stdout] error: cannot find derive macro `RofCompat` in this scope
[INFO] [stdout]   --> src/lib.rs:40:10
[INFO] [stdout]    |
[INFO] [stdout] 15 | #[derive(RofCompat)]
[INFO] [stdout]    |          ^^^^^^^^^
[INFO] [stdout]    |
[INFO] [stdout] help: consider importing this derive macro
[INFO] [stdout]    |
[INFO] [stdout] 2  + use rof_rs_macros::RofCompat;
[INFO] [stdout]    |
[INFO] [stdout] 
[INFO] [stdout] error: cannot find derive macro `RofCompat` in this scope
[INFO] [stdout]  --> src/lib.rs:27:10
[INFO] [stdout]   |
[INFO] [stdout] 2 | #[derive(RofCompat)]
[INFO] [stdout]   |          ^^^^^^^^^
[INFO] [stdout]   |
[INFO] [stdout] help: consider importing this derive macro
[INFO] [stdout]   |
[INFO] [stdout] 2 + use rof_rs_macros::RofCompat;
[INFO] [stdout]   |
[INFO] [stdout] 
[INFO] [stdout] error[E0599]: no function or associated item named `load_from_file` found for struct `Song` in the current scope
[INFO] [stdout]   --> src/lib.rs:50:19
[INFO] [stdout]    |
[INFO] [stdout] 16 | struct Song {
[INFO] [stdout]    | ----------- function or associated item `load_from_file` not found for this struct
[INFO] [stdout] ...
[INFO] [stdout] 25 |             Song::load_from_file("C:\\songs\\song_32.rof");
[INFO] [stdout]    |                   ^^^^^^^^^^^^^^ function or associated item not found in `Song`
[INFO] [stdout] 
[INFO] [stdout] error: aborting due to 3 previous errors
[INFO] [stdout] 
[INFO] [stdout] For more information about this error, try `rustc --explain E0599`.
[INFO] [stdout] Couldn't compile the test.
[INFO] [stdout] 
[INFO] [stdout] failures:
[INFO] [stdout]     src/lib.rs - derive (line 26)
[INFO] [stdout] 
[INFO] [stdout] test result: FAILED. 0 passed; 1 failed; 0 ignored; 0 measured; 0 filtered out; finished in 0.13s
[INFO] [stdout] 
[INFO] [stderr] error: doctest failed, to rerun pass `--doc`
[INFO] running `Command { std: "docker" "inspect" "233235da9b98328f448238b49e371c5c50c3a1ae05038aadd4436b2f29a7b83d", kill_on_drop: false }`
[INFO] running `Command { std: "docker" "rm" "-f" "233235da9b98328f448238b49e371c5c50c3a1ae05038aadd4436b2f29a7b83d", kill_on_drop: false }`
[INFO] [stdout] 233235da9b98328f448238b49e371c5c50c3a1ae05038aadd4436b2f29a7b83d
