[INFO] fetching crate rof-rs 0.1.7...
[INFO] testing rof-rs-0.1.7 against 1.75.0 for beta-1.76-1
[INFO] extracting crate rof-rs 0.1.7 into /workspace/builds/worker-6-tc1/source
[INFO] validating manifest of crates.io crate rof-rs 0.1.7 on toolchain 1.75.0
[INFO] running `Command { std: CARGO_HOME="/workspace/cargo-home" RUSTUP_HOME="/workspace/rustup-home" "/workspace/cargo-home/bin/cargo" "+1.75.0" "metadata" "--manifest-path" "Cargo.toml" "--no-deps", kill_on_drop: false }`
[INFO] started tweaking crates.io crate rof-rs 0.1.7
[INFO] finished tweaking crates.io crate rof-rs 0.1.7
[INFO] tweaked toml for crates.io crate rof-rs 0.1.7 written to /workspace/builds/worker-6-tc1/source/Cargo.toml
[INFO] running `Command { std: CARGO_HOME="/workspace/cargo-home" RUSTUP_HOME="/workspace/rustup-home" "/workspace/cargo-home/bin/cargo" "+1.75.0" "generate-lockfile" "--manifest-path" "Cargo.toml", kill_on_drop: false }`
[INFO] [stderr]     Updating crates.io index
[INFO] running `Command { std: CARGO_HOME="/workspace/cargo-home" RUSTUP_HOME="/workspace/rustup-home" "/workspace/cargo-home/bin/cargo" "+1.75.0" "fetch" "--manifest-path" "Cargo.toml", kill_on_drop: false }`
[INFO] [stderr]  Downloading crates ...
[INFO] [stderr]   Downloaded rof_rs_macros v0.1.3
[INFO] running `Command { std: "docker" "create" "-v" "/var/lib/crater-agent-workspace/builds/worker-6-tc1/target:/opt/rustwide/target:rw,Z" "-v" "/var/lib/crater-agent-workspace/builds/worker-6-tc1/source:/opt/rustwide/workdir:ro,Z" "-v" "/var/lib/crater-agent-workspace/cargo-home:/opt/rustwide/cargo-home:ro,Z" "-v" "/var/lib/crater-agent-workspace/rustup-home:/opt/rustwide/rustup-home:ro,Z" "-e" "SOURCE_DIR=/opt/rustwide/workdir" "-e" "CARGO_TARGET_DIR=/opt/rustwide/target" "-e" "CARGO_HOME=/opt/rustwide/cargo-home" "-e" "RUSTUP_HOME=/opt/rustwide/rustup-home" "-w" "/opt/rustwide/workdir" "-m" "1610612736" "--user" "0:0" "--network" "none" "ghcr.io/rust-lang/crates-build-env/linux@sha256:2788e3201cd34a07e3172128adcd8b3090168a8e3bcc40d7c032b9dda1df7d1c" "/opt/rustwide/cargo-home/bin/cargo" "+1.75.0" "metadata" "--no-deps" "--format-version=1", kill_on_drop: false }`
[INFO] [stdout] 8e306f8cc389ffb02a80d655582313b5128cfdc44f3d7f32d3260d5214bf8a00
[INFO] running `Command { std: "docker" "start" "-a" "8e306f8cc389ffb02a80d655582313b5128cfdc44f3d7f32d3260d5214bf8a00", kill_on_drop: false }`
[INFO] running `Command { std: "docker" "inspect" "8e306f8cc389ffb02a80d655582313b5128cfdc44f3d7f32d3260d5214bf8a00", kill_on_drop: false }`
[INFO] running `Command { std: "docker" "rm" "-f" "8e306f8cc389ffb02a80d655582313b5128cfdc44f3d7f32d3260d5214bf8a00", kill_on_drop: false }`
[INFO] [stdout] 8e306f8cc389ffb02a80d655582313b5128cfdc44f3d7f32d3260d5214bf8a00
[INFO] running `Command { std: "docker" "create" "-v" "/var/lib/crater-agent-workspace/builds/worker-6-tc1/target:/opt/rustwide/target:rw,Z" "-v" "/var/lib/crater-agent-workspace/builds/worker-6-tc1/source:/opt/rustwide/workdir:ro,Z" "-v" "/var/lib/crater-agent-workspace/cargo-home:/opt/rustwide/cargo-home:ro,Z" "-v" "/var/lib/crater-agent-workspace/rustup-home:/opt/rustwide/rustup-home:ro,Z" "-e" "SOURCE_DIR=/opt/rustwide/workdir" "-e" "CARGO_TARGET_DIR=/opt/rustwide/target" "-e" "CARGO_INCREMENTAL=0" "-e" "RUST_BACKTRACE=full" "-e" "RUSTFLAGS=--cap-lints=warn" "-e" "RUSTDOCFLAGS=--cap-lints=warn" "-e" "CARGO_HOME=/opt/rustwide/cargo-home" "-e" "RUSTUP_HOME=/opt/rustwide/rustup-home" "-w" "/opt/rustwide/workdir" "-m" "1610612736" "--user" "0:0" "--network" "none" "ghcr.io/rust-lang/crates-build-env/linux@sha256:2788e3201cd34a07e3172128adcd8b3090168a8e3bcc40d7c032b9dda1df7d1c" "/opt/rustwide/cargo-home/bin/cargo" "+1.75.0" "build" "--frozen" "--message-format=json", kill_on_drop: false }`
[INFO] [stdout] 3da16bfa078b9e85b883086398d13d09832f3d6f632f7b69ccb406eb889bab40
[INFO] running `Command { std: "docker" "start" "-a" "3da16bfa078b9e85b883086398d13d09832f3d6f632f7b69ccb406eb889bab40", kill_on_drop: false }`
[INFO] [stderr]    Compiling syn v2.0.48
[INFO] [stderr]    Compiling rof_rs_macros v0.1.3
[INFO] [stderr]    Compiling rof-rs v0.1.7 (/opt/rustwide/workdir)
[INFO] [stdout] warning: unused import: `super::data_value::bool::DataValueBool`
[INFO] [stdout]  --> src/object_format/rof.rs:6:5
[INFO] [stdout]   |
[INFO] [stdout] 6 | use super::data_value::bool::DataValueBool;
[INFO] [stdout]   |     ^^^^^^^^^^^^^^^^^^^^^^^^^^^^^^^^^^^^^^
[INFO] [stdout]   |
[INFO] [stdout]   = note: `#[warn(unused_imports)]` on by default
[INFO] [stdout] 
[INFO] [stdout] 
[INFO] [stdout] warning: value assigned to `base_type` is never read
[INFO] [stdout]   --> src/object_format/property/property_type/mod.rs:88:17
[INFO] [stdout]    |
[INFO] [stdout] 88 |         let mut base_type: &str = "";
[INFO] [stdout]    |                 ^^^^^^^^^
[INFO] [stdout]    |
[INFO] [stdout]    = help: maybe it is overwritten before being read?
[INFO] [stdout]    = note: `#[warn(unused_assignments)]` on by default
[INFO] [stdout] 
[INFO] [stdout] 
[INFO] [stdout] warning: 2 warnings emitted
[INFO] [stdout] 
[INFO] [stdout] 
[INFO] [stderr]     Finished dev [unoptimized + debuginfo] target(s) in 3.05s
[INFO] running `Command { std: "docker" "inspect" "3da16bfa078b9e85b883086398d13d09832f3d6f632f7b69ccb406eb889bab40", kill_on_drop: false }`
[INFO] running `Command { std: "docker" "rm" "-f" "3da16bfa078b9e85b883086398d13d09832f3d6f632f7b69ccb406eb889bab40", kill_on_drop: false }`
[INFO] [stdout] 3da16bfa078b9e85b883086398d13d09832f3d6f632f7b69ccb406eb889bab40
[INFO] running `Command { std: "docker" "create" "-v" "/var/lib/crater-agent-workspace/builds/worker-6-tc1/target:/opt/rustwide/target:rw,Z" "-v" "/var/lib/crater-agent-workspace/builds/worker-6-tc1/source:/opt/rustwide/workdir:ro,Z" "-v" "/var/lib/crater-agent-workspace/cargo-home:/opt/rustwide/cargo-home:ro,Z" "-v" "/var/lib/crater-agent-workspace/rustup-home:/opt/rustwide/rustup-home:ro,Z" "-e" "SOURCE_DIR=/opt/rustwide/workdir" "-e" "CARGO_TARGET_DIR=/opt/rustwide/target" "-e" "CARGO_INCREMENTAL=0" "-e" "RUST_BACKTRACE=full" "-e" "RUSTFLAGS=--cap-lints=warn" "-e" "RUSTDOCFLAGS=--cap-lints=warn" "-e" "CARGO_HOME=/opt/rustwide/cargo-home" "-e" "RUSTUP_HOME=/opt/rustwide/rustup-home" "-w" "/opt/rustwide/workdir" "-m" "1610612736" "--user" "0:0" "--network" "none" "ghcr.io/rust-lang/crates-build-env/linux@sha256:2788e3201cd34a07e3172128adcd8b3090168a8e3bcc40d7c032b9dda1df7d1c" "/opt/rustwide/cargo-home/bin/cargo" "+1.75.0" "test" "--frozen" "--no-run" "--message-format=json", kill_on_drop: false }`
[INFO] [stdout] 27484aa854b4b75dd4c4eef76acfe89473d09cb17c332d836d47f64f5e549a13
[INFO] running `Command { std: "docker" "start" "-a" "27484aa854b4b75dd4c4eef76acfe89473d09cb17c332d836d47f64f5e549a13", kill_on_drop: false }`
[INFO] [stdout] warning: unused import: `super::data_value::bool::DataValueBool`
[INFO] [stdout]  --> src/object_format/rof.rs:6:5
[INFO] [stdout]   |
[INFO] [stdout] 6 | use super::data_value::bool::DataValueBool;
[INFO] [stdout]   |     ^^^^^^^^^^^^^^^^^^^^^^^^^^^^^^^^^^^^^^
[INFO] [stdout]   |
[INFO] [stdout]   = note: `#[warn(unused_imports)]` on by default
[INFO] [stdout] 
[INFO] [stdout] 
[INFO] [stderr]    Compiling rof-rs v0.1.7 (/opt/rustwide/workdir)
[INFO] [stdout] warning: value assigned to `base_type` is never read
[INFO] [stdout]   --> src/object_format/property/property_type/mod.rs:88:17
[INFO] [stdout]    |
[INFO] [stdout] 88 |         let mut base_type: &str = "";
[INFO] [stdout]    |                 ^^^^^^^^^
[INFO] [stdout]    |
[INFO] [stdout]    = help: maybe it is overwritten before being read?
[INFO] [stdout]    = note: `#[warn(unused_assignments)]` on by default
[INFO] [stdout] 
[INFO] [stdout] 
[INFO] [stdout] warning: 2 warnings emitted
[INFO] [stdout] 
[INFO] [stdout] 
[INFO] [stdout] warning: unused import: `super::data_value::bool::DataValueBool`
[INFO] [stdout]  --> src/object_format/rof.rs:6:5
[INFO] [stdout]   |
[INFO] [stdout] 6 | use super::data_value::bool::DataValueBool;
[INFO] [stdout]   |     ^^^^^^^^^^^^^^^^^^^^^^^^^^^^^^^^^^^^^^
[INFO] [stdout]   |
[INFO] [stdout]   = note: `#[warn(unused_imports)]` on by default
[INFO] [stdout] 
[INFO] [stdout] 
[INFO] [stdout] warning: value assigned to `base_type` is never read
[INFO] [stdout]   --> src/object_format/property/property_type/mod.rs:88:17
[INFO] [stdout]    |
[INFO] [stdout] 88 |         let mut base_type: &str = "";
[INFO] [stdout]    |                 ^^^^^^^^^
[INFO] [stdout]    |
[INFO] [stdout]    = help: maybe it is overwritten before being read?
[INFO] [stdout]    = note: `#[warn(unused_assignments)]` on by default
[INFO] [stdout] 
[INFO] [stdout] 
[INFO] [stdout] warning: 2 warnings emitted
[INFO] [stdout] 
[INFO] [stdout] 
[INFO] [stderr]     Finished test [unoptimized + debuginfo] target(s) in 0.42s
[INFO] running `Command { std: "docker" "inspect" "27484aa854b4b75dd4c4eef76acfe89473d09cb17c332d836d47f64f5e549a13", kill_on_drop: false }`
[INFO] running `Command { std: "docker" "rm" "-f" "27484aa854b4b75dd4c4eef76acfe89473d09cb17c332d836d47f64f5e549a13", kill_on_drop: false }`
[INFO] [stdout] 27484aa854b4b75dd4c4eef76acfe89473d09cb17c332d836d47f64f5e549a13
[INFO] running `Command { std: "docker" "create" "-v" "/var/lib/crater-agent-workspace/builds/worker-6-tc1/target:/opt/rustwide/target:rw,Z" "-v" "/var/lib/crater-agent-workspace/builds/worker-6-tc1/source:/opt/rustwide/workdir:ro,Z" "-v" "/var/lib/crater-agent-workspace/cargo-home:/opt/rustwide/cargo-home:ro,Z" "-v" "/var/lib/crater-agent-workspace/rustup-home:/opt/rustwide/rustup-home:ro,Z" "-e" "SOURCE_DIR=/opt/rustwide/workdir" "-e" "CARGO_TARGET_DIR=/opt/rustwide/target" "-e" "CARGO_INCREMENTAL=0" "-e" "RUST_BACKTRACE=full" "-e" "RUSTFLAGS=--cap-lints=warn" "-e" "RUSTDOCFLAGS=--cap-lints=warn" "-e" "CARGO_HOME=/opt/rustwide/cargo-home" "-e" "RUSTUP_HOME=/opt/rustwide/rustup-home" "-w" "/opt/rustwide/workdir" "-m" "1610612736" "--user" "0:0" "--network" "none" "ghcr.io/rust-lang/crates-build-env/linux@sha256:2788e3201cd34a07e3172128adcd8b3090168a8e3bcc40d7c032b9dda1df7d1c" "/opt/rustwide/cargo-home/bin/cargo" "+1.75.0" "test" "--frozen", kill_on_drop: false }`
[INFO] [stdout] d89c50726717f515658db79951fd4291908e8070339f8b3190c76e4db5571d1e
[INFO] running `Command { std: "docker" "start" "-a" "d89c50726717f515658db79951fd4291908e8070339f8b3190c76e4db5571d1e", kill_on_drop: false }`
[INFO] [stderr] warning: unused import: `super::data_value::bool::DataValueBool`
[INFO] [stderr]  --> src/object_format/rof.rs:6:5
[INFO] [stderr]   |
[INFO] [stderr] 6 | use super::data_value::bool::DataValueBool;
[INFO] [stderr]   |     ^^^^^^^^^^^^^^^^^^^^^^^^^^^^^^^^^^^^^^
[INFO] [stderr]   |
[INFO] [stderr]   = note: `#[warn(unused_imports)]` on by default
[INFO] [stderr] 
[INFO] [stderr] warning: value assigned to `base_type` is never read
[INFO] [stderr]   --> src/object_format/property/property_type/mod.rs:88:17
[INFO] [stderr]    |
[INFO] [stderr] 88 |         let mut base_type: &str = "";
[INFO] [stderr]    |                 ^^^^^^^^^
[INFO] [stderr]    |
[INFO] [stderr]    = help: maybe it is overwritten before being read?
[INFO] [stderr]    = note: `#[warn(unused_assignments)]` on by default
[INFO] [stderr] 
[INFO] [stderr] warning: `rof-rs` (lib) generated 2 warnings (run `cargo fix --lib -p rof-rs` to apply 1 suggestion)
[INFO] [stderr] warning: `rof-rs` (lib test) generated 2 warnings (2 duplicates)
[INFO] [stderr]     Finished test [unoptimized + debuginfo] target(s) in 0.01s
[INFO] [stderr]      Running unittests src/lib.rs (/opt/rustwide/target/debug/deps/rof_rs-a46bacb6c7c128b9)
[INFO] [stdout] 
[INFO] [stdout] running 0 tests
[INFO] [stdout] 
[INFO] [stdout] test result: ok. 0 passed; 0 failed; 0 ignored; 0 measured; 0 filtered out; finished in 0.00s
[INFO] [stdout] 
[INFO] [stderr]    Doc-tests rof-rs
[INFO] [stdout] 
[INFO] [stdout] running 2 tests
[INFO] [stdout] test src/rof_compat/mod.rs - rof_compat::RofCompat::deserialize (line 36) ... FAILED
[INFO] [stdout] test src/rof_compat/mod.rs - rof_compat::RofCompat::serialize (line 17) ... FAILED
[INFO] [stdout] 
[INFO] [stdout] failures:
[INFO] [stdout] 
[INFO] [stdout] ---- src/rof_compat/mod.rs - rof_compat::RofCompat::deserialize (line 36) stdout ----
[INFO] [stdout] error[E0405]: cannot find trait `DataValue` in this scope
[INFO] [stdout]  --> src/rof_compat/mod.rs:37:36
[INFO] [stdout]   |
[INFO] [stdout] 3 | fn deserialize(rof_object: Box<dyn DataValue>) -> Self {
[INFO] [stdout]   |                                    ^^^^^^^^^ not found in this scope
[INFO] [stdout]   |
[INFO] [stdout] help: consider importing this trait
[INFO] [stdout]   |
[INFO] [stdout] 2 + use rof_rs::object_format::DataValue;
[INFO] [stdout]   |
[INFO] [stdout] 
[INFO] [stdout] error[E0411]: cannot find type `Self` in this scope
[INFO] [stdout]  --> src/rof_compat/mod.rs:37:51
[INFO] [stdout]   |
[INFO] [stdout] 3 | fn deserialize(rof_object: Box<dyn DataValue>) -> Self {
[INFO] [stdout]   |    ----------- `Self` not allowed in a function   ^^^^ `Self` is only available in impls, traits, and type definitions
[INFO] [stdout] 
[INFO] [stdout] error[E0411]: cannot find struct, variant or union type `Self` in this scope
[INFO] [stdout]  --> src/rof_compat/mod.rs:40:5
[INFO] [stdout]   |
[INFO] [stdout] 3 | fn deserialize(rof_object: Box<dyn DataValue>) -> Self {
[INFO] [stdout]   |    ----------- `Self` not allowed in a function
[INFO] [stdout] ...
[INFO] [stdout] 6 |     Self {
[INFO] [stdout]   |     ^^^^ `Self` is only available in impls, traits, and type definitions
[INFO] [stdout] 
[INFO] [stdout] error: aborting due to 3 previous errors
[INFO] [stdout] 
[INFO] [stdout] Some errors have detailed explanations: E0405, E0411.
[INFO] [stdout] For more information about an error, try `rustc --explain E0405`.
[INFO] [stdout] Couldn't compile the test.
[INFO] [stdout] ---- src/rof_compat/mod.rs - rof_compat::RofCompat::serialize (line 17) stdout ----
[INFO] [stdout] error: `self` parameter is only allowed in associated functions
[INFO] [stdout]  --> src/rof_compat/mod.rs:18:14
[INFO] [stdout]   |
[INFO] [stdout] 3 | fn serialize(&self) -> Box<dyn DataValue> {
[INFO] [stdout]   |              ^^^^^ not semantically valid as function parameter
[INFO] [stdout]   |
[INFO] [stdout]   = note: associated functions are those in `impl` or `trait` definitions
[INFO] [stdout] 
[INFO] [stdout] error[E0405]: cannot find trait `DataValue` in this scope
[INFO] [stdout]  --> src/rof_compat/mod.rs:18:32
[INFO] [stdout]   |
[INFO] [stdout] 3 | fn serialize(&self) -> Box<dyn DataValue> {
[INFO] [stdout]   |                                ^^^^^^^^^ not found in this scope
[INFO] [stdout]   |
[INFO] [stdout] help: consider importing this trait
[INFO] [stdout]   |
[INFO] [stdout] 2 + use rof_rs::object_format::DataValue;
[INFO] [stdout]   |
[INFO] [stdout] 
[INFO] [stdout] error[E0433]: failed to resolve: use of undeclared type `DataValueInteger`
[INFO] [stdout]  --> src/rof_compat/mod.rs:19:14
[INFO] [stdout]   |
[INFO] [stdout] 4 |     Box::new(DataValueInteger::U32(
[INFO] [stdout]   |              ^^^^^^^^^^^^^^^^ use of undeclared type `DataValueInteger`
[INFO] [stdout]   |
[INFO] [stdout] help: consider importing this enum
[INFO] [stdout]   |
[INFO] [stdout] 2 + use rof_rs::object_format::data_value::integer::DataValueInteger;
[INFO] [stdout]   |
[INFO] [stdout] 
[INFO] [stdout] error: aborting due to 3 previous errors
[INFO] [stdout] 
[INFO] [stdout] Some errors have detailed explanations: E0405, E0433.
[INFO] [stdout] For more information about an error, try `rustc --explain E0405`.
[INFO] [stdout] Couldn't compile the test.
[INFO] [stdout] 
[INFO] [stdout] failures:
[INFO] [stdout]     src/rof_compat/mod.rs - rof_compat::RofCompat::deserialize (line 36)
[INFO] [stdout]     src/rof_compat/mod.rs - rof_compat::RofCompat::serialize (line 17)
[INFO] [stdout] 
[INFO] [stdout] test result: FAILED. 0 passed; 2 failed; 0 ignored; 0 measured; 0 filtered out; finished in 0.06s
[INFO] [stdout] 
[INFO] [stderr] error: doctest failed, to rerun pass `--doc`
[INFO] running `Command { std: "docker" "inspect" "d89c50726717f515658db79951fd4291908e8070339f8b3190c76e4db5571d1e", kill_on_drop: false }`
[INFO] running `Command { std: "docker" "rm" "-f" "d89c50726717f515658db79951fd4291908e8070339f8b3190c76e4db5571d1e", kill_on_drop: false }`
[INFO] [stdout] d89c50726717f515658db79951fd4291908e8070339f8b3190c76e4db5571d1e
[INFO] testing rof-rs-0.1.7 against beta-2023-12-22 for beta-1.76-1
[INFO] extracting crate rof-rs 0.1.7 into /workspace/builds/worker-6-tc2/source
[INFO] validating manifest of crates.io crate rof-rs 0.1.7 on toolchain beta-2023-12-22
[INFO] running `Command { std: CARGO_HOME="/workspace/cargo-home" RUSTUP_HOME="/workspace/rustup-home" "/workspace/cargo-home/bin/cargo" "+beta-2023-12-22" "metadata" "--manifest-path" "Cargo.toml" "--no-deps", kill_on_drop: false }`
[INFO] started tweaking crates.io crate rof-rs 0.1.7
[INFO] finished tweaking crates.io crate rof-rs 0.1.7
[INFO] tweaked toml for crates.io crate rof-rs 0.1.7 written to /workspace/builds/worker-6-tc2/source/Cargo.toml
[INFO] running `Command { std: CARGO_HOME="/workspace/cargo-home" RUSTUP_HOME="/workspace/rustup-home" "/workspace/cargo-home/bin/cargo" "+beta-2023-12-22" "generate-lockfile" "--manifest-path" "Cargo.toml", kill_on_drop: false }`
[INFO] [stderr]     Updating crates.io index
[INFO] running `Command { std: CARGO_HOME="/workspace/cargo-home" RUSTUP_HOME="/workspace/rustup-home" "/workspace/cargo-home/bin/cargo" "+beta-2023-12-22" "fetch" "--manifest-path" "Cargo.toml", kill_on_drop: false }`
[INFO] running `Command { std: "docker" "create" "-v" "/var/lib/crater-agent-workspace/builds/worker-6-tc2/target:/opt/rustwide/target:rw,Z" "-v" "/var/lib/crater-agent-workspace/builds/worker-6-tc2/source:/opt/rustwide/workdir:ro,Z" "-v" "/var/lib/crater-agent-workspace/cargo-home:/opt/rustwide/cargo-home:ro,Z" "-v" "/var/lib/crater-agent-workspace/rustup-home:/opt/rustwide/rustup-home:ro,Z" "-e" "SOURCE_DIR=/opt/rustwide/workdir" "-e" "CARGO_TARGET_DIR=/opt/rustwide/target" "-e" "CARGO_HOME=/opt/rustwide/cargo-home" "-e" "RUSTUP_HOME=/opt/rustwide/rustup-home" "-w" "/opt/rustwide/workdir" "-m" "1610612736" "--user" "0:0" "--network" "none" "ghcr.io/rust-lang/crates-build-env/linux@sha256:2788e3201cd34a07e3172128adcd8b3090168a8e3bcc40d7c032b9dda1df7d1c" "/opt/rustwide/cargo-home/bin/cargo" "+beta-2023-12-22" "metadata" "--no-deps" "--format-version=1", kill_on_drop: false }`
[INFO] [stdout] 02ca567f94e8d4f1e1dd574cae777869ea6c5f1a6dc4c4195fb86ba33ea50e7a
[INFO] running `Command { std: "docker" "start" "-a" "02ca567f94e8d4f1e1dd574cae777869ea6c5f1a6dc4c4195fb86ba33ea50e7a", kill_on_drop: false }`
[INFO] running `Command { std: "docker" "inspect" "02ca567f94e8d4f1e1dd574cae777869ea6c5f1a6dc4c4195fb86ba33ea50e7a", kill_on_drop: false }`
[INFO] running `Command { std: "docker" "rm" "-f" "02ca567f94e8d4f1e1dd574cae777869ea6c5f1a6dc4c4195fb86ba33ea50e7a", kill_on_drop: false }`
[INFO] [stdout] 02ca567f94e8d4f1e1dd574cae777869ea6c5f1a6dc4c4195fb86ba33ea50e7a
[INFO] running `Command { std: "docker" "create" "-v" "/var/lib/crater-agent-workspace/builds/worker-6-tc2/target:/opt/rustwide/target:rw,Z" "-v" "/var/lib/crater-agent-workspace/builds/worker-6-tc2/source:/opt/rustwide/workdir:ro,Z" "-v" "/var/lib/crater-agent-workspace/cargo-home:/opt/rustwide/cargo-home:ro,Z" "-v" "/var/lib/crater-agent-workspace/rustup-home:/opt/rustwide/rustup-home:ro,Z" "-e" "SOURCE_DIR=/opt/rustwide/workdir" "-e" "CARGO_TARGET_DIR=/opt/rustwide/target" "-e" "CARGO_INCREMENTAL=0" "-e" "RUST_BACKTRACE=full" "-e" "RUSTFLAGS=--cap-lints=warn" "-e" "RUSTDOCFLAGS=--cap-lints=warn" "-e" "CARGO_HOME=/opt/rustwide/cargo-home" "-e" "RUSTUP_HOME=/opt/rustwide/rustup-home" "-w" "/opt/rustwide/workdir" "-m" "1610612736" "--user" "0:0" "--network" "none" "ghcr.io/rust-lang/crates-build-env/linux@sha256:2788e3201cd34a07e3172128adcd8b3090168a8e3bcc40d7c032b9dda1df7d1c" "/opt/rustwide/cargo-home/bin/cargo" "+beta-2023-12-22" "build" "--frozen" "--message-format=json", kill_on_drop: false }`
[INFO] [stdout] 76ac51e10647c68d0733d12aa8a4065c90ca30c45e7e926fa29456da1708d0bd
[INFO] running `Command { std: "docker" "start" "-a" "76ac51e10647c68d0733d12aa8a4065c90ca30c45e7e926fa29456da1708d0bd", kill_on_drop: false }`
[INFO] [stderr]    Compiling syn v2.0.48
[INFO] [stderr]    Compiling rof_rs_macros v0.1.3
[INFO] [stderr]    Compiling rof-rs v0.1.7 (/opt/rustwide/workdir)
[INFO] [stdout] warning: unused import: `super::data_value::bool::DataValueBool`
[INFO] [stdout]  --> src/object_format/rof.rs:6:5
[INFO] [stdout]   |
[INFO] [stdout] 6 | use super::data_value::bool::DataValueBool;
[INFO] [stdout]   |     ^^^^^^^^^^^^^^^^^^^^^^^^^^^^^^^^^^^^^^
[INFO] [stdout]   |
[INFO] [stdout]   = note: `#[warn(unused_imports)]` on by default
[INFO] [stdout] 
[INFO] [stdout] 
[INFO] [stdout] warning: value assigned to `base_type` is never read
[INFO] [stdout]   --> src/object_format/property/property_type/mod.rs:88:17
[INFO] [stdout]    |
[INFO] [stdout] 88 |         let mut base_type: &str = "";
[INFO] [stdout]    |                 ^^^^^^^^^
[INFO] [stdout]    |
[INFO] [stdout]    = help: maybe it is overwritten before being read?
[INFO] [stdout]    = note: `#[warn(unused_assignments)]` on by default
[INFO] [stdout] 
[INFO] [stdout] 
[INFO] [stdout] warning: 2 warnings emitted
[INFO] [stdout] 
[INFO] [stdout] 
[INFO] [stderr]     Finished dev [unoptimized + debuginfo] target(s) in 3.44s
[INFO] running `Command { std: "docker" "inspect" "76ac51e10647c68d0733d12aa8a4065c90ca30c45e7e926fa29456da1708d0bd", kill_on_drop: false }`
[INFO] running `Command { std: "docker" "rm" "-f" "76ac51e10647c68d0733d12aa8a4065c90ca30c45e7e926fa29456da1708d0bd", kill_on_drop: false }`
[INFO] [stdout] 76ac51e10647c68d0733d12aa8a4065c90ca30c45e7e926fa29456da1708d0bd
[INFO] running `Command { std: "docker" "create" "-v" "/var/lib/crater-agent-workspace/builds/worker-6-tc2/target:/opt/rustwide/target:rw,Z" "-v" "/var/lib/crater-agent-workspace/builds/worker-6-tc2/source:/opt/rustwide/workdir:ro,Z" "-v" "/var/lib/crater-agent-workspace/cargo-home:/opt/rustwide/cargo-home:ro,Z" "-v" "/var/lib/crater-agent-workspace/rustup-home:/opt/rustwide/rustup-home:ro,Z" "-e" "SOURCE_DIR=/opt/rustwide/workdir" "-e" "CARGO_TARGET_DIR=/opt/rustwide/target" "-e" "CARGO_INCREMENTAL=0" "-e" "RUST_BACKTRACE=full" "-e" "RUSTFLAGS=--cap-lints=warn" "-e" "RUSTDOCFLAGS=--cap-lints=warn" "-e" "CARGO_HOME=/opt/rustwide/cargo-home" "-e" "RUSTUP_HOME=/opt/rustwide/rustup-home" "-w" "/opt/rustwide/workdir" "-m" "1610612736" "--user" "0:0" "--network" "none" "ghcr.io/rust-lang/crates-build-env/linux@sha256:2788e3201cd34a07e3172128adcd8b3090168a8e3bcc40d7c032b9dda1df7d1c" "/opt/rustwide/cargo-home/bin/cargo" "+beta-2023-12-22" "test" "--frozen" "--no-run" "--message-format=json", kill_on_drop: false }`
[INFO] [stdout] 811606f91ff45f1bfca34a914e36c36e7610b000a7b3d72ba48b1b69d2fa6981
[INFO] running `Command { std: "docker" "start" "-a" "811606f91ff45f1bfca34a914e36c36e7610b000a7b3d72ba48b1b69d2fa6981", kill_on_drop: false }`
[INFO] [stderr]    Compiling rof-rs v0.1.7 (/opt/rustwide/workdir)
[INFO] [stdout] warning: unused import: `super::data_value::bool::DataValueBool`
[INFO] [stdout]  --> src/object_format/rof.rs:6:5
[INFO] [stdout]   |
[INFO] [stdout] 6 | use super::data_value::bool::DataValueBool;
[INFO] [stdout]   |     ^^^^^^^^^^^^^^^^^^^^^^^^^^^^^^^^^^^^^^
[INFO] [stdout]   |
[INFO] [stdout]   = note: `#[warn(unused_imports)]` on by default
[INFO] [stdout] 
[INFO] [stdout] 
[INFO] [stdout] warning: value assigned to `base_type` is never read
[INFO] [stdout]   --> src/object_format/property/property_type/mod.rs:88:17
[INFO] [stdout]    |
[INFO] [stdout] 88 |         let mut base_type: &str = "";
[INFO] [stdout]    |                 ^^^^^^^^^
[INFO] [stdout]    |
[INFO] [stdout]    = help: maybe it is overwritten before being read?
[INFO] [stdout]    = note: `#[warn(unused_assignments)]` on by default
[INFO] [stdout] 
[INFO] [stdout] 
[INFO] [stdout] warning: 2 warnings emitted
[INFO] [stdout] 
[INFO] [stdout] 
[INFO] [stdout] warning: unused import: `super::data_value::bool::DataValueBool`
[INFO] [stdout]  --> src/object_format/rof.rs:6:5
[INFO] [stdout]   |
[INFO] [stdout] 6 | use super::data_value::bool::DataValueBool;
[INFO] [stdout]   |     ^^^^^^^^^^^^^^^^^^^^^^^^^^^^^^^^^^^^^^
[INFO] [stdout]   |
[INFO] [stdout]   = note: `#[warn(unused_imports)]` on by default
[INFO] [stdout] 
[INFO] [stdout] 
[INFO] [stdout] warning: value assigned to `base_type` is never read
[INFO] [stdout]   --> src/object_format/property/property_type/mod.rs:88:17
[INFO] [stdout]    |
[INFO] [stdout] 88 |         let mut base_type: &str = "";
[INFO] [stdout]    |                 ^^^^^^^^^
[INFO] [stdout]    |
[INFO] [stdout]    = help: maybe it is overwritten before being read?
[INFO] [stdout]    = note: `#[warn(unused_assignments)]` on by default
[INFO] [stdout] 
[INFO] [stdout] 
[INFO] [stdout] warning: 2 warnings emitted
[INFO] [stdout] 
[INFO] [stdout] 
[INFO] [stderr]     Finished test [unoptimized + debuginfo] target(s) in 0.58s
[INFO] running `Command { std: "docker" "inspect" "811606f91ff45f1bfca34a914e36c36e7610b000a7b3d72ba48b1b69d2fa6981", kill_on_drop: false }`
[INFO] running `Command { std: "docker" "rm" "-f" "811606f91ff45f1bfca34a914e36c36e7610b000a7b3d72ba48b1b69d2fa6981", kill_on_drop: false }`
[INFO] [stdout] 811606f91ff45f1bfca34a914e36c36e7610b000a7b3d72ba48b1b69d2fa6981
[INFO] running `Command { std: "docker" "create" "-v" "/var/lib/crater-agent-workspace/builds/worker-6-tc2/target:/opt/rustwide/target:rw,Z" "-v" "/var/lib/crater-agent-workspace/builds/worker-6-tc2/source:/opt/rustwide/workdir:ro,Z" "-v" "/var/lib/crater-agent-workspace/cargo-home:/opt/rustwide/cargo-home:ro,Z" "-v" "/var/lib/crater-agent-workspace/rustup-home:/opt/rustwide/rustup-home:ro,Z" "-e" "SOURCE_DIR=/opt/rustwide/workdir" "-e" "CARGO_TARGET_DIR=/opt/rustwide/target" "-e" "CARGO_INCREMENTAL=0" "-e" "RUST_BACKTRACE=full" "-e" "RUSTFLAGS=--cap-lints=warn" "-e" "RUSTDOCFLAGS=--cap-lints=warn" "-e" "CARGO_HOME=/opt/rustwide/cargo-home" "-e" "RUSTUP_HOME=/opt/rustwide/rustup-home" "-w" "/opt/rustwide/workdir" "-m" "1610612736" "--user" "0:0" "--network" "none" "ghcr.io/rust-lang/crates-build-env/linux@sha256:2788e3201cd34a07e3172128adcd8b3090168a8e3bcc40d7c032b9dda1df7d1c" "/opt/rustwide/cargo-home/bin/cargo" "+beta-2023-12-22" "test" "--frozen", kill_on_drop: false }`
[INFO] [stdout] 5c83bf10bbe8b23598d692cce82085ad560c55ff9dcada4f6d0f14f81c6062bd
[INFO] running `Command { std: "docker" "start" "-a" "5c83bf10bbe8b23598d692cce82085ad560c55ff9dcada4f6d0f14f81c6062bd", kill_on_drop: false }`
[INFO] [stderr] warning: unused import: `super::data_value::bool::DataValueBool`
[INFO] [stderr]  --> src/object_format/rof.rs:6:5
[INFO] [stderr]   |
[INFO] [stderr] 6 | use super::data_value::bool::DataValueBool;
[INFO] [stderr]   |     ^^^^^^^^^^^^^^^^^^^^^^^^^^^^^^^^^^^^^^
[INFO] [stderr]   |
[INFO] [stderr]   = note: `#[warn(unused_imports)]` on by default
[INFO] [stderr] 
[INFO] [stderr] warning: value assigned to `base_type` is never read
[INFO] [stderr]   --> src/object_format/property/property_type/mod.rs:88:17
[INFO] [stderr]    |
[INFO] [stderr] 88 |         let mut base_type: &str = "";
[INFO] [stderr]    |                 ^^^^^^^^^
[INFO] [stderr]    |
[INFO] [stderr]    = help: maybe it is overwritten before being read?
[INFO] [stderr]    = note: `#[warn(unused_assignments)]` on by default
[INFO] [stderr] 
[INFO] [stderr] warning: `rof-rs` (lib) generated 2 warnings (run `cargo fix --lib -p rof-rs` to apply 1 suggestion)
[INFO] [stderr] warning: `rof-rs` (lib test) generated 2 warnings (2 duplicates)
[INFO] [stderr]     Finished test [unoptimized + debuginfo] target(s) in 0.02s
[INFO] [stderr]      Running unittests src/lib.rs (/opt/rustwide/target/debug/deps/rof_rs-0236efd552e8954f)
[INFO] [stdout] 
[INFO] [stderr]    Doc-tests rof-rs
[INFO] [stdout] running 0 tests
[INFO] [stdout] 
[INFO] [stdout] test result: ok. 0 passed; 0 failed; 0 ignored; 0 measured; 0 filtered out; finished in 0.00s
[INFO] [stdout] 
[INFO] [stdout] 
[INFO] [stdout] running 2 tests
[INFO] [stdout] test src/rof_compat/mod.rs - rof_compat::RofCompat::serialize (line 17) ... FAILED
[INFO] [stdout] test src/rof_compat/mod.rs - rof_compat::RofCompat::deserialize (line 36) ... FAILED
[INFO] [stderr] error: doctest failed, to rerun pass `--doc`
[INFO] [stdout] 
[INFO] [stdout] failures:
[INFO] [stdout] 
[INFO] [stdout] ---- src/rof_compat/mod.rs - rof_compat::RofCompat::serialize (line 17) stdout ----
[INFO] [stdout] error: `self` parameter is only allowed in associated functions
[INFO] [stdout]  --> src/rof_compat/mod.rs:18:14
[INFO] [stdout]   |
[INFO] [stdout] 3 | fn serialize(&self) -> Box<dyn DataValue> {
[INFO] [stdout]   |              ^^^^^ not semantically valid as function parameter
[INFO] [stdout]   |
[INFO] [stdout]   = note: associated functions are those in `impl` or `trait` definitions
[INFO] [stdout] 
[INFO] [stdout] error[E0405]: cannot find trait `DataValue` in this scope
[INFO] [stdout]  --> src/rof_compat/mod.rs:18:32
[INFO] [stdout]   |
[INFO] [stdout] 3 | fn serialize(&self) -> Box<dyn DataValue> {
[INFO] [stdout]   |                                ^^^^^^^^^ not found in this scope
[INFO] [stdout]   |
[INFO] [stdout] help: consider importing this trait
[INFO] [stdout]   |
[INFO] [stdout] 2 + use rof_rs::object_format::DataValue;
[INFO] [stdout]   |
[INFO] [stdout] 
[INFO] [stdout] error[E0433]: failed to resolve: use of undeclared type `DataValueInteger`
[INFO] [stdout]  --> src/rof_compat/mod.rs:19:14
[INFO] [stdout]   |
[INFO] [stdout] 4 |     Box::new(DataValueInteger::U32(
[INFO] [stdout]   |              ^^^^^^^^^^^^^^^^ use of undeclared type `DataValueInteger`
[INFO] [stdout]   |
[INFO] [stdout] help: consider importing this enum
[INFO] [stdout]   |
[INFO] [stdout] 2 + use rof_rs::object_format::data_value::integer::DataValueInteger;
[INFO] [stdout]   |
[INFO] [stdout] 
[INFO] [stdout] error: aborting due to 3 previous errors
[INFO] [stdout] 
[INFO] [stdout] Some errors have detailed explanations: E0405, E0433.
[INFO] [stdout] For more information about an error, try `rustc --explain E0405`.
[INFO] [stdout] Couldn't compile the test.
[INFO] [stdout] ---- src/rof_compat/mod.rs - rof_compat::RofCompat::deserialize (line 36) stdout ----
[INFO] [stdout] error[E0405]: cannot find trait `DataValue` in this scope
[INFO] [stdout]  --> src/rof_compat/mod.rs:37:36
[INFO] [stdout]   |
[INFO] [stdout] 3 | fn deserialize(rof_object: Box<dyn DataValue>) -> Self {
[INFO] [stdout]   |                                    ^^^^^^^^^ not found in this scope
[INFO] [stdout]   |
[INFO] [stdout] help: consider importing this trait
[INFO] [stdout]   |
[INFO] [stdout] 2 + use rof_rs::object_format::DataValue;
[INFO] [stdout]   |
[INFO] [stdout] 
[INFO] [stdout] error[E0411]: cannot find type `Self` in this scope
[INFO] [stdout]  --> src/rof_compat/mod.rs:37:51
[INFO] [stdout]   |
[INFO] [stdout] 3 | fn deserialize(rof_object: Box<dyn DataValue>) -> Self {
[INFO] [stdout]   |    ----------- `Self` not allowed in a function   ^^^^ `Self` is only available in impls, traits, and type definitions
[INFO] [stdout] 
[INFO] [stdout] error[E0411]: cannot find struct, variant or union type `Self` in this scope
[INFO] [stdout]  --> src/rof_compat/mod.rs:40:5
[INFO] [stdout]   |
[INFO] [stdout] 3 | fn deserialize(rof_object: Box<dyn DataValue>) -> Self {
[INFO] [stdout]   |    ----------- `Self` not allowed in a function
[INFO] [stdout] ...
[INFO] [stdout] 6 |     Self {
[INFO] [stdout]   |     ^^^^ `Self` is only available in impls, traits, and type definitions
[INFO] [stdout] 
[INFO] [stdout] error: aborting due to 3 previous errors
[INFO] [stdout] 
[INFO] [stdout] Some errors have detailed explanations: E0405, E0411.
[INFO] [stdout] For more information about an error, try `rustc --explain E0405`.
[INFO] [stdout] Couldn't compile the test.
[INFO] [stdout] 
[INFO] [stdout] failures:
[INFO] [stdout]     src/rof_compat/mod.rs - rof_compat::RofCompat::deserialize (line 36)
[INFO] [stdout]     src/rof_compat/mod.rs - rof_compat::RofCompat::serialize (line 17)
[INFO] [stdout] 
[INFO] [stdout] test result: FAILED. 0 passed; 2 failed; 0 ignored; 0 measured; 0 filtered out; finished in 0.07s
[INFO] [stdout] 
[INFO] running `Command { std: "docker" "inspect" "5c83bf10bbe8b23598d692cce82085ad560c55ff9dcada4f6d0f14f81c6062bd", kill_on_drop: false }`
[INFO] running `Command { std: "docker" "rm" "-f" "5c83bf10bbe8b23598d692cce82085ad560c55ff9dcada4f6d0f14f81c6062bd", kill_on_drop: false }`
[INFO] [stdout] 5c83bf10bbe8b23598d692cce82085ad560c55ff9dcada4f6d0f14f81c6062bd
