[INFO] fetching crate rocketchat-message 0.1.3...
[INFO] testing rocketchat-message-0.1.3 against 1.75.0 for beta-1.76-1
[INFO] extracting crate rocketchat-message 0.1.3 into /workspace/builds/worker-1-tc1/source
[INFO] validating manifest of crates.io crate rocketchat-message 0.1.3 on toolchain 1.75.0
[INFO] running `Command { std: CARGO_HOME="/workspace/cargo-home" RUSTUP_HOME="/workspace/rustup-home" "/workspace/cargo-home/bin/cargo" "+1.75.0" "metadata" "--manifest-path" "Cargo.toml" "--no-deps", kill_on_drop: false }`
[INFO] started tweaking crates.io crate rocketchat-message 0.1.3
[INFO] finished tweaking crates.io crate rocketchat-message 0.1.3
[INFO] tweaked toml for crates.io crate rocketchat-message 0.1.3 written to /workspace/builds/worker-1-tc1/source/Cargo.toml
[INFO] running `Command { std: CARGO_HOME="/workspace/cargo-home" RUSTUP_HOME="/workspace/rustup-home" "/workspace/cargo-home/bin/cargo" "+1.75.0" "generate-lockfile" "--manifest-path" "Cargo.toml", kill_on_drop: false }`
[INFO] [stderr]     Updating crates.io index
[INFO] running `Command { std: CARGO_HOME="/workspace/cargo-home" RUSTUP_HOME="/workspace/rustup-home" "/workspace/cargo-home/bin/cargo" "+1.75.0" "fetch" "--manifest-path" "Cargo.toml", kill_on_drop: false }`
[INFO] running `Command { std: "docker" "create" "-v" "/var/lib/crater-agent-workspace/builds/worker-1-tc1/target:/opt/rustwide/target:rw,Z" "-v" "/var/lib/crater-agent-workspace/builds/worker-1-tc1/source:/opt/rustwide/workdir:ro,Z" "-v" "/var/lib/crater-agent-workspace/cargo-home:/opt/rustwide/cargo-home:ro,Z" "-v" "/var/lib/crater-agent-workspace/rustup-home:/opt/rustwide/rustup-home:ro,Z" "-e" "SOURCE_DIR=/opt/rustwide/workdir" "-e" "CARGO_TARGET_DIR=/opt/rustwide/target" "-e" "CARGO_HOME=/opt/rustwide/cargo-home" "-e" "RUSTUP_HOME=/opt/rustwide/rustup-home" "-w" "/opt/rustwide/workdir" "-m" "1610612736" "--user" "0:0" "--network" "none" "ghcr.io/rust-lang/crates-build-env/linux@sha256:2788e3201cd34a07e3172128adcd8b3090168a8e3bcc40d7c032b9dda1df7d1c" "/opt/rustwide/cargo-home/bin/cargo" "+1.75.0" "metadata" "--no-deps" "--format-version=1", kill_on_drop: false }`
[INFO] [stdout] dbdf85de73831c646bd7e87c52276cb3145fb20c127e629d5e721633a674257e
[INFO] running `Command { std: "docker" "start" "-a" "dbdf85de73831c646bd7e87c52276cb3145fb20c127e629d5e721633a674257e", kill_on_drop: false }`
[INFO] running `Command { std: "docker" "inspect" "dbdf85de73831c646bd7e87c52276cb3145fb20c127e629d5e721633a674257e", kill_on_drop: false }`
[INFO] running `Command { std: "docker" "rm" "-f" "dbdf85de73831c646bd7e87c52276cb3145fb20c127e629d5e721633a674257e", kill_on_drop: false }`
[INFO] [stdout] dbdf85de73831c646bd7e87c52276cb3145fb20c127e629d5e721633a674257e
[INFO] running `Command { std: "docker" "create" "-v" "/var/lib/crater-agent-workspace/builds/worker-1-tc1/target:/opt/rustwide/target:rw,Z" "-v" "/var/lib/crater-agent-workspace/builds/worker-1-tc1/source:/opt/rustwide/workdir:ro,Z" "-v" "/var/lib/crater-agent-workspace/cargo-home:/opt/rustwide/cargo-home:ro,Z" "-v" "/var/lib/crater-agent-workspace/rustup-home:/opt/rustwide/rustup-home:ro,Z" "-e" "SOURCE_DIR=/opt/rustwide/workdir" "-e" "CARGO_TARGET_DIR=/opt/rustwide/target" "-e" "CARGO_INCREMENTAL=0" "-e" "RUST_BACKTRACE=full" "-e" "RUSTFLAGS=--cap-lints=warn" "-e" "RUSTDOCFLAGS=--cap-lints=warn" "-e" "CARGO_HOME=/opt/rustwide/cargo-home" "-e" "RUSTUP_HOME=/opt/rustwide/rustup-home" "-w" "/opt/rustwide/workdir" "-m" "1610612736" "--user" "0:0" "--network" "none" "ghcr.io/rust-lang/crates-build-env/linux@sha256:2788e3201cd34a07e3172128adcd8b3090168a8e3bcc40d7c032b9dda1df7d1c" "/opt/rustwide/cargo-home/bin/cargo" "+1.75.0" "build" "--frozen" "--message-format=json", kill_on_drop: false }`
[INFO] [stdout] 3ad348ad6b39aa8d59e5bd19e8a11079c34d7070fc1a3e373ef31ac667fd7d29
[INFO] running `Command { std: "docker" "start" "-a" "3ad348ad6b39aa8d59e5bd19e8a11079c34d7070fc1a3e373ef31ac667fd7d29", kill_on_drop: false }`
[INFO] [stderr]    Compiling libc v0.2.151
[INFO] [stderr]    Compiling bytes v1.5.0
[INFO] [stderr]    Compiling futures-core v0.3.30
[INFO] [stderr]    Compiling syn v2.0.48
[INFO] [stderr]    Compiling tracing v0.1.40
[INFO] [stderr]    Compiling pin-utils v0.1.0
[INFO] [stderr]    Compiling equivalent v1.0.1
[INFO] [stderr]    Compiling futures-sink v0.3.30
[INFO] [stderr]    Compiling bitflags v2.4.1
[INFO] [stderr]    Compiling futures-task v0.3.30
[INFO] [stderr]    Compiling futures-io v0.3.30
[INFO] [stderr]    Compiling hashbrown v0.14.3
[INFO] [stderr]    Compiling futures-util v0.3.30
[INFO] [stderr]    Compiling want v0.3.1
[INFO] [stderr]    Compiling unicode-normalization v0.1.22
[INFO] [stderr]    Compiling futures-channel v0.3.30
[INFO] [stderr]    Compiling http v0.2.11
[INFO] [stderr]    Compiling indexmap v2.1.0
[INFO] [stderr]    Compiling unicode-bidi v0.3.14
[INFO] [stderr]    Compiling tower-service v0.3.2
[INFO] [stderr]    Compiling cc v1.0.83
[INFO] [stderr]    Compiling httpdate v1.0.3
[INFO] [stderr]    Compiling idna v0.5.0
[INFO] [stderr]    Compiling url v2.5.0
[INFO] [stderr]    Compiling num_cpus v1.16.0
[INFO] [stderr]    Compiling mio v0.8.10
[INFO] [stderr]    Compiling socket2 v0.5.5
[INFO] [stderr]    Compiling http-body v0.4.6
[INFO] [stderr]    Compiling openssl-sys v0.9.98
[INFO] [stderr]    Compiling tokio v1.35.1
[INFO] [stderr]    Compiling base64 v0.21.5
[INFO] [stderr]    Compiling ipnet v2.9.0
[INFO] [stderr]    Compiling openssl v0.10.62
[INFO] [stderr]    Compiling native-tls v0.2.11
[INFO] [stderr]    Compiling openssl-macros v0.1.1
[INFO] [stderr]    Compiling serde_derive v1.0.194
[INFO] [stderr]    Compiling tokio-util v0.7.10
[INFO] [stderr]    Compiling serde v1.0.194
[INFO] [stderr]    Compiling h2 v0.3.22
[INFO] [stderr]    Compiling tokio-native-tls v0.3.1
[INFO] [stderr]    Compiling hyper v0.14.28
[INFO] [stderr]    Compiling serde_json v1.0.111
[INFO] [stderr]    Compiling serde_urlencoded v0.7.1
[INFO] [stderr]    Compiling hyper-tls v0.5.0
[INFO] [stderr]    Compiling reqwest v0.11.23
[INFO] [stderr]    Compiling rocketchat-message v0.1.3 (/opt/rustwide/workdir)
[INFO] [stderr]     Finished dev [unoptimized + debuginfo] target(s) in 28.43s
[INFO] running `Command { std: "docker" "inspect" "3ad348ad6b39aa8d59e5bd19e8a11079c34d7070fc1a3e373ef31ac667fd7d29", kill_on_drop: false }`
[INFO] running `Command { std: "docker" "rm" "-f" "3ad348ad6b39aa8d59e5bd19e8a11079c34d7070fc1a3e373ef31ac667fd7d29", kill_on_drop: false }`
[INFO] [stdout] 3ad348ad6b39aa8d59e5bd19e8a11079c34d7070fc1a3e373ef31ac667fd7d29
[INFO] running `Command { std: "docker" "create" "-v" "/var/lib/crater-agent-workspace/builds/worker-1-tc1/target:/opt/rustwide/target:rw,Z" "-v" "/var/lib/crater-agent-workspace/builds/worker-1-tc1/source:/opt/rustwide/workdir:ro,Z" "-v" "/var/lib/crater-agent-workspace/cargo-home:/opt/rustwide/cargo-home:ro,Z" "-v" "/var/lib/crater-agent-workspace/rustup-home:/opt/rustwide/rustup-home:ro,Z" "-e" "SOURCE_DIR=/opt/rustwide/workdir" "-e" "CARGO_TARGET_DIR=/opt/rustwide/target" "-e" "CARGO_INCREMENTAL=0" "-e" "RUST_BACKTRACE=full" "-e" "RUSTFLAGS=--cap-lints=warn" "-e" "RUSTDOCFLAGS=--cap-lints=warn" "-e" "CARGO_HOME=/opt/rustwide/cargo-home" "-e" "RUSTUP_HOME=/opt/rustwide/rustup-home" "-w" "/opt/rustwide/workdir" "-m" "1610612736" "--user" "0:0" "--network" "none" "ghcr.io/rust-lang/crates-build-env/linux@sha256:2788e3201cd34a07e3172128adcd8b3090168a8e3bcc40d7c032b9dda1df7d1c" "/opt/rustwide/cargo-home/bin/cargo" "+1.75.0" "test" "--frozen" "--no-run" "--message-format=json", kill_on_drop: false }`
[INFO] [stdout] 3dfea61150f105be9d3bccbbe3618a54550a2a4421617316c45941c8eee95769
[INFO] running `Command { std: "docker" "start" "-a" "3dfea61150f105be9d3bccbbe3618a54550a2a4421617316c45941c8eee95769", kill_on_drop: false }`
[INFO] [stderr]    Compiling rocketchat-message v0.1.3 (/opt/rustwide/workdir)
[INFO] [stderr]     Finished test [unoptimized + debuginfo] target(s) in 0.60s
[INFO] running `Command { std: "docker" "inspect" "3dfea61150f105be9d3bccbbe3618a54550a2a4421617316c45941c8eee95769", kill_on_drop: false }`
[INFO] running `Command { std: "docker" "rm" "-f" "3dfea61150f105be9d3bccbbe3618a54550a2a4421617316c45941c8eee95769", kill_on_drop: false }`
[INFO] [stdout] 3dfea61150f105be9d3bccbbe3618a54550a2a4421617316c45941c8eee95769
[INFO] running `Command { std: "docker" "create" "-v" "/var/lib/crater-agent-workspace/builds/worker-1-tc1/target:/opt/rustwide/target:rw,Z" "-v" "/var/lib/crater-agent-workspace/builds/worker-1-tc1/source:/opt/rustwide/workdir:ro,Z" "-v" "/var/lib/crater-agent-workspace/cargo-home:/opt/rustwide/cargo-home:ro,Z" "-v" "/var/lib/crater-agent-workspace/rustup-home:/opt/rustwide/rustup-home:ro,Z" "-e" "SOURCE_DIR=/opt/rustwide/workdir" "-e" "CARGO_TARGET_DIR=/opt/rustwide/target" "-e" "CARGO_INCREMENTAL=0" "-e" "RUST_BACKTRACE=full" "-e" "RUSTFLAGS=--cap-lints=warn" "-e" "RUSTDOCFLAGS=--cap-lints=warn" "-e" "CARGO_HOME=/opt/rustwide/cargo-home" "-e" "RUSTUP_HOME=/opt/rustwide/rustup-home" "-w" "/opt/rustwide/workdir" "-m" "1610612736" "--user" "0:0" "--network" "none" "ghcr.io/rust-lang/crates-build-env/linux@sha256:2788e3201cd34a07e3172128adcd8b3090168a8e3bcc40d7c032b9dda1df7d1c" "/opt/rustwide/cargo-home/bin/cargo" "+1.75.0" "test" "--frozen", kill_on_drop: false }`
[INFO] [stdout] 31dd8340facdbb445f8ce24620df9bfe5f1fc50a4ea8ab92a7a084c79e2aeef9
[INFO] running `Command { std: "docker" "start" "-a" "31dd8340facdbb445f8ce24620df9bfe5f1fc50a4ea8ab92a7a084c79e2aeef9", kill_on_drop: false }`
[INFO] [stderr]     Finished test [unoptimized + debuginfo] target(s) in 0.09s
[INFO] [stderr]      Running unittests src/lib.rs (/opt/rustwide/target/debug/deps/rocketchat_message-9ced4cc55e4a0607)
[INFO] [stdout] 
[INFO] [stdout] running 0 tests
[INFO] [stdout] 
[INFO] [stdout] test result: ok. 0 passed; 0 failed; 0 ignored; 0 measured; 0 filtered out; finished in 0.00s
[INFO] [stdout] 
[INFO] [stderr]    Doc-tests rocketchat-message
[INFO] [stdout] 
[INFO] [stdout] running 26 tests
[INFO] [stdout] test src/lib.rs - Field::set_value (line 231) ... FAILED
[INFO] [stdout] test src/lib.rs - Field::set_short (line 241) ... FAILED
[INFO] [stdout] test src/lib.rs - Field::new (line 212) ... FAILED
[INFO] [stdout] test src/lib.rs - Field::set_title (line 221) ... FAILED
[INFO] [stdout] test src/lib.rs - (line 14) ... FAILED
[INFO] [stdout] test src/lib.rs - RocketChat::new (line 58) ... FAILED
[INFO] [stdout] test src/lib.rs - (line 6) ... FAILED
[INFO] [stdout] test src/lib.rs - RocketChat::send_message (line 108) ... FAILED
[INFO] [stdout] test src/lib.rs - (line 31) ... FAILED
[INFO] [stdout] test src/lib.rs - RocketChat::send_messages (line 161) ... FAILED
[INFO] [stdout] test src/lib.rs - RocketChat::send_message_sync (line 135) ... FAILED
[INFO] [stdout] test src/lib.rs - RocketChatAttachment::set_author (line 313) ... FAILED
[INFO] [stdout] test src/lib.rs - RocketChat::send_text (line 82) ... FAILED
[INFO] [stdout] test src/lib.rs - RocketChat::set_channel (line 70) ... FAILED
[INFO] [stdout] test src/lib.rs - RocketChat::send_text_sync (line 95) ... FAILED
[INFO] [stdout] test src/lib.rs - RocketChat::send_messages_sync (line 180) ... FAILED
[INFO] [stdout] test src/lib.rs - RocketChatAttachment::new (line 274) ... FAILED
[INFO] [stdout] test src/lib.rs - RocketChatMessage::new (line 388) ... FAILED
[INFO] [stdout] test src/lib.rs - RocketChatAttachment::set_title (line 283) ... FAILED
[INFO] [stdout] test src/lib.rs - RocketChatAttachment::set_color (line 303) ... FAILED
[INFO] [stdout] test src/lib.rs - RocketChatAttachment::set_image (line 336) ... FAILED
[INFO] [stdout] test src/lib.rs - RocketChatAttachment::set_fields (line 346) ... FAILED
[INFO] [stdout] test src/lib.rs - RocketChatAttachment::set_title_link (line 293) ... FAILED
[INFO] [stdout] test src/lib.rs - RocketChatAttachment::set_text (line 326) ... FAILED
[INFO] [stdout] test src/lib.rs - RocketChatMessage::set_attachments (line 407) ... FAILED
[INFO] [stderr] error: doctest failed, to rerun pass `--doc`
[INFO] [stdout] test src/lib.rs - RocketChatMessage::set_text (line 397) ... FAILED
[INFO] [stdout] 
[INFO] [stdout] failures:
[INFO] [stdout] 
[INFO] [stdout] ---- src/lib.rs - Field::set_value (line 231) stdout ----
[INFO] [stdout] error[E0433]: failed to resolve: use of undeclared type `Field`
[INFO] [stdout]  --> src/lib.rs:232:13
[INFO] [stdout]   |
[INFO] [stdout] 3 | let field = Field::new().set_value("Value");
[INFO] [stdout]   |             ^^^^^ use of undeclared type `Field`
[INFO] [stdout]   |
[INFO] [stdout] help: consider importing this struct
[INFO] [stdout]   |
[INFO] [stdout] 2 + use rocketchat_message::Field;
[INFO] [stdout]   |
[INFO] [stdout] 
[INFO] [stdout] error: aborting due to previous error
[INFO] [stdout] 
[INFO] [stdout] For more information about this error, try `rustc --explain E0433`.
[INFO] [stdout] Couldn't compile the test.
[INFO] [stdout] ---- src/lib.rs - Field::set_short (line 241) stdout ----
[INFO] [stdout] error[E0433]: failed to resolve: use of undeclared type `Field`
[INFO] [stdout]  --> src/lib.rs:242:13
[INFO] [stdout]   |
[INFO] [stdout] 3 | let field = Field::new().set_short(true);
[INFO] [stdout]   |             ^^^^^ use of undeclared type `Field`
[INFO] [stdout]   |
[INFO] [stdout] help: consider importing this struct
[INFO] [stdout]   |
[INFO] [stdout] 2 + use rocketchat_message::Field;
[INFO] [stdout]   |
[INFO] [stdout] 
[INFO] [stdout] error: aborting due to previous error
[INFO] [stdout] 
[INFO] [stdout] For more information about this error, try `rustc --explain E0433`.
[INFO] [stdout] Couldn't compile the test.
[INFO] [stdout] ---- src/lib.rs - Field::new (line 212) stdout ----
[INFO] [stdout] error[E0433]: failed to resolve: use of undeclared type `Field`
[INFO] [stdout]  --> src/lib.rs:213:13
[INFO] [stdout]   |
[INFO] [stdout] 3 | let field = Field::new();
[INFO] [stdout]   |             ^^^^^ use of undeclared type `Field`
[INFO] [stdout]   |
[INFO] [stdout] help: consider importing this struct
[INFO] [stdout]   |
[INFO] [stdout] 2 + use rocketchat_message::Field;
[INFO] [stdout]   |
[INFO] [stdout] 
[INFO] [stdout] error: aborting due to previous error
[INFO] [stdout] 
[INFO] [stdout] For more information about this error, try `rustc --explain E0433`.
[INFO] [stdout] Couldn't compile the test.
[INFO] [stdout] ---- src/lib.rs - Field::set_title (line 221) stdout ----
[INFO] [stdout] error[E0433]: failed to resolve: use of undeclared type `Field`
[INFO] [stdout]  --> src/lib.rs:222:13
[INFO] [stdout]   |
[INFO] [stdout] 3 | let field = Field::new().set_title("Title");
[INFO] [stdout]   |             ^^^^^ use of undeclared type `Field`
[INFO] [stdout]   |
[INFO] [stdout] help: consider importing this struct
[INFO] [stdout]   |
[INFO] [stdout] 2 + use rocketchat_message::Field;
[INFO] [stdout]   |
[INFO] [stdout] 
[INFO] [stdout] error: aborting due to previous error
[INFO] [stdout] 
[INFO] [stdout] For more information about this error, try `rustc --explain E0433`.
[INFO] [stdout] Couldn't compile the test.
[INFO] [stdout] ---- src/lib.rs - (line 14) stdout ----
[INFO] [stdout] error[E0433]: failed to resolve: use of undeclared type `RocketChat`
[INFO] [stdout]  --> src/lib.rs:15:14
[INFO] [stdout]   |
[INFO] [stdout] 3 | let client = RocketChat::new("ROCKET_CHAT_WEBHOOK_URL", "#channel");
[INFO] [stdout]   |              ^^^^^^^^^^ use of undeclared type `RocketChat`
[INFO] [stdout]   |
[INFO] [stdout] help: consider importing this struct
[INFO] [stdout]   |
[INFO] [stdout] 2 + use rocketchat_message::RocketChat;
[INFO] [stdout]   |
[INFO] [stdout] 
[INFO] [stdout] error[E0433]: failed to resolve: use of undeclared type `RocketChatMessage`
[INFO] [stdout]  --> src/lib.rs:17:11
[INFO] [stdout]   |
[INFO] [stdout] 5 | let msg = RocketChatMessage::new()
[INFO] [stdout]   |           ^^^^^^^^^^^^^^^^^ use of undeclared type `RocketChatMessage`
[INFO] [stdout]   |
[INFO] [stdout] help: consider importing this struct
[INFO] [stdout]   |
[INFO] [stdout] 2 + use rocketchat_message::RocketChatMessage;
[INFO] [stdout]   |
[INFO] [stdout] 
[INFO] [stdout] error[E0433]: failed to resolve: use of undeclared type `RocketChatAttachment`
[INFO] [stdout]  --> src/lib.rs:19:27
[INFO] [stdout]   |
[INFO] [stdout] 7 |     .set_attachments(vec![RocketChatAttachment::new()
[INFO] [stdout]   |                           ^^^^^^^^^^^^^^^^^^^^ use of undeclared type `RocketChatAttachment`
[INFO] [stdout]   |
[INFO] [stdout] help: consider importing this struct
[INFO] [stdout]   |
[INFO] [stdout] 2 + use rocketchat_message::RocketChatAttachment;
[INFO] [stdout]   |
[INFO] [stdout] 
[INFO] [stdout] error[E0728]: `await` is only allowed inside `async` functions and blocks
[INFO] [stdout]   --> src/lib.rs:26:26
[INFO] [stdout]    |
[INFO] [stdout] 2  | fn main() { #[allow(non_snake_case)] fn _doctest_main_src_lib_rs_14_0() {
[INFO] [stdout]    |                                         ----------------------------- this is not `async`
[INFO] [stdout] ...
[INFO] [stdout] 14 | client.send_message(msg).await?;
[INFO] [stdout]    |                          ^^^^^ only allowed inside `async` functions and blocks
[INFO] [stdout] 
[INFO] [stdout] error[E0277]: the `?` operator can only be used in a function that returns `Result` or `Option` (or another type that implements `FromResidual`)
[INFO] [stdout]   --> src/lib.rs:26:31
[INFO] [stdout]    |
[INFO] [stdout] 2  | fn main() { #[allow(non_snake_case)] fn _doctest_main_src_lib_rs_14_0() {
[INFO] [stdout]    |                                      ---------------------------------- this function should return `Result` or `Option` to accept `?`
[INFO] [stdout] ...
[INFO] [stdout] 14 | client.send_message(msg).await?;
[INFO] [stdout]    |                               ^ cannot use the `?` operator in a function that returns `()`
[INFO] [stdout]    |
[INFO] [stdout]    = help: the trait `FromResidual<_>` is not implemented for `()`
[INFO] [stdout] 
[INFO] [stdout] error: aborting due to 5 previous errors
[INFO] [stdout] 
[INFO] [stdout] Some errors have detailed explanations: E0277, E0433, E0728.
[INFO] [stdout] For more information about an error, try `rustc --explain E0277`.
[INFO] [stdout] Couldn't compile the test.
[INFO] [stdout] ---- src/lib.rs - RocketChat::new (line 58) stdout ----
[INFO] [stdout] error[E0433]: failed to resolve: use of undeclared type `RocketChat`
[INFO] [stdout]  --> src/lib.rs:59:14
[INFO] [stdout]   |
[INFO] [stdout] 3 | let client = RocketChat::new("ROCKET_CHAT_WEBHOOK_URL", "#channel");
[INFO] [stdout]   |              ^^^^^^^^^^ use of undeclared type `RocketChat`
[INFO] [stdout]   |
[INFO] [stdout] help: consider importing this struct
[INFO] [stdout]   |
[INFO] [stdout] 2 + use rocketchat_message::RocketChat;
[INFO] [stdout]   |
[INFO] [stdout] 
[INFO] [stdout] error: aborting due to previous error
[INFO] [stdout] 
[INFO] [stdout] For more information about this error, try `rustc --explain E0433`.
[INFO] [stdout] Couldn't compile the test.
[INFO] [stdout] ---- src/lib.rs - (line 6) stdout ----
[INFO] [stdout] error[E0433]: failed to resolve: use of undeclared type `RocketChat`
[INFO] [stdout]  --> src/lib.rs:7:14
[INFO] [stdout]   |
[INFO] [stdout] 3 | let client = RocketChat::new("ROCKET_CHAT_WEBHOOK_URL", "#channel");
[INFO] [stdout]   |              ^^^^^^^^^^ use of undeclared type `RocketChat`
[INFO] [stdout]   |
[INFO] [stdout] help: consider importing this struct
[INFO] [stdout]   |
[INFO] [stdout] 2 + use rocketchat_message::RocketChat;
[INFO] [stdout]   |
[INFO] [stdout] 
[INFO] [stdout] error[E0728]: `await` is only allowed inside `async` functions and blocks
[INFO] [stdout]  --> src/lib.rs:9:26
[INFO] [stdout]   |
[INFO] [stdout] 2 | fn main() { #[allow(non_snake_case)] fn _doctest_main_src_lib_rs_6_0() {
[INFO] [stdout]   |                                         ---------------------------- this is not `async`
[INFO] [stdout] ...
[INFO] [stdout] 5 | client.send_text("Text").await?;
[INFO] [stdout]   |                          ^^^^^ only allowed inside `async` functions and blocks
[INFO] [stdout] 
[INFO] [stdout] error[E0277]: the `?` operator can only be used in a function that returns `Result` or `Option` (or another type that implements `FromResidual`)
[INFO] [stdout]  --> src/lib.rs:9:31
[INFO] [stdout]   |
[INFO] [stdout] 2 | fn main() { #[allow(non_snake_case)] fn _doctest_main_src_lib_rs_6_0() {
[INFO] [stdout]   |                                      --------------------------------- this function should return `Result` or `Option` to accept `?`
[INFO] [stdout] ...
[INFO] [stdout] 5 | client.send_text("Text").await?;
[INFO] [stdout]   |                               ^ cannot use the `?` operator in a function that returns `()`
[INFO] [stdout]   |
[INFO] [stdout]   = help: the trait `FromResidual<_>` is not implemented for `()`
[INFO] [stdout] 
[INFO] [stdout] error: aborting due to 3 previous errors
[INFO] [stdout] 
[INFO] [stdout] Some errors have detailed explanations: E0277, E0433, E0728.
[INFO] [stdout] For more information about an error, try `rustc --explain E0277`.
[INFO] [stdout] Couldn't compile the test.
[INFO] [stdout] ---- src/lib.rs - RocketChat::send_message (line 108) stdout ----
[INFO] [stdout] error[E0433]: failed to resolve: use of undeclared type `RocketChat`
[INFO] [stdout]  --> src/lib.rs:109:14
[INFO] [stdout]   |
[INFO] [stdout] 3 | let client = RocketChat::new("ROCKET_CHAT_WEBHOOK_URL", "#channel");
[INFO] [stdout]   |              ^^^^^^^^^^ use of undeclared type `RocketChat`
[INFO] [stdout]   |
[INFO] [stdout] help: consider importing this struct
[INFO] [stdout]   |
[INFO] [stdout] 2 + use rocketchat_message::RocketChat;
[INFO] [stdout]   |
[INFO] [stdout] 
[INFO] [stdout] error[E0433]: failed to resolve: use of undeclared type `RocketChatMessage`
[INFO] [stdout]  --> src/lib.rs:110:11
[INFO] [stdout]   |
[INFO] [stdout] 4 | let msg = RocketChatMessage::new().set_text("Text");
[INFO] [stdout]   |           ^^^^^^^^^^^^^^^^^ use of undeclared type `RocketChatMessage`
[INFO] [stdout]   |
[INFO] [stdout] help: consider importing this struct
[INFO] [stdout]   |
[INFO] [stdout] 2 + use rocketchat_message::RocketChatMessage;
[INFO] [stdout]   |
[INFO] [stdout] 
[INFO] [stdout] error[E0728]: `await` is only allowed inside `async` functions and blocks
[INFO] [stdout]  --> src/lib.rs:112:26
[INFO] [stdout]   |
[INFO] [stdout] 2 | fn main() { #[allow(non_snake_case)] fn _doctest_main_src_lib_rs_108_0() {
[INFO] [stdout]   |                                         ------------------------------ this is not `async`
[INFO] [stdout] ...
[INFO] [stdout] 6 | client.send_message(msg).await;
[INFO] [stdout]   |                          ^^^^^ only allowed inside `async` functions and blocks
[INFO] [stdout] 
[INFO] [stdout] error: aborting due to 3 previous errors
[INFO] [stdout] 
[INFO] [stdout] Some errors have detailed explanations: E0433, E0728.
[INFO] [stdout] For more information about an error, try `rustc --explain E0433`.
[INFO] [stdout] Couldn't compile the test.
[INFO] [stdout] ---- src/lib.rs - (line 31) stdout ----
[INFO] [stdout] error[E0433]: failed to resolve: use of undeclared type `RocketChat`
[INFO] [stdout]  --> src/lib.rs:32:14
[INFO] [stdout]   |
[INFO] [stdout] 3 | let client = RocketChat::new("ROCKET_CHAT_WEBHOOK_URL", "#channel");
[INFO] [stdout]   |              ^^^^^^^^^^ use of undeclared type `RocketChat`
[INFO] [stdout]   |
[INFO] [stdout] help: consider importing this struct
[INFO] [stdout]   |
[INFO] [stdout] 2 + use rocketchat_message::RocketChat;
[INFO] [stdout]   |
[INFO] [stdout] 
[INFO] [stdout] error[E0433]: failed to resolve: use of undeclared type `RocketChatMessage`
[INFO] [stdout]  --> src/lib.rs:35:5
[INFO] [stdout]   |
[INFO] [stdout] 6 |     RocketChatMessage::new().set_text("Message1"),
[INFO] [stdout]   |     ^^^^^^^^^^^^^^^^^ use of undeclared type `RocketChatMessage`
[INFO] [stdout]   |
[INFO] [stdout] help: consider importing this struct
[INFO] [stdout]   |
[INFO] [stdout] 2 + use rocketchat_message::RocketChatMessage;
[INFO] [stdout]   |
[INFO] [stdout] 
[INFO] [stdout] error[E0433]: failed to resolve: use of undeclared type `RocketChatMessage`
[INFO] [stdout]  --> src/lib.rs:36:5
[INFO] [stdout]   |
[INFO] [stdout] 7 |     RocketChatMessage::new().set_text("Message2"),
[INFO] [stdout]   |     ^^^^^^^^^^^^^^^^^ use of undeclared type `RocketChatMessage`
[INFO] [stdout]   |
[INFO] [stdout] help: consider importing this struct
[INFO] [stdout]   |
[INFO] [stdout] 2 + use rocketchat_message::RocketChatMessage;
[INFO] [stdout]   |
[INFO] [stdout] 
[INFO] [stdout] error[E0728]: `await` is only allowed inside `async` functions and blocks
[INFO] [stdout]   --> src/lib.rs:39:28
[INFO] [stdout]    |
[INFO] [stdout] 2  | fn main() { #[allow(non_snake_case)] fn _doctest_main_src_lib_rs_31_0() {
[INFO] [stdout]    |                                         ----------------------------- this is not `async`
[INFO] [stdout] ...
[INFO] [stdout] 10 | client.send_messages(msgs).await?;
[INFO] [stdout]    |                            ^^^^^ only allowed inside `async` functions and blocks
[INFO] [stdout] 
[INFO] [stdout] error[E0277]: the `?` operator can only be used in a function that returns `Result` or `Option` (or another type that implements `FromResidual`)
[INFO] [stdout]   --> src/lib.rs:39:33
[INFO] [stdout]    |
[INFO] [stdout] 2  | fn main() { #[allow(non_snake_case)] fn _doctest_main_src_lib_rs_31_0() {
[INFO] [stdout]    |                                      ---------------------------------- this function should return `Result` or `Option` to accept `?`
[INFO] [stdout] ...
[INFO] [stdout] 10 | client.send_messages(msgs).await?;
[INFO] [stdout]    |                                 ^ cannot use the `?` operator in a function that returns `()`
[INFO] [stdout]    |
[INFO] [stdout]    = help: the trait `FromResidual<_>` is not implemented for `()`
[INFO] [stdout] 
[INFO] [stdout] error: aborting due to 5 previous errors
[INFO] [stdout] 
[INFO] [stdout] Some errors have detailed explanations: E0277, E0433, E0728.
[INFO] [stdout] For more information about an error, try `rustc --explain E0277`.
[INFO] [stdout] Couldn't compile the test.
[INFO] [stdout] ---- src/lib.rs - RocketChat::send_messages (line 161) stdout ----
[INFO] [stdout] error[E0433]: failed to resolve: use of undeclared type `RocketChat`
[INFO] [stdout]  --> src/lib.rs:162:14
[INFO] [stdout]   |
[INFO] [stdout] 3 | let client = RocketChat::new("ROCKET_CHAT_WEBHOOK_URL", "#channel");
[INFO] [stdout]   |              ^^^^^^^^^^ use of undeclared type `RocketChat`
[INFO] [stdout]   |
[INFO] [stdout] help: consider importing this struct
[INFO] [stdout]   |
[INFO] [stdout] 2 + use rocketchat_message::RocketChat;
[INFO] [stdout]   |
[INFO] [stdout] 
[INFO] [stdout] error[E0433]: failed to resolve: use of undeclared type `RocketChatMessage`
[INFO] [stdout]  --> src/lib.rs:165:4
[INFO] [stdout]   |
[INFO] [stdout] 6 |    RocketChatMessage::new().set_text("Text"),
[INFO] [stdout]   |    ^^^^^^^^^^^^^^^^^ use of undeclared type `RocketChatMessage`
[INFO] [stdout]   |
[INFO] [stdout] help: consider importing this struct
[INFO] [stdout]   |
[INFO] [stdout] 2 + use rocketchat_message::RocketChatMessage;
[INFO] [stdout]   |
[INFO] [stdout] 
[INFO] [stdout] error[E0433]: failed to resolve: use of undeclared type `RocketChatMessage`
[INFO] [stdout]  --> src/lib.rs:166:4
[INFO] [stdout]   |
[INFO] [stdout] 7 |    RocketChatMessage::new().set_text("Text2"),
[INFO] [stdout]   |    ^^^^^^^^^^^^^^^^^ use of undeclared type `RocketChatMessage`
[INFO] [stdout]   |
[INFO] [stdout] help: consider importing this struct
[INFO] [stdout]   |
[INFO] [stdout] 2 + use rocketchat_message::RocketChatMessage;
[INFO] [stdout]   |
[INFO] [stdout] 
[INFO] [stdout] error[E0728]: `await` is only allowed inside `async` functions and blocks
[INFO] [stdout]   --> src/lib.rs:169:28
[INFO] [stdout]    |
[INFO] [stdout] 2  | fn main() { #[allow(non_snake_case)] fn _doctest_main_src_lib_rs_161_0() {
[INFO] [stdout]    |                                         ------------------------------ this is not `async`
[INFO] [stdout] ...
[INFO] [stdout] 10 | client.send_messages(msgs).await?;
[INFO] [stdout]    |                            ^^^^^ only allowed inside `async` functions and blocks
[INFO] [stdout] 
[INFO] [stdout] error[E0277]: the `?` operator can only be used in a function that returns `Result` or `Option` (or another type that implements `FromResidual`)
[INFO] [stdout]   --> src/lib.rs:169:33
[INFO] [stdout]    |
[INFO] [stdout] 2  | fn main() { #[allow(non_snake_case)] fn _doctest_main_src_lib_rs_161_0() {
[INFO] [stdout]    |                                      ----------------------------------- this function should return `Result` or `Option` to accept `?`
[INFO] [stdout] ...
[INFO] [stdout] 10 | client.send_messages(msgs).await?;
[INFO] [stdout]    |                                 ^ cannot use the `?` operator in a function that returns `()`
[INFO] [stdout]    |
[INFO] [stdout]    = help: the trait `FromResidual<_>` is not implemented for `()`
[INFO] [stdout] 
[INFO] [stdout] error: aborting due to 5 previous errors
[INFO] [stdout] 
[INFO] [stdout] Some errors have detailed explanations: E0277, E0433, E0728.
[INFO] [stdout] For more information about an error, try `rustc --explain E0277`.
[INFO] [stdout] Couldn't compile the test.
[INFO] [stdout] ---- src/lib.rs - RocketChat::send_message_sync (line 135) stdout ----
[INFO] [stdout] error[E0433]: failed to resolve: use of undeclared type `RocketChat`
[INFO] [stdout]  --> src/lib.rs:136:14
[INFO] [stdout]   |
[INFO] [stdout] 3 | let client = RocketChat::new("ROCKET_CHAT_WEBHOOK_URL", "#channel");
[INFO] [stdout]   |              ^^^^^^^^^^ use of undeclared type `RocketChat`
[INFO] [stdout]   |
[INFO] [stdout] help: consider importing this struct
[INFO] [stdout]   |
[INFO] [stdout] 2 + use rocketchat_message::RocketChat;
[INFO] [stdout]   |
[INFO] [stdout] 
[INFO] [stdout] error[E0433]: failed to resolve: use of undeclared type `RocketChatMessage`
[INFO] [stdout]  --> src/lib.rs:137:11
[INFO] [stdout]   |
[INFO] [stdout] 4 | let msg = RocketChatMessage::new().set_text("Text");
[INFO] [stdout]   |           ^^^^^^^^^^^^^^^^^ use of undeclared type `RocketChatMessage`
[INFO] [stdout]   |
[INFO] [stdout] help: consider importing this struct
[INFO] [stdout]   |
[INFO] [stdout] 2 + use rocketchat_message::RocketChatMessage;
[INFO] [stdout]   |
[INFO] [stdout] 
[INFO] [stdout] error: aborting due to 2 previous errors
[INFO] [stdout] 
[INFO] [stdout] For more information about this error, try `rustc --explain E0433`.
[INFO] [stdout] Couldn't compile the test.
[INFO] [stdout] ---- src/lib.rs - RocketChatAttachment::set_author (line 313) stdout ----
[INFO] [stdout] error[E0433]: failed to resolve: use of undeclared type `RocketChatAttachment`
[INFO] [stdout]  --> src/lib.rs:314:18
[INFO] [stdout]   |
[INFO] [stdout] 3 | let attachment = RocketChatAttachment::new().set_author("Author Name", Some("ICON_URL"));
[INFO] [stdout]   |                  ^^^^^^^^^^^^^^^^^^^^ use of undeclared type `RocketChatAttachment`
[INFO] [stdout]   |
[INFO] [stdout] help: consider importing this struct
[INFO] [stdout]   |
[INFO] [stdout] 2 + use rocketchat_message::RocketChatAttachment;
[INFO] [stdout]   |
[INFO] [stdout] 
[INFO] [stdout] error: aborting due to previous error
[INFO] [stdout] 
[INFO] [stdout] For more information about this error, try `rustc --explain E0433`.
[INFO] [stdout] Couldn't compile the test.
[INFO] [stdout] ---- src/lib.rs - RocketChat::send_text (line 82) stdout ----
[INFO] [stdout] error[E0433]: failed to resolve: use of undeclared type `RocketChat`
[INFO] [stdout]  --> src/lib.rs:83:14
[INFO] [stdout]   |
[INFO] [stdout] 3 | let client = RocketChat::new("ROCKET_CHAT_WEBHOOK_URL", "#channel");
[INFO] [stdout]   |              ^^^^^^^^^^ use of undeclared type `RocketChat`
[INFO] [stdout]   |
[INFO] [stdout] help: consider importing this struct
[INFO] [stdout]   |
[INFO] [stdout] 2 + use rocketchat_message::RocketChat;
[INFO] [stdout]   |
[INFO] [stdout] 
[INFO] [stdout] error[E0728]: `await` is only allowed inside `async` functions and blocks
[INFO] [stdout]  --> src/lib.rs:85:26
[INFO] [stdout]   |
[INFO] [stdout] 2 | fn main() { #[allow(non_snake_case)] fn _doctest_main_src_lib_rs_82_0() {
[INFO] [stdout]   |                                         ----------------------------- this is not `async`
[INFO] [stdout] ...
[INFO] [stdout] 5 | client.send_text("Text").await?;
[INFO] [stdout]   |                          ^^^^^ only allowed inside `async` functions and blocks
[INFO] [stdout] 
[INFO] [stdout] error[E0277]: the `?` operator can only be used in a function that returns `Result` or `Option` (or another type that implements `FromResidual`)
[INFO] [stdout]  --> src/lib.rs:85:31
[INFO] [stdout]   |
[INFO] [stdout] 2 | fn main() { #[allow(non_snake_case)] fn _doctest_main_src_lib_rs_82_0() {
[INFO] [stdout]   |                                      ---------------------------------- this function should return `Result` or `Option` to accept `?`
[INFO] [stdout] ...
[INFO] [stdout] 5 | client.send_text("Text").await?;
[INFO] [stdout]   |                               ^ cannot use the `?` operator in a function that returns `()`
[INFO] [stdout]   |
[INFO] [stdout]   = help: the trait `FromResidual<_>` is not implemented for `()`
[INFO] [stdout] 
[INFO] [stdout] error: aborting due to 3 previous errors
[INFO] [stdout] 
[INFO] [stdout] Some errors have detailed explanations: E0277, E0433, E0728.
[INFO] [stdout] For more information about an error, try `rustc --explain E0277`.
[INFO] [stdout] Couldn't compile the test.
[INFO] [stdout] ---- src/lib.rs - RocketChat::set_channel (line 70) stdout ----
[INFO] [stdout] error[E0433]: failed to resolve: use of undeclared type `RocketChat`
[INFO] [stdout]  --> src/lib.rs:71:18
[INFO] [stdout]   |
[INFO] [stdout] 3 | let mut client = RocketChat::new("ROCKET_CHAT_WEBHOOK_URL", "#channel");
[INFO] [stdout]   |                  ^^^^^^^^^^ use of undeclared type `RocketChat`
[INFO] [stdout]   |
[INFO] [stdout] help: consider importing this struct
[INFO] [stdout]   |
[INFO] [stdout] 2 + use rocketchat_message::RocketChat;
[INFO] [stdout]   |
[INFO] [stdout] 
[INFO] [stdout] error: aborting due to previous error
[INFO] [stdout] 
[INFO] [stdout] For more information about this error, try `rustc --explain E0433`.
[INFO] [stdout] Couldn't compile the test.
[INFO] [stdout] ---- src/lib.rs - RocketChat::send_text_sync (line 95) stdout ----
[INFO] [stdout] error[E0433]: failed to resolve: use of undeclared type `RocketChat`
[INFO] [stdout]  --> src/lib.rs:96:14
[INFO] [stdout]   |
[INFO] [stdout] 3 | let client = RocketChat::new("ROCKET_CHAT_WEBHOOK_URL", "#channel");
[INFO] [stdout]   |              ^^^^^^^^^^ use of undeclared type `RocketChat`
[INFO] [stdout]   |
[INFO] [stdout] help: consider importing this struct
[INFO] [stdout]   |
[INFO] [stdout] 2 + use rocketchat_message::RocketChat;
[INFO] [stdout]   |
[INFO] [stdout] 
[INFO] [stdout] error: aborting due to previous error
[INFO] [stdout] 
[INFO] [stdout] For more information about this error, try `rustc --explain E0433`.
[INFO] [stdout] Couldn't compile the test.
[INFO] [stdout] ---- src/lib.rs - RocketChat::send_messages_sync (line 180) stdout ----
[INFO] [stdout] error[E0433]: failed to resolve: use of undeclared type `RocketChat`
[INFO] [stdout]  --> src/lib.rs:181:14
[INFO] [stdout]   |
[INFO] [stdout] 3 | let client = RocketChat::new("ROCKET_CHAT_WEBHOOK_URL", "#channel");
[INFO] [stdout]   |              ^^^^^^^^^^ use of undeclared type `RocketChat`
[INFO] [stdout]   |
[INFO] [stdout] help: consider importing this struct
[INFO] [stdout]   |
[INFO] [stdout] 2 + use rocketchat_message::RocketChat;
[INFO] [stdout]   |
[INFO] [stdout] 
[INFO] [stdout] error[E0433]: failed to resolve: use of undeclared type `RocketChatMessage`
[INFO] [stdout]  --> src/lib.rs:184:4
[INFO] [stdout]   |
[INFO] [stdout] 6 |    RocketChatMessage::new().set_text("Text"),
[INFO] [stdout]   |    ^^^^^^^^^^^^^^^^^ use of undeclared type `RocketChatMessage`
[INFO] [stdout]   |
[INFO] [stdout] help: consider importing this struct
[INFO] [stdout]   |
[INFO] [stdout] 2 + use rocketchat_message::RocketChatMessage;
[INFO] [stdout]   |
[INFO] [stdout] 
[INFO] [stdout] error[E0433]: failed to resolve: use of undeclared type `RocketChatMessage`
[INFO] [stdout]  --> src/lib.rs:185:4
[INFO] [stdout]   |
[INFO] [stdout] 7 |    RocketChatMessage::new().set_text("Text2"),
[INFO] [stdout]   |    ^^^^^^^^^^^^^^^^^ use of undeclared type `RocketChatMessage`
[INFO] [stdout]   |
[INFO] [stdout] help: consider importing this struct
[INFO] [stdout]   |
[INFO] [stdout] 2 + use rocketchat_message::RocketChatMessage;
[INFO] [stdout]   |
[INFO] [stdout] 
[INFO] [stdout] error: aborting due to 3 previous errors
[INFO] [stdout] 
[INFO] [stdout] For more information about this error, try `rustc --explain E0433`.
[INFO] [stdout] Couldn't compile the test.
[INFO] [stdout] ---- src/lib.rs - RocketChatAttachment::new (line 274) stdout ----
[INFO] [stdout] error[E0433]: failed to resolve: use of undeclared type `RocketChatAttachment`
[INFO] [stdout]  --> src/lib.rs:275:18
[INFO] [stdout]   |
[INFO] [stdout] 3 | let attachment = RocketChatAttachment::new();
[INFO] [stdout]   |                  ^^^^^^^^^^^^^^^^^^^^ use of undeclared type `RocketChatAttachment`
[INFO] [stdout]   |
[INFO] [stdout] help: consider importing this struct
[INFO] [stdout]   |
[INFO] [stdout] 2 + use rocketchat_message::RocketChatAttachment;
[INFO] [stdout]   |
[INFO] [stdout] 
[INFO] [stdout] error: aborting due to previous error
[INFO] [stdout] 
[INFO] [stdout] For more information about this error, try `rustc --explain E0433`.
[INFO] [stdout] Couldn't compile the test.
[INFO] [stdout] ---- src/lib.rs - RocketChatMessage::new (line 388) stdout ----
[INFO] [stdout] error[E0433]: failed to resolve: use of undeclared type `RocketChatMessage`
[INFO] [stdout]  --> src/lib.rs:389:15
[INFO] [stdout]   |
[INFO] [stdout] 3 | let message = RocketChatMessage::new();
[INFO] [stdout]   |               ^^^^^^^^^^^^^^^^^ use of undeclared type `RocketChatMessage`
[INFO] [stdout]   |
[INFO] [stdout] help: consider importing this struct
[INFO] [stdout]   |
[INFO] [stdout] 2 + use rocketchat_message::RocketChatMessage;
[INFO] [stdout]   |
[INFO] [stdout] 
[INFO] [stdout] error: aborting due to previous error
[INFO] [stdout] 
[INFO] [stdout] For more information about this error, try `rustc --explain E0433`.
[INFO] [stdout] Couldn't compile the test.
[INFO] [stdout] ---- src/lib.rs - RocketChatAttachment::set_title (line 283) stdout ----
[INFO] [stdout] error[E0433]: failed to resolve: use of undeclared type `RocketChatAttachment`
[INFO] [stdout]  --> src/lib.rs:284:18
[INFO] [stdout]   |
[INFO] [stdout] 3 | let attachment = RocketChatAttachment::new().set_title("Title");
[INFO] [stdout]   |                  ^^^^^^^^^^^^^^^^^^^^ use of undeclared type `RocketChatAttachment`
[INFO] [stdout]   |
[INFO] [stdout] help: consider importing this struct
[INFO] [stdout]   |
[INFO] [stdout] 2 + use rocketchat_message::RocketChatAttachment;
[INFO] [stdout]   |
[INFO] [stdout] 
[INFO] [stdout] error: aborting due to previous error
[INFO] [stdout] 
[INFO] [stdout] For more information about this error, try `rustc --explain E0433`.
[INFO] [stdout] Couldn't compile the test.
[INFO] [stdout] ---- src/lib.rs - RocketChatAttachment::set_color (line 303) stdout ----
[INFO] [stdout] error[E0433]: failed to resolve: use of undeclared type `RocketChatAttachment`
[INFO] [stdout]  --> src/lib.rs:304:18
[INFO] [stdout]   |
[INFO] [stdout] 3 | let attachment = RocketChatAttachment::new().set_color("#c97149");
[INFO] [stdout]   |                  ^^^^^^^^^^^^^^^^^^^^ use of undeclared type `RocketChatAttachment`
[INFO] [stdout]   |
[INFO] [stdout] help: consider importing this struct
[INFO] [stdout]   |
[INFO] [stdout] 2 + use rocketchat_message::RocketChatAttachment;
[INFO] [stdout]   |
[INFO] [stdout] 
[INFO] [stdout] error: aborting due to previous error
[INFO] [stdout] 
[INFO] [stdout] For more information about this error, try `rustc --explain E0433`.
[INFO] [stdout] Couldn't compile the test.
[INFO] [stdout] ---- src/lib.rs - RocketChatAttachment::set_image (line 336) stdout ----
[INFO] [stdout] error[E0433]: failed to resolve: use of undeclared type `RocketChatAttachment`
[INFO] [stdout]  --> src/lib.rs:337:18
[INFO] [stdout]   |
[INFO] [stdout] 3 | let attachment = RocketChatAttachment::new().set_image("IMAGE_URL");
[INFO] [stdout]   |                  ^^^^^^^^^^^^^^^^^^^^ use of undeclared type `RocketChatAttachment`
[INFO] [stdout]   |
[INFO] [stdout] help: consider importing this struct
[INFO] [stdout]   |
[INFO] [stdout] 2 + use rocketchat_message::RocketChatAttachment;
[INFO] [stdout]   |
[INFO] [stdout] 
[INFO] [stdout] error: aborting due to previous error
[INFO] [stdout] 
[INFO] [stdout] For more information about this error, try `rustc --explain E0433`.
[INFO] [stdout] Couldn't compile the test.
[INFO] [stdout] ---- src/lib.rs - RocketChatAttachment::set_fields (line 346) stdout ----
[INFO] [stdout] error[E0433]: failed to resolve: use of undeclared type `RocketChatAttachment`
[INFO] [stdout]  --> src/lib.rs:347:18
[INFO] [stdout]   |
[INFO] [stdout] 3 | let attachment = RocketChatAttachment::new().set_fields(vec![Field::new()
[INFO] [stdout]   |                  ^^^^^^^^^^^^^^^^^^^^ use of undeclared type `RocketChatAttachment`
[INFO] [stdout]   |
[INFO] [stdout] help: consider importing this struct
[INFO] [stdout]   |
[INFO] [stdout] 2 + use rocketchat_message::RocketChatAttachment;
[INFO] [stdout]   |
[INFO] [stdout] 
[INFO] [stdout] error[E0433]: failed to resolve: use of undeclared type `Field`
[INFO] [stdout]  --> src/lib.rs:347:62
[INFO] [stdout]   |
[INFO] [stdout] 3 | let attachment = RocketChatAttachment::new().set_fields(vec![Field::new()
[INFO] [stdout]   |                                                              ^^^^^ use of undeclared type `Field`
[INFO] [stdout]   |
[INFO] [stdout] help: consider importing this struct
[INFO] [stdout]   |
[INFO] [stdout] 2 + use rocketchat_message::Field;
[INFO] [stdout]   |
[INFO] [stdout] 
[INFO] [stdout] error: aborting due to 2 previous errors
[INFO] [stdout] 
[INFO] [stdout] For more information about this error, try `rustc --explain E0433`.
[INFO] [stdout] Couldn't compile the test.
[INFO] [stdout] ---- src/lib.rs - RocketChatAttachment::set_title_link (line 293) stdout ----
[INFO] [stdout] error[E0433]: failed to resolve: use of undeclared type `RocketChatAttachment`
[INFO] [stdout]  --> src/lib.rs:294:18
[INFO] [stdout]   |
[INFO] [stdout] 3 | let attachment = RocketChatAttachment::new().set_title_link("https://google.fr");
[INFO] [stdout]   |                  ^^^^^^^^^^^^^^^^^^^^ use of undeclared type `RocketChatAttachment`
[INFO] [stdout]   |
[INFO] [stdout] help: consider importing this struct
[INFO] [stdout]   |
[INFO] [stdout] 2 + use rocketchat_message::RocketChatAttachment;
[INFO] [stdout]   |
[INFO] [stdout] 
[INFO] [stdout] error: aborting due to previous error
[INFO] [stdout] 
[INFO] [stdout] For more information about this error, try `rustc --explain E0433`.
[INFO] [stdout] Couldn't compile the test.
[INFO] [stdout] ---- src/lib.rs - RocketChatAttachment::set_text (line 326) stdout ----
[INFO] [stdout] error[E0433]: failed to resolve: use of undeclared type `RocketChatAttachment`
[INFO] [stdout]  --> src/lib.rs:327:18
[INFO] [stdout]   |
[INFO] [stdout] 3 | let attachment = RocketChatAttachment::new().set_text("Text");
[INFO] [stdout]   |                  ^^^^^^^^^^^^^^^^^^^^ use of undeclared type `RocketChatAttachment`
[INFO] [stdout]   |
[INFO] [stdout] help: consider importing this struct
[INFO] [stdout]   |
[INFO] [stdout] 2 + use rocketchat_message::RocketChatAttachment;
[INFO] [stdout]   |
[INFO] [stdout] 
[INFO] [stdout] error: aborting due to previous error
[INFO] [stdout] 
[INFO] [stdout] For more information about this error, try `rustc --explain E0433`.
[INFO] [stdout] Couldn't compile the test.
[INFO] [stdout] ---- src/lib.rs - RocketChatMessage::set_attachments (line 407) stdout ----
[INFO] [stdout] error: expected `;`, found keyword `let`
[INFO] [stdout]  --> src/lib.rs:408:71
[INFO] [stdout]   |
[INFO] [stdout] 3 | let attachments = vec![RocketChatAttachment::new().set_title("Title")]
[INFO] [stdout]   |                                                                       ^ help: add `;` here
[INFO] [stdout] 4 | let message = RocketChatMessage::new().set_attachments(attachments);
[INFO] [stdout]   | --- unexpected token
[INFO] [stdout] 
[INFO] [stdout] error[E0433]: failed to resolve: use of undeclared type `RocketChatAttachment`
[INFO] [stdout]  --> src/lib.rs:408:24
[INFO] [stdout]   |
[INFO] [stdout] 3 | let attachments = vec![RocketChatAttachment::new().set_title("Title")]
[INFO] [stdout]   |                        ^^^^^^^^^^^^^^^^^^^^ use of undeclared type `RocketChatAttachment`
[INFO] [stdout]   |
[INFO] [stdout] help: consider importing this struct
[INFO] [stdout]   |
[INFO] [stdout] 2 + use rocketchat_message::RocketChatAttachment;
[INFO] [stdout]   |
[INFO] [stdout] 
[INFO] [stdout] error[E0433]: failed to resolve: use of undeclared type `RocketChatMessage`
[INFO] [stdout]  --> src/lib.rs:409:15
[INFO] [stdout]   |
[INFO] [stdout] 4 | let message = RocketChatMessage::new().set_attachments(attachments);
[INFO] [stdout]   |               ^^^^^^^^^^^^^^^^^ use of undeclared type `RocketChatMessage`
[INFO] [stdout]   |
[INFO] [stdout] help: consider importing this struct
[INFO] [stdout]   |
[INFO] [stdout] 2 + use rocketchat_message::RocketChatMessage;
[INFO] [stdout]   |
[INFO] [stdout] 
[INFO] [stdout] error: aborting due to 3 previous errors
[INFO] [stdout] 
[INFO] [stdout] For more information about this error, try `rustc --explain E0433`.
[INFO] [stdout] Couldn't compile the test.
[INFO] [stdout] ---- src/lib.rs - RocketChatMessage::set_text (line 397) stdout ----
[INFO] [stdout] error[E0433]: failed to resolve: use of undeclared type `RocketChatMessage`
[INFO] [stdout]  --> src/lib.rs:398:15
[INFO] [stdout]   |
[INFO] [stdout] 3 | let message = RocketChatMessage::new().set_text("Text");
[INFO] [stdout]   |               ^^^^^^^^^^^^^^^^^ use of undeclared type `RocketChatMessage`
[INFO] [stdout]   |
[INFO] [stdout] help: consider importing this struct
[INFO] [stdout]   |
[INFO] [stdout] 2 + use rocketchat_message::RocketChatMessage;
[INFO] [stdout]   |
[INFO] [stdout] 
[INFO] [stdout] error: aborting due to previous error
[INFO] [stdout] 
[INFO] [stdout] For more information about this error, try `rustc --explain E0433`.
[INFO] [stdout] Couldn't compile the test.
[INFO] [stdout] 
[INFO] [stdout] failures:
[INFO] [stdout]     src/lib.rs - (line 14)
[INFO] [stdout]     src/lib.rs - (line 31)
[INFO] [stdout]     src/lib.rs - (line 6)
[INFO] [stdout]     src/lib.rs - Field::new (line 212)
[INFO] [stdout]     src/lib.rs - Field::set_short (line 241)
[INFO] [stdout]     src/lib.rs - Field::set_title (line 221)
[INFO] [stdout]     src/lib.rs - Field::set_value (line 231)
[INFO] [stdout]     src/lib.rs - RocketChat::new (line 58)
[INFO] [stdout]     src/lib.rs - RocketChat::send_message (line 108)
[INFO] [stdout]     src/lib.rs - RocketChat::send_message_sync (line 135)
[INFO] [stdout]     src/lib.rs - RocketChat::send_messages (line 161)
[INFO] [stdout]     src/lib.rs - RocketChat::send_messages_sync (line 180)
[INFO] [stdout]     src/lib.rs - RocketChat::send_text (line 82)
[INFO] [stdout]     src/lib.rs - RocketChat::send_text_sync (line 95)
[INFO] [stdout]     src/lib.rs - RocketChat::set_channel (line 70)
[INFO] [stdout]     src/lib.rs - RocketChatAttachment::new (line 274)
[INFO] [stdout]     src/lib.rs - RocketChatAttachment::set_author (line 313)
[INFO] [stdout]     src/lib.rs - RocketChatAttachment::set_color (line 303)
[INFO] [stdout]     src/lib.rs - RocketChatAttachment::set_fields (line 346)
[INFO] [stdout]     src/lib.rs - RocketChatAttachment::set_image (line 336)
[INFO] [stdout]     src/lib.rs - RocketChatAttachment::set_text (line 326)
[INFO] [stdout]     src/lib.rs - RocketChatAttachment::set_title (line 283)
[INFO] [stdout]     src/lib.rs - RocketChatAttachment::set_title_link (line 293)
[INFO] [stdout]     src/lib.rs - RocketChatMessage::new (line 388)
[INFO] [stdout]     src/lib.rs - RocketChatMessage::set_attachments (line 407)
[INFO] [stdout]     src/lib.rs - RocketChatMessage::set_text (line 397)
[INFO] [stdout] 
[INFO] [stdout] test result: FAILED. 0 passed; 26 failed; 0 ignored; 0 measured; 0 filtered out; finished in 0.73s
[INFO] [stdout] 
[INFO] running `Command { std: "docker" "inspect" "31dd8340facdbb445f8ce24620df9bfe5f1fc50a4ea8ab92a7a084c79e2aeef9", kill_on_drop: false }`
[INFO] running `Command { std: "docker" "rm" "-f" "31dd8340facdbb445f8ce24620df9bfe5f1fc50a4ea8ab92a7a084c79e2aeef9", kill_on_drop: false }`
[INFO] [stdout] 31dd8340facdbb445f8ce24620df9bfe5f1fc50a4ea8ab92a7a084c79e2aeef9
[INFO] testing rocketchat-message-0.1.3 against beta-2023-12-22 for beta-1.76-1
[INFO] extracting crate rocketchat-message 0.1.3 into /workspace/builds/worker-1-tc2/source
[INFO] validating manifest of crates.io crate rocketchat-message 0.1.3 on toolchain beta-2023-12-22
[INFO] running `Command { std: CARGO_HOME="/workspace/cargo-home" RUSTUP_HOME="/workspace/rustup-home" "/workspace/cargo-home/bin/cargo" "+beta-2023-12-22" "metadata" "--manifest-path" "Cargo.toml" "--no-deps", kill_on_drop: false }`
[INFO] started tweaking crates.io crate rocketchat-message 0.1.3
[INFO] finished tweaking crates.io crate rocketchat-message 0.1.3
[INFO] tweaked toml for crates.io crate rocketchat-message 0.1.3 written to /workspace/builds/worker-1-tc2/source/Cargo.toml
[INFO] running `Command { std: CARGO_HOME="/workspace/cargo-home" RUSTUP_HOME="/workspace/rustup-home" "/workspace/cargo-home/bin/cargo" "+beta-2023-12-22" "generate-lockfile" "--manifest-path" "Cargo.toml", kill_on_drop: false }`
[INFO] [stderr]     Updating crates.io index
[INFO] running `Command { std: CARGO_HOME="/workspace/cargo-home" RUSTUP_HOME="/workspace/rustup-home" "/workspace/cargo-home/bin/cargo" "+beta-2023-12-22" "fetch" "--manifest-path" "Cargo.toml", kill_on_drop: false }`
[INFO] running `Command { std: "docker" "create" "-v" "/var/lib/crater-agent-workspace/builds/worker-1-tc2/target:/opt/rustwide/target:rw,Z" "-v" "/var/lib/crater-agent-workspace/builds/worker-1-tc2/source:/opt/rustwide/workdir:ro,Z" "-v" "/var/lib/crater-agent-workspace/cargo-home:/opt/rustwide/cargo-home:ro,Z" "-v" "/var/lib/crater-agent-workspace/rustup-home:/opt/rustwide/rustup-home:ro,Z" "-e" "SOURCE_DIR=/opt/rustwide/workdir" "-e" "CARGO_TARGET_DIR=/opt/rustwide/target" "-e" "CARGO_HOME=/opt/rustwide/cargo-home" "-e" "RUSTUP_HOME=/opt/rustwide/rustup-home" "-w" "/opt/rustwide/workdir" "-m" "1610612736" "--user" "0:0" "--network" "none" "ghcr.io/rust-lang/crates-build-env/linux@sha256:2788e3201cd34a07e3172128adcd8b3090168a8e3bcc40d7c032b9dda1df7d1c" "/opt/rustwide/cargo-home/bin/cargo" "+beta-2023-12-22" "metadata" "--no-deps" "--format-version=1", kill_on_drop: false }`
[INFO] [stdout] 2b78d345dff479c7664baeb42b23fce61603a09111f4cc587c9fdbf82753b24d
[INFO] running `Command { std: "docker" "start" "-a" "2b78d345dff479c7664baeb42b23fce61603a09111f4cc587c9fdbf82753b24d", kill_on_drop: false }`
[INFO] running `Command { std: "docker" "inspect" "2b78d345dff479c7664baeb42b23fce61603a09111f4cc587c9fdbf82753b24d", kill_on_drop: false }`
[INFO] running `Command { std: "docker" "rm" "-f" "2b78d345dff479c7664baeb42b23fce61603a09111f4cc587c9fdbf82753b24d", kill_on_drop: false }`
[INFO] [stdout] 2b78d345dff479c7664baeb42b23fce61603a09111f4cc587c9fdbf82753b24d
[INFO] running `Command { std: "docker" "create" "-v" "/var/lib/crater-agent-workspace/builds/worker-1-tc2/target:/opt/rustwide/target:rw,Z" "-v" "/var/lib/crater-agent-workspace/builds/worker-1-tc2/source:/opt/rustwide/workdir:ro,Z" "-v" "/var/lib/crater-agent-workspace/cargo-home:/opt/rustwide/cargo-home:ro,Z" "-v" "/var/lib/crater-agent-workspace/rustup-home:/opt/rustwide/rustup-home:ro,Z" "-e" "SOURCE_DIR=/opt/rustwide/workdir" "-e" "CARGO_TARGET_DIR=/opt/rustwide/target" "-e" "CARGO_INCREMENTAL=0" "-e" "RUST_BACKTRACE=full" "-e" "RUSTFLAGS=--cap-lints=warn" "-e" "RUSTDOCFLAGS=--cap-lints=warn" "-e" "CARGO_HOME=/opt/rustwide/cargo-home" "-e" "RUSTUP_HOME=/opt/rustwide/rustup-home" "-w" "/opt/rustwide/workdir" "-m" "1610612736" "--user" "0:0" "--network" "none" "ghcr.io/rust-lang/crates-build-env/linux@sha256:2788e3201cd34a07e3172128adcd8b3090168a8e3bcc40d7c032b9dda1df7d1c" "/opt/rustwide/cargo-home/bin/cargo" "+beta-2023-12-22" "build" "--frozen" "--message-format=json", kill_on_drop: false }`
[INFO] [stdout] 88b5bb09e99ba7d056f23b2a21da58e240c59d0483c5f2996d56fabeeebca187
[INFO] running `Command { std: "docker" "start" "-a" "88b5bb09e99ba7d056f23b2a21da58e240c59d0483c5f2996d56fabeeebca187", kill_on_drop: false }`
[INFO] [stderr]    Compiling libc v0.2.151
[INFO] [stderr]    Compiling bytes v1.5.0
[INFO] [stderr]    Compiling futures-core v0.3.30
[INFO] [stderr]    Compiling syn v2.0.48
[INFO] [stderr]    Compiling tracing v0.1.40
[INFO] [stderr]    Compiling bitflags v2.4.1
[INFO] [stderr]    Compiling hashbrown v0.14.3
[INFO] [stderr]    Compiling futures-io v0.3.30
[INFO] [stderr]    Compiling equivalent v1.0.1
[INFO] [stderr]    Compiling pin-utils v0.1.0
[INFO] [stderr]    Compiling futures-task v0.3.30
[INFO] [stderr]    Compiling futures-sink v0.3.30
[INFO] [stderr]    Compiling http v0.2.11
[INFO] [stderr]    Compiling futures-util v0.3.30
[INFO] [stderr]    Compiling indexmap v2.1.0
[INFO] [stderr]    Compiling want v0.3.1
[INFO] [stderr]    Compiling unicode-normalization v0.1.22
[INFO] [stderr]    Compiling futures-channel v0.3.30
[INFO] [stderr]    Compiling unicode-bidi v0.3.14
[INFO] [stderr]    Compiling http-body v0.4.6
[INFO] [stderr]    Compiling tower-service v0.3.2
[INFO] [stderr]    Compiling httpdate v1.0.3
[INFO] [stderr]    Compiling mio v0.8.10
[INFO] [stderr]    Compiling cc v1.0.83
[INFO] [stderr]    Compiling socket2 v0.5.5
[INFO] [stderr]    Compiling num_cpus v1.16.0
[INFO] [stderr]    Compiling idna v0.5.0
[INFO] [stderr]    Compiling base64 v0.21.5
[INFO] [stderr]    Compiling tokio v1.35.1
[INFO] [stderr]    Compiling ipnet v2.9.0
[INFO] [stderr]    Compiling url v2.5.0
[INFO] [stderr]    Compiling openssl-sys v0.9.98
[INFO] [stderr]    Compiling openssl v0.10.62
[INFO] [stderr]    Compiling native-tls v0.2.11
[INFO] [stderr]    Compiling openssl-macros v0.1.1
[INFO] [stderr]    Compiling serde_derive v1.0.194
[INFO] [stderr]    Compiling tokio-util v0.7.10
[INFO] [stderr]    Compiling h2 v0.3.22
[INFO] [stderr]    Compiling serde v1.0.194
[INFO] [stderr]    Compiling tokio-native-tls v0.3.1
[INFO] [stderr]    Compiling hyper v0.14.28
[INFO] [stderr]    Compiling serde_json v1.0.111
[INFO] [stderr]    Compiling serde_urlencoded v0.7.1
[INFO] [stderr]    Compiling hyper-tls v0.5.0
[INFO] [stderr]    Compiling reqwest v0.11.23
[INFO] [stderr]    Compiling rocketchat-message v0.1.3 (/opt/rustwide/workdir)
[INFO] [stderr]     Finished dev [unoptimized + debuginfo] target(s) in 31.71s
[INFO] running `Command { std: "docker" "inspect" "88b5bb09e99ba7d056f23b2a21da58e240c59d0483c5f2996d56fabeeebca187", kill_on_drop: false }`
[INFO] running `Command { std: "docker" "rm" "-f" "88b5bb09e99ba7d056f23b2a21da58e240c59d0483c5f2996d56fabeeebca187", kill_on_drop: false }`
[INFO] [stdout] 88b5bb09e99ba7d056f23b2a21da58e240c59d0483c5f2996d56fabeeebca187
[INFO] running `Command { std: "docker" "create" "-v" "/var/lib/crater-agent-workspace/builds/worker-1-tc2/target:/opt/rustwide/target:rw,Z" "-v" "/var/lib/crater-agent-workspace/builds/worker-1-tc2/source:/opt/rustwide/workdir:ro,Z" "-v" "/var/lib/crater-agent-workspace/cargo-home:/opt/rustwide/cargo-home:ro,Z" "-v" "/var/lib/crater-agent-workspace/rustup-home:/opt/rustwide/rustup-home:ro,Z" "-e" "SOURCE_DIR=/opt/rustwide/workdir" "-e" "CARGO_TARGET_DIR=/opt/rustwide/target" "-e" "CARGO_INCREMENTAL=0" "-e" "RUST_BACKTRACE=full" "-e" "RUSTFLAGS=--cap-lints=warn" "-e" "RUSTDOCFLAGS=--cap-lints=warn" "-e" "CARGO_HOME=/opt/rustwide/cargo-home" "-e" "RUSTUP_HOME=/opt/rustwide/rustup-home" "-w" "/opt/rustwide/workdir" "-m" "1610612736" "--user" "0:0" "--network" "none" "ghcr.io/rust-lang/crates-build-env/linux@sha256:2788e3201cd34a07e3172128adcd8b3090168a8e3bcc40d7c032b9dda1df7d1c" "/opt/rustwide/cargo-home/bin/cargo" "+beta-2023-12-22" "test" "--frozen" "--no-run" "--message-format=json", kill_on_drop: false }`
[INFO] [stdout] 392a080c88c51da87c4462b6080437a4cc99443b5e85f6ee2cf001eec84d08c7
[INFO] running `Command { std: "docker" "start" "-a" "392a080c88c51da87c4462b6080437a4cc99443b5e85f6ee2cf001eec84d08c7", kill_on_drop: false }`
[INFO] [stderr]    Compiling rocketchat-message v0.1.3 (/opt/rustwide/workdir)
[INFO] [stderr]     Finished test [unoptimized + debuginfo] target(s) in 0.63s
[INFO] running `Command { std: "docker" "inspect" "392a080c88c51da87c4462b6080437a4cc99443b5e85f6ee2cf001eec84d08c7", kill_on_drop: false }`
[INFO] running `Command { std: "docker" "rm" "-f" "392a080c88c51da87c4462b6080437a4cc99443b5e85f6ee2cf001eec84d08c7", kill_on_drop: false }`
[INFO] [stdout] 392a080c88c51da87c4462b6080437a4cc99443b5e85f6ee2cf001eec84d08c7
[INFO] running `Command { std: "docker" "create" "-v" "/var/lib/crater-agent-workspace/builds/worker-1-tc2/target:/opt/rustwide/target:rw,Z" "-v" "/var/lib/crater-agent-workspace/builds/worker-1-tc2/source:/opt/rustwide/workdir:ro,Z" "-v" "/var/lib/crater-agent-workspace/cargo-home:/opt/rustwide/cargo-home:ro,Z" "-v" "/var/lib/crater-agent-workspace/rustup-home:/opt/rustwide/rustup-home:ro,Z" "-e" "SOURCE_DIR=/opt/rustwide/workdir" "-e" "CARGO_TARGET_DIR=/opt/rustwide/target" "-e" "CARGO_INCREMENTAL=0" "-e" "RUST_BACKTRACE=full" "-e" "RUSTFLAGS=--cap-lints=warn" "-e" "RUSTDOCFLAGS=--cap-lints=warn" "-e" "CARGO_HOME=/opt/rustwide/cargo-home" "-e" "RUSTUP_HOME=/opt/rustwide/rustup-home" "-w" "/opt/rustwide/workdir" "-m" "1610612736" "--user" "0:0" "--network" "none" "ghcr.io/rust-lang/crates-build-env/linux@sha256:2788e3201cd34a07e3172128adcd8b3090168a8e3bcc40d7c032b9dda1df7d1c" "/opt/rustwide/cargo-home/bin/cargo" "+beta-2023-12-22" "test" "--frozen", kill_on_drop: false }`
[INFO] [stdout] 3be5498089e7ead42b38d16701eb0379145e175f9250843a24aef225b2540098
[INFO] running `Command { std: "docker" "start" "-a" "3be5498089e7ead42b38d16701eb0379145e175f9250843a24aef225b2540098", kill_on_drop: false }`
[INFO] [stderr]     Finished test [unoptimized + debuginfo] target(s) in 0.11s
[INFO] [stderr]      Running unittests src/lib.rs (/opt/rustwide/target/debug/deps/rocketchat_message-0e0a079c1643abbd)
[INFO] [stdout] 
[INFO] [stdout] running 0 tests
[INFO] [stdout] 
[INFO] [stdout] test result: ok. 0 passed; 0 failed; 0 ignored; 0 measured; 0 filtered out; finished in 0.00s
[INFO] [stdout] 
[INFO] [stderr]    Doc-tests rocketchat-message
[INFO] [stdout] 
[INFO] [stdout] running 26 tests
[INFO] [stdout] test src/lib.rs - Field::set_title (line 221) ... FAILED
[INFO] [stdout] test src/lib.rs - Field::new (line 212) ... FAILED
[INFO] [stdout] test src/lib.rs - Field::set_short (line 241) ... FAILED
[INFO] [stdout] test src/lib.rs - Field::set_value (line 231) ... FAILED
[INFO] [stdout] test src/lib.rs - RocketChat::new (line 58) ... FAILED
[INFO] [stdout] test src/lib.rs - (line 14) ... FAILED
[INFO] [stdout] test src/lib.rs - (line 6) ... FAILED
[INFO] [stdout] test src/lib.rs - (line 31) ... FAILED
[INFO] [stdout] test src/lib.rs - RocketChat::send_message_sync (line 135) ... FAILED
[INFO] [stdout] test src/lib.rs - RocketChat::send_message (line 108) ... FAILED
[INFO] [stdout] test src/lib.rs - RocketChat::set_channel (line 70) ... FAILED
[INFO] [stdout] test src/lib.rs - RocketChat::send_text (line 82) ... FAILED
[INFO] [stdout] test src/lib.rs - RocketChatAttachment::set_author (line 313) ... FAILED
[INFO] [stdout] test src/lib.rs - RocketChat::send_messages_sync (line 180) ... FAILED
[INFO] [stdout] test src/lib.rs - RocketChat::send_messages (line 161) ... FAILED
[INFO] [stdout] test src/lib.rs - RocketChat::send_text_sync (line 95) ... FAILED
[INFO] [stdout] test src/lib.rs - RocketChatAttachment::new (line 274) ... FAILED
[INFO] [stdout] test src/lib.rs - RocketChatAttachment::set_title (line 283) ... FAILED
[INFO] [stdout] test src/lib.rs - RocketChatAttachment::set_text (line 326) ... FAILED
[INFO] [stdout] test src/lib.rs - RocketChatAttachment::set_color (line 303) ... FAILED
[INFO] [stdout] test src/lib.rs - RocketChatMessage::new (line 388) ... FAILED
[INFO] [stdout] test src/lib.rs - RocketChatAttachment::set_image (line 336) ... FAILED
[INFO] [stdout] test src/lib.rs - RocketChatAttachment::set_fields (line 346) ... FAILED
[INFO] [stdout] test src/lib.rs - RocketChatMessage::set_text (line 397) ... FAILED
[INFO] [stdout] test src/lib.rs - RocketChatMessage::set_attachments (line 407) ... FAILED
[INFO] [stdout] test src/lib.rs - RocketChatAttachment::set_title_link (line 293) ... FAILED
[INFO] [stderr] error: doctest failed, to rerun pass `--doc`
[INFO] [stdout] 
[INFO] [stdout] failures:
[INFO] [stdout] 
[INFO] [stdout] ---- src/lib.rs - Field::set_title (line 221) stdout ----
[INFO] [stdout] error[E0433]: failed to resolve: use of undeclared type `Field`
[INFO] [stdout]  --> src/lib.rs:222:13
[INFO] [stdout]   |
[INFO] [stdout] 3 | let field = Field::new().set_title("Title");
[INFO] [stdout]   |             ^^^^^ use of undeclared type `Field`
[INFO] [stdout]   |
[INFO] [stdout] help: consider importing this struct
[INFO] [stdout]   |
[INFO] [stdout] 2 + use rocketchat_message::Field;
[INFO] [stdout]   |
[INFO] [stdout] 
[INFO] [stdout] error: aborting due to 1 previous error
[INFO] [stdout] 
[INFO] [stdout] For more information about this error, try `rustc --explain E0433`.
[INFO] [stdout] Couldn't compile the test.
[INFO] [stdout] ---- src/lib.rs - Field::new (line 212) stdout ----
[INFO] [stdout] error[E0433]: failed to resolve: use of undeclared type `Field`
[INFO] [stdout]  --> src/lib.rs:213:13
[INFO] [stdout]   |
[INFO] [stdout] 3 | let field = Field::new();
[INFO] [stdout]   |             ^^^^^ use of undeclared type `Field`
[INFO] [stdout]   |
[INFO] [stdout] help: consider importing this struct
[INFO] [stdout]   |
[INFO] [stdout] 2 + use rocketchat_message::Field;
[INFO] [stdout]   |
[INFO] [stdout] 
[INFO] [stdout] error: aborting due to 1 previous error
[INFO] [stdout] 
[INFO] [stdout] For more information about this error, try `rustc --explain E0433`.
[INFO] [stdout] Couldn't compile the test.
[INFO] [stdout] ---- src/lib.rs - Field::set_short (line 241) stdout ----
[INFO] [stdout] error[E0433]: failed to resolve: use of undeclared type `Field`
[INFO] [stdout]  --> src/lib.rs:242:13
[INFO] [stdout]   |
[INFO] [stdout] 3 | let field = Field::new().set_short(true);
[INFO] [stdout]   |             ^^^^^ use of undeclared type `Field`
[INFO] [stdout]   |
[INFO] [stdout] help: consider importing this struct
[INFO] [stdout]   |
[INFO] [stdout] 2 + use rocketchat_message::Field;
[INFO] [stdout]   |
[INFO] [stdout] 
[INFO] [stdout] error: aborting due to 1 previous error
[INFO] [stdout] 
[INFO] [stdout] For more information about this error, try `rustc --explain E0433`.
[INFO] [stdout] Couldn't compile the test.
[INFO] [stdout] ---- src/lib.rs - Field::set_value (line 231) stdout ----
[INFO] [stdout] error[E0433]: failed to resolve: use of undeclared type `Field`
[INFO] [stdout]  --> src/lib.rs:232:13
[INFO] [stdout]   |
[INFO] [stdout] 3 | let field = Field::new().set_value("Value");
[INFO] [stdout]   |             ^^^^^ use of undeclared type `Field`
[INFO] [stdout]   |
[INFO] [stdout] help: consider importing this struct
[INFO] [stdout]   |
[INFO] [stdout] 2 + use rocketchat_message::Field;
[INFO] [stdout]   |
[INFO] [stdout] 
[INFO] [stdout] error: aborting due to 1 previous error
[INFO] [stdout] 
[INFO] [stdout] For more information about this error, try `rustc --explain E0433`.
[INFO] [stdout] Couldn't compile the test.
[INFO] [stdout] ---- src/lib.rs - RocketChat::new (line 58) stdout ----
[INFO] [stdout] error[E0433]: failed to resolve: use of undeclared type `RocketChat`
[INFO] [stdout]  --> src/lib.rs:59:14
[INFO] [stdout]   |
[INFO] [stdout] 3 | let client = RocketChat::new("ROCKET_CHAT_WEBHOOK_URL", "#channel");
[INFO] [stdout]   |              ^^^^^^^^^^ use of undeclared type `RocketChat`
[INFO] [stdout]   |
[INFO] [stdout] help: consider importing this struct
[INFO] [stdout]   |
[INFO] [stdout] 2 + use rocketchat_message::RocketChat;
[INFO] [stdout]   |
[INFO] [stdout] 
[INFO] [stdout] error: aborting due to 1 previous error
[INFO] [stdout] 
[INFO] [stdout] For more information about this error, try `rustc --explain E0433`.
[INFO] [stdout] Couldn't compile the test.
[INFO] [stdout] ---- src/lib.rs - (line 14) stdout ----
[INFO] [stdout] error[E0433]: failed to resolve: use of undeclared type `RocketChat`
[INFO] [stdout]  --> src/lib.rs:15:14
[INFO] [stdout]   |
[INFO] [stdout] 3 | let client = RocketChat::new("ROCKET_CHAT_WEBHOOK_URL", "#channel");
[INFO] [stdout]   |              ^^^^^^^^^^ use of undeclared type `RocketChat`
[INFO] [stdout]   |
[INFO] [stdout] help: consider importing this struct
[INFO] [stdout]   |
[INFO] [stdout] 2 + use rocketchat_message::RocketChat;
[INFO] [stdout]   |
[INFO] [stdout] 
[INFO] [stdout] error[E0433]: failed to resolve: use of undeclared type `RocketChatMessage`
[INFO] [stdout]  --> src/lib.rs:17:11
[INFO] [stdout]   |
[INFO] [stdout] 5 | let msg = RocketChatMessage::new()
[INFO] [stdout]   |           ^^^^^^^^^^^^^^^^^ use of undeclared type `RocketChatMessage`
[INFO] [stdout]   |
[INFO] [stdout] help: consider importing this struct
[INFO] [stdout]   |
[INFO] [stdout] 2 + use rocketchat_message::RocketChatMessage;
[INFO] [stdout]   |
[INFO] [stdout] 
[INFO] [stdout] error[E0433]: failed to resolve: use of undeclared type `RocketChatAttachment`
[INFO] [stdout]  --> src/lib.rs:19:27
[INFO] [stdout]   |
[INFO] [stdout] 7 |     .set_attachments(vec![RocketChatAttachment::new()
[INFO] [stdout]   |                           ^^^^^^^^^^^^^^^^^^^^ use of undeclared type `RocketChatAttachment`
[INFO] [stdout]   |
[INFO] [stdout] help: consider importing this struct
[INFO] [stdout]   |
[INFO] [stdout] 2 + use rocketchat_message::RocketChatAttachment;
[INFO] [stdout]   |
[INFO] [stdout] 
[INFO] [stdout] error[E0728]: `await` is only allowed inside `async` functions and blocks
[INFO] [stdout]   --> src/lib.rs:26:26
[INFO] [stdout]    |
[INFO] [stdout] 2  | fn main() { #[allow(non_snake_case)] fn _doctest_main_src_lib_rs_14_0() {
[INFO] [stdout]    |                                         ----------------------------- this is not `async`
[INFO] [stdout] ...
[INFO] [stdout] 14 | client.send_message(msg).await?;
[INFO] [stdout]    |                          ^^^^^ only allowed inside `async` functions and blocks
[INFO] [stdout] 
[INFO] [stdout] error: aborting due to 4 previous errors
[INFO] [stdout] 
[INFO] [stdout] Some errors have detailed explanations: E0433, E0728.
[INFO] [stdout] For more information about an error, try `rustc --explain E0433`.
[INFO] [stdout] Couldn't compile the test.
[INFO] [stdout] ---- src/lib.rs - (line 6) stdout ----
[INFO] [stdout] error[E0433]: failed to resolve: use of undeclared type `RocketChat`
[INFO] [stdout]  --> src/lib.rs:7:14
[INFO] [stdout]   |
[INFO] [stdout] 3 | let client = RocketChat::new("ROCKET_CHAT_WEBHOOK_URL", "#channel");
[INFO] [stdout]   |              ^^^^^^^^^^ use of undeclared type `RocketChat`
[INFO] [stdout]   |
[INFO] [stdout] help: consider importing this struct
[INFO] [stdout]   |
[INFO] [stdout] 2 + use rocketchat_message::RocketChat;
[INFO] [stdout]   |
[INFO] [stdout] 
[INFO] [stdout] error[E0728]: `await` is only allowed inside `async` functions and blocks
[INFO] [stdout]  --> src/lib.rs:9:26
[INFO] [stdout]   |
[INFO] [stdout] 2 | fn main() { #[allow(non_snake_case)] fn _doctest_main_src_lib_rs_6_0() {
[INFO] [stdout]   |                                         ---------------------------- this is not `async`
[INFO] [stdout] ...
[INFO] [stdout] 5 | client.send_text("Text").await?;
[INFO] [stdout]   |                          ^^^^^ only allowed inside `async` functions and blocks
[INFO] [stdout] 
[INFO] [stdout] error: aborting due to 2 previous errors
[INFO] [stdout] 
[INFO] [stdout] Some errors have detailed explanations: E0433, E0728.
[INFO] [stdout] For more information about an error, try `rustc --explain E0433`.
[INFO] [stdout] Couldn't compile the test.
[INFO] [stdout] ---- src/lib.rs - (line 31) stdout ----
[INFO] [stdout] error[E0433]: failed to resolve: use of undeclared type `RocketChat`
[INFO] [stdout]  --> src/lib.rs:32:14
[INFO] [stdout]   |
[INFO] [stdout] 3 | let client = RocketChat::new("ROCKET_CHAT_WEBHOOK_URL", "#channel");
[INFO] [stdout]   |              ^^^^^^^^^^ use of undeclared type `RocketChat`
[INFO] [stdout]   |
[INFO] [stdout] help: consider importing this struct
[INFO] [stdout]   |
[INFO] [stdout] 2 + use rocketchat_message::RocketChat;
[INFO] [stdout]   |
[INFO] [stdout] 
[INFO] [stdout] error[E0433]: failed to resolve: use of undeclared type `RocketChatMessage`
[INFO] [stdout]  --> src/lib.rs:35:5
[INFO] [stdout]   |
[INFO] [stdout] 6 |     RocketChatMessage::new().set_text("Message1"),
[INFO] [stdout]   |     ^^^^^^^^^^^^^^^^^ use of undeclared type `RocketChatMessage`
[INFO] [stdout]   |
[INFO] [stdout] help: consider importing this struct
[INFO] [stdout]   |
[INFO] [stdout] 2 + use rocketchat_message::RocketChatMessage;
[INFO] [stdout]   |
[INFO] [stdout] 
[INFO] [stdout] error[E0433]: failed to resolve: use of undeclared type `RocketChatMessage`
[INFO] [stdout]  --> src/lib.rs:36:5
[INFO] [stdout]   |
[INFO] [stdout] 7 |     RocketChatMessage::new().set_text("Message2"),
[INFO] [stdout]   |     ^^^^^^^^^^^^^^^^^ use of undeclared type `RocketChatMessage`
[INFO] [stdout]   |
[INFO] [stdout] help: consider importing this struct
[INFO] [stdout]   |
[INFO] [stdout] 2 + use rocketchat_message::RocketChatMessage;
[INFO] [stdout]   |
[INFO] [stdout] 
[INFO] [stdout] error[E0728]: `await` is only allowed inside `async` functions and blocks
[INFO] [stdout]   --> src/lib.rs:39:28
[INFO] [stdout]    |
[INFO] [stdout] 2  | fn main() { #[allow(non_snake_case)] fn _doctest_main_src_lib_rs_31_0() {
[INFO] [stdout]    |                                         ----------------------------- this is not `async`
[INFO] [stdout] ...
[INFO] [stdout] 10 | client.send_messages(msgs).await?;
[INFO] [stdout]    |                            ^^^^^ only allowed inside `async` functions and blocks
[INFO] [stdout] 
[INFO] [stdout] error: aborting due to 4 previous errors
[INFO] [stdout] 
[INFO] [stdout] Some errors have detailed explanations: E0433, E0728.
[INFO] [stdout] For more information about an error, try `rustc --explain E0433`.
[INFO] [stdout] Couldn't compile the test.
[INFO] [stdout] ---- src/lib.rs - RocketChat::send_message_sync (line 135) stdout ----
[INFO] [stdout] error[E0433]: failed to resolve: use of undeclared type `RocketChat`
[INFO] [stdout]  --> src/lib.rs:136:14
[INFO] [stdout]   |
[INFO] [stdout] 3 | let client = RocketChat::new("ROCKET_CHAT_WEBHOOK_URL", "#channel");
[INFO] [stdout]   |              ^^^^^^^^^^ use of undeclared type `RocketChat`
[INFO] [stdout]   |
[INFO] [stdout] help: consider importing this struct
[INFO] [stdout]   |
[INFO] [stdout] 2 + use rocketchat_message::RocketChat;
[INFO] [stdout]   |
[INFO] [stdout] 
[INFO] [stdout] error[E0433]: failed to resolve: use of undeclared type `RocketChatMessage`
[INFO] [stdout]  --> src/lib.rs:137:11
[INFO] [stdout]   |
[INFO] [stdout] 4 | let msg = RocketChatMessage::new().set_text("Text");
[INFO] [stdout]   |           ^^^^^^^^^^^^^^^^^ use of undeclared type `RocketChatMessage`
[INFO] [stdout]   |
[INFO] [stdout] help: consider importing this struct
[INFO] [stdout]   |
[INFO] [stdout] 2 + use rocketchat_message::RocketChatMessage;
[INFO] [stdout]   |
[INFO] [stdout] 
[INFO] [stdout] error: aborting due to 2 previous errors
[INFO] [stdout] 
[INFO] [stdout] For more information about this error, try `rustc --explain E0433`.
[INFO] [stdout] Couldn't compile the test.
[INFO] [stdout] ---- src/lib.rs - RocketChat::send_message (line 108) stdout ----
[INFO] [stdout] error[E0433]: failed to resolve: use of undeclared type `RocketChat`
[INFO] [stdout]  --> src/lib.rs:109:14
[INFO] [stdout]   |
[INFO] [stdout] 3 | let client = RocketChat::new("ROCKET_CHAT_WEBHOOK_URL", "#channel");
[INFO] [stdout]   |              ^^^^^^^^^^ use of undeclared type `RocketChat`
[INFO] [stdout]   |
[INFO] [stdout] help: consider importing this struct
[INFO] [stdout]   |
[INFO] [stdout] 2 + use rocketchat_message::RocketChat;
[INFO] [stdout]   |
[INFO] [stdout] 
[INFO] [stdout] error[E0433]: failed to resolve: use of undeclared type `RocketChatMessage`
[INFO] [stdout]  --> src/lib.rs:110:11
[INFO] [stdout]   |
[INFO] [stdout] 4 | let msg = RocketChatMessage::new().set_text("Text");
[INFO] [stdout]   |           ^^^^^^^^^^^^^^^^^ use of undeclared type `RocketChatMessage`
[INFO] [stdout]   |
[INFO] [stdout] help: consider importing this struct
[INFO] [stdout]   |
[INFO] [stdout] 2 + use rocketchat_message::RocketChatMessage;
[INFO] [stdout]   |
[INFO] [stdout] 
[INFO] [stdout] error[E0728]: `await` is only allowed inside `async` functions and blocks
[INFO] [stdout]  --> src/lib.rs:112:26
[INFO] [stdout]   |
[INFO] [stdout] 2 | fn main() { #[allow(non_snake_case)] fn _doctest_main_src_lib_rs_108_0() {
[INFO] [stdout]   |                                         ------------------------------ this is not `async`
[INFO] [stdout] ...
[INFO] [stdout] 6 | client.send_message(msg).await;
[INFO] [stdout]   |                          ^^^^^ only allowed inside `async` functions and blocks
[INFO] [stdout] 
[INFO] [stdout] error: aborting due to 3 previous errors
[INFO] [stdout] 
[INFO] [stdout] Some errors have detailed explanations: E0433, E0728.
[INFO] [stdout] For more information about an error, try `rustc --explain E0433`.
[INFO] [stdout] Couldn't compile the test.
[INFO] [stdout] ---- src/lib.rs - RocketChat::set_channel (line 70) stdout ----
[INFO] [stdout] error[E0433]: failed to resolve: use of undeclared type `RocketChat`
[INFO] [stdout]  --> src/lib.rs:71:18
[INFO] [stdout]   |
[INFO] [stdout] 3 | let mut client = RocketChat::new("ROCKET_CHAT_WEBHOOK_URL", "#channel");
[INFO] [stdout]   |                  ^^^^^^^^^^ use of undeclared type `RocketChat`
[INFO] [stdout]   |
[INFO] [stdout] help: consider importing this struct
[INFO] [stdout]   |
[INFO] [stdout] 2 + use rocketchat_message::RocketChat;
[INFO] [stdout]   |
[INFO] [stdout] 
[INFO] [stdout] error: aborting due to 1 previous error
[INFO] [stdout] 
[INFO] [stdout] For more information about this error, try `rustc --explain E0433`.
[INFO] [stdout] Couldn't compile the test.
[INFO] [stdout] ---- src/lib.rs - RocketChat::send_text (line 82) stdout ----
[INFO] [stdout] error[E0433]: failed to resolve: use of undeclared type `RocketChat`
[INFO] [stdout]  --> src/lib.rs:83:14
[INFO] [stdout]   |
[INFO] [stdout] 3 | let client = RocketChat::new("ROCKET_CHAT_WEBHOOK_URL", "#channel");
[INFO] [stdout]   |              ^^^^^^^^^^ use of undeclared type `RocketChat`
[INFO] [stdout]   |
[INFO] [stdout] help: consider importing this struct
[INFO] [stdout]   |
[INFO] [stdout] 2 + use rocketchat_message::RocketChat;
[INFO] [stdout]   |
[INFO] [stdout] 
[INFO] [stdout] error[E0728]: `await` is only allowed inside `async` functions and blocks
[INFO] [stdout]  --> src/lib.rs:85:26
[INFO] [stdout]   |
[INFO] [stdout] 2 | fn main() { #[allow(non_snake_case)] fn _doctest_main_src_lib_rs_82_0() {
[INFO] [stdout]   |                                         ----------------------------- this is not `async`
[INFO] [stdout] ...
[INFO] [stdout] 5 | client.send_text("Text").await?;
[INFO] [stdout]   |                          ^^^^^ only allowed inside `async` functions and blocks
[INFO] [stdout] 
[INFO] [stdout] error: aborting due to 2 previous errors
[INFO] [stdout] 
[INFO] [stdout] Some errors have detailed explanations: E0433, E0728.
[INFO] [stdout] For more information about an error, try `rustc --explain E0433`.
[INFO] [stdout] Couldn't compile the test.
[INFO] [stdout] ---- src/lib.rs - RocketChatAttachment::set_author (line 313) stdout ----
[INFO] [stdout] error[E0433]: failed to resolve: use of undeclared type `RocketChatAttachment`
[INFO] [stdout]  --> src/lib.rs:314:18
[INFO] [stdout]   |
[INFO] [stdout] 3 | let attachment = RocketChatAttachment::new().set_author("Author Name", Some("ICON_URL"));
[INFO] [stdout]   |                  ^^^^^^^^^^^^^^^^^^^^ use of undeclared type `RocketChatAttachment`
[INFO] [stdout]   |
[INFO] [stdout] help: consider importing this struct
[INFO] [stdout]   |
[INFO] [stdout] 2 + use rocketchat_message::RocketChatAttachment;
[INFO] [stdout]   |
[INFO] [stdout] 
[INFO] [stdout] error: aborting due to 1 previous error
[INFO] [stdout] 
[INFO] [stdout] For more information about this error, try `rustc --explain E0433`.
[INFO] [stdout] Couldn't compile the test.
[INFO] [stdout] ---- src/lib.rs - RocketChat::send_messages_sync (line 180) stdout ----
[INFO] [stdout] error[E0433]: failed to resolve: use of undeclared type `RocketChat`
[INFO] [stdout]  --> src/lib.rs:181:14
[INFO] [stdout]   |
[INFO] [stdout] 3 | let client = RocketChat::new("ROCKET_CHAT_WEBHOOK_URL", "#channel");
[INFO] [stdout]   |              ^^^^^^^^^^ use of undeclared type `RocketChat`
[INFO] [stdout]   |
[INFO] [stdout] help: consider importing this struct
[INFO] [stdout]   |
[INFO] [stdout] 2 + use rocketchat_message::RocketChat;
[INFO] [stdout]   |
[INFO] [stdout] 
[INFO] [stdout] error[E0433]: failed to resolve: use of undeclared type `RocketChatMessage`
[INFO] [stdout]  --> src/lib.rs:184:4
[INFO] [stdout]   |
[INFO] [stdout] 6 |    RocketChatMessage::new().set_text("Text"),
[INFO] [stdout]   |    ^^^^^^^^^^^^^^^^^ use of undeclared type `RocketChatMessage`
[INFO] [stdout]   |
[INFO] [stdout] help: consider importing this struct
[INFO] [stdout]   |
[INFO] [stdout] 2 + use rocketchat_message::RocketChatMessage;
[INFO] [stdout]   |
[INFO] [stdout] 
[INFO] [stdout] error[E0433]: failed to resolve: use of undeclared type `RocketChatMessage`
[INFO] [stdout]  --> src/lib.rs:185:4
[INFO] [stdout]   |
[INFO] [stdout] 7 |    RocketChatMessage::new().set_text("Text2"),
[INFO] [stdout]   |    ^^^^^^^^^^^^^^^^^ use of undeclared type `RocketChatMessage`
[INFO] [stdout]   |
[INFO] [stdout] help: consider importing this struct
[INFO] [stdout]   |
[INFO] [stdout] 2 + use rocketchat_message::RocketChatMessage;
[INFO] [stdout]   |
[INFO] [stdout] 
[INFO] [stdout] error: aborting due to 3 previous errors
[INFO] [stdout] 
[INFO] [stdout] For more information about this error, try `rustc --explain E0433`.
[INFO] [stdout] Couldn't compile the test.
[INFO] [stdout] ---- src/lib.rs - RocketChat::send_messages (line 161) stdout ----
[INFO] [stdout] error[E0433]: failed to resolve: use of undeclared type `RocketChat`
[INFO] [stdout]  --> src/lib.rs:162:14
[INFO] [stdout]   |
[INFO] [stdout] 3 | let client = RocketChat::new("ROCKET_CHAT_WEBHOOK_URL", "#channel");
[INFO] [stdout]   |              ^^^^^^^^^^ use of undeclared type `RocketChat`
[INFO] [stdout]   |
[INFO] [stdout] help: consider importing this struct
[INFO] [stdout]   |
[INFO] [stdout] 2 + use rocketchat_message::RocketChat;
[INFO] [stdout]   |
[INFO] [stdout] 
[INFO] [stdout] error[E0433]: failed to resolve: use of undeclared type `RocketChatMessage`
[INFO] [stdout]  --> src/lib.rs:165:4
[INFO] [stdout]   |
[INFO] [stdout] 6 |    RocketChatMessage::new().set_text("Text"),
[INFO] [stdout]   |    ^^^^^^^^^^^^^^^^^ use of undeclared type `RocketChatMessage`
[INFO] [stdout]   |
[INFO] [stdout] help: consider importing this struct
[INFO] [stdout]   |
[INFO] [stdout] 2 + use rocketchat_message::RocketChatMessage;
[INFO] [stdout]   |
[INFO] [stdout] 
[INFO] [stdout] error[E0433]: failed to resolve: use of undeclared type `RocketChatMessage`
[INFO] [stdout]  --> src/lib.rs:166:4
[INFO] [stdout]   |
[INFO] [stdout] 7 |    RocketChatMessage::new().set_text("Text2"),
[INFO] [stdout]   |    ^^^^^^^^^^^^^^^^^ use of undeclared type `RocketChatMessage`
[INFO] [stdout]   |
[INFO] [stdout] help: consider importing this struct
[INFO] [stdout]   |
[INFO] [stdout] 2 + use rocketchat_message::RocketChatMessage;
[INFO] [stdout]   |
[INFO] [stdout] 
[INFO] [stdout] error[E0728]: `await` is only allowed inside `async` functions and blocks
[INFO] [stdout]   --> src/lib.rs:169:28
[INFO] [stdout]    |
[INFO] [stdout] 2  | fn main() { #[allow(non_snake_case)] fn _doctest_main_src_lib_rs_161_0() {
[INFO] [stdout]    |                                         ------------------------------ this is not `async`
[INFO] [stdout] ...
[INFO] [stdout] 10 | client.send_messages(msgs).await?;
[INFO] [stdout]    |                            ^^^^^ only allowed inside `async` functions and blocks
[INFO] [stdout] 
[INFO] [stdout] error: aborting due to 4 previous errors
[INFO] [stdout] 
[INFO] [stdout] Some errors have detailed explanations: E0433, E0728.
[INFO] [stdout] For more information about an error, try `rustc --explain E0433`.
[INFO] [stdout] Couldn't compile the test.
[INFO] [stdout] ---- src/lib.rs - RocketChat::send_text_sync (line 95) stdout ----
[INFO] [stdout] error[E0433]: failed to resolve: use of undeclared type `RocketChat`
[INFO] [stdout]  --> src/lib.rs:96:14
[INFO] [stdout]   |
[INFO] [stdout] 3 | let client = RocketChat::new("ROCKET_CHAT_WEBHOOK_URL", "#channel");
[INFO] [stdout]   |              ^^^^^^^^^^ use of undeclared type `RocketChat`
[INFO] [stdout]   |
[INFO] [stdout] help: consider importing this struct
[INFO] [stdout]   |
[INFO] [stdout] 2 + use rocketchat_message::RocketChat;
[INFO] [stdout]   |
[INFO] [stdout] 
[INFO] [stdout] error: aborting due to 1 previous error
[INFO] [stdout] 
[INFO] [stdout] For more information about this error, try `rustc --explain E0433`.
[INFO] [stdout] Couldn't compile the test.
[INFO] [stdout] ---- src/lib.rs - RocketChatAttachment::new (line 274) stdout ----
[INFO] [stdout] error[E0433]: failed to resolve: use of undeclared type `RocketChatAttachment`
[INFO] [stdout]  --> src/lib.rs:275:18
[INFO] [stdout]   |
[INFO] [stdout] 3 | let attachment = RocketChatAttachment::new();
[INFO] [stdout]   |                  ^^^^^^^^^^^^^^^^^^^^ use of undeclared type `RocketChatAttachment`
[INFO] [stdout]   |
[INFO] [stdout] help: consider importing this struct
[INFO] [stdout]   |
[INFO] [stdout] 2 + use rocketchat_message::RocketChatAttachment;
[INFO] [stdout]   |
[INFO] [stdout] 
[INFO] [stdout] error: aborting due to 1 previous error
[INFO] [stdout] 
[INFO] [stdout] For more information about this error, try `rustc --explain E0433`.
[INFO] [stdout] Couldn't compile the test.
[INFO] [stdout] ---- src/lib.rs - RocketChatAttachment::set_title (line 283) stdout ----
[INFO] [stdout] error[E0433]: failed to resolve: use of undeclared type `RocketChatAttachment`
[INFO] [stdout]  --> src/lib.rs:284:18
[INFO] [stdout]   |
[INFO] [stdout] 3 | let attachment = RocketChatAttachment::new().set_title("Title");
[INFO] [stdout]   |                  ^^^^^^^^^^^^^^^^^^^^ use of undeclared type `RocketChatAttachment`
[INFO] [stdout]   |
[INFO] [stdout] help: consider importing this struct
[INFO] [stdout]   |
[INFO] [stdout] 2 + use rocketchat_message::RocketChatAttachment;
[INFO] [stdout]   |
[INFO] [stdout] 
[INFO] [stdout] error: aborting due to 1 previous error
[INFO] [stdout] 
[INFO] [stdout] For more information about this error, try `rustc --explain E0433`.
[INFO] [stdout] Couldn't compile the test.
[INFO] [stdout] ---- src/lib.rs - RocketChatAttachment::set_text (line 326) stdout ----
[INFO] [stdout] error[E0433]: failed to resolve: use of undeclared type `RocketChatAttachment`
[INFO] [stdout]  --> src/lib.rs:327:18
[INFO] [stdout]   |
[INFO] [stdout] 3 | let attachment = RocketChatAttachment::new().set_text("Text");
[INFO] [stdout]   |                  ^^^^^^^^^^^^^^^^^^^^ use of undeclared type `RocketChatAttachment`
[INFO] [stdout]   |
[INFO] [stdout] help: consider importing this struct
[INFO] [stdout]   |
[INFO] [stdout] 2 + use rocketchat_message::RocketChatAttachment;
[INFO] [stdout]   |
[INFO] [stdout] 
[INFO] [stdout] error: aborting due to 1 previous error
[INFO] [stdout] 
[INFO] [stdout] For more information about this error, try `rustc --explain E0433`.
[INFO] [stdout] Couldn't compile the test.
[INFO] [stdout] ---- src/lib.rs - RocketChatAttachment::set_color (line 303) stdout ----
[INFO] [stdout] error[E0433]: failed to resolve: use of undeclared type `RocketChatAttachment`
[INFO] [stdout]  --> src/lib.rs:304:18
[INFO] [stdout]   |
[INFO] [stdout] 3 | let attachment = RocketChatAttachment::new().set_color("#c97149");
[INFO] [stdout]   |                  ^^^^^^^^^^^^^^^^^^^^ use of undeclared type `RocketChatAttachment`
[INFO] [stdout]   |
[INFO] [stdout] help: consider importing this struct
[INFO] [stdout]   |
[INFO] [stdout] 2 + use rocketchat_message::RocketChatAttachment;
[INFO] [stdout]   |
[INFO] [stdout] 
[INFO] [stdout] error: aborting due to 1 previous error
[INFO] [stdout] 
[INFO] [stdout] For more information about this error, try `rustc --explain E0433`.
[INFO] [stdout] Couldn't compile the test.
[INFO] [stdout] ---- src/lib.rs - RocketChatMessage::new (line 388) stdout ----
[INFO] [stdout] error[E0433]: failed to resolve: use of undeclared type `RocketChatMessage`
[INFO] [stdout]  --> src/lib.rs:389:15
[INFO] [stdout]   |
[INFO] [stdout] 3 | let message = RocketChatMessage::new();
[INFO] [stdout]   |               ^^^^^^^^^^^^^^^^^ use of undeclared type `RocketChatMessage`
[INFO] [stdout]   |
[INFO] [stdout] help: consider importing this struct
[INFO] [stdout]   |
[INFO] [stdout] 2 + use rocketchat_message::RocketChatMessage;
[INFO] [stdout]   |
[INFO] [stdout] 
[INFO] [stdout] error: aborting due to 1 previous error
[INFO] [stdout] 
[INFO] [stdout] For more information about this error, try `rustc --explain E0433`.
[INFO] [stdout] Couldn't compile the test.
[INFO] [stdout] ---- src/lib.rs - RocketChatAttachment::set_image (line 336) stdout ----
[INFO] [stdout] error[E0433]: failed to resolve: use of undeclared type `RocketChatAttachment`
[INFO] [stdout]  --> src/lib.rs:337:18
[INFO] [stdout]   |
[INFO] [stdout] 3 | let attachment = RocketChatAttachment::new().set_image("IMAGE_URL");
[INFO] [stdout]   |                  ^^^^^^^^^^^^^^^^^^^^ use of undeclared type `RocketChatAttachment`
[INFO] [stdout]   |
[INFO] [stdout] help: consider importing this struct
[INFO] [stdout]   |
[INFO] [stdout] 2 + use rocketchat_message::RocketChatAttachment;
[INFO] [stdout]   |
[INFO] [stdout] 
[INFO] [stdout] error: aborting due to 1 previous error
[INFO] [stdout] 
[INFO] [stdout] For more information about this error, try `rustc --explain E0433`.
[INFO] [stdout] Couldn't compile the test.
[INFO] [stdout] ---- src/lib.rs - RocketChatAttachment::set_fields (line 346) stdout ----
[INFO] [stdout] error[E0433]: failed to resolve: use of undeclared type `RocketChatAttachment`
[INFO] [stdout]  --> src/lib.rs:347:18
[INFO] [stdout]   |
[INFO] [stdout] 3 | let attachment = RocketChatAttachment::new().set_fields(vec![Field::new()
[INFO] [stdout]   |                  ^^^^^^^^^^^^^^^^^^^^ use of undeclared type `RocketChatAttachment`
[INFO] [stdout]   |
[INFO] [stdout] help: consider importing this struct
[INFO] [stdout]   |
[INFO] [stdout] 2 + use rocketchat_message::RocketChatAttachment;
[INFO] [stdout]   |
[INFO] [stdout] 
[INFO] [stdout] error[E0433]: failed to resolve: use of undeclared type `Field`
[INFO] [stdout]  --> src/lib.rs:347:62
[INFO] [stdout]   |
[INFO] [stdout] 3 | let attachment = RocketChatAttachment::new().set_fields(vec![Field::new()
[INFO] [stdout]   |                                                              ^^^^^ use of undeclared type `Field`
[INFO] [stdout]   |
[INFO] [stdout] help: consider importing this struct
[INFO] [stdout]   |
[INFO] [stdout] 2 + use rocketchat_message::Field;
[INFO] [stdout]   |
[INFO] [stdout] 
[INFO] [stdout] error: aborting due to 2 previous errors
[INFO] [stdout] 
[INFO] [stdout] For more information about this error, try `rustc --explain E0433`.
[INFO] [stdout] Couldn't compile the test.
[INFO] [stdout] ---- src/lib.rs - RocketChatMessage::set_text (line 397) stdout ----
[INFO] [stdout] error[E0433]: failed to resolve: use of undeclared type `RocketChatMessage`
[INFO] [stdout]  --> src/lib.rs:398:15
[INFO] [stdout]   |
[INFO] [stdout] 3 | let message = RocketChatMessage::new().set_text("Text");
[INFO] [stdout]   |               ^^^^^^^^^^^^^^^^^ use of undeclared type `RocketChatMessage`
[INFO] [stdout]   |
[INFO] [stdout] help: consider importing this struct
[INFO] [stdout]   |
[INFO] [stdout] 2 + use rocketchat_message::RocketChatMessage;
[INFO] [stdout]   |
[INFO] [stdout] 
[INFO] [stdout] error: aborting due to 1 previous error
[INFO] [stdout] 
[INFO] [stdout] For more information about this error, try `rustc --explain E0433`.
[INFO] [stdout] Couldn't compile the test.
[INFO] [stdout] ---- src/lib.rs - RocketChatMessage::set_attachments (line 407) stdout ----
[INFO] [stdout] error: expected `;`, found keyword `let`
[INFO] [stdout]  --> src/lib.rs:408:71
[INFO] [stdout]   |
[INFO] [stdout] 3 | let attachments = vec![RocketChatAttachment::new().set_title("Title")]
[INFO] [stdout]   |                                                                       ^ help: add `;` here
[INFO] [stdout] 4 | let message = RocketChatMessage::new().set_attachments(attachments);
[INFO] [stdout]   | --- unexpected token
[INFO] [stdout] 
[INFO] [stdout] error[E0433]: failed to resolve: use of undeclared type `RocketChatAttachment`
[INFO] [stdout]  --> src/lib.rs:408:24
[INFO] [stdout]   |
[INFO] [stdout] 3 | let attachments = vec![RocketChatAttachment::new().set_title("Title")]
[INFO] [stdout]   |                        ^^^^^^^^^^^^^^^^^^^^ use of undeclared type `RocketChatAttachment`
[INFO] [stdout]   |
[INFO] [stdout] help: consider importing this struct
[INFO] [stdout]   |
[INFO] [stdout] 2 + use rocketchat_message::RocketChatAttachment;
[INFO] [stdout]   |
[INFO] [stdout] 
[INFO] [stdout] error[E0433]: failed to resolve: use of undeclared type `RocketChatMessage`
[INFO] [stdout]  --> src/lib.rs:409:15
[INFO] [stdout]   |
[INFO] [stdout] 4 | let message = RocketChatMessage::new().set_attachments(attachments);
[INFO] [stdout]   |               ^^^^^^^^^^^^^^^^^ use of undeclared type `RocketChatMessage`
[INFO] [stdout]   |
[INFO] [stdout] help: consider importing this struct
[INFO] [stdout]   |
[INFO] [stdout] 2 + use rocketchat_message::RocketChatMessage;
[INFO] [stdout]   |
[INFO] [stdout] 
[INFO] [stdout] error: aborting due to 3 previous errors
[INFO] [stdout] 
[INFO] [stdout] For more information about this error, try `rustc --explain E0433`.
[INFO] [stdout] Couldn't compile the test.
[INFO] [stdout] ---- src/lib.rs - RocketChatAttachment::set_title_link (line 293) stdout ----
[INFO] [stdout] error[E0433]: failed to resolve: use of undeclared type `RocketChatAttachment`
[INFO] [stdout]  --> src/lib.rs:294:18
[INFO] [stdout]   |
[INFO] [stdout] 3 | let attachment = RocketChatAttachment::new().set_title_link("https://google.fr");
[INFO] [stdout]   |                  ^^^^^^^^^^^^^^^^^^^^ use of undeclared type `RocketChatAttachment`
[INFO] [stdout]   |
[INFO] [stdout] help: consider importing this struct
[INFO] [stdout]   |
[INFO] [stdout] 2 + use rocketchat_message::RocketChatAttachment;
[INFO] [stdout]   |
[INFO] [stdout] 
[INFO] [stdout] error: aborting due to 1 previous error
[INFO] [stdout] 
[INFO] [stdout] For more information about this error, try `rustc --explain E0433`.
[INFO] [stdout] Couldn't compile the test.
[INFO] [stdout] 
[INFO] [stdout] failures:
[INFO] [stdout]     src/lib.rs - (line 14)
[INFO] [stdout]     src/lib.rs - (line 31)
[INFO] [stdout]     src/lib.rs - (line 6)
[INFO] [stdout]     src/lib.rs - Field::new (line 212)
[INFO] [stdout]     src/lib.rs - Field::set_short (line 241)
[INFO] [stdout]     src/lib.rs - Field::set_title (line 221)
[INFO] [stdout]     src/lib.rs - Field::set_value (line 231)
[INFO] [stdout]     src/lib.rs - RocketChat::new (line 58)
[INFO] [stdout]     src/lib.rs - RocketChat::send_message (line 108)
[INFO] [stdout]     src/lib.rs - RocketChat::send_message_sync (line 135)
[INFO] [stdout]     src/lib.rs - RocketChat::send_messages (line 161)
[INFO] [stdout]     src/lib.rs - RocketChat::send_messages_sync (line 180)
[INFO] [stdout]     src/lib.rs - RocketChat::send_text (line 82)
[INFO] [stdout]     src/lib.rs - RocketChat::send_text_sync (line 95)
[INFO] [stdout]     src/lib.rs - RocketChat::set_channel (line 70)
[INFO] [stdout]     src/lib.rs - RocketChatAttachment::new (line 274)
[INFO] [stdout]     src/lib.rs - RocketChatAttachment::set_author (line 313)
[INFO] [stdout]     src/lib.rs - RocketChatAttachment::set_color (line 303)
[INFO] [stdout]     src/lib.rs - RocketChatAttachment::set_fields (line 346)
[INFO] [stdout]     src/lib.rs - RocketChatAttachment::set_image (line 336)
[INFO] [stdout]     src/lib.rs - RocketChatAttachment::set_text (line 326)
[INFO] [stdout]     src/lib.rs - RocketChatAttachment::set_title (line 283)
[INFO] [stdout]     src/lib.rs - RocketChatAttachment::set_title_link (line 293)
[INFO] [stdout]     src/lib.rs - RocketChatMessage::new (line 388)
[INFO] [stdout]     src/lib.rs - RocketChatMessage::set_attachments (line 407)
[INFO] [stdout]     src/lib.rs - RocketChatMessage::set_text (line 397)
[INFO] [stdout] 
[INFO] [stdout] test result: FAILED. 0 passed; 26 failed; 0 ignored; 0 measured; 0 filtered out; finished in 0.95s
[INFO] [stdout] 
[INFO] running `Command { std: "docker" "inspect" "3be5498089e7ead42b38d16701eb0379145e175f9250843a24aef225b2540098", kill_on_drop: false }`
[INFO] running `Command { std: "docker" "rm" "-f" "3be5498089e7ead42b38d16701eb0379145e175f9250843a24aef225b2540098", kill_on_drop: false }`
[INFO] [stdout] 3be5498089e7ead42b38d16701eb0379145e175f9250843a24aef225b2540098
