[INFO] fetching crate rnltk 0.4.0...
[INFO] testing rnltk-0.4.0 against 1.75.0 for beta-1.76-1
[INFO] extracting crate rnltk 0.4.0 into /workspace/builds/worker-6-tc1/source
[INFO] validating manifest of crates.io crate rnltk 0.4.0 on toolchain 1.75.0
[INFO] running `Command { std: CARGO_HOME="/workspace/cargo-home" RUSTUP_HOME="/workspace/rustup-home" "/workspace/cargo-home/bin/cargo" "+1.75.0" "metadata" "--manifest-path" "Cargo.toml" "--no-deps", kill_on_drop: false }`
[INFO] removed /workspace/builds/worker-6-tc1/source/.cargo/config.toml
[INFO] started tweaking crates.io crate rnltk 0.4.0
[INFO] finished tweaking crates.io crate rnltk 0.4.0
[INFO] tweaked toml for crates.io crate rnltk 0.4.0 written to /workspace/builds/worker-6-tc1/source/Cargo.toml
[INFO] crate crates.io crate rnltk 0.4.0 already has a lockfile, it will not be regenerated
[INFO] running `Command { std: CARGO_HOME="/workspace/cargo-home" RUSTUP_HOME="/workspace/rustup-home" "/workspace/cargo-home/bin/cargo" "+1.75.0" "fetch" "--manifest-path" "Cargo.toml", kill_on_drop: false }`
[INFO] [stderr]     Updating crates.io index
[INFO] [stderr]     Blocking waiting for file lock on package cache
[INFO] [stderr]  Downloading crates ...
[INFO] [stderr]   Downloaded num-complex v0.4.2
[INFO] [stderr]   Downloaded rawpointer v0.2.1
[INFO] [stderr]   Downloaded nalgebra-macros v0.2.0
[INFO] [stderr]   Downloaded thiserror v1.0.37
[INFO] [stderr]   Downloaded paste v1.0.9
[INFO] [stderr]   Downloaded bytemuck v1.12.3
[INFO] [stderr]   Downloaded thiserror-impl v1.0.37
[INFO] [stderr]   Downloaded simba v0.8.1
[INFO] [stderr]   Downloaded proc-macro2 v1.0.46
[INFO] [stderr]   Downloaded matrixmultiply v0.3.2
[INFO] [stderr]   Downloaded syn v1.0.102
[INFO] [stderr]   Downloaded regex v1.6.0
[INFO] [stderr]   Downloaded regex-syntax v0.6.27
[INFO] [stderr]   Downloaded nalgebra v0.32.2
[INFO] [stderr]   Downloaded wide v0.7.5
[INFO] [stderr]   Downloaded safe_arch v0.6.0
[INFO] [stderr]   Downloaded aho-corasick v0.7.19
[INFO] running `Command { std: "docker" "create" "-v" "/var/lib/crater-agent-workspace/builds/worker-6-tc1/target:/opt/rustwide/target:rw,Z" "-v" "/var/lib/crater-agent-workspace/builds/worker-6-tc1/source:/opt/rustwide/workdir:ro,Z" "-v" "/var/lib/crater-agent-workspace/cargo-home:/opt/rustwide/cargo-home:ro,Z" "-v" "/var/lib/crater-agent-workspace/rustup-home:/opt/rustwide/rustup-home:ro,Z" "-e" "SOURCE_DIR=/opt/rustwide/workdir" "-e" "CARGO_TARGET_DIR=/opt/rustwide/target" "-e" "CARGO_HOME=/opt/rustwide/cargo-home" "-e" "RUSTUP_HOME=/opt/rustwide/rustup-home" "-w" "/opt/rustwide/workdir" "-m" "1610612736" "--user" "0:0" "--network" "none" "ghcr.io/rust-lang/crates-build-env/linux@sha256:2788e3201cd34a07e3172128adcd8b3090168a8e3bcc40d7c032b9dda1df7d1c" "/opt/rustwide/cargo-home/bin/cargo" "+1.75.0" "metadata" "--no-deps" "--format-version=1", kill_on_drop: false }`
[INFO] [stdout] 1fe89db101a4f7f271802a9e19fa03bde6456b987d56db16dcf1d3ad76f1e08e
[INFO] running `Command { std: "docker" "start" "-a" "1fe89db101a4f7f271802a9e19fa03bde6456b987d56db16dcf1d3ad76f1e08e", kill_on_drop: false }`
[INFO] running `Command { std: "docker" "inspect" "1fe89db101a4f7f271802a9e19fa03bde6456b987d56db16dcf1d3ad76f1e08e", kill_on_drop: false }`
[INFO] running `Command { std: "docker" "rm" "-f" "1fe89db101a4f7f271802a9e19fa03bde6456b987d56db16dcf1d3ad76f1e08e", kill_on_drop: false }`
[INFO] [stdout] 1fe89db101a4f7f271802a9e19fa03bde6456b987d56db16dcf1d3ad76f1e08e
[INFO] running `Command { std: "docker" "create" "-v" "/var/lib/crater-agent-workspace/builds/worker-6-tc1/target:/opt/rustwide/target:rw,Z" "-v" "/var/lib/crater-agent-workspace/builds/worker-6-tc1/source:/opt/rustwide/workdir:ro,Z" "-v" "/var/lib/crater-agent-workspace/cargo-home:/opt/rustwide/cargo-home:ro,Z" "-v" "/var/lib/crater-agent-workspace/rustup-home:/opt/rustwide/rustup-home:ro,Z" "-e" "SOURCE_DIR=/opt/rustwide/workdir" "-e" "CARGO_TARGET_DIR=/opt/rustwide/target" "-e" "CARGO_INCREMENTAL=0" "-e" "RUST_BACKTRACE=full" "-e" "RUSTFLAGS=--cap-lints=warn" "-e" "RUSTDOCFLAGS=--cap-lints=warn" "-e" "CARGO_HOME=/opt/rustwide/cargo-home" "-e" "RUSTUP_HOME=/opt/rustwide/rustup-home" "-w" "/opt/rustwide/workdir" "-m" "1610612736" "--user" "0:0" "--network" "none" "ghcr.io/rust-lang/crates-build-env/linux@sha256:2788e3201cd34a07e3172128adcd8b3090168a8e3bcc40d7c032b9dda1df7d1c" "/opt/rustwide/cargo-home/bin/cargo" "+1.75.0" "build" "--frozen" "--message-format=json", kill_on_drop: false }`
[INFO] [stdout] 4f1204a040b3523e6437d4595a07b861ecee0cdec66e20f147184699e4104af8
[INFO] running `Command { std: "docker" "start" "-a" "4f1204a040b3523e6437d4595a07b861ecee0cdec66e20f147184699e4104af8", kill_on_drop: false }`
[INFO] [stderr]    Compiling proc-macro2 v1.0.46
[INFO] [stderr]    Compiling unicode-ident v1.0.5
[INFO] [stderr]    Compiling quote v1.0.21
[INFO] [stderr]    Compiling syn v1.0.102
[INFO] [stderr]    Compiling num-traits v0.2.15
[INFO] [stderr]    Compiling memchr v2.5.0
[INFO] [stderr]    Compiling serde_derive v1.0.147
[INFO] [stderr]    Compiling serde v1.0.147
[INFO] [stderr]    Compiling num-integer v0.1.45
[INFO] [stderr]    Compiling bytemuck v1.12.3
[INFO] [stderr]    Compiling num-rational v0.4.1
[INFO] [stderr]    Compiling typenum v1.15.0
[INFO] [stderr]    Compiling regex-automata v0.1.10
[INFO] [stderr]    Compiling paste v1.0.9
[INFO] [stderr]    Compiling thiserror v1.0.37
[INFO] [stderr]    Compiling ryu v1.0.11
[INFO] [stderr]    Compiling serde_json v1.0.87
[INFO] [stderr]    Compiling safe_arch v0.6.0
[INFO] [stderr]    Compiling rawpointer v0.2.1
[INFO] [stderr]    Compiling matrixmultiply v0.3.2
[INFO] [stderr]    Compiling itoa v0.4.8
[INFO] [stderr]    Compiling itoa v1.0.4
[INFO] [stderr]    Compiling regex-syntax v0.6.27
[INFO] [stderr]    Compiling wide v0.7.5
[INFO] [stderr]    Compiling aho-corasick v0.7.19
[INFO] [stderr]    Compiling csv-core v0.1.10
[INFO] [stderr]    Compiling num-complex v0.4.2
[INFO] [stderr]    Compiling approx v0.5.1
[INFO] [stderr]    Compiling simba v0.8.1
[INFO] [stderr]    Compiling regex v1.6.0
[INFO] [stderr]    Compiling nalgebra-macros v0.2.0
[INFO] [stderr]    Compiling thiserror-impl v1.0.37
[INFO] [stderr]    Compiling nalgebra v0.32.2
[INFO] [stderr]    Compiling bstr v0.2.17
[INFO] [stderr]    Compiling csv v1.1.6
[INFO] [stderr]    Compiling rnltk v0.4.0 (/opt/rustwide/workdir)
[INFO] [stderr]     Finished dev [unoptimized + debuginfo] target(s) in 11.28s
[INFO] running `Command { std: "docker" "inspect" "4f1204a040b3523e6437d4595a07b861ecee0cdec66e20f147184699e4104af8", kill_on_drop: false }`
[INFO] running `Command { std: "docker" "rm" "-f" "4f1204a040b3523e6437d4595a07b861ecee0cdec66e20f147184699e4104af8", kill_on_drop: false }`
[INFO] [stdout] 4f1204a040b3523e6437d4595a07b861ecee0cdec66e20f147184699e4104af8
[INFO] running `Command { std: "docker" "create" "-v" "/var/lib/crater-agent-workspace/builds/worker-6-tc1/target:/opt/rustwide/target:rw,Z" "-v" "/var/lib/crater-agent-workspace/builds/worker-6-tc1/source:/opt/rustwide/workdir:ro,Z" "-v" "/var/lib/crater-agent-workspace/cargo-home:/opt/rustwide/cargo-home:ro,Z" "-v" "/var/lib/crater-agent-workspace/rustup-home:/opt/rustwide/rustup-home:ro,Z" "-e" "SOURCE_DIR=/opt/rustwide/workdir" "-e" "CARGO_TARGET_DIR=/opt/rustwide/target" "-e" "CARGO_INCREMENTAL=0" "-e" "RUST_BACKTRACE=full" "-e" "RUSTFLAGS=--cap-lints=warn" "-e" "RUSTDOCFLAGS=--cap-lints=warn" "-e" "CARGO_HOME=/opt/rustwide/cargo-home" "-e" "RUSTUP_HOME=/opt/rustwide/rustup-home" "-w" "/opt/rustwide/workdir" "-m" "1610612736" "--user" "0:0" "--network" "none" "ghcr.io/rust-lang/crates-build-env/linux@sha256:2788e3201cd34a07e3172128adcd8b3090168a8e3bcc40d7c032b9dda1df7d1c" "/opt/rustwide/cargo-home/bin/cargo" "+1.75.0" "test" "--frozen" "--no-run" "--message-format=json", kill_on_drop: false }`
[INFO] [stdout] efcd35a364469782a86d278cfabb0f24b1260922a5a936bd03e0ac44deb8fead
[INFO] running `Command { std: "docker" "start" "-a" "efcd35a364469782a86d278cfabb0f24b1260922a5a936bd03e0ac44deb8fead", kill_on_drop: false }`
[INFO] [stderr]    Compiling rnltk v0.4.0 (/opt/rustwide/workdir)
[INFO] [stderr]     Finished test [unoptimized + debuginfo] target(s) in 1.63s
[INFO] running `Command { std: "docker" "inspect" "efcd35a364469782a86d278cfabb0f24b1260922a5a936bd03e0ac44deb8fead", kill_on_drop: false }`
[INFO] running `Command { std: "docker" "rm" "-f" "efcd35a364469782a86d278cfabb0f24b1260922a5a936bd03e0ac44deb8fead", kill_on_drop: false }`
[INFO] [stdout] efcd35a364469782a86d278cfabb0f24b1260922a5a936bd03e0ac44deb8fead
[INFO] running `Command { std: "docker" "create" "-v" "/var/lib/crater-agent-workspace/builds/worker-6-tc1/target:/opt/rustwide/target:rw,Z" "-v" "/var/lib/crater-agent-workspace/builds/worker-6-tc1/source:/opt/rustwide/workdir:ro,Z" "-v" "/var/lib/crater-agent-workspace/cargo-home:/opt/rustwide/cargo-home:ro,Z" "-v" "/var/lib/crater-agent-workspace/rustup-home:/opt/rustwide/rustup-home:ro,Z" "-e" "SOURCE_DIR=/opt/rustwide/workdir" "-e" "CARGO_TARGET_DIR=/opt/rustwide/target" "-e" "CARGO_INCREMENTAL=0" "-e" "RUST_BACKTRACE=full" "-e" "RUSTFLAGS=--cap-lints=warn" "-e" "RUSTDOCFLAGS=--cap-lints=warn" "-e" "CARGO_HOME=/opt/rustwide/cargo-home" "-e" "RUSTUP_HOME=/opt/rustwide/rustup-home" "-w" "/opt/rustwide/workdir" "-m" "1610612736" "--user" "0:0" "--network" "none" "ghcr.io/rust-lang/crates-build-env/linux@sha256:2788e3201cd34a07e3172128adcd8b3090168a8e3bcc40d7c032b9dda1df7d1c" "/opt/rustwide/cargo-home/bin/cargo" "+1.75.0" "test" "--frozen", kill_on_drop: false }`
[INFO] [stdout] ce25355c32b068e07362ab7e3e3e630ffa2fc182241bfb6d07d5ed846cb52298
[INFO] running `Command { std: "docker" "start" "-a" "ce25355c32b068e07362ab7e3e3e630ffa2fc182241bfb6d07d5ed846cb52298", kill_on_drop: false }`
[INFO] [stderr]     Finished test [unoptimized + debuginfo] target(s) in 0.02s
[INFO] [stderr]      Running unittests src/lib.rs (/opt/rustwide/target/debug/deps/rnltk-7bd1fc9706a34c54)
[INFO] [stdout] 
[INFO] [stdout] running 35 tests
[INFO] [stdout] test sentiment::tests::arousal ... ok
[INFO] [stdout] test sentiment::tests::add_term ... ok
[INFO] [stdout] test sentiment::tests::raw_arousal ... ok
[INFO] [stdout] test sentiment::tests::non_ascii_error_replace_term ... ok
[INFO] [stdout] test sentiment::tests::arousal_vector ... ok
[INFO] [stdout] test sentiment::tests::replace_term ... ok
[INFO] [stdout] test sentiment::tests::raw_valence ... ok
[INFO] [stdout] test sentiment::tests::term_exists_error ... ok
[INFO] [stdout] test sentiment::tests::term_sentiment ... ok
[INFO] [stdout] test sentiment::tests::term_vector_sentiment ... ok
[INFO] [stdout] test sentiment::tests::valence ... ok
[INFO] [stdout] test sentiment::tests::valence_vector ... ok
[INFO] [stdout] test sentiment::tests::sentiment_description ... ok
[INFO] [stdout] test sentiment::tests::term_description ... ok
[INFO] [stdout] test sentiment::tests::term_vector_description ... ok
[INFO] [stdout] test document::tests::tfidf ... ok
[INFO] [stdout] test document::tests::cosine_similarity ... ok
[INFO] [stdout] test document::tests::lsa_cosine_similarity ... ok
[INFO] [stdout] test token::tests::test_term_frequencies_from_str_vector_with_stemming ... ok
[INFO] [stdout] test token::tests::test_term_frequencies_from_str_vector ... ok
[INFO] [stdout] test token::tests::test_sentence_tokenization_configurable ... ok
[INFO] [stdout] test token::tests::test_sentence_tokenization ... ok
[INFO] [stdout] test token::tests::test_sentence_tokenization_with_stemming ... ok
[INFO] [stdout] test token::tests::test_term_frequencies_from_str_vector_with_stemming_without_stop_words ... ok
[INFO] [stdout] test token::tests::test_sentence_tokenization_without_stop_words ... ok
[INFO] [stdout] test token::tests::test_term_frequencies_from_str_vector_configurable ... ok
[INFO] [stdout] test token::tests::test_document_tokenization ... ok
[INFO] [stdout] test token::tests::test_sentence_tokenization_with_stemming_without_stop_words ... ok
[INFO] [stdout] test token::tests::test_term_frequencies_from_str_vector_without_stop_words ... ok
[INFO] [stdout] test token::tests::test_term_frequencies_from_sentences ... ok
[INFO] [stdout] test token::tests::test_term_frequencies_from_sentences_with_stemming ... ok
[INFO] [stdout] test token::tests::test_term_frequencies_from_sentences_configurable ... ok
[INFO] [stdout] test token::tests::test_term_frequencies_from_sentences_without_stop_words ... ok
[INFO] [stdout] test token::tests::test_term_frequencies_from_sentences_with_stemming_without_stop_words ... ok
[INFO] [stdout] test stem::test_stem::lexicon ... ok
[INFO] [stdout] 
[INFO] [stdout] test result: ok. 35 passed; 0 failed; 0 ignored; 0 measured; 0 filtered out; finished in 0.03s
[INFO] [stdout] 
[INFO] [stderr]      Running tests/integration_test.rs (/opt/rustwide/target/debug/deps/integration_test-0dce9fcd05d983db)
[INFO] [stdout] 
[INFO] [stdout] running 2 tests
[INFO] [stdout] test stems_from_tokenized_sentence ... ok
[INFO] [stdout] test sentiment_from_tokenized_sentence ... ok
[INFO] [stdout] 
[INFO] [stdout] test result: ok. 2 passed; 0 failed; 0 ignored; 0 measured; 0 filtered out; finished in 0.00s
[INFO] [stdout] 
[INFO] [stderr]    Doc-tests rnltk
[INFO] [stdout] 
[INFO] [stdout] running 43 tests
[INFO] [stdout] test src/lib.rs - (line 33) ... FAILED
[INFO] [stdout] test src/document.rs - document::DocumentTermFrequencies::new (line 43) ... ok
[INFO] [stdout] test src/document.rs - document::DocumentTermFrequencies::get_tfidf_from_term_frequencies (line 81) ... ok
[INFO] [stdout] test src/sentiment.rs - sentiment::SentimentModel::get_term_description (line 518) ... FAILED
[INFO] [stdout] test src/sentiment.rs - sentiment::SentimentModel::add_term_without_replacement (line 587) ... FAILED
[INFO] [stdout] test src/document.rs - document::TfidfMatrix::get_cosine_similarity_from_tfidf (line 138) ... ok
[INFO] [stdout] test src/sentiment.rs - sentiment::SentimentModel::get_valence_for_term_vector (line 314) ... ok
[INFO] [stdout] test src/sentiment.rs - sentiment::SentimentModel::get_raw_valence (line 185) ... ok
[INFO] [stdout] test src/sentiment.rs - sentiment::SentimentModel::get_sentiment_description (line 433) ... ok
[INFO] [stdout] test src/sentiment.rs - sentiment::SentimentModel::new (line 68) ... ok
[INFO] [stdout] test src/stem.rs - stem::get (line 524) ... ok
[INFO] [stdout] test src/sentiment.rs - sentiment::SentimentModel::get_arousal_for_single_term (line 219) ... ok
[INFO] [stdout] test src/sentiment.rs - sentiment::SentimentModel::get_arousal_for_term_vector (line 259) ... ok
[INFO] [stdout] test src/sentiment.rs - sentiment::SentimentModel::add_custom_stems (line 101) ... ok
[INFO] [stdout] test src/token.rs - token::get_stemmed_term_frequencies_from_sentence (line 367) ... ok
[INFO] [stdout] test src/sentiment.rs - sentiment::SentimentModel::does_term_exist (line 132) ... ok
[INFO] [stdout] test src/sentiment.rs - sentiment::SentimentModel::get_sentiment_for_term (line 369) ... ok
[INFO] [stdout] test src/document.rs - document::TfidfMatrix::get_lsa_cosine_similarity_from_tfidf (line 179) ... ok
[INFO] [stdout] test src/sentiment.rs - sentiment::SentimentModel::add_term_with_replacement (line 646) ... ok
[INFO] [stdout] test src/sentiment.rs - sentiment::SentimentModel::get_sentiment_for_term_vector (line 394) ... ok
[INFO] [stdout] test src/sentiment.rs - sentiment::SentimentModel::get_raw_arousal (line 151) ... ok
[INFO] [stdout] test src/sentiment.rs - sentiment::SentimentModel::get_term_vector_description (line 543) ... ok
[INFO] [stdout] test src/token.rs - token::get_stemmed_term_frequencies_from_word_vector_without_stop_words (line 270) ... ok
[INFO] [stdout] test src/token.rs - token::get_term_frequencies_from_sentence (line 326) ... ok
[INFO] [stdout] test src/sentiment.rs - sentiment::SentimentModel::get_valence_for_single_term (line 239) ... ok
[INFO] [stdout] test src/token.rs - token::get_stemmed_term_frequencies_from_sentences (line 523) ... ok
[INFO] [stdout] test src/token.rs - token::get_term_frequencies_from_sentence_configurable (line 411) ... ok
[INFO] [stdout] test src/token.rs - token::get_stemmed_term_frequencies_from_sentence_without_stop_words (line 387) ... ok
[INFO] [stdout] test src/token.rs - token::get_stemmed_term_frequencies_from_sentences_without_stop_words (line 566) ... ok
[INFO] [stdout] test src/token.rs - token::get_stemmed_term_frequencies_from_word_vector (line 245) ... ok
[INFO] [stdout] test src/token.rs - token::get_term_frequencies_from_sentences (line 438) ... ok
[INFO] [stdout] test src/token.rs - token::get_term_frequencies_from_sentence_without_stop_words (line 346) ... ok
[INFO] [stdout] test src/token.rs - token::get_term_frequencies_from_word_vector_without_stop_words (line 217) ... ok
[INFO] [stdout] test src/token.rs - token::get_term_frequencies_from_word_vector (line 194) ... ok
[INFO] [stdout] test src/token.rs - token::get_term_frequencies_from_word_vector_configurable (line 299) ... ok
[INFO] [stdout] test src/token.rs - token::get_term_frequencies_from_sentences_without_stop_words (line 480) ... ok
[INFO] [stdout] test src/token.rs - token::tokenize_into_sentences (line 36) ... ok
[INFO] [stdout] test src/token.rs - token::tokenize_sentence (line 60) ... ok
[INFO] [stdout] test src/token.rs - token::get_term_frequencies_from_sentences_configurable (line 612) ... ok
[INFO] [stdout] test src/token.rs - token::tokenize_sentence_configurable (line 168) ... ok
[INFO] [stdout] test src/token.rs - token::tokenize_stemmed_sentence (line 110) ... ok
[INFO] [stdout] test src/token.rs - token::tokenize_sentence_without_stop_words (line 86) ... ok
[INFO] [stdout] test src/token.rs - token::tokenize_stemmed_sentence_without_stop_words (line 137) ... ok
[INFO] [stdout] 
[INFO] [stdout] failures:
[INFO] [stdout] 
[INFO] [stdout] ---- src/lib.rs - (line 33) stdout ----
[INFO] [stdout] error: linking with `cc` failed: exit status: 1
[INFO] [stdout]   |
[INFO] [stdout]   = note: LC_ALL="C" PATH="/opt/rustwide/rustup-home/toolchains/1.75.0-x86_64-unknown-linux-gnu/lib/rustlib/x86_64-unknown-linux-gnu/bin:/opt/rustwide/cargo-home/bin:/usr/local/sbin:/usr/local/bin:/usr/sbin:/usr/bin:/sbin:/bin" VSLANG="1033" "cc" "-m64" "/tmp/rustclKsuZE/symbols.o" "/tmp/rustdoctestBpIjhB/rust_out.rust_out.263fb70ac1c95110-cgu.0.rcgu.o" "/tmp/rustdoctestBpIjhB/rust_out.2uel00cfmdh5ufit.rcgu.o" "-Wl,--as-needed" "-L" "/opt/rustwide/target/debug/deps" "-L" "/opt/rustwide/target/debug/deps" "-L" "/opt/rustwide/rustup-home/toolchains/1.75.0-x86_64-unknown-linux-gnu/lib/rustlib/x86_64-unknown-linux-gnu/lib" "-Wl,-Bstatic" "/opt/rustwide/target/debug/deps/librnltk-8ad37f09a50aa678.rlib" "/opt/rustwide/target/debug/deps/libserde_json-1e65e7924a92e6e2.rlib" "/opt/rustwide/target/debug/deps/libryu-80596ff4214e4d03.rlib" "/opt/rustwide/target/debug/deps/libitoa-a8f958deca0e891c.rlib" "/opt/rustwide/target/debug/deps/libnalgebra-2c14882128838d44.rlib" "/opt/rustwide/target/debug/deps/libmatrixmultiply-b04ee7bf60925115.rlib" "/opt/rustwide/target/debug/deps/librawpointer-fd99f7762ca119b4.rlib" "/opt/rustwide/target/debug/deps/libnum_rational-48dd65b52c19719d.rlib" "/opt/rustwide/target/debug/deps/libnum_integer-08aedb2085ca1b16.rlib" "/opt/rustwide/target/debug/deps/libtypenum-62ca5a12b60d0fda.rlib" "/opt/rustwide/target/debug/deps/libsimba-5cf8944baed91dd8.rlib" "/opt/rustwide/target/debug/deps/libwide-07240e45283f0208.rlib" "/opt/rustwide/target/debug/deps/libsafe_arch-7f0bdb9213264acb.rlib" "/opt/rustwide/target/debug/deps/libbytemuck-81a540f36d6530ae.rlib" "/opt/rustwide/target/debug/deps/libnum_complex-09377549d29497b3.rlib" "/opt/rustwide/target/debug/deps/libapprox-fa9efe1cedf5ccfd.rlib" "/opt/rustwide/target/debug/deps/libnum_traits-3ff68b9cdd3cc429.rlib" "/opt/rustwide/target/debug/deps/libthiserror-b25939b9ececa51a.rlib" "/opt/rustwide/target/debug/deps/libserde-e100d5d0b7057e76.rlib" "/opt/rustwide/target/debug/deps/libregex-fca5d61c9acb7c52.rlib" "/opt/rustwide/target/debug/deps/libaho_corasick-4afb869e3e7aedd2.rlib" "/opt/rustwide/target/debug/deps/libmemchr-4fdcfd9ddfba30cb.rlib" "/opt/rustwide/target/debug/deps/libregex_syntax-edde019f48871409.rlib" "/opt/rustwide/rustup-home/toolchains/1.75.0-x86_64-unknown-linux-gnu/lib/rustlib/x86_64-unknown-linux-gnu/lib/libstd-90f6ddbf82de36ec.rlib" "/opt/rustwide/rustup-home/toolchains/1.75.0-x86_64-unknown-linux-gnu/lib/rustlib/x86_64-unknown-linux-gnu/lib/libpanic_unwind-480c41e9d4e1f677.rlib" "/opt/rustwide/rustup-home/toolchains/1.75.0-x86_64-unknown-linux-gnu/lib/rustlib/x86_64-unknown-linux-gnu/lib/libobject-db744c0ca03eed1d.rlib" "/opt/rustwide/rustup-home/toolchains/1.75.0-x86_64-unknown-linux-gnu/lib/rustlib/x86_64-unknown-linux-gnu/lib/libmemchr-8ba652dc7d4b285a.rlib" "/opt/rustwide/rustup-home/toolchains/1.75.0-x86_64-unknown-linux-gnu/lib/rustlib/x86_64-unknown-linux-gnu/lib/libaddr2line-d5f4520a9ebc0d58.rlib" "/opt/rustwide/rustup-home/toolchains/1.75.0-x86_64-unknown-linux-gnu/lib/rustlib/x86_64-unknown-linux-gnu/lib/libgimli-4ad84de58f0cb463.rlib" "/opt/rustwide/rustup-home/toolchains/1.75.0-x86_64-unknown-linux-gnu/lib/rustlib/x86_64-unknown-linux-gnu/lib/librustc_demangle-0d10aae2e0f38735.rlib" "/opt/rustwide/rustup-home/toolchains/1.75.0-x86_64-unknown-linux-gnu/lib/rustlib/x86_64-unknown-linux-gnu/lib/libstd_detect-0c17cff739e6745b.rlib" "/opt/rustwide/rustup-home/toolchains/1.75.0-x86_64-unknown-linux-gnu/lib/rustlib/x86_64-unknown-linux-gnu/lib/libhashbrown-b29e17139dde1aa8.rlib" "/opt/rustwide/rustup-home/toolchains/1.75.0-x86_64-unknown-linux-gnu/lib/rustlib/x86_64-unknown-linux-gnu/lib/librustc_std_workspace_alloc-1f975299829cc7bd.rlib" "/opt/rustwide/rustup-home/toolchains/1.75.0-x86_64-unknown-linux-gnu/lib/rustlib/x86_64-unknown-linux-gnu/lib/libminiz_oxide-86bae3bc3079f89b.rlib" "/opt/rustwide/rustup-home/toolchains/1.75.0-x86_64-unknown-linux-gnu/lib/rustlib/x86_64-unknown-linux-gnu/lib/libadler-321b82c30dffdf5f.rlib" "/opt/rustwide/rustup-home/toolchains/1.75.0-x86_64-unknown-linux-gnu/lib/rustlib/x86_64-unknown-linux-gnu/lib/libunwind-3dd8a6810a0bdfef.rlib" "/opt/rustwide/rustup-home/toolchains/1.75.0-x86_64-unknown-linux-gnu/lib/rustlib/x86_64-unknown-linux-gnu/lib/libcfg_if-eb39a61c0c879984.rlib" "/opt/rustwide/rustup-home/toolchains/1.75.0-x86_64-unknown-linux-gnu/lib/rustlib/x86_64-unknown-linux-gnu/lib/liblibc-aa769569f91c3548.rlib" "/opt/rustwide/rustup-home/toolchains/1.75.0-x86_64-unknown-linux-gnu/lib/rustlib/x86_64-unknown-linux-gnu/lib/liballoc-510a192a50a983ed.rlib" "/opt/rustwide/rustup-home/toolchains/1.75.0-x86_64-unknown-linux-gnu/lib/rustlib/x86_64-unknown-linux-gnu/lib/librustc_std_workspace_core-0577018320f99037.rlib" "/opt/rustwide/rustup-home/toolchains/1.75.0-x86_64-unknown-linux-gnu/lib/rustlib/x86_64-unknown-linux-gnu/lib/libcore-193cf992125ccd4c.rlib" "/opt/rustwide/rustup-home/toolchains/1.75.0-x86_64-unknown-linux-gnu/lib/rustlib/x86_64-unknown-linux-gnu/lib/libcompiler_builtins-8e138eaf26ebb4a8.rlib" "-Wl,-Bdynamic" "-lgcc_s" "-lutil" "-lrt" "-lpthread" "-lm" "-ldl" "-lc" "-Wl,--eh-frame-hdr" "-Wl,-z,noexecstack" "-L" "/opt/rustwide/rustup-home/toolchains/1.75.0-x86_64-unknown-linux-gnu/lib/rustlib/x86_64-unknown-linux-gnu/lib" "-o" "/tmp/rustdoctestBpIjhB/rust_out" "-Wl,--gc-sections" "-pie" "-Wl,-z,relro,-z,now" "-nodefaultlibs"
[INFO] [stdout]   = note: collect2: fatal error: ld terminated with signal 9 [Killed]
[INFO] [stdout]           compilation terminated.
[INFO] [stdout]           
[INFO] [stdout] 
[INFO] [stdout] error: aborting due to previous error
[INFO] [stdout] 
[INFO] [stdout] Couldn't compile the test.
[INFO] [stdout] ---- src/sentiment.rs - sentiment::SentimentModel::get_term_description (line 518) stdout ----
[INFO] [stdout] error: linking with `cc` failed: exit status: 1
[INFO] [stdout]   |
[INFO] [stdout]   = note: LC_ALL="C" PATH="/opt/rustwide/rustup-home/toolchains/1.75.0-x86_64-unknown-linux-gnu/lib/rustlib/x86_64-unknown-linux-gnu/bin:/opt/rustwide/cargo-home/bin:/usr/local/sbin:/usr/local/bin:/usr/sbin:/usr/bin:/sbin:/bin" VSLANG="1033" "cc" "-m64" "/tmp/rustc0FQI0Y/symbols.o" "/tmp/rustdoctestb9Lx78/rust_out.rust_out.263fb70ac1c95110-cgu.0.rcgu.o" "/tmp/rustdoctestb9Lx78/rust_out.2uel00cfmdh5ufit.rcgu.o" "-Wl,--as-needed" "-L" "/opt/rustwide/target/debug/deps" "-L" "/opt/rustwide/target/debug/deps" "-L" "/opt/rustwide/rustup-home/toolchains/1.75.0-x86_64-unknown-linux-gnu/lib/rustlib/x86_64-unknown-linux-gnu/lib" "-Wl,-Bstatic" "/opt/rustwide/target/debug/deps/librnltk-8ad37f09a50aa678.rlib" "/opt/rustwide/target/debug/deps/libserde_json-1e65e7924a92e6e2.rlib" "/opt/rustwide/target/debug/deps/libryu-80596ff4214e4d03.rlib" "/opt/rustwide/target/debug/deps/libitoa-a8f958deca0e891c.rlib" "/opt/rustwide/target/debug/deps/libnalgebra-2c14882128838d44.rlib" "/opt/rustwide/target/debug/deps/libmatrixmultiply-b04ee7bf60925115.rlib" "/opt/rustwide/target/debug/deps/librawpointer-fd99f7762ca119b4.rlib" "/opt/rustwide/target/debug/deps/libnum_rational-48dd65b52c19719d.rlib" "/opt/rustwide/target/debug/deps/libnum_integer-08aedb2085ca1b16.rlib" "/opt/rustwide/target/debug/deps/libtypenum-62ca5a12b60d0fda.rlib" "/opt/rustwide/target/debug/deps/libsimba-5cf8944baed91dd8.rlib" "/opt/rustwide/target/debug/deps/libwide-07240e45283f0208.rlib" "/opt/rustwide/target/debug/deps/libsafe_arch-7f0bdb9213264acb.rlib" "/opt/rustwide/target/debug/deps/libbytemuck-81a540f36d6530ae.rlib" "/opt/rustwide/target/debug/deps/libnum_complex-09377549d29497b3.rlib" "/opt/rustwide/target/debug/deps/libapprox-fa9efe1cedf5ccfd.rlib" "/opt/rustwide/target/debug/deps/libnum_traits-3ff68b9cdd3cc429.rlib" "/opt/rustwide/target/debug/deps/libthiserror-b25939b9ececa51a.rlib" "/opt/rustwide/target/debug/deps/libserde-e100d5d0b7057e76.rlib" "/opt/rustwide/target/debug/deps/libregex-fca5d61c9acb7c52.rlib" "/opt/rustwide/target/debug/deps/libaho_corasick-4afb869e3e7aedd2.rlib" "/opt/rustwide/target/debug/deps/libmemchr-4fdcfd9ddfba30cb.rlib" "/opt/rustwide/target/debug/deps/libregex_syntax-edde019f48871409.rlib" "/opt/rustwide/rustup-home/toolchains/1.75.0-x86_64-unknown-linux-gnu/lib/rustlib/x86_64-unknown-linux-gnu/lib/libstd-90f6ddbf82de36ec.rlib" "/opt/rustwide/rustup-home/toolchains/1.75.0-x86_64-unknown-linux-gnu/lib/rustlib/x86_64-unknown-linux-gnu/lib/libpanic_unwind-480c41e9d4e1f677.rlib" "/opt/rustwide/rustup-home/toolchains/1.75.0-x86_64-unknown-linux-gnu/lib/rustlib/x86_64-unknown-linux-gnu/lib/libobject-db744c0ca03eed1d.rlib" "/opt/rustwide/rustup-home/toolchains/1.75.0-x86_64-unknown-linux-gnu/lib/rustlib/x86_64-unknown-linux-gnu/lib/libmemchr-8ba652dc7d4b285a.rlib" "/opt/rustwide/rustup-home/toolchains/1.75.0-x86_64-unknown-linux-gnu/lib/rustlib/x86_64-unknown-linux-gnu/lib/libaddr2line-d5f4520a9ebc0d58.rlib" "/opt/rustwide/rustup-home/toolchains/1.75.0-x86_64-unknown-linux-gnu/lib/rustlib/x86_64-unknown-linux-gnu/lib/libgimli-4ad84de58f0cb463.rlib" "/opt/rustwide/rustup-home/toolchains/1.75.0-x86_64-unknown-linux-gnu/lib/rustlib/x86_64-unknown-linux-gnu/lib/librustc_demangle-0d10aae2e0f38735.rlib" "/opt/rustwide/rustup-home/toolchains/1.75.0-x86_64-unknown-linux-gnu/lib/rustlib/x86_64-unknown-linux-gnu/lib/libstd_detect-0c17cff739e6745b.rlib" "/opt/rustwide/rustup-home/toolchains/1.75.0-x86_64-unknown-linux-gnu/lib/rustlib/x86_64-unknown-linux-gnu/lib/libhashbrown-b29e17139dde1aa8.rlib" "/opt/rustwide/rustup-home/toolchains/1.75.0-x86_64-unknown-linux-gnu/lib/rustlib/x86_64-unknown-linux-gnu/lib/librustc_std_workspace_alloc-1f975299829cc7bd.rlib" "/opt/rustwide/rustup-home/toolchains/1.75.0-x86_64-unknown-linux-gnu/lib/rustlib/x86_64-unknown-linux-gnu/lib/libminiz_oxide-86bae3bc3079f89b.rlib" "/opt/rustwide/rustup-home/toolchains/1.75.0-x86_64-unknown-linux-gnu/lib/rustlib/x86_64-unknown-linux-gnu/lib/libadler-321b82c30dffdf5f.rlib" "/opt/rustwide/rustup-home/toolchains/1.75.0-x86_64-unknown-linux-gnu/lib/rustlib/x86_64-unknown-linux-gnu/lib/libunwind-3dd8a6810a0bdfef.rlib" "/opt/rustwide/rustup-home/toolchains/1.75.0-x86_64-unknown-linux-gnu/lib/rustlib/x86_64-unknown-linux-gnu/lib/libcfg_if-eb39a61c0c879984.rlib" "/opt/rustwide/rustup-home/toolchains/1.75.0-x86_64-unknown-linux-gnu/lib/rustlib/x86_64-unknown-linux-gnu/lib/liblibc-aa769569f91c3548.rlib" "/opt/rustwide/rustup-home/toolchains/1.75.0-x86_64-unknown-linux-gnu/lib/rustlib/x86_64-unknown-linux-gnu/lib/liballoc-510a192a50a983ed.rlib" "/opt/rustwide/rustup-home/toolchains/1.75.0-x86_64-unknown-linux-gnu/lib/rustlib/x86_64-unknown-linux-gnu/lib/librustc_std_workspace_core-0577018320f99037.rlib" "/opt/rustwide/rustup-home/toolchains/1.75.0-x86_64-unknown-linux-gnu/lib/rustlib/x86_64-unknown-linux-gnu/lib/libcore-193cf992125ccd4c.rlib" "/opt/rustwide/rustup-home/toolchains/1.75.0-x86_64-unknown-linux-gnu/lib/rustlib/x86_64-unknown-linux-gnu/lib/libcompiler_builtins-8e138eaf26ebb4a8.rlib" "-Wl,-Bdynamic" "-lgcc_s" "-lutil" "-lrt" "-lpthread" "-lm" "-ldl" "-lc" "-Wl,--eh-frame-hdr" "-Wl,-z,noexecstack" "-L" "/opt/rustwide/rustup-home/toolchains/1.75.0-x86_64-unknown-linux-gnu/lib/rustlib/x86_64-unknown-linux-gnu/lib" "-o" "/tmp/rustdoctestb9Lx78/rust_out" "-Wl,--gc-sections" "-pie" "-Wl,-z,relro,-z,now" "-nodefaultlibs"
[INFO] [stdout]   = note: collect2: fatal error: ld terminated with signal 9 [Killed]
[INFO] [stdout]           compilation terminated.
[INFO] [stdout]           
[INFO] [stdout] 
[INFO] [stdout] error: aborting due to previous error
[INFO] [stdout] 
[INFO] [stdout] Couldn't compile the test.
[INFO] [stdout] ---- src/sentiment.rs - sentiment::SentimentModel::add_term_without_replacement (line 587) stdout ----
[INFO] [stdout] error: linking with `cc` failed: exit status: 1
[INFO] [stdout]   |
[INFO] [stdout]   = note: LC_ALL="C" PATH="/opt/rustwide/rustup-home/toolchains/1.75.0-x86_64-unknown-linux-gnu/lib/rustlib/x86_64-unknown-linux-gnu/bin:/opt/rustwide/cargo-home/bin:/usr/local/sbin:/usr/local/bin:/usr/sbin:/usr/bin:/sbin:/bin" VSLANG="1033" "cc" "-m64" "/tmp/rustcuMh3dI/symbols.o" "/tmp/rustdoctestE7nv2Y/rust_out.rust_out.263fb70ac1c95110-cgu.0.rcgu.o" "/tmp/rustdoctestE7nv2Y/rust_out.2uel00cfmdh5ufit.rcgu.o" "-Wl,--as-needed" "-L" "/opt/rustwide/target/debug/deps" "-L" "/opt/rustwide/target/debug/deps" "-L" "/opt/rustwide/rustup-home/toolchains/1.75.0-x86_64-unknown-linux-gnu/lib/rustlib/x86_64-unknown-linux-gnu/lib" "-Wl,-Bstatic" "/opt/rustwide/target/debug/deps/librnltk-8ad37f09a50aa678.rlib" "/opt/rustwide/target/debug/deps/libserde_json-1e65e7924a92e6e2.rlib" "/opt/rustwide/target/debug/deps/libryu-80596ff4214e4d03.rlib" "/opt/rustwide/target/debug/deps/libitoa-a8f958deca0e891c.rlib" "/opt/rustwide/target/debug/deps/libnalgebra-2c14882128838d44.rlib" "/opt/rustwide/target/debug/deps/libmatrixmultiply-b04ee7bf60925115.rlib" "/opt/rustwide/target/debug/deps/librawpointer-fd99f7762ca119b4.rlib" "/opt/rustwide/target/debug/deps/libnum_rational-48dd65b52c19719d.rlib" "/opt/rustwide/target/debug/deps/libnum_integer-08aedb2085ca1b16.rlib" "/opt/rustwide/target/debug/deps/libtypenum-62ca5a12b60d0fda.rlib" "/opt/rustwide/target/debug/deps/libsimba-5cf8944baed91dd8.rlib" "/opt/rustwide/target/debug/deps/libwide-07240e45283f0208.rlib" "/opt/rustwide/target/debug/deps/libsafe_arch-7f0bdb9213264acb.rlib" "/opt/rustwide/target/debug/deps/libbytemuck-81a540f36d6530ae.rlib" "/opt/rustwide/target/debug/deps/libnum_complex-09377549d29497b3.rlib" "/opt/rustwide/target/debug/deps/libapprox-fa9efe1cedf5ccfd.rlib" "/opt/rustwide/target/debug/deps/libnum_traits-3ff68b9cdd3cc429.rlib" "/opt/rustwide/target/debug/deps/libthiserror-b25939b9ececa51a.rlib" "/opt/rustwide/target/debug/deps/libserde-e100d5d0b7057e76.rlib" "/opt/rustwide/target/debug/deps/libregex-fca5d61c9acb7c52.rlib" "/opt/rustwide/target/debug/deps/libaho_corasick-4afb869e3e7aedd2.rlib" "/opt/rustwide/target/debug/deps/libmemchr-4fdcfd9ddfba30cb.rlib" "/opt/rustwide/target/debug/deps/libregex_syntax-edde019f48871409.rlib" "/opt/rustwide/rustup-home/toolchains/1.75.0-x86_64-unknown-linux-gnu/lib/rustlib/x86_64-unknown-linux-gnu/lib/libstd-90f6ddbf82de36ec.rlib" "/opt/rustwide/rustup-home/toolchains/1.75.0-x86_64-unknown-linux-gnu/lib/rustlib/x86_64-unknown-linux-gnu/lib/libpanic_unwind-480c41e9d4e1f677.rlib" "/opt/rustwide/rustup-home/toolchains/1.75.0-x86_64-unknown-linux-gnu/lib/rustlib/x86_64-unknown-linux-gnu/lib/libobject-db744c0ca03eed1d.rlib" "/opt/rustwide/rustup-home/toolchains/1.75.0-x86_64-unknown-linux-gnu/lib/rustlib/x86_64-unknown-linux-gnu/lib/libmemchr-8ba652dc7d4b285a.rlib" "/opt/rustwide/rustup-home/toolchains/1.75.0-x86_64-unknown-linux-gnu/lib/rustlib/x86_64-unknown-linux-gnu/lib/libaddr2line-d5f4520a9ebc0d58.rlib" "/opt/rustwide/rustup-home/toolchains/1.75.0-x86_64-unknown-linux-gnu/lib/rustlib/x86_64-unknown-linux-gnu/lib/libgimli-4ad84de58f0cb463.rlib" "/opt/rustwide/rustup-home/toolchains/1.75.0-x86_64-unknown-linux-gnu/lib/rustlib/x86_64-unknown-linux-gnu/lib/librustc_demangle-0d10aae2e0f38735.rlib" "/opt/rustwide/rustup-home/toolchains/1.75.0-x86_64-unknown-linux-gnu/lib/rustlib/x86_64-unknown-linux-gnu/lib/libstd_detect-0c17cff739e6745b.rlib" "/opt/rustwide/rustup-home/toolchains/1.75.0-x86_64-unknown-linux-gnu/lib/rustlib/x86_64-unknown-linux-gnu/lib/libhashbrown-b29e17139dde1aa8.rlib" "/opt/rustwide/rustup-home/toolchains/1.75.0-x86_64-unknown-linux-gnu/lib/rustlib/x86_64-unknown-linux-gnu/lib/librustc_std_workspace_alloc-1f975299829cc7bd.rlib" "/opt/rustwide/rustup-home/toolchains/1.75.0-x86_64-unknown-linux-gnu/lib/rustlib/x86_64-unknown-linux-gnu/lib/libminiz_oxide-86bae3bc3079f89b.rlib" "/opt/rustwide/rustup-home/toolchains/1.75.0-x86_64-unknown-linux-gnu/lib/rustlib/x86_64-unknown-linux-gnu/lib/libadler-321b82c30dffdf5f.rlib" "/opt/rustwide/rustup-home/toolchains/1.75.0-x86_64-unknown-linux-gnu/lib/rustlib/x86_64-unknown-linux-gnu/lib/libunwind-3dd8a6810a0bdfef.rlib" "/opt/rustwide/rustup-home/toolchains/1.75.0-x86_64-unknown-linux-gnu/lib/rustlib/x86_64-unknown-linux-gnu/lib/libcfg_if-eb39a61c0c879984.rlib" "/opt/rustwide/rustup-home/toolchains/1.75.0-x86_64-unknown-linux-gnu/lib/rustlib/x86_64-unknown-linux-gnu/lib/liblibc-aa769569f91c3548.rlib" "/opt/rustwide/rustup-home/toolchains/1.75.0-x86_64-unknown-linux-gnu/lib/rustlib/x86_64-unknown-linux-gnu/lib/liballoc-510a192a50a983ed.rlib" "/opt/rustwide/rustup-home/toolchains/1.75.0-x86_64-unknown-linux-gnu/lib/rustlib/x86_64-unknown-linux-gnu/lib/librustc_std_workspace_core-0577018320f99037.rlib" "/opt/rustwide/rustup-home/toolchains/1.75.0-x86_64-unknown-linux-gnu/lib/rustlib/x86_64-unknown-linux-gnu/lib/libcore-193cf992125ccd4c.rlib" "/opt/rustwide/rustup-home/toolchains/1.75.0-x86_64-unknown-linux-gnu/lib/rustlib/x86_64-unknown-linux-gnu/lib/libcompiler_builtins-8e138eaf26ebb4a8.rlib" "-Wl,-Bdynamic" "-lgcc_s" "-lutil" "-lrt" "-lpthread" "-lm" "-ldl" "-lc" "-Wl,--eh-frame-hdr" "-Wl,-z,noexecstack" "-L" "/opt/rustwide/rustup-home/toolchains/1.75.0-x86_64-unknown-linux-gnu/lib/rustlib/x86_64-unknown-linux-gnu/lib" "-o" "/tmp/rustdoctestE7nv2Y/rust_out" "-Wl,--gc-sections" "-pie" "-Wl,-z,relro,-z,now" "-nodefaultlibs"
[INFO] [stdout]   = note: collect2: fatal error: ld terminated with signal 9 [Killed]
[INFO] [stdout]           compilation terminated.
[INFO] [stdout]           
[INFO] [stdout] 
[INFO] [stdout] error: aborting due to previous error
[INFO] [stdout] 
[INFO] [stdout] Couldn't compile the test.
[INFO] [stdout] 
[INFO] [stdout] failures:
[INFO] [stdout]     src/lib.rs - (line 33)
[INFO] [stdout]     src/sentiment.rs - sentiment::SentimentModel::add_term_without_replacement (line 587)
[INFO] [stdout]     src/sentiment.rs - sentiment::SentimentModel::get_term_description (line 518)
[INFO] [stdout] 
[INFO] [stdout] test result: FAILED. 40 passed; 3 failed; 0 ignored; 0 measured; 0 filtered out; finished in 7.03s
[INFO] [stdout] 
[INFO] [stderr] error: doctest failed, to rerun pass `--doc`
[INFO] running `Command { std: "docker" "inspect" "ce25355c32b068e07362ab7e3e3e630ffa2fc182241bfb6d07d5ed846cb52298", kill_on_drop: false }`
[INFO] running `Command { std: "docker" "rm" "-f" "ce25355c32b068e07362ab7e3e3e630ffa2fc182241bfb6d07d5ed846cb52298", kill_on_drop: false }`
[INFO] [stdout] ce25355c32b068e07362ab7e3e3e630ffa2fc182241bfb6d07d5ed846cb52298
[INFO] testing rnltk-0.4.0 against beta-2023-12-22 for beta-1.76-1
[INFO] extracting crate rnltk 0.4.0 into /workspace/builds/worker-6-tc2/source
[INFO] validating manifest of crates.io crate rnltk 0.4.0 on toolchain beta-2023-12-22
[INFO] running `Command { std: CARGO_HOME="/workspace/cargo-home" RUSTUP_HOME="/workspace/rustup-home" "/workspace/cargo-home/bin/cargo" "+beta-2023-12-22" "metadata" "--manifest-path" "Cargo.toml" "--no-deps", kill_on_drop: false }`
[INFO] removed /workspace/builds/worker-6-tc2/source/.cargo/config.toml
[INFO] started tweaking crates.io crate rnltk 0.4.0
[INFO] finished tweaking crates.io crate rnltk 0.4.0
[INFO] tweaked toml for crates.io crate rnltk 0.4.0 written to /workspace/builds/worker-6-tc2/source/Cargo.toml
[INFO] crate crates.io crate rnltk 0.4.0 already has a lockfile, it will not be regenerated
[INFO] running `Command { std: CARGO_HOME="/workspace/cargo-home" RUSTUP_HOME="/workspace/rustup-home" "/workspace/cargo-home/bin/cargo" "+beta-2023-12-22" "fetch" "--manifest-path" "Cargo.toml", kill_on_drop: false }`
[INFO] running `Command { std: "docker" "create" "-v" "/var/lib/crater-agent-workspace/builds/worker-6-tc2/target:/opt/rustwide/target:rw,Z" "-v" "/var/lib/crater-agent-workspace/builds/worker-6-tc2/source:/opt/rustwide/workdir:ro,Z" "-v" "/var/lib/crater-agent-workspace/cargo-home:/opt/rustwide/cargo-home:ro,Z" "-v" "/var/lib/crater-agent-workspace/rustup-home:/opt/rustwide/rustup-home:ro,Z" "-e" "SOURCE_DIR=/opt/rustwide/workdir" "-e" "CARGO_TARGET_DIR=/opt/rustwide/target" "-e" "CARGO_HOME=/opt/rustwide/cargo-home" "-e" "RUSTUP_HOME=/opt/rustwide/rustup-home" "-w" "/opt/rustwide/workdir" "-m" "1610612736" "--user" "0:0" "--network" "none" "ghcr.io/rust-lang/crates-build-env/linux@sha256:2788e3201cd34a07e3172128adcd8b3090168a8e3bcc40d7c032b9dda1df7d1c" "/opt/rustwide/cargo-home/bin/cargo" "+beta-2023-12-22" "metadata" "--no-deps" "--format-version=1", kill_on_drop: false }`
[INFO] [stdout] f8de2f54a2b7f1808ec5227347dbd557ec72dc7dc3aa0a419b56ef8f69163678
[INFO] running `Command { std: "docker" "start" "-a" "f8de2f54a2b7f1808ec5227347dbd557ec72dc7dc3aa0a419b56ef8f69163678", kill_on_drop: false }`
[INFO] running `Command { std: "docker" "inspect" "f8de2f54a2b7f1808ec5227347dbd557ec72dc7dc3aa0a419b56ef8f69163678", kill_on_drop: false }`
[INFO] running `Command { std: "docker" "rm" "-f" "f8de2f54a2b7f1808ec5227347dbd557ec72dc7dc3aa0a419b56ef8f69163678", kill_on_drop: false }`
[INFO] [stdout] f8de2f54a2b7f1808ec5227347dbd557ec72dc7dc3aa0a419b56ef8f69163678
[INFO] running `Command { std: "docker" "create" "-v" "/var/lib/crater-agent-workspace/builds/worker-6-tc2/target:/opt/rustwide/target:rw,Z" "-v" "/var/lib/crater-agent-workspace/builds/worker-6-tc2/source:/opt/rustwide/workdir:ro,Z" "-v" "/var/lib/crater-agent-workspace/cargo-home:/opt/rustwide/cargo-home:ro,Z" "-v" "/var/lib/crater-agent-workspace/rustup-home:/opt/rustwide/rustup-home:ro,Z" "-e" "SOURCE_DIR=/opt/rustwide/workdir" "-e" "CARGO_TARGET_DIR=/opt/rustwide/target" "-e" "CARGO_INCREMENTAL=0" "-e" "RUST_BACKTRACE=full" "-e" "RUSTFLAGS=--cap-lints=warn" "-e" "RUSTDOCFLAGS=--cap-lints=warn" "-e" "CARGO_HOME=/opt/rustwide/cargo-home" "-e" "RUSTUP_HOME=/opt/rustwide/rustup-home" "-w" "/opt/rustwide/workdir" "-m" "1610612736" "--user" "0:0" "--network" "none" "ghcr.io/rust-lang/crates-build-env/linux@sha256:2788e3201cd34a07e3172128adcd8b3090168a8e3bcc40d7c032b9dda1df7d1c" "/opt/rustwide/cargo-home/bin/cargo" "+beta-2023-12-22" "build" "--frozen" "--message-format=json", kill_on_drop: false }`
[INFO] [stdout] 98c74dd61fed548c25bc2a9050d08a602d4a685b15f62dcb72f7f58c4a23866f
[INFO] running `Command { std: "docker" "start" "-a" "98c74dd61fed548c25bc2a9050d08a602d4a685b15f62dcb72f7f58c4a23866f", kill_on_drop: false }`
[INFO] [stderr]    Compiling proc-macro2 v1.0.46
[INFO] [stderr]    Compiling quote v1.0.21
[INFO] [stderr]    Compiling unicode-ident v1.0.5
[INFO] [stderr]    Compiling syn v1.0.102
[INFO] [stderr]    Compiling num-traits v0.2.15
[INFO] [stderr]    Compiling memchr v2.5.0
[INFO] [stderr]    Compiling serde_derive v1.0.147
[INFO] [stderr]    Compiling serde v1.0.147
[INFO] [stderr]    Compiling num-integer v0.1.45
[INFO] [stderr]    Compiling bytemuck v1.12.3
[INFO] [stderr]    Compiling num-rational v0.4.1
[INFO] [stderr]    Compiling typenum v1.15.0
[INFO] [stderr]    Compiling ryu v1.0.11
[INFO] [stderr]    Compiling serde_json v1.0.87
[INFO] [stderr]    Compiling paste v1.0.9
[INFO] [stderr]    Compiling rawpointer v0.2.1
[INFO] [stderr]    Compiling regex-automata v0.1.10
[INFO] [stderr]    Compiling thiserror v1.0.37
[INFO] [stderr]    Compiling safe_arch v0.6.0
[INFO] [stderr]    Compiling matrixmultiply v0.3.2
[INFO] [stderr]    Compiling itoa v1.0.4
[INFO] [stderr]    Compiling itoa v0.4.8
[INFO] [stderr]    Compiling regex-syntax v0.6.27
[INFO] [stderr]    Compiling wide v0.7.5
[INFO] [stderr]    Compiling aho-corasick v0.7.19
[INFO] [stderr]    Compiling csv-core v0.1.10
[INFO] [stderr]    Compiling approx v0.5.1
[INFO] [stderr]    Compiling num-complex v0.4.2
[INFO] [stderr]    Compiling simba v0.8.1
[INFO] [stderr]    Compiling regex v1.6.0
[INFO] [stderr]    Compiling thiserror-impl v1.0.37
[INFO] [stderr]    Compiling nalgebra-macros v0.2.0
[INFO] [stderr]    Compiling nalgebra v0.32.2
[INFO] [stderr]    Compiling bstr v0.2.17
[INFO] [stderr]    Compiling csv v1.1.6
[INFO] [stderr]    Compiling rnltk v0.4.0 (/opt/rustwide/workdir)
[INFO] [stderr]     Finished dev [unoptimized + debuginfo] target(s) in 11.01s
[INFO] running `Command { std: "docker" "inspect" "98c74dd61fed548c25bc2a9050d08a602d4a685b15f62dcb72f7f58c4a23866f", kill_on_drop: false }`
[INFO] running `Command { std: "docker" "rm" "-f" "98c74dd61fed548c25bc2a9050d08a602d4a685b15f62dcb72f7f58c4a23866f", kill_on_drop: false }`
[INFO] [stdout] 98c74dd61fed548c25bc2a9050d08a602d4a685b15f62dcb72f7f58c4a23866f
[INFO] running `Command { std: "docker" "create" "-v" "/var/lib/crater-agent-workspace/builds/worker-6-tc2/target:/opt/rustwide/target:rw,Z" "-v" "/var/lib/crater-agent-workspace/builds/worker-6-tc2/source:/opt/rustwide/workdir:ro,Z" "-v" "/var/lib/crater-agent-workspace/cargo-home:/opt/rustwide/cargo-home:ro,Z" "-v" "/var/lib/crater-agent-workspace/rustup-home:/opt/rustwide/rustup-home:ro,Z" "-e" "SOURCE_DIR=/opt/rustwide/workdir" "-e" "CARGO_TARGET_DIR=/opt/rustwide/target" "-e" "CARGO_INCREMENTAL=0" "-e" "RUST_BACKTRACE=full" "-e" "RUSTFLAGS=--cap-lints=warn" "-e" "RUSTDOCFLAGS=--cap-lints=warn" "-e" "CARGO_HOME=/opt/rustwide/cargo-home" "-e" "RUSTUP_HOME=/opt/rustwide/rustup-home" "-w" "/opt/rustwide/workdir" "-m" "1610612736" "--user" "0:0" "--network" "none" "ghcr.io/rust-lang/crates-build-env/linux@sha256:2788e3201cd34a07e3172128adcd8b3090168a8e3bcc40d7c032b9dda1df7d1c" "/opt/rustwide/cargo-home/bin/cargo" "+beta-2023-12-22" "test" "--frozen" "--no-run" "--message-format=json", kill_on_drop: false }`
[INFO] [stdout] c0795f41e89dfdbeb2a64cb36b0387e6af0055cc5f2854bcf8d39ffe82c6f7e7
[INFO] running `Command { std: "docker" "start" "-a" "c0795f41e89dfdbeb2a64cb36b0387e6af0055cc5f2854bcf8d39ffe82c6f7e7", kill_on_drop: false }`
[INFO] [stderr]    Compiling rnltk v0.4.0 (/opt/rustwide/workdir)
[INFO] [stderr]     Finished test [unoptimized + debuginfo] target(s) in 2.23s
[INFO] running `Command { std: "docker" "inspect" "c0795f41e89dfdbeb2a64cb36b0387e6af0055cc5f2854bcf8d39ffe82c6f7e7", kill_on_drop: false }`
[INFO] running `Command { std: "docker" "rm" "-f" "c0795f41e89dfdbeb2a64cb36b0387e6af0055cc5f2854bcf8d39ffe82c6f7e7", kill_on_drop: false }`
[INFO] [stdout] c0795f41e89dfdbeb2a64cb36b0387e6af0055cc5f2854bcf8d39ffe82c6f7e7
[INFO] running `Command { std: "docker" "create" "-v" "/var/lib/crater-agent-workspace/builds/worker-6-tc2/target:/opt/rustwide/target:rw,Z" "-v" "/var/lib/crater-agent-workspace/builds/worker-6-tc2/source:/opt/rustwide/workdir:ro,Z" "-v" "/var/lib/crater-agent-workspace/cargo-home:/opt/rustwide/cargo-home:ro,Z" "-v" "/var/lib/crater-agent-workspace/rustup-home:/opt/rustwide/rustup-home:ro,Z" "-e" "SOURCE_DIR=/opt/rustwide/workdir" "-e" "CARGO_TARGET_DIR=/opt/rustwide/target" "-e" "CARGO_INCREMENTAL=0" "-e" "RUST_BACKTRACE=full" "-e" "RUSTFLAGS=--cap-lints=warn" "-e" "RUSTDOCFLAGS=--cap-lints=warn" "-e" "CARGO_HOME=/opt/rustwide/cargo-home" "-e" "RUSTUP_HOME=/opt/rustwide/rustup-home" "-w" "/opt/rustwide/workdir" "-m" "1610612736" "--user" "0:0" "--network" "none" "ghcr.io/rust-lang/crates-build-env/linux@sha256:2788e3201cd34a07e3172128adcd8b3090168a8e3bcc40d7c032b9dda1df7d1c" "/opt/rustwide/cargo-home/bin/cargo" "+beta-2023-12-22" "test" "--frozen", kill_on_drop: false }`
[INFO] [stdout] 05a99135d8bd92cbbdcd93109b9958f443a6f6311feec99827c3c5d5490d55e2
[INFO] running `Command { std: "docker" "start" "-a" "05a99135d8bd92cbbdcd93109b9958f443a6f6311feec99827c3c5d5490d55e2", kill_on_drop: false }`
[INFO] [stderr]     Finished test [unoptimized + debuginfo] target(s) in 0.03s
[INFO] [stderr]      Running unittests src/lib.rs (/opt/rustwide/target/debug/deps/rnltk-9c5f02d174f6dcf5)
[INFO] [stdout] 
[INFO] [stdout] running 35 tests
[INFO] [stdout] test document::tests::tfidf ... ok
[INFO] [stdout] test document::tests::cosine_similarity ... ok
[INFO] [stdout] test sentiment::tests::non_ascii_error_replace_term ... ok
[INFO] [stdout] test sentiment::tests::raw_arousal ... ok
[INFO] [stdout] test sentiment::tests::arousal ... ok
[INFO] [stdout] test sentiment::tests::raw_valence ... ok
[INFO] [stdout] test sentiment::tests::arousal_vector ... ok
[INFO] [stdout] test sentiment::tests::add_term ... ok
[INFO] [stdout] test document::tests::lsa_cosine_similarity ... ok
[INFO] [stdout] test sentiment::tests::term_description ... ok
[INFO] [stdout] test sentiment::tests::replace_term ... ok
[INFO] [stdout] test sentiment::tests::sentiment_description ... ok
[INFO] [stdout] test sentiment::tests::term_exists_error ... ok
[INFO] [stdout] test sentiment::tests::term_sentiment ... ok
[INFO] [stdout] test sentiment::tests::term_vector_description ... ok
[INFO] [stdout] test sentiment::tests::term_vector_sentiment ... ok
[INFO] [stdout] test sentiment::tests::valence ... ok
[INFO] [stdout] test sentiment::tests::valence_vector ... ok
[INFO] [stdout] test token::tests::test_sentence_tokenization_with_stemming ... ok
[INFO] [stdout] test token::tests::test_term_frequencies_from_str_vector ... ok
[INFO] [stdout] test token::tests::test_term_frequencies_from_str_vector_with_stemming ... ok
[INFO] [stdout] test token::tests::test_sentence_tokenization ... ok
[INFO] [stdout] test token::tests::test_term_frequencies_from_str_vector_without_stop_words ... ok
[INFO] [stdout] test token::tests::test_sentence_tokenization_with_stemming_without_stop_words ... ok
[INFO] [stdout] test token::tests::test_term_frequencies_from_str_vector_configurable ... ok
[INFO] [stdout] test token::tests::test_sentence_tokenization_configurable ... ok
[INFO] [stdout] test token::tests::test_term_frequencies_from_str_vector_with_stemming_without_stop_words ... ok
[INFO] [stdout] test token::tests::test_document_tokenization ... ok
[INFO] [stdout] test token::tests::test_sentence_tokenization_without_stop_words ... ok
[INFO] [stdout] test token::tests::test_term_frequencies_from_sentences_with_stemming ... ok
[INFO] [stdout] test token::tests::test_term_frequencies_from_sentences ... ok
[INFO] [stdout] test token::tests::test_term_frequencies_from_sentences_configurable ... ok
[INFO] [stdout] test token::tests::test_term_frequencies_from_sentences_with_stemming_without_stop_words ... ok
[INFO] [stdout] test token::tests::test_term_frequencies_from_sentences_without_stop_words ... ok
[INFO] [stdout] test stem::test_stem::lexicon ... ok
[INFO] [stdout] 
[INFO] [stdout] test result: ok. 35 passed; 0 failed; 0 ignored; 0 measured; 0 filtered out; finished in 0.03s
[INFO] [stdout] 
[INFO] [stderr]      Running tests/integration_test.rs (/opt/rustwide/target/debug/deps/integration_test-6a6df601d6ab0eaf)
[INFO] [stdout] 
[INFO] [stdout] running 2 tests
[INFO] [stdout] test stems_from_tokenized_sentence ... ok
[INFO] [stdout] test sentiment_from_tokenized_sentence ... ok
[INFO] [stdout] 
[INFO] [stdout] test result: ok. 2 passed; 0 failed; 0 ignored; 0 measured; 0 filtered out; finished in 0.00s
[INFO] [stdout] 
[INFO] [stderr]    Doc-tests rnltk
[INFO] [stdout] 
[INFO] [stdout] running 43 tests
[INFO] [stdout] test src/document.rs - document::TfidfMatrix::get_cosine_similarity_from_tfidf (line 138) ... FAILED
[INFO] [stdout] test src/document.rs - document::DocumentTermFrequencies::new (line 43) ... ok
[INFO] [stdout] test src/sentiment.rs - sentiment::SentimentModel::get_arousal_for_term_vector (line 259) ... ok
[INFO] [stdout] test src/document.rs - document::DocumentTermFrequencies::get_tfidf_from_term_frequencies (line 81) ... ok
[INFO] [stdout] test src/sentiment.rs - sentiment::SentimentModel::add_custom_stems (line 101) ... ok
[INFO] [stdout] test src/sentiment.rs - sentiment::SentimentModel::get_arousal_for_single_term (line 219) ... ok
[INFO] [stdout] test src/lib.rs - (line 33) ... ok
[INFO] [stdout] test src/sentiment.rs - sentiment::SentimentModel::get_sentiment_for_term_vector (line 394) ... ok
[INFO] [stdout] test src/sentiment.rs - sentiment::SentimentModel::get_term_description (line 518) ... ok
[INFO] [stdout] test src/sentiment.rs - sentiment::SentimentModel::add_term_with_replacement (line 646) ... ok
[INFO] [stdout] test src/sentiment.rs - sentiment::SentimentModel::add_term_without_replacement (line 587) ... ok
[INFO] [stdout] test src/document.rs - document::TfidfMatrix::get_lsa_cosine_similarity_from_tfidf (line 179) ... ok
[INFO] [stdout] test src/sentiment.rs - sentiment::SentimentModel::does_term_exist (line 132) ... ok
[INFO] [stdout] test src/sentiment.rs - sentiment::SentimentModel::get_raw_valence (line 185) ... ok
[INFO] [stdout] test src/sentiment.rs - sentiment::SentimentModel::get_sentiment_for_term (line 369) ... ok
[INFO] [stdout] test src/sentiment.rs - sentiment::SentimentModel::get_raw_arousal (line 151) ... ok
[INFO] [stdout] test src/sentiment.rs - sentiment::SentimentModel::get_sentiment_description (line 433) ... ok
[INFO] [stdout] test src/sentiment.rs - sentiment::SentimentModel::get_valence_for_single_term (line 239) ... ok
[INFO] [stdout] test src/sentiment.rs - sentiment::SentimentModel::get_term_vector_description (line 543) ... ok
[INFO] [stdout] test src/sentiment.rs - sentiment::SentimentModel::get_valence_for_term_vector (line 314) ... ok
[INFO] [stdout] test src/sentiment.rs - sentiment::SentimentModel::new (line 68) ... ok
[INFO] [stdout] test src/stem.rs - stem::get (line 524) ... ok
[INFO] [stdout] test src/token.rs - token::get_stemmed_term_frequencies_from_word_vector (line 245) ... ok
[INFO] [stdout] test src/token.rs - token::get_stemmed_term_frequencies_from_sentences (line 523) ... FAILED
[INFO] [stdout] test src/token.rs - token::tokenize_sentence_configurable (line 168) ... FAILED
[INFO] [stdout] test src/token.rs - token::get_term_frequencies_from_sentence_without_stop_words (line 346) ... FAILED
[INFO] [stdout] test src/token.rs - token::get_stemmed_term_frequencies_from_sentence (line 367) ... ok
[INFO] [stdout] test src/token.rs - token::get_stemmed_term_frequencies_from_sentence_without_stop_words (line 387) ... ok
[INFO] [stdout] test src/token.rs - token::get_stemmed_term_frequencies_from_sentences_without_stop_words (line 566) ... ok
[INFO] [stdout] test src/token.rs - token::get_stemmed_term_frequencies_from_word_vector_without_stop_words (line 270) ... ok
[INFO] [stdout] test src/token.rs - token::get_term_frequencies_from_word_vector_without_stop_words (line 217) ... ok
[INFO] [stdout] test src/token.rs - token::get_term_frequencies_from_word_vector_configurable (line 299) ... ok
[INFO] [stdout] test src/token.rs - token::get_term_frequencies_from_sentence_configurable (line 411) ... ok
[INFO] [stdout] test src/token.rs - token::tokenize_sentence (line 60) ... ok
[INFO] [stdout] test src/token.rs - token::get_term_frequencies_from_sentence (line 326) ... ok
[INFO] [stdout] test src/token.rs - token::get_term_frequencies_from_word_vector (line 194) ... ok
[INFO] [stdout] test src/token.rs - token::tokenize_into_sentences (line 36) ... ok
[INFO] [stdout] test src/token.rs - token::get_term_frequencies_from_sentences (line 438) ... ok
[INFO] [stdout] test src/token.rs - token::tokenize_sentence_without_stop_words (line 86) ... ok
[INFO] [stdout] test src/token.rs - token::get_term_frequencies_from_sentences_configurable (line 612) ... ok
[INFO] [stdout] test src/token.rs - token::get_term_frequencies_from_sentences_without_stop_words (line 480) ... ok
[INFO] [stdout] test src/token.rs - token::tokenize_stemmed_sentence (line 110) ... ok
[INFO] [stdout] test src/token.rs - token::tokenize_stemmed_sentence_without_stop_words (line 137) ... ok
[INFO] [stdout] 
[INFO] [stdout] failures:
[INFO] [stdout] 
[INFO] [stdout] ---- src/document.rs - document::TfidfMatrix::get_cosine_similarity_from_tfidf (line 138) stdout ----
[INFO] [stdout] error: linking with `cc` failed: exit status: 1
[INFO] [stdout]   |
[INFO] [stdout]   = note: LC_ALL="C" PATH="/opt/rustwide/rustup-home/toolchains/beta-2023-12-22-x86_64-unknown-linux-gnu/lib/rustlib/x86_64-unknown-linux-gnu/bin:/opt/rustwide/cargo-home/bin:/usr/local/sbin:/usr/local/bin:/usr/sbin:/usr/bin:/sbin:/bin" VSLANG="1033" "cc" "-m64" "/tmp/rustcFWqIfX/symbols.o" "/tmp/rustdoctestwg9FWv/rust_out.rust_out.1380c8ea7c88b8e2-cgu.0.rcgu.o" "/tmp/rustdoctestwg9FWv/rust_out.3lr6z6385pynyhem.rcgu.o" "-Wl,--as-needed" "-L" "/opt/rustwide/target/debug/deps" "-L" "/opt/rustwide/target/debug/deps" "-L" "/opt/rustwide/rustup-home/toolchains/beta-2023-12-22-x86_64-unknown-linux-gnu/lib/rustlib/x86_64-unknown-linux-gnu/lib" "-Wl,-Bstatic" "/opt/rustwide/target/debug/deps/librnltk-c82b740ff858feb0.rlib" "/opt/rustwide/target/debug/deps/libserde_json-baccffec3f5fba64.rlib" "/opt/rustwide/target/debug/deps/libryu-71a7e639e7459b62.rlib" "/opt/rustwide/target/debug/deps/libitoa-d2276dfc04de0749.rlib" "/opt/rustwide/target/debug/deps/libnalgebra-314b419efc3e81f2.rlib" "/opt/rustwide/target/debug/deps/libmatrixmultiply-a4b9941763a6c297.rlib" "/opt/rustwide/target/debug/deps/librawpointer-1c56f73d51027814.rlib" "/opt/rustwide/target/debug/deps/libnum_rational-1c6cf90be17318e6.rlib" "/opt/rustwide/target/debug/deps/libnum_integer-8b20abd98c2275f9.rlib" "/opt/rustwide/target/debug/deps/libtypenum-d1feac8ebe5aef3f.rlib" "/opt/rustwide/target/debug/deps/libsimba-cbe870cc035f84e0.rlib" "/opt/rustwide/target/debug/deps/libwide-9eee251080f0c475.rlib" "/opt/rustwide/target/debug/deps/libsafe_arch-23f16f640108e106.rlib" "/opt/rustwide/target/debug/deps/libbytemuck-82c90b0c6eba9d62.rlib" "/opt/rustwide/target/debug/deps/libnum_complex-ae041838b4846b96.rlib" "/opt/rustwide/target/debug/deps/libapprox-e403158b912ab6a4.rlib" "/opt/rustwide/target/debug/deps/libnum_traits-4049bd5e709ce44c.rlib" "/opt/rustwide/target/debug/deps/libthiserror-fbf19ca2af0611fc.rlib" "/opt/rustwide/target/debug/deps/libserde-cb6bcf196def4c39.rlib" "/opt/rustwide/target/debug/deps/libregex-07bbf1061cddbe52.rlib" "/opt/rustwide/target/debug/deps/libaho_corasick-f7ccc8f22855ad8f.rlib" "/opt/rustwide/target/debug/deps/libmemchr-33d05ae5bba76030.rlib" "/opt/rustwide/target/debug/deps/libregex_syntax-e3f07c2354d4f303.rlib" "/opt/rustwide/rustup-home/toolchains/beta-2023-12-22-x86_64-unknown-linux-gnu/lib/rustlib/x86_64-unknown-linux-gnu/lib/libstd-0672489a78b613de.rlib" "/opt/rustwide/rustup-home/toolchains/beta-2023-12-22-x86_64-unknown-linux-gnu/lib/rustlib/x86_64-unknown-linux-gnu/lib/libpanic_unwind-7eb3ffc34a49f675.rlib" "/opt/rustwide/rustup-home/toolchains/beta-2023-12-22-x86_64-unknown-linux-gnu/lib/rustlib/x86_64-unknown-linux-gnu/lib/libobject-6478a9daa4bee8e2.rlib" "/opt/rustwide/rustup-home/toolchains/beta-2023-12-22-x86_64-unknown-linux-gnu/lib/rustlib/x86_64-unknown-linux-gnu/lib/libmemchr-0c75d871a5c3923d.rlib" "/opt/rustwide/rustup-home/toolchains/beta-2023-12-22-x86_64-unknown-linux-gnu/lib/rustlib/x86_64-unknown-linux-gnu/lib/libaddr2line-d163ef63ad37bb71.rlib" "/opt/rustwide/rustup-home/toolchains/beta-2023-12-22-x86_64-unknown-linux-gnu/lib/rustlib/x86_64-unknown-linux-gnu/lib/libgimli-8a3fd810a85b9f4c.rlib" "/opt/rustwide/rustup-home/toolchains/beta-2023-12-22-x86_64-unknown-linux-gnu/lib/rustlib/x86_64-unknown-linux-gnu/lib/librustc_demangle-462a2cde8c5dfc10.rlib" "/opt/rustwide/rustup-home/toolchains/beta-2023-12-22-x86_64-unknown-linux-gnu/lib/rustlib/x86_64-unknown-linux-gnu/lib/libstd_detect-cb06ac9f54713f71.rlib" "/opt/rustwide/rustup-home/toolchains/beta-2023-12-22-x86_64-unknown-linux-gnu/lib/rustlib/x86_64-unknown-linux-gnu/lib/libhashbrown-f20bfd1f8e59b393.rlib" "/opt/rustwide/rustup-home/toolchains/beta-2023-12-22-x86_64-unknown-linux-gnu/lib/rustlib/x86_64-unknown-linux-gnu/lib/librustc_std_workspace_alloc-1ef460949b49da4b.rlib" "/opt/rustwide/rustup-home/toolchains/beta-2023-12-22-x86_64-unknown-linux-gnu/lib/rustlib/x86_64-unknown-linux-gnu/lib/libminiz_oxide-2cb0c0ffe4f87514.rlib" "/opt/rustwide/rustup-home/toolchains/beta-2023-12-22-x86_64-unknown-linux-gnu/lib/rustlib/x86_64-unknown-linux-gnu/lib/libadler-58d841eb322a11a2.rlib" "/opt/rustwide/rustup-home/toolchains/beta-2023-12-22-x86_64-unknown-linux-gnu/lib/rustlib/x86_64-unknown-linux-gnu/lib/libunwind-aa2ae0b0a9d11533.rlib" "/opt/rustwide/rustup-home/toolchains/beta-2023-12-22-x86_64-unknown-linux-gnu/lib/rustlib/x86_64-unknown-linux-gnu/lib/libcfg_if-23874e15830ed336.rlib" "/opt/rustwide/rustup-home/toolchains/beta-2023-12-22-x86_64-unknown-linux-gnu/lib/rustlib/x86_64-unknown-linux-gnu/lib/liblibc-e47cddc003bce885.rlib" "/opt/rustwide/rustup-home/toolchains/beta-2023-12-22-x86_64-unknown-linux-gnu/lib/rustlib/x86_64-unknown-linux-gnu/lib/liballoc-c22b13b48a8f128e.rlib" "/opt/rustwide/rustup-home/toolchains/beta-2023-12-22-x86_64-unknown-linux-gnu/lib/rustlib/x86_64-unknown-linux-gnu/lib/librustc_std_workspace_core-e46bc3da6d7c462f.rlib" "/opt/rustwide/rustup-home/toolchains/beta-2023-12-22-x86_64-unknown-linux-gnu/lib/rustlib/x86_64-unknown-linux-gnu/lib/libcore-8d1ac131d3cb2645.rlib" "/opt/rustwide/rustup-home/toolchains/beta-2023-12-22-x86_64-unknown-linux-gnu/lib/rustlib/x86_64-unknown-linux-gnu/lib/libcompiler_builtins-a1b43df8c6899c1f.rlib" "-Wl,-Bdynamic" "-lgcc_s" "-lutil" "-lrt" "-lpthread" "-lm" "-ldl" "-lc" "-Wl,--eh-frame-hdr" "-Wl,-z,noexecstack" "-L" "/opt/rustwide/rustup-home/toolchains/beta-2023-12-22-x86_64-unknown-linux-gnu/lib/rustlib/x86_64-unknown-linux-gnu/lib" "-o" "/tmp/rustdoctestwg9FWv/rust_out" "-Wl,--gc-sections" "-pie" "-Wl,-z,relro,-z,now" "-nodefaultlibs"
[INFO] [stdout]   = note: collect2: fatal error: ld terminated with signal 9 [Killed]
[INFO] [stdout]           compilation terminated.
[INFO] [stdout]           
[INFO] [stdout] 
[INFO] [stdout] error: aborting due to 1 previous error
[INFO] [stdout] 
[INFO] [stdout] Couldn't compile the test.
[INFO] [stdout] ---- src/token.rs - token::get_stemmed_term_frequencies_from_sentences (line 523) stdout ----
[INFO] [stdout] error: linking with `cc` failed: exit status: 1
[INFO] [stdout]   |
[INFO] [stdout]   = note: LC_ALL="C" PATH="/opt/rustwide/rustup-home/toolchains/beta-2023-12-22-x86_64-unknown-linux-gnu/lib/rustlib/x86_64-unknown-linux-gnu/bin:/opt/rustwide/cargo-home/bin:/usr/local/sbin:/usr/local/bin:/usr/sbin:/usr/bin:/sbin:/bin" VSLANG="1033" "cc" "-m64" "/tmp/rustcV9nqPc/symbols.o" "/tmp/rustdoctestCWWZmJ/rust_out.rust_out.1380c8ea7c88b8e2-cgu.0.rcgu.o" "/tmp/rustdoctestCWWZmJ/rust_out.3lr6z6385pynyhem.rcgu.o" "-Wl,--as-needed" "-L" "/opt/rustwide/target/debug/deps" "-L" "/opt/rustwide/target/debug/deps" "-L" "/opt/rustwide/rustup-home/toolchains/beta-2023-12-22-x86_64-unknown-linux-gnu/lib/rustlib/x86_64-unknown-linux-gnu/lib" "-Wl,-Bstatic" "/opt/rustwide/target/debug/deps/librnltk-c82b740ff858feb0.rlib" "/opt/rustwide/target/debug/deps/libserde_json-baccffec3f5fba64.rlib" "/opt/rustwide/target/debug/deps/libryu-71a7e639e7459b62.rlib" "/opt/rustwide/target/debug/deps/libitoa-d2276dfc04de0749.rlib" "/opt/rustwide/target/debug/deps/libnalgebra-314b419efc3e81f2.rlib" "/opt/rustwide/target/debug/deps/libmatrixmultiply-a4b9941763a6c297.rlib" "/opt/rustwide/target/debug/deps/librawpointer-1c56f73d51027814.rlib" "/opt/rustwide/target/debug/deps/libnum_rational-1c6cf90be17318e6.rlib" "/opt/rustwide/target/debug/deps/libnum_integer-8b20abd98c2275f9.rlib" "/opt/rustwide/target/debug/deps/libtypenum-d1feac8ebe5aef3f.rlib" "/opt/rustwide/target/debug/deps/libsimba-cbe870cc035f84e0.rlib" "/opt/rustwide/target/debug/deps/libwide-9eee251080f0c475.rlib" "/opt/rustwide/target/debug/deps/libsafe_arch-23f16f640108e106.rlib" "/opt/rustwide/target/debug/deps/libbytemuck-82c90b0c6eba9d62.rlib" "/opt/rustwide/target/debug/deps/libnum_complex-ae041838b4846b96.rlib" "/opt/rustwide/target/debug/deps/libapprox-e403158b912ab6a4.rlib" "/opt/rustwide/target/debug/deps/libnum_traits-4049bd5e709ce44c.rlib" "/opt/rustwide/target/debug/deps/libthiserror-fbf19ca2af0611fc.rlib" "/opt/rustwide/target/debug/deps/libserde-cb6bcf196def4c39.rlib" "/opt/rustwide/target/debug/deps/libregex-07bbf1061cddbe52.rlib" "/opt/rustwide/target/debug/deps/libaho_corasick-f7ccc8f22855ad8f.rlib" "/opt/rustwide/target/debug/deps/libmemchr-33d05ae5bba76030.rlib" "/opt/rustwide/target/debug/deps/libregex_syntax-e3f07c2354d4f303.rlib" "/opt/rustwide/rustup-home/toolchains/beta-2023-12-22-x86_64-unknown-linux-gnu/lib/rustlib/x86_64-unknown-linux-gnu/lib/libstd-0672489a78b613de.rlib" "/opt/rustwide/rustup-home/toolchains/beta-2023-12-22-x86_64-unknown-linux-gnu/lib/rustlib/x86_64-unknown-linux-gnu/lib/libpanic_unwind-7eb3ffc34a49f675.rlib" "/opt/rustwide/rustup-home/toolchains/beta-2023-12-22-x86_64-unknown-linux-gnu/lib/rustlib/x86_64-unknown-linux-gnu/lib/libobject-6478a9daa4bee8e2.rlib" "/opt/rustwide/rustup-home/toolchains/beta-2023-12-22-x86_64-unknown-linux-gnu/lib/rustlib/x86_64-unknown-linux-gnu/lib/libmemchr-0c75d871a5c3923d.rlib" "/opt/rustwide/rustup-home/toolchains/beta-2023-12-22-x86_64-unknown-linux-gnu/lib/rustlib/x86_64-unknown-linux-gnu/lib/libaddr2line-d163ef63ad37bb71.rlib" "/opt/rustwide/rustup-home/toolchains/beta-2023-12-22-x86_64-unknown-linux-gnu/lib/rustlib/x86_64-unknown-linux-gnu/lib/libgimli-8a3fd810a85b9f4c.rlib" "/opt/rustwide/rustup-home/toolchains/beta-2023-12-22-x86_64-unknown-linux-gnu/lib/rustlib/x86_64-unknown-linux-gnu/lib/librustc_demangle-462a2cde8c5dfc10.rlib" "/opt/rustwide/rustup-home/toolchains/beta-2023-12-22-x86_64-unknown-linux-gnu/lib/rustlib/x86_64-unknown-linux-gnu/lib/libstd_detect-cb06ac9f54713f71.rlib" "/opt/rustwide/rustup-home/toolchains/beta-2023-12-22-x86_64-unknown-linux-gnu/lib/rustlib/x86_64-unknown-linux-gnu/lib/libhashbrown-f20bfd1f8e59b393.rlib" "/opt/rustwide/rustup-home/toolchains/beta-2023-12-22-x86_64-unknown-linux-gnu/lib/rustlib/x86_64-unknown-linux-gnu/lib/librustc_std_workspace_alloc-1ef460949b49da4b.rlib" "/opt/rustwide/rustup-home/toolchains/beta-2023-12-22-x86_64-unknown-linux-gnu/lib/rustlib/x86_64-unknown-linux-gnu/lib/libminiz_oxide-2cb0c0ffe4f87514.rlib" "/opt/rustwide/rustup-home/toolchains/beta-2023-12-22-x86_64-unknown-linux-gnu/lib/rustlib/x86_64-unknown-linux-gnu/lib/libadler-58d841eb322a11a2.rlib" "/opt/rustwide/rustup-home/toolchains/beta-2023-12-22-x86_64-unknown-linux-gnu/lib/rustlib/x86_64-unknown-linux-gnu/lib/libunwind-aa2ae0b0a9d11533.rlib" "/opt/rustwide/rustup-home/toolchains/beta-2023-12-22-x86_64-unknown-linux-gnu/lib/rustlib/x86_64-unknown-linux-gnu/lib/libcfg_if-23874e15830ed336.rlib" "/opt/rustwide/rustup-home/toolchains/beta-2023-12-22-x86_64-unknown-linux-gnu/lib/rustlib/x86_64-unknown-linux-gnu/lib/liblibc-e47cddc003bce885.rlib" "/opt/rustwide/rustup-home/toolchains/beta-2023-12-22-x86_64-unknown-linux-gnu/lib/rustlib/x86_64-unknown-linux-gnu/lib/liballoc-c22b13b48a8f128e.rlib" "/opt/rustwide/rustup-home/toolchains/beta-2023-12-22-x86_64-unknown-linux-gnu/lib/rustlib/x86_64-unknown-linux-gnu/lib/librustc_std_workspace_core-e46bc3da6d7c462f.rlib" "/opt/rustwide/rustup-home/toolchains/beta-2023-12-22-x86_64-unknown-linux-gnu/lib/rustlib/x86_64-unknown-linux-gnu/lib/libcore-8d1ac131d3cb2645.rlib" "/opt/rustwide/rustup-home/toolchains/beta-2023-12-22-x86_64-unknown-linux-gnu/lib/rustlib/x86_64-unknown-linux-gnu/lib/libcompiler_builtins-a1b43df8c6899c1f.rlib" "-Wl,-Bdynamic" "-lgcc_s" "-lutil" "-lrt" "-lpthread" "-lm" "-ldl" "-lc" "-Wl,--eh-frame-hdr" "-Wl,-z,noexecstack" "-L" "/opt/rustwide/rustup-home/toolchains/beta-2023-12-22-x86_64-unknown-linux-gnu/lib/rustlib/x86_64-unknown-linux-gnu/lib" "-o" "/tmp/rustdoctestCWWZmJ/rust_out" "-Wl,--gc-sections" "-pie" "-Wl,-z,relro,-z,now" "-nodefaultlibs"
[INFO] [stdout]   = note: collect2: fatal error: ld terminated with signal 9 [Killed]
[INFO] [stdout]           compilation terminated.
[INFO] [stdout]           
[INFO] [stdout] 
[INFO] [stdout] error: aborting due to 1 previous error
[INFO] [stdout] 
[INFO] [stdout] Couldn't compile the test.
[INFO] [stdout] ---- src/token.rs - token::tokenize_sentence_configurable (line 168) stdout ----
[INFO] [stdout] Couldn't compile the test.
[INFO] [stdout] ---- src/token.rs - token::get_term_frequencies_from_sentence_without_stop_words (line 346) stdout ----
[INFO] [stdout] error: linking with `cc` failed: exit status: 1
[INFO] [stdout]   |
[INFO] [stdout]   = note: LC_ALL="C" PATH="/opt/rustwide/rustup-home/toolchains/beta-2023-12-22-x86_64-unknown-linux-gnu/lib/rustlib/x86_64-unknown-linux-gnu/bin:/opt/rustwide/cargo-home/bin:/usr/local/sbin:/usr/local/bin:/usr/sbin:/usr/bin:/sbin:/bin" VSLANG="1033" "cc" "-m64" "/tmp/rustch2GSug/symbols.o" "/tmp/rustdoctestGvUniV/rust_out.rust_out.1380c8ea7c88b8e2-cgu.0.rcgu.o" "/tmp/rustdoctestGvUniV/rust_out.3lr6z6385pynyhem.rcgu.o" "-Wl,--as-needed" "-L" "/opt/rustwide/target/debug/deps" "-L" "/opt/rustwide/target/debug/deps" "-L" "/opt/rustwide/rustup-home/toolchains/beta-2023-12-22-x86_64-unknown-linux-gnu/lib/rustlib/x86_64-unknown-linux-gnu/lib" "-Wl,-Bstatic" "/opt/rustwide/target/debug/deps/librnltk-c82b740ff858feb0.rlib" "/opt/rustwide/target/debug/deps/libserde_json-baccffec3f5fba64.rlib" "/opt/rustwide/target/debug/deps/libryu-71a7e639e7459b62.rlib" "/opt/rustwide/target/debug/deps/libitoa-d2276dfc04de0749.rlib" "/opt/rustwide/target/debug/deps/libnalgebra-314b419efc3e81f2.rlib" "/opt/rustwide/target/debug/deps/libmatrixmultiply-a4b9941763a6c297.rlib" "/opt/rustwide/target/debug/deps/librawpointer-1c56f73d51027814.rlib" "/opt/rustwide/target/debug/deps/libnum_rational-1c6cf90be17318e6.rlib" "/opt/rustwide/target/debug/deps/libnum_integer-8b20abd98c2275f9.rlib" "/opt/rustwide/target/debug/deps/libtypenum-d1feac8ebe5aef3f.rlib" "/opt/rustwide/target/debug/deps/libsimba-cbe870cc035f84e0.rlib" "/opt/rustwide/target/debug/deps/libwide-9eee251080f0c475.rlib" "/opt/rustwide/target/debug/deps/libsafe_arch-23f16f640108e106.rlib" "/opt/rustwide/target/debug/deps/libbytemuck-82c90b0c6eba9d62.rlib" "/opt/rustwide/target/debug/deps/libnum_complex-ae041838b4846b96.rlib" "/opt/rustwide/target/debug/deps/libapprox-e403158b912ab6a4.rlib" "/opt/rustwide/target/debug/deps/libnum_traits-4049bd5e709ce44c.rlib" "/opt/rustwide/target/debug/deps/libthiserror-fbf19ca2af0611fc.rlib" "/opt/rustwide/target/debug/deps/libserde-cb6bcf196def4c39.rlib" "/opt/rustwide/target/debug/deps/libregex-07bbf1061cddbe52.rlib" "/opt/rustwide/target/debug/deps/libaho_corasick-f7ccc8f22855ad8f.rlib" "/opt/rustwide/target/debug/deps/libmemchr-33d05ae5bba76030.rlib" "/opt/rustwide/target/debug/deps/libregex_syntax-e3f07c2354d4f303.rlib" "/opt/rustwide/rustup-home/toolchains/beta-2023-12-22-x86_64-unknown-linux-gnu/lib/rustlib/x86_64-unknown-linux-gnu/lib/libstd-0672489a78b613de.rlib" "/opt/rustwide/rustup-home/toolchains/beta-2023-12-22-x86_64-unknown-linux-gnu/lib/rustlib/x86_64-unknown-linux-gnu/lib/libpanic_unwind-7eb3ffc34a49f675.rlib" "/opt/rustwide/rustup-home/toolchains/beta-2023-12-22-x86_64-unknown-linux-gnu/lib/rustlib/x86_64-unknown-linux-gnu/lib/libobject-6478a9daa4bee8e2.rlib" "/opt/rustwide/rustup-home/toolchains/beta-2023-12-22-x86_64-unknown-linux-gnu/lib/rustlib/x86_64-unknown-linux-gnu/lib/libmemchr-0c75d871a5c3923d.rlib" "/opt/rustwide/rustup-home/toolchains/beta-2023-12-22-x86_64-unknown-linux-gnu/lib/rustlib/x86_64-unknown-linux-gnu/lib/libaddr2line-d163ef63ad37bb71.rlib" "/opt/rustwide/rustup-home/toolchains/beta-2023-12-22-x86_64-unknown-linux-gnu/lib/rustlib/x86_64-unknown-linux-gnu/lib/libgimli-8a3fd810a85b9f4c.rlib" "/opt/rustwide/rustup-home/toolchains/beta-2023-12-22-x86_64-unknown-linux-gnu/lib/rustlib/x86_64-unknown-linux-gnu/lib/librustc_demangle-462a2cde8c5dfc10.rlib" "/opt/rustwide/rustup-home/toolchains/beta-2023-12-22-x86_64-unknown-linux-gnu/lib/rustlib/x86_64-unknown-linux-gnu/lib/libstd_detect-cb06ac9f54713f71.rlib" "/opt/rustwide/rustup-home/toolchains/beta-2023-12-22-x86_64-unknown-linux-gnu/lib/rustlib/x86_64-unknown-linux-gnu/lib/libhashbrown-f20bfd1f8e59b393.rlib" "/opt/rustwide/rustup-home/toolchains/beta-2023-12-22-x86_64-unknown-linux-gnu/lib/rustlib/x86_64-unknown-linux-gnu/lib/librustc_std_workspace_alloc-1ef460949b49da4b.rlib" "/opt/rustwide/rustup-home/toolchains/beta-2023-12-22-x86_64-unknown-linux-gnu/lib/rustlib/x86_64-unknown-linux-gnu/lib/libminiz_oxide-2cb0c0ffe4f87514.rlib" "/opt/rustwide/rustup-home/toolchains/beta-2023-12-22-x86_64-unknown-linux-gnu/lib/rustlib/x86_64-unknown-linux-gnu/lib/libadler-58d841eb322a11a2.rlib" "/opt/rustwide/rustup-home/toolchains/beta-2023-12-22-x86_64-unknown-linux-gnu/lib/rustlib/x86_64-unknown-linux-gnu/lib/libunwind-aa2ae0b0a9d11533.rlib" "/opt/rustwide/rustup-home/toolchains/beta-2023-12-22-x86_64-unknown-linux-gnu/lib/rustlib/x86_64-unknown-linux-gnu/lib/libcfg_if-23874e15830ed336.rlib" "/opt/rustwide/rustup-home/toolchains/beta-2023-12-22-x86_64-unknown-linux-gnu/lib/rustlib/x86_64-unknown-linux-gnu/lib/liblibc-e47cddc003bce885.rlib" "/opt/rustwide/rustup-home/toolchains/beta-2023-12-22-x86_64-unknown-linux-gnu/lib/rustlib/x86_64-unknown-linux-gnu/lib/liballoc-c22b13b48a8f128e.rlib" "/opt/rustwide/rustup-home/toolchains/beta-2023-12-22-x86_64-unknown-linux-gnu/lib/rustlib/x86_64-unknown-linux-gnu/lib/librustc_std_workspace_core-e46bc3da6d7c462f.rlib" "/opt/rustwide/rustup-home/toolchains/beta-2023-12-22-x86_64-unknown-linux-gnu/lib/rustlib/x86_64-unknown-linux-gnu/lib/libcore-8d1ac131d3cb2645.rlib" "/opt/rustwide/rustup-home/toolchains/beta-2023-12-22-x86_64-unknown-linux-gnu/lib/rustlib/x86_64-unknown-linux-gnu/lib/libcompiler_builtins-a1b43df8c6899c1f.rlib" "-Wl,-Bdynamic" "-lgcc_s" "-lutil" "-lrt" "-lpthread" "-lm" "-ldl" "-lc" "-Wl,--eh-frame-hdr" "-Wl,-z,noexecstack" "-L" "/opt/rustwide/rustup-home/toolchains/beta-2023-12-22-x86_64-unknown-linux-gnu/lib/rustlib/x86_64-unknown-linux-gnu/lib" "-o" "/tmp/rustdoctestGvUniV/rust_out" "-Wl,--gc-sections" "-pie" "-Wl,-z,relro,-z,now" "-nodefaultlibs"
[INFO] [stdout]   = note: collect2: fatal error: ld terminated with signal 9 [Killed]
[INFO] [stdout]           compilation terminated.
[INFO] [stdout]           
[INFO] [stdout] 
[INFO] [stdout] error: aborting due to 1 previous error
[INFO] [stdout] 
[INFO] [stdout] Couldn't compile the test.
[INFO] [stdout] 
[INFO] [stdout] failures:
[INFO] [stdout]     src/document.rs - document::TfidfMatrix::get_cosine_similarity_from_tfidf (line 138)
[INFO] [stdout]     src/token.rs - token::get_stemmed_term_frequencies_from_sentences (line 523)
[INFO] [stdout]     src/token.rs - token::get_term_frequencies_from_sentence_without_stop_words (line 346)
[INFO] [stdout]     src/token.rs - token::tokenize_sentence_configurable (line 168)
[INFO] [stdout] 
[INFO] [stdout] test result: FAILED. 39 passed; 4 failed; 0 ignored; 0 measured; 0 filtered out; finished in 8.09s
[INFO] [stdout] 
[INFO] [stderr] error: doctest failed, to rerun pass `--doc`
[INFO] running `Command { std: "docker" "inspect" "05a99135d8bd92cbbdcd93109b9958f443a6f6311feec99827c3c5d5490d55e2", kill_on_drop: false }`
[INFO] running `Command { std: "docker" "rm" "-f" "05a99135d8bd92cbbdcd93109b9958f443a6f6311feec99827c3c5d5490d55e2", kill_on_drop: false }`
[INFO] [stdout] 05a99135d8bd92cbbdcd93109b9958f443a6f6311feec99827c3c5d5490d55e2
