[INFO] fetching crate rmesh 0.3.2...
[INFO] testing rmesh-0.3.2 against 1.75.0 for beta-1.76-1
[INFO] extracting crate rmesh 0.3.2 into /workspace/builds/worker-5-tc1/source
[INFO] validating manifest of crates.io crate rmesh 0.3.2 on toolchain 1.75.0
[INFO] running `Command { std: CARGO_HOME="/workspace/cargo-home" RUSTUP_HOME="/workspace/rustup-home" "/workspace/cargo-home/bin/cargo" "+1.75.0" "metadata" "--manifest-path" "Cargo.toml" "--no-deps", kill_on_drop: false }`
[INFO] started tweaking crates.io crate rmesh 0.3.2
[INFO] removed 0 missing examples
[INFO] finished tweaking crates.io crate rmesh 0.3.2
[INFO] tweaked toml for crates.io crate rmesh 0.3.2 written to /workspace/builds/worker-5-tc1/source/Cargo.toml
[INFO] crate crates.io crate rmesh 0.3.2 already has a lockfile, it will not be regenerated
[INFO] running `Command { std: CARGO_HOME="/workspace/cargo-home" RUSTUP_HOME="/workspace/rustup-home" "/workspace/cargo-home/bin/cargo" "+1.75.0" "fetch" "--manifest-path" "Cargo.toml", kill_on_drop: false }`
[INFO] [stderr]  Downloading crates ...
[INFO] [stderr]   Downloaded binrw v0.11.2
[INFO] [stderr]   Downloaded binrw_derive v0.11.2
[INFO] running `Command { std: "docker" "create" "-v" "/var/lib/crater-agent-workspace/builds/worker-5-tc1/target:/opt/rustwide/target:rw,Z" "-v" "/var/lib/crater-agent-workspace/builds/worker-5-tc1/source:/opt/rustwide/workdir:ro,Z" "-v" "/var/lib/crater-agent-workspace/cargo-home:/opt/rustwide/cargo-home:ro,Z" "-v" "/var/lib/crater-agent-workspace/rustup-home:/opt/rustwide/rustup-home:ro,Z" "-e" "SOURCE_DIR=/opt/rustwide/workdir" "-e" "CARGO_TARGET_DIR=/opt/rustwide/target" "-e" "CARGO_HOME=/opt/rustwide/cargo-home" "-e" "RUSTUP_HOME=/opt/rustwide/rustup-home" "-w" "/opt/rustwide/workdir" "-m" "1610612736" "--user" "0:0" "--network" "none" "ghcr.io/rust-lang/crates-build-env/linux@sha256:2788e3201cd34a07e3172128adcd8b3090168a8e3bcc40d7c032b9dda1df7d1c" "/opt/rustwide/cargo-home/bin/cargo" "+1.75.0" "metadata" "--no-deps" "--format-version=1", kill_on_drop: false }`
[INFO] [stdout] 1b59bb8480fe8a6188ba55d1a3d0fb04c9e1877d78a5d32061bc405ac0085041
[INFO] running `Command { std: "docker" "start" "-a" "1b59bb8480fe8a6188ba55d1a3d0fb04c9e1877d78a5d32061bc405ac0085041", kill_on_drop: false }`
[INFO] running `Command { std: "docker" "inspect" "1b59bb8480fe8a6188ba55d1a3d0fb04c9e1877d78a5d32061bc405ac0085041", kill_on_drop: false }`
[INFO] running `Command { std: "docker" "rm" "-f" "1b59bb8480fe8a6188ba55d1a3d0fb04c9e1877d78a5d32061bc405ac0085041", kill_on_drop: false }`
[INFO] [stdout] 1b59bb8480fe8a6188ba55d1a3d0fb04c9e1877d78a5d32061bc405ac0085041
[INFO] running `Command { std: "docker" "create" "-v" "/var/lib/crater-agent-workspace/builds/worker-5-tc1/target:/opt/rustwide/target:rw,Z" "-v" "/var/lib/crater-agent-workspace/builds/worker-5-tc1/source:/opt/rustwide/workdir:ro,Z" "-v" "/var/lib/crater-agent-workspace/cargo-home:/opt/rustwide/cargo-home:ro,Z" "-v" "/var/lib/crater-agent-workspace/rustup-home:/opt/rustwide/rustup-home:ro,Z" "-e" "SOURCE_DIR=/opt/rustwide/workdir" "-e" "CARGO_TARGET_DIR=/opt/rustwide/target" "-e" "CARGO_INCREMENTAL=0" "-e" "RUST_BACKTRACE=full" "-e" "RUSTFLAGS=--cap-lints=warn" "-e" "RUSTDOCFLAGS=--cap-lints=warn" "-e" "CARGO_HOME=/opt/rustwide/cargo-home" "-e" "RUSTUP_HOME=/opt/rustwide/rustup-home" "-w" "/opt/rustwide/workdir" "-m" "1610612736" "--user" "0:0" "--network" "none" "ghcr.io/rust-lang/crates-build-env/linux@sha256:2788e3201cd34a07e3172128adcd8b3090168a8e3bcc40d7c032b9dda1df7d1c" "/opt/rustwide/cargo-home/bin/cargo" "+1.75.0" "build" "--frozen" "--message-format=json", kill_on_drop: false }`
[INFO] [stdout] e44659cddcac71a0c4a340f08a889b196b642f504907072960162196d9ae37a6
[INFO] running `Command { std: "docker" "start" "-a" "e44659cddcac71a0c4a340f08a889b196b642f504907072960162196d9ae37a6", kill_on_drop: false }`
[INFO] [stderr]    Compiling proc-macro2 v1.0.60
[INFO] [stderr]    Compiling quote v1.0.28
[INFO] [stderr]    Compiling unicode-ident v1.0.9
[INFO] [stderr]    Compiling syn v1.0.109
[INFO] [stderr]    Compiling binrw_derive v0.11.2
[INFO] [stderr]    Compiling owo-colors v3.5.0
[INFO] [stderr]    Compiling binrw v0.11.2
[INFO] [stderr]    Compiling thiserror v1.0.40
[INFO] [stderr]    Compiling either v1.8.1
[INFO] [stderr]    Compiling array-init v2.1.0
[INFO] [stderr]    Compiling bytemuck v1.13.1
[INFO] [stderr]    Compiling syn v2.0.18
[INFO] [stderr]    Compiling thiserror-impl v1.0.40
[INFO] [stderr]    Compiling rmesh v0.3.2 (/opt/rustwide/workdir)
[INFO] [stderr]     Finished dev [unoptimized + debuginfo] target(s) in 24.99s
[INFO] running `Command { std: "docker" "inspect" "e44659cddcac71a0c4a340f08a889b196b642f504907072960162196d9ae37a6", kill_on_drop: false }`
[INFO] running `Command { std: "docker" "rm" "-f" "e44659cddcac71a0c4a340f08a889b196b642f504907072960162196d9ae37a6", kill_on_drop: false }`
[INFO] [stdout] e44659cddcac71a0c4a340f08a889b196b642f504907072960162196d9ae37a6
[INFO] running `Command { std: "docker" "create" "-v" "/var/lib/crater-agent-workspace/builds/worker-5-tc1/target:/opt/rustwide/target:rw,Z" "-v" "/var/lib/crater-agent-workspace/builds/worker-5-tc1/source:/opt/rustwide/workdir:ro,Z" "-v" "/var/lib/crater-agent-workspace/cargo-home:/opt/rustwide/cargo-home:ro,Z" "-v" "/var/lib/crater-agent-workspace/rustup-home:/opt/rustwide/rustup-home:ro,Z" "-e" "SOURCE_DIR=/opt/rustwide/workdir" "-e" "CARGO_TARGET_DIR=/opt/rustwide/target" "-e" "CARGO_INCREMENTAL=0" "-e" "RUST_BACKTRACE=full" "-e" "RUSTFLAGS=--cap-lints=warn" "-e" "RUSTDOCFLAGS=--cap-lints=warn" "-e" "CARGO_HOME=/opt/rustwide/cargo-home" "-e" "RUSTUP_HOME=/opt/rustwide/rustup-home" "-w" "/opt/rustwide/workdir" "-m" "1610612736" "--user" "0:0" "--network" "none" "ghcr.io/rust-lang/crates-build-env/linux@sha256:2788e3201cd34a07e3172128adcd8b3090168a8e3bcc40d7c032b9dda1df7d1c" "/opt/rustwide/cargo-home/bin/cargo" "+1.75.0" "test" "--frozen" "--no-run" "--message-format=json", kill_on_drop: false }`
[INFO] [stdout] f7bb4d6051aa298262d019b54a740d7e4425e39f98c6ae5d79f299411d9e3a15
[INFO] running `Command { std: "docker" "start" "-a" "f7bb4d6051aa298262d019b54a740d7e4425e39f98c6ae5d79f299411d9e3a15", kill_on_drop: false }`
[INFO] [stderr]    Compiling rmesh v0.3.2 (/opt/rustwide/workdir)
[INFO] [stderr]     Finished test [unoptimized + debuginfo] target(s) in 1.27s
[INFO] running `Command { std: "docker" "inspect" "f7bb4d6051aa298262d019b54a740d7e4425e39f98c6ae5d79f299411d9e3a15", kill_on_drop: false }`
[INFO] running `Command { std: "docker" "rm" "-f" "f7bb4d6051aa298262d019b54a740d7e4425e39f98c6ae5d79f299411d9e3a15", kill_on_drop: false }`
[INFO] [stdout] f7bb4d6051aa298262d019b54a740d7e4425e39f98c6ae5d79f299411d9e3a15
[INFO] running `Command { std: "docker" "create" "-v" "/var/lib/crater-agent-workspace/builds/worker-5-tc1/target:/opt/rustwide/target:rw,Z" "-v" "/var/lib/crater-agent-workspace/builds/worker-5-tc1/source:/opt/rustwide/workdir:ro,Z" "-v" "/var/lib/crater-agent-workspace/cargo-home:/opt/rustwide/cargo-home:ro,Z" "-v" "/var/lib/crater-agent-workspace/rustup-home:/opt/rustwide/rustup-home:ro,Z" "-e" "SOURCE_DIR=/opt/rustwide/workdir" "-e" "CARGO_TARGET_DIR=/opt/rustwide/target" "-e" "CARGO_INCREMENTAL=0" "-e" "RUST_BACKTRACE=full" "-e" "RUSTFLAGS=--cap-lints=warn" "-e" "RUSTDOCFLAGS=--cap-lints=warn" "-e" "CARGO_HOME=/opt/rustwide/cargo-home" "-e" "RUSTUP_HOME=/opt/rustwide/rustup-home" "-w" "/opt/rustwide/workdir" "-m" "1610612736" "--user" "0:0" "--network" "none" "ghcr.io/rust-lang/crates-build-env/linux@sha256:2788e3201cd34a07e3172128adcd8b3090168a8e3bcc40d7c032b9dda1df7d1c" "/opt/rustwide/cargo-home/bin/cargo" "+1.75.0" "test" "--frozen", kill_on_drop: false }`
[INFO] [stdout] 531f9d8eb594741b36ca27d124e2139291b395e5cb48f4b9e2619c86130b021e
[INFO] running `Command { std: "docker" "start" "-a" "531f9d8eb594741b36ca27d124e2139291b395e5cb48f4b9e2619c86130b021e", kill_on_drop: false }`
[INFO] [stderr]     Finished test [unoptimized + debuginfo] target(s) in 0.02s
[INFO] [stderr]      Running unittests src/lib.rs (/opt/rustwide/target/debug/deps/rmesh-8fdc11e95226b788)
[INFO] [stdout] 
[INFO] [stdout] running 0 tests
[INFO] [stdout] 
[INFO] [stdout] test result: ok. 0 passed; 0 failed; 0 ignored; 0 measured; 0 filtered out; finished in 0.00s
[INFO] [stdout] 
[INFO] [stderr]    Doc-tests rmesh
[INFO] [stdout] 
[INFO] [stdout] running 2 tests
[INFO] [stdout] test src/lib.rs - write_rmesh (line 181) ... FAILED
[INFO] [stdout] test src/lib.rs - read_rmesh (line 164) ... FAILED
[INFO] [stdout] 
[INFO] [stdout] failures:
[INFO] [stdout] 
[INFO] [stdout] ---- src/lib.rs - write_rmesh (line 181) stdout ----
[INFO] [stdout] error[E0422]: cannot find struct, variant or union type `Header` in this scope
[INFO] [stdout]  --> src/lib.rs:183:14
[INFO] [stdout]   |
[INFO] [stdout] 5 | let header = Header {
[INFO] [stdout]   |              ^^^^^^ not found in this scope
[INFO] [stdout]   |
[INFO] [stdout] help: consider importing this struct
[INFO] [stdout]   |
[INFO] [stdout] 2 + use rmesh::Header;
[INFO] [stdout]   |
[INFO] [stdout] 
[INFO] [stdout] error[E0422]: cannot find struct, variant or union type `ComplexMesh` in this scope
[INFO] [stdout]  --> src/lib.rs:185:9
[INFO] [stdout]   |
[INFO] [stdout] 7 |         ComplexMesh {
[INFO] [stdout]   |         ^^^^^^^^^^^ not found in this scope
[INFO] [stdout]   |
[INFO] [stdout] help: consider importing this struct
[INFO] [stdout]   |
[INFO] [stdout] 2 + use rmesh::ComplexMesh;
[INFO] [stdout]   |
[INFO] [stdout] 
[INFO] [stdout] error[E0422]: cannot find struct, variant or union type `Vertex` in this scope
[INFO] [stdout]  --> src/lib.rs:187:17
[INFO] [stdout]   |
[INFO] [stdout] 9 |                 Vertex { position: [0.0, 0.0, 0.0], ..Default::default() },
[INFO] [stdout]   |                 ^^^^^^ not found in this scope
[INFO] [stdout]   |
[INFO] [stdout] help: consider importing this struct
[INFO] [stdout]   |
[INFO] [stdout] 2 + use rmesh::Vertex;
[INFO] [stdout]   |
[INFO] [stdout] 
[INFO] [stdout] error[E0422]: cannot find struct, variant or union type `Vertex` in this scope
[INFO] [stdout]   --> src/lib.rs:188:17
[INFO] [stdout]    |
[INFO] [stdout] 10 |                 Vertex { position: [0.5, 1.0, 0.0], ..Default::default() },
[INFO] [stdout]    |                 ^^^^^^ not found in this scope
[INFO] [stdout]    |
[INFO] [stdout] help: consider importing this struct
[INFO] [stdout]    |
[INFO] [stdout] 2  + use rmesh::Vertex;
[INFO] [stdout]    |
[INFO] [stdout] 
[INFO] [stdout] error[E0422]: cannot find struct, variant or union type `Vertex` in this scope
[INFO] [stdout]   --> src/lib.rs:189:17
[INFO] [stdout]    |
[INFO] [stdout] 11 |                 Vertex { position: [1.0, 0.0, 0.0], ..Default::default() },
[INFO] [stdout]    |                 ^^^^^^ not found in this scope
[INFO] [stdout]    |
[INFO] [stdout] help: consider importing this struct
[INFO] [stdout]    |
[INFO] [stdout] 2  + use rmesh::Vertex;
[INFO] [stdout]    |
[INFO] [stdout] 
[INFO] [stdout] error[E0425]: cannot find function `write_rmesh` in this scope
[INFO] [stdout]   --> src/lib.rs:199:13
[INFO] [stdout]    |
[INFO] [stdout] 21 | let rmesh = write_rmesh(&header)?;
[INFO] [stdout]    |             ^^^^^^^^^^^ not found in this scope
[INFO] [stdout]    |
[INFO] [stdout] help: consider importing this function
[INFO] [stdout]    |
[INFO] [stdout] 2  + use rmesh::write_rmesh;
[INFO] [stdout]    |
[INFO] [stdout] 
[INFO] [stdout] error[E0433]: failed to resolve: use of undeclared type `File`
[INFO] [stdout]   --> src/lib.rs:200:16
[INFO] [stdout]    |
[INFO] [stdout] 22 | let mut file = File::create("assets/cube.rmesh").unwrap();
[INFO] [stdout]    |                ^^^^ use of undeclared type `File`
[INFO] [stdout]    |
[INFO] [stdout] help: consider importing this struct
[INFO] [stdout]    |
[INFO] [stdout] 2  + use std::fs::File;
[INFO] [stdout]    |
[INFO] [stdout] 
[INFO] [stdout] error: aborting due to 7 previous errors
[INFO] [stdout] 
[INFO] [stdout] Some errors have detailed explanations: E0422, E0425, E0433.
[INFO] [stdout] For more information about an error, try `rustc --explain E0422`.
[INFO] [stdout] Couldn't compile the test.
[INFO] [stdout] ---- src/lib.rs - read_rmesh (line 164) stdout ----
[INFO] [stdout] error[E0425]: cannot find function `read_rmeshad` in this scope
[INFO] [stdout]  --> src/lib.rs:167:13
[INFO] [stdout]   |
[INFO] [stdout] 6 | let rmesh = read_rmeshad(&bytes).unwrap();
[INFO] [stdout]   |             ^^^^^^^^^^^^ not found in this scope
[INFO] [stdout] 
[INFO] [stdout] error: aborting due to previous error
[INFO] [stdout] 
[INFO] [stdout] For more information about this error, try `rustc --explain E0425`.
[INFO] [stdout] Couldn't compile the test.
[INFO] [stdout] 
[INFO] [stdout] failures:
[INFO] [stdout]     src/lib.rs - read_rmesh (line 164)
[INFO] [stdout]     src/lib.rs - write_rmesh (line 181)
[INFO] [stdout] 
[INFO] [stdout] test result: FAILED. 0 passed; 2 failed; 0 ignored; 0 measured; 0 filtered out; finished in 0.13s
[INFO] [stdout] 
[INFO] [stderr] error: doctest failed, to rerun pass `--doc`
[INFO] running `Command { std: "docker" "inspect" "531f9d8eb594741b36ca27d124e2139291b395e5cb48f4b9e2619c86130b021e", kill_on_drop: false }`
[INFO] running `Command { std: "docker" "rm" "-f" "531f9d8eb594741b36ca27d124e2139291b395e5cb48f4b9e2619c86130b021e", kill_on_drop: false }`
[INFO] [stdout] 531f9d8eb594741b36ca27d124e2139291b395e5cb48f4b9e2619c86130b021e
[INFO] testing rmesh-0.3.2 against beta-2023-12-22 for beta-1.76-1
[INFO] extracting crate rmesh 0.3.2 into /workspace/builds/worker-5-tc2/source
[INFO] validating manifest of crates.io crate rmesh 0.3.2 on toolchain beta-2023-12-22
[INFO] running `Command { std: CARGO_HOME="/workspace/cargo-home" RUSTUP_HOME="/workspace/rustup-home" "/workspace/cargo-home/bin/cargo" "+beta-2023-12-22" "metadata" "--manifest-path" "Cargo.toml" "--no-deps", kill_on_drop: false }`
[INFO] started tweaking crates.io crate rmesh 0.3.2
[INFO] removed 0 missing examples
[INFO] finished tweaking crates.io crate rmesh 0.3.2
[INFO] tweaked toml for crates.io crate rmesh 0.3.2 written to /workspace/builds/worker-5-tc2/source/Cargo.toml
[INFO] crate crates.io crate rmesh 0.3.2 already has a lockfile, it will not be regenerated
[INFO] running `Command { std: CARGO_HOME="/workspace/cargo-home" RUSTUP_HOME="/workspace/rustup-home" "/workspace/cargo-home/bin/cargo" "+beta-2023-12-22" "fetch" "--manifest-path" "Cargo.toml", kill_on_drop: false }`
[INFO] running `Command { std: "docker" "create" "-v" "/var/lib/crater-agent-workspace/builds/worker-5-tc2/target:/opt/rustwide/target:rw,Z" "-v" "/var/lib/crater-agent-workspace/builds/worker-5-tc2/source:/opt/rustwide/workdir:ro,Z" "-v" "/var/lib/crater-agent-workspace/cargo-home:/opt/rustwide/cargo-home:ro,Z" "-v" "/var/lib/crater-agent-workspace/rustup-home:/opt/rustwide/rustup-home:ro,Z" "-e" "SOURCE_DIR=/opt/rustwide/workdir" "-e" "CARGO_TARGET_DIR=/opt/rustwide/target" "-e" "CARGO_HOME=/opt/rustwide/cargo-home" "-e" "RUSTUP_HOME=/opt/rustwide/rustup-home" "-w" "/opt/rustwide/workdir" "-m" "1610612736" "--user" "0:0" "--network" "none" "ghcr.io/rust-lang/crates-build-env/linux@sha256:2788e3201cd34a07e3172128adcd8b3090168a8e3bcc40d7c032b9dda1df7d1c" "/opt/rustwide/cargo-home/bin/cargo" "+beta-2023-12-22" "metadata" "--no-deps" "--format-version=1", kill_on_drop: false }`
[INFO] [stdout] e7d067653f0ad9cfc15cbfd079a4634209d3772d8f4ab26964ef4327602ac42e
[INFO] running `Command { std: "docker" "start" "-a" "e7d067653f0ad9cfc15cbfd079a4634209d3772d8f4ab26964ef4327602ac42e", kill_on_drop: false }`
[INFO] running `Command { std: "docker" "inspect" "e7d067653f0ad9cfc15cbfd079a4634209d3772d8f4ab26964ef4327602ac42e", kill_on_drop: false }`
[INFO] running `Command { std: "docker" "rm" "-f" "e7d067653f0ad9cfc15cbfd079a4634209d3772d8f4ab26964ef4327602ac42e", kill_on_drop: false }`
[INFO] [stdout] e7d067653f0ad9cfc15cbfd079a4634209d3772d8f4ab26964ef4327602ac42e
[INFO] running `Command { std: "docker" "create" "-v" "/var/lib/crater-agent-workspace/builds/worker-5-tc2/target:/opt/rustwide/target:rw,Z" "-v" "/var/lib/crater-agent-workspace/builds/worker-5-tc2/source:/opt/rustwide/workdir:ro,Z" "-v" "/var/lib/crater-agent-workspace/cargo-home:/opt/rustwide/cargo-home:ro,Z" "-v" "/var/lib/crater-agent-workspace/rustup-home:/opt/rustwide/rustup-home:ro,Z" "-e" "SOURCE_DIR=/opt/rustwide/workdir" "-e" "CARGO_TARGET_DIR=/opt/rustwide/target" "-e" "CARGO_INCREMENTAL=0" "-e" "RUST_BACKTRACE=full" "-e" "RUSTFLAGS=--cap-lints=warn" "-e" "RUSTDOCFLAGS=--cap-lints=warn" "-e" "CARGO_HOME=/opt/rustwide/cargo-home" "-e" "RUSTUP_HOME=/opt/rustwide/rustup-home" "-w" "/opt/rustwide/workdir" "-m" "1610612736" "--user" "0:0" "--network" "none" "ghcr.io/rust-lang/crates-build-env/linux@sha256:2788e3201cd34a07e3172128adcd8b3090168a8e3bcc40d7c032b9dda1df7d1c" "/opt/rustwide/cargo-home/bin/cargo" "+beta-2023-12-22" "build" "--frozen" "--message-format=json", kill_on_drop: false }`
[INFO] [stdout] 5a554c4445184e3f03ff920c2c71b2c875892122e28a2141ad0a75aceef0b2c2
[INFO] running `Command { std: "docker" "start" "-a" "5a554c4445184e3f03ff920c2c71b2c875892122e28a2141ad0a75aceef0b2c2", kill_on_drop: false }`
[INFO] [stderr]    Compiling proc-macro2 v1.0.60
[INFO] [stderr]    Compiling unicode-ident v1.0.9
[INFO] [stderr]    Compiling quote v1.0.28
[INFO] [stderr]    Compiling syn v1.0.109
[INFO] [stderr]    Compiling binrw_derive v0.11.2
[INFO] [stderr]    Compiling thiserror v1.0.40
[INFO] [stderr]    Compiling either v1.8.1
[INFO] [stderr]    Compiling owo-colors v3.5.0
[INFO] [stderr]    Compiling binrw v0.11.2
[INFO] [stderr]    Compiling bytemuck v1.13.1
[INFO] [stderr]    Compiling array-init v2.1.0
[INFO] [stderr]    Compiling syn v2.0.18
[INFO] [stderr]    Compiling thiserror-impl v1.0.40
[INFO] [stderr]    Compiling rmesh v0.3.2 (/opt/rustwide/workdir)
[INFO] [stderr]     Finished dev [unoptimized + debuginfo] target(s) in 20.59s
[INFO] running `Command { std: "docker" "inspect" "5a554c4445184e3f03ff920c2c71b2c875892122e28a2141ad0a75aceef0b2c2", kill_on_drop: false }`
[INFO] running `Command { std: "docker" "rm" "-f" "5a554c4445184e3f03ff920c2c71b2c875892122e28a2141ad0a75aceef0b2c2", kill_on_drop: false }`
[INFO] [stdout] 5a554c4445184e3f03ff920c2c71b2c875892122e28a2141ad0a75aceef0b2c2
[INFO] running `Command { std: "docker" "create" "-v" "/var/lib/crater-agent-workspace/builds/worker-5-tc2/target:/opt/rustwide/target:rw,Z" "-v" "/var/lib/crater-agent-workspace/builds/worker-5-tc2/source:/opt/rustwide/workdir:ro,Z" "-v" "/var/lib/crater-agent-workspace/cargo-home:/opt/rustwide/cargo-home:ro,Z" "-v" "/var/lib/crater-agent-workspace/rustup-home:/opt/rustwide/rustup-home:ro,Z" "-e" "SOURCE_DIR=/opt/rustwide/workdir" "-e" "CARGO_TARGET_DIR=/opt/rustwide/target" "-e" "CARGO_INCREMENTAL=0" "-e" "RUST_BACKTRACE=full" "-e" "RUSTFLAGS=--cap-lints=warn" "-e" "RUSTDOCFLAGS=--cap-lints=warn" "-e" "CARGO_HOME=/opt/rustwide/cargo-home" "-e" "RUSTUP_HOME=/opt/rustwide/rustup-home" "-w" "/opt/rustwide/workdir" "-m" "1610612736" "--user" "0:0" "--network" "none" "ghcr.io/rust-lang/crates-build-env/linux@sha256:2788e3201cd34a07e3172128adcd8b3090168a8e3bcc40d7c032b9dda1df7d1c" "/opt/rustwide/cargo-home/bin/cargo" "+beta-2023-12-22" "test" "--frozen" "--no-run" "--message-format=json", kill_on_drop: false }`
[INFO] [stdout] 5ca2a10b9afcf5caf79c934d67595e195a1e00be551e9797c58b3e5630fbb538
[INFO] running `Command { std: "docker" "start" "-a" "5ca2a10b9afcf5caf79c934d67595e195a1e00be551e9797c58b3e5630fbb538", kill_on_drop: false }`
[INFO] [stderr]    Compiling rmesh v0.3.2 (/opt/rustwide/workdir)
[INFO] [stderr]     Finished test [unoptimized + debuginfo] target(s) in 1.31s
[INFO] running `Command { std: "docker" "inspect" "5ca2a10b9afcf5caf79c934d67595e195a1e00be551e9797c58b3e5630fbb538", kill_on_drop: false }`
[INFO] running `Command { std: "docker" "rm" "-f" "5ca2a10b9afcf5caf79c934d67595e195a1e00be551e9797c58b3e5630fbb538", kill_on_drop: false }`
[INFO] [stdout] 5ca2a10b9afcf5caf79c934d67595e195a1e00be551e9797c58b3e5630fbb538
[INFO] running `Command { std: "docker" "create" "-v" "/var/lib/crater-agent-workspace/builds/worker-5-tc2/target:/opt/rustwide/target:rw,Z" "-v" "/var/lib/crater-agent-workspace/builds/worker-5-tc2/source:/opt/rustwide/workdir:ro,Z" "-v" "/var/lib/crater-agent-workspace/cargo-home:/opt/rustwide/cargo-home:ro,Z" "-v" "/var/lib/crater-agent-workspace/rustup-home:/opt/rustwide/rustup-home:ro,Z" "-e" "SOURCE_DIR=/opt/rustwide/workdir" "-e" "CARGO_TARGET_DIR=/opt/rustwide/target" "-e" "CARGO_INCREMENTAL=0" "-e" "RUST_BACKTRACE=full" "-e" "RUSTFLAGS=--cap-lints=warn" "-e" "RUSTDOCFLAGS=--cap-lints=warn" "-e" "CARGO_HOME=/opt/rustwide/cargo-home" "-e" "RUSTUP_HOME=/opt/rustwide/rustup-home" "-w" "/opt/rustwide/workdir" "-m" "1610612736" "--user" "0:0" "--network" "none" "ghcr.io/rust-lang/crates-build-env/linux@sha256:2788e3201cd34a07e3172128adcd8b3090168a8e3bcc40d7c032b9dda1df7d1c" "/opt/rustwide/cargo-home/bin/cargo" "+beta-2023-12-22" "test" "--frozen", kill_on_drop: false }`
[INFO] [stdout] 8215359d3b2c92d3eb2b3d6873cdefd785339d36185bb6579edeeb6f58722c03
[INFO] running `Command { std: "docker" "start" "-a" "8215359d3b2c92d3eb2b3d6873cdefd785339d36185bb6579edeeb6f58722c03", kill_on_drop: false }`
[INFO] [stderr]     Finished test [unoptimized + debuginfo] target(s) in 0.03s
[INFO] [stderr]      Running unittests src/lib.rs (/opt/rustwide/target/debug/deps/rmesh-4f36883b079738b1)
[INFO] [stdout] 
[INFO] [stdout] running 0 tests
[INFO] [stdout] 
[INFO] [stdout] test result: ok. 0 passed; 0 failed; 0 ignored; 0 measured; 0 filtered out; finished in 0.00s
[INFO] [stdout] 
[INFO] [stderr]    Doc-tests rmesh
[INFO] [stdout] 
[INFO] [stdout] running 2 tests
[INFO] [stdout] test src/lib.rs - write_rmesh (line 181) ... FAILED
[INFO] [stderr] error: doctest failed, to rerun pass `--doc`
[INFO] [stdout] test src/lib.rs - read_rmesh (line 164) ... FAILED
[INFO] [stdout] 
[INFO] [stdout] failures:
[INFO] [stdout] 
[INFO] [stdout] ---- src/lib.rs - write_rmesh (line 181) stdout ----
[INFO] [stdout] error[E0422]: cannot find struct, variant or union type `Header` in this scope
[INFO] [stdout]  --> src/lib.rs:183:14
[INFO] [stdout]   |
[INFO] [stdout] 5 | let header = Header {
[INFO] [stdout]   |              ^^^^^^ not found in this scope
[INFO] [stdout]   |
[INFO] [stdout] help: consider importing this struct
[INFO] [stdout]   |
[INFO] [stdout] 2 + use rmesh::Header;
[INFO] [stdout]   |
[INFO] [stdout] 
[INFO] [stdout] error[E0422]: cannot find struct, variant or union type `ComplexMesh` in this scope
[INFO] [stdout]  --> src/lib.rs:185:9
[INFO] [stdout]   |
[INFO] [stdout] 7 |         ComplexMesh {
[INFO] [stdout]   |         ^^^^^^^^^^^ not found in this scope
[INFO] [stdout]   |
[INFO] [stdout] help: consider importing this struct
[INFO] [stdout]   |
[INFO] [stdout] 2 + use rmesh::ComplexMesh;
[INFO] [stdout]   |
[INFO] [stdout] 
[INFO] [stdout] error[E0422]: cannot find struct, variant or union type `Vertex` in this scope
[INFO] [stdout]  --> src/lib.rs:187:17
[INFO] [stdout]   |
[INFO] [stdout] 9 |                 Vertex { position: [0.0, 0.0, 0.0], ..Default::default() },
[INFO] [stdout]   |                 ^^^^^^ not found in this scope
[INFO] [stdout]   |
[INFO] [stdout] help: consider importing this struct
[INFO] [stdout]   |
[INFO] [stdout] 2 + use rmesh::Vertex;
[INFO] [stdout]   |
[INFO] [stdout] 
[INFO] [stdout] error[E0422]: cannot find struct, variant or union type `Vertex` in this scope
[INFO] [stdout]   --> src/lib.rs:188:17
[INFO] [stdout]    |
[INFO] [stdout] 10 |                 Vertex { position: [0.5, 1.0, 0.0], ..Default::default() },
[INFO] [stdout]    |                 ^^^^^^ not found in this scope
[INFO] [stdout]    |
[INFO] [stdout] help: consider importing this struct
[INFO] [stdout]    |
[INFO] [stdout] 2  + use rmesh::Vertex;
[INFO] [stdout]    |
[INFO] [stdout] 
[INFO] [stdout] error[E0422]: cannot find struct, variant or union type `Vertex` in this scope
[INFO] [stdout]   --> src/lib.rs:189:17
[INFO] [stdout]    |
[INFO] [stdout] 11 |                 Vertex { position: [1.0, 0.0, 0.0], ..Default::default() },
[INFO] [stdout]    |                 ^^^^^^ not found in this scope
[INFO] [stdout]    |
[INFO] [stdout] help: consider importing this struct
[INFO] [stdout]    |
[INFO] [stdout] 2  + use rmesh::Vertex;
[INFO] [stdout]    |
[INFO] [stdout] 
[INFO] [stdout] error[E0425]: cannot find function `write_rmesh` in this scope
[INFO] [stdout]   --> src/lib.rs:199:13
[INFO] [stdout]    |
[INFO] [stdout] 21 | let rmesh = write_rmesh(&header)?;
[INFO] [stdout]    |             ^^^^^^^^^^^ not found in this scope
[INFO] [stdout]    |
[INFO] [stdout] help: consider importing this function
[INFO] [stdout]    |
[INFO] [stdout] 2  + use rmesh::write_rmesh;
[INFO] [stdout]    |
[INFO] [stdout] 
[INFO] [stdout] error[E0433]: failed to resolve: use of undeclared type `File`
[INFO] [stdout]   --> src/lib.rs:200:16
[INFO] [stdout]    |
[INFO] [stdout] 22 | let mut file = File::create("assets/cube.rmesh").unwrap();
[INFO] [stdout]    |                ^^^^ use of undeclared type `File`
[INFO] [stdout]    |
[INFO] [stdout] help: consider importing this struct
[INFO] [stdout]    |
[INFO] [stdout] 2  + use std::fs::File;
[INFO] [stdout]    |
[INFO] [stdout] 
[INFO] [stdout] error: aborting due to 7 previous errors
[INFO] [stdout] 
[INFO] [stdout] Some errors have detailed explanations: E0422, E0425, E0433.
[INFO] [stdout] For more information about an error, try `rustc --explain E0422`.
[INFO] [stdout] Couldn't compile the test.
[INFO] [stdout] ---- src/lib.rs - read_rmesh (line 164) stdout ----
[INFO] [stdout] error[E0425]: cannot find function `read_rmeshad` in this scope
[INFO] [stdout]  --> src/lib.rs:167:13
[INFO] [stdout]   |
[INFO] [stdout] 6 | let rmesh = read_rmeshad(&bytes).unwrap();
[INFO] [stdout]   |             ^^^^^^^^^^^^ not found in this scope
[INFO] [stdout] 
[INFO] [stdout] error: aborting due to 1 previous error
[INFO] [stdout] 
[INFO] [stdout] For more information about this error, try `rustc --explain E0425`.
[INFO] [stdout] Couldn't compile the test.
[INFO] [stdout] 
[INFO] [stdout] failures:
[INFO] [stdout]     src/lib.rs - read_rmesh (line 164)
[INFO] [stdout]     src/lib.rs - write_rmesh (line 181)
[INFO] [stdout] 
[INFO] [stdout] test result: FAILED. 0 passed; 2 failed; 0 ignored; 0 measured; 0 filtered out; finished in 0.14s
[INFO] [stdout] 
[INFO] running `Command { std: "docker" "inspect" "8215359d3b2c92d3eb2b3d6873cdefd785339d36185bb6579edeeb6f58722c03", kill_on_drop: false }`
[INFO] running `Command { std: "docker" "rm" "-f" "8215359d3b2c92d3eb2b3d6873cdefd785339d36185bb6579edeeb6f58722c03", kill_on_drop: false }`
[INFO] [stdout] 8215359d3b2c92d3eb2b3d6873cdefd785339d36185bb6579edeeb6f58722c03
