[INFO] fetching crate rmath 0.1.5...
[INFO] testing rmath-0.1.5 against 1.75.0 for beta-1.76-1
[INFO] extracting crate rmath 0.1.5 into /workspace/builds/worker-0-tc1/source
[INFO] validating manifest of crates.io crate rmath 0.1.5 on toolchain 1.75.0
[INFO] running `Command { std: CARGO_HOME="/workspace/cargo-home" RUSTUP_HOME="/workspace/rustup-home" "/workspace/cargo-home/bin/cargo" "+1.75.0" "metadata" "--manifest-path" "Cargo.toml" "--no-deps", kill_on_drop: false }`
[INFO] started tweaking crates.io crate rmath 0.1.5
[INFO] finished tweaking crates.io crate rmath 0.1.5
[INFO] tweaked toml for crates.io crate rmath 0.1.5 written to /workspace/builds/worker-0-tc1/source/Cargo.toml
[INFO] crate crates.io crate rmath 0.1.5 already has a lockfile, it will not be regenerated
[INFO] running `Command { std: CARGO_HOME="/workspace/cargo-home" RUSTUP_HOME="/workspace/rustup-home" "/workspace/cargo-home/bin/cargo" "+1.75.0" "fetch" "--manifest-path" "Cargo.toml", kill_on_drop: false }`
[INFO] running `Command { std: "docker" "create" "-v" "/var/lib/crater-agent-workspace/builds/worker-0-tc1/target:/opt/rustwide/target:rw,Z" "-v" "/var/lib/crater-agent-workspace/builds/worker-0-tc1/source:/opt/rustwide/workdir:ro,Z" "-v" "/var/lib/crater-agent-workspace/cargo-home:/opt/rustwide/cargo-home:ro,Z" "-v" "/var/lib/crater-agent-workspace/rustup-home:/opt/rustwide/rustup-home:ro,Z" "-e" "SOURCE_DIR=/opt/rustwide/workdir" "-e" "CARGO_TARGET_DIR=/opt/rustwide/target" "-e" "CARGO_HOME=/opt/rustwide/cargo-home" "-e" "RUSTUP_HOME=/opt/rustwide/rustup-home" "-w" "/opt/rustwide/workdir" "-m" "1610612736" "--user" "0:0" "--network" "none" "ghcr.io/rust-lang/crates-build-env/linux@sha256:2788e3201cd34a07e3172128adcd8b3090168a8e3bcc40d7c032b9dda1df7d1c" "/opt/rustwide/cargo-home/bin/cargo" "+1.75.0" "metadata" "--no-deps" "--format-version=1", kill_on_drop: false }`
[INFO] [stdout] c46ae581ee9ffbb6a4429f6d326b3ef84e21d413dcd9a474c57ae5bbaf94ed7a
[INFO] running `Command { std: "docker" "start" "-a" "c46ae581ee9ffbb6a4429f6d326b3ef84e21d413dcd9a474c57ae5bbaf94ed7a", kill_on_drop: false }`
[INFO] running `Command { std: "docker" "inspect" "c46ae581ee9ffbb6a4429f6d326b3ef84e21d413dcd9a474c57ae5bbaf94ed7a", kill_on_drop: false }`
[INFO] running `Command { std: "docker" "rm" "-f" "c46ae581ee9ffbb6a4429f6d326b3ef84e21d413dcd9a474c57ae5bbaf94ed7a", kill_on_drop: false }`
[INFO] [stdout] c46ae581ee9ffbb6a4429f6d326b3ef84e21d413dcd9a474c57ae5bbaf94ed7a
[INFO] running `Command { std: "docker" "create" "-v" "/var/lib/crater-agent-workspace/builds/worker-0-tc1/target:/opt/rustwide/target:rw,Z" "-v" "/var/lib/crater-agent-workspace/builds/worker-0-tc1/source:/opt/rustwide/workdir:ro,Z" "-v" "/var/lib/crater-agent-workspace/cargo-home:/opt/rustwide/cargo-home:ro,Z" "-v" "/var/lib/crater-agent-workspace/rustup-home:/opt/rustwide/rustup-home:ro,Z" "-e" "SOURCE_DIR=/opt/rustwide/workdir" "-e" "CARGO_TARGET_DIR=/opt/rustwide/target" "-e" "CARGO_INCREMENTAL=0" "-e" "RUST_BACKTRACE=full" "-e" "RUSTFLAGS=--cap-lints=warn" "-e" "RUSTDOCFLAGS=--cap-lints=warn" "-e" "CARGO_HOME=/opt/rustwide/cargo-home" "-e" "RUSTUP_HOME=/opt/rustwide/rustup-home" "-w" "/opt/rustwide/workdir" "-m" "1610612736" "--user" "0:0" "--network" "none" "ghcr.io/rust-lang/crates-build-env/linux@sha256:2788e3201cd34a07e3172128adcd8b3090168a8e3bcc40d7c032b9dda1df7d1c" "/opt/rustwide/cargo-home/bin/cargo" "+1.75.0" "build" "--frozen" "--message-format=json", kill_on_drop: false }`
[INFO] [stdout] 8711a2ba54747b77ed33a69c83e68bda885d403601bc8b510be45107b527cf69
[INFO] running `Command { std: "docker" "start" "-a" "8711a2ba54747b77ed33a69c83e68bda885d403601bc8b510be45107b527cf69", kill_on_drop: false }`
[INFO] [stderr]    Compiling rmath v0.1.5 (/opt/rustwide/workdir)
[INFO] [stdout] warning: unnecessary parentheses around index expression
[INFO] [stdout]     --> src/bigint/nat.rs:1685:76
[INFO] [stdout]      |
[INFO] [stdout] 1685 | ...   Self::montgomery(tmpzz.as_mut_vec(), tmpz.as_vec(), powers[((yi as usize) >> (32 - n))].as_vec(), m.as_vec(), k0, num_words);
[INFO] [stdout]      |                                                                  ^                         ^
[INFO] [stdout]      |
[INFO] [stdout]      = note: `#[warn(unused_parens)]` on by default
[INFO] [stdout] help: remove these parentheses
[INFO] [stdout]      |
[INFO] [stdout] 1685 -                 Self::montgomery(tmpzz.as_mut_vec(), tmpz.as_vec(), powers[((yi as usize) >> (32 - n))].as_vec(), m.as_vec(), k0, num_words);
[INFO] [stdout] 1685 +                 Self::montgomery(tmpzz.as_mut_vec(), tmpz.as_vec(), powers[(yi as usize) >> (32 - n)].as_vec(), m.as_vec(), k0, num_words);
[INFO] [stdout]      |
[INFO] [stdout] 
[INFO] [stdout] 
[INFO] [stdout] warning: 1 warning emitted
[INFO] [stdout] 
[INFO] [stdout] 
[INFO] [stderr]     Finished dev [unoptimized + debuginfo] target(s) in 1.50s
[INFO] running `Command { std: "docker" "inspect" "8711a2ba54747b77ed33a69c83e68bda885d403601bc8b510be45107b527cf69", kill_on_drop: false }`
[INFO] running `Command { std: "docker" "rm" "-f" "8711a2ba54747b77ed33a69c83e68bda885d403601bc8b510be45107b527cf69", kill_on_drop: false }`
[INFO] [stdout] 8711a2ba54747b77ed33a69c83e68bda885d403601bc8b510be45107b527cf69
[INFO] running `Command { std: "docker" "create" "-v" "/var/lib/crater-agent-workspace/builds/worker-0-tc1/target:/opt/rustwide/target:rw,Z" "-v" "/var/lib/crater-agent-workspace/builds/worker-0-tc1/source:/opt/rustwide/workdir:ro,Z" "-v" "/var/lib/crater-agent-workspace/cargo-home:/opt/rustwide/cargo-home:ro,Z" "-v" "/var/lib/crater-agent-workspace/rustup-home:/opt/rustwide/rustup-home:ro,Z" "-e" "SOURCE_DIR=/opt/rustwide/workdir" "-e" "CARGO_TARGET_DIR=/opt/rustwide/target" "-e" "CARGO_INCREMENTAL=0" "-e" "RUST_BACKTRACE=full" "-e" "RUSTFLAGS=--cap-lints=warn" "-e" "RUSTDOCFLAGS=--cap-lints=warn" "-e" "CARGO_HOME=/opt/rustwide/cargo-home" "-e" "RUSTUP_HOME=/opt/rustwide/rustup-home" "-w" "/opt/rustwide/workdir" "-m" "1610612736" "--user" "0:0" "--network" "none" "ghcr.io/rust-lang/crates-build-env/linux@sha256:2788e3201cd34a07e3172128adcd8b3090168a8e3bcc40d7c032b9dda1df7d1c" "/opt/rustwide/cargo-home/bin/cargo" "+1.75.0" "test" "--frozen" "--no-run" "--message-format=json", kill_on_drop: false }`
[INFO] [stdout] 6dec7edc41b67e74776c33556ea193e01b525b45b2793c9beb52c8a0dc571944
[INFO] running `Command { std: "docker" "start" "-a" "6dec7edc41b67e74776c33556ea193e01b525b45b2793c9beb52c8a0dc571944", kill_on_drop: false }`
[INFO] [stderr]    Compiling rmath v0.1.5 (/opt/rustwide/workdir)
[INFO] [stdout] warning: unnecessary parentheses around index expression
[INFO] [stdout]     --> src/bigint/nat.rs:1685:76
[INFO] [stdout]      |
[INFO] [stdout] 1685 | ...   Self::montgomery(tmpzz.as_mut_vec(), tmpz.as_vec(), powers[((yi as usize) >> (32 - n))].as_vec(), m.as_vec(), k0, num_words);
[INFO] [stdout]      |                                                                  ^                         ^
[INFO] [stdout]      |
[INFO] [stdout]      = note: `#[warn(unused_parens)]` on by default
[INFO] [stdout] help: remove these parentheses
[INFO] [stdout]      |
[INFO] [stdout] 1685 -                 Self::montgomery(tmpzz.as_mut_vec(), tmpz.as_vec(), powers[((yi as usize) >> (32 - n))].as_vec(), m.as_vec(), k0, num_words);
[INFO] [stdout] 1685 +                 Self::montgomery(tmpzz.as_mut_vec(), tmpz.as_vec(), powers[(yi as usize) >> (32 - n)].as_vec(), m.as_vec(), k0, num_words);
[INFO] [stdout]      |
[INFO] [stdout] 
[INFO] [stdout] 
[INFO] [stdout] warning: 1 warning emitted
[INFO] [stdout] 
[INFO] [stdout] 
[INFO] [stdout] warning: unnecessary parentheses around index expression
[INFO] [stdout]     --> src/bigint/nat.rs:1685:76
[INFO] [stdout]      |
[INFO] [stdout] 1685 | ...   Self::montgomery(tmpzz.as_mut_vec(), tmpz.as_vec(), powers[((yi as usize) >> (32 - n))].as_vec(), m.as_vec(), k0, num_words);
[INFO] [stdout]      |                                                                  ^                         ^
[INFO] [stdout]      |
[INFO] [stdout]      = note: `#[warn(unused_parens)]` on by default
[INFO] [stdout] help: remove these parentheses
[INFO] [stdout]      |
[INFO] [stdout] 1685 -                 Self::montgomery(tmpzz.as_mut_vec(), tmpz.as_vec(), powers[((yi as usize) >> (32 - n))].as_vec(), m.as_vec(), k0, num_words);
[INFO] [stdout] 1685 +                 Self::montgomery(tmpzz.as_mut_vec(), tmpz.as_vec(), powers[(yi as usize) >> (32 - n)].as_vec(), m.as_vec(), k0, num_words);
[INFO] [stdout]      |
[INFO] [stdout] 
[INFO] [stdout] 
[INFO] [stdout] warning: 1 warning emitted
[INFO] [stdout] 
[INFO] [stdout] 
[INFO] [stderr]     Finished test [unoptimized + debuginfo] target(s) in 2.59s
[INFO] running `Command { std: "docker" "inspect" "6dec7edc41b67e74776c33556ea193e01b525b45b2793c9beb52c8a0dc571944", kill_on_drop: false }`
[INFO] running `Command { std: "docker" "rm" "-f" "6dec7edc41b67e74776c33556ea193e01b525b45b2793c9beb52c8a0dc571944", kill_on_drop: false }`
[INFO] [stdout] 6dec7edc41b67e74776c33556ea193e01b525b45b2793c9beb52c8a0dc571944
[INFO] running `Command { std: "docker" "create" "-v" "/var/lib/crater-agent-workspace/builds/worker-0-tc1/target:/opt/rustwide/target:rw,Z" "-v" "/var/lib/crater-agent-workspace/builds/worker-0-tc1/source:/opt/rustwide/workdir:ro,Z" "-v" "/var/lib/crater-agent-workspace/cargo-home:/opt/rustwide/cargo-home:ro,Z" "-v" "/var/lib/crater-agent-workspace/rustup-home:/opt/rustwide/rustup-home:ro,Z" "-e" "SOURCE_DIR=/opt/rustwide/workdir" "-e" "CARGO_TARGET_DIR=/opt/rustwide/target" "-e" "CARGO_INCREMENTAL=0" "-e" "RUST_BACKTRACE=full" "-e" "RUSTFLAGS=--cap-lints=warn" "-e" "RUSTDOCFLAGS=--cap-lints=warn" "-e" "CARGO_HOME=/opt/rustwide/cargo-home" "-e" "RUSTUP_HOME=/opt/rustwide/rustup-home" "-w" "/opt/rustwide/workdir" "-m" "1610612736" "--user" "0:0" "--network" "none" "ghcr.io/rust-lang/crates-build-env/linux@sha256:2788e3201cd34a07e3172128adcd8b3090168a8e3bcc40d7c032b9dda1df7d1c" "/opt/rustwide/cargo-home/bin/cargo" "+1.75.0" "test" "--frozen", kill_on_drop: false }`
[INFO] [stdout] f722bee20d10451d1779e90ea28828b87fa0cb66ad541a007e25c13067c7b6b4
[INFO] running `Command { std: "docker" "start" "-a" "f722bee20d10451d1779e90ea28828b87fa0cb66ad541a007e25c13067c7b6b4", kill_on_drop: false }`
[INFO] [stderr] warning: unnecessary parentheses around index expression
[INFO] [stderr]     --> src/bigint/nat.rs:1685:76
[INFO] [stderr]      |
[INFO] [stderr] 1685 | ...   Self::montgomery(tmpzz.as_mut_vec(), tmpz.as_vec(), powers[((yi as usize) >> (32 - n))].as_vec(), m.as_vec(), k0, num_words);
[INFO] [stderr]      |                                                                  ^                         ^
[INFO] [stderr]      |
[INFO] [stderr]      = note: `#[warn(unused_parens)]` on by default
[INFO] [stderr] help: remove these parentheses
[INFO] [stderr]      |
[INFO] [stderr] 1685 -                 Self::montgomery(tmpzz.as_mut_vec(), tmpz.as_vec(), powers[((yi as usize) >> (32 - n))].as_vec(), m.as_vec(), k0, num_words);
[INFO] [stderr] 1685 +                 Self::montgomery(tmpzz.as_mut_vec(), tmpz.as_vec(), powers[(yi as usize) >> (32 - n)].as_vec(), m.as_vec(), k0, num_words);
[INFO] [stderr]      |
[INFO] [stderr] 
[INFO] [stderr] warning: `rmath` (lib) generated 1 warning (run `cargo fix --lib -p rmath` to apply 1 suggestion)
[INFO] [stderr] warning: `rmath` (lib test) generated 1 warning (1 duplicate)
[INFO] [stderr]     Finished test [unoptimized + debuginfo] target(s) in 0.04s
[INFO] [stderr]      Running unittests src/lib.rs (/opt/rustwide/target/debug/deps/rmath-f7ad0405cdd90017)
[INFO] [stdout] 
[INFO] [stdout] running 44 tests
[INFO] [stdout] test bigint::bigint::tests::bigint_add ... ok
[INFO] [stdout] test bigint::bigint::tests::bigint_binomial ... ok
[INFO] [stdout] test bigint::bigint::tests::bigint_jacobi ... ok
[INFO] [stdout] test bigint::bigint::tests::bigint_logical_arith ... ok
[INFO] [stdout] test bigint::bigint::tests::bigint_mul ... ok
[INFO] [stdout] test bigint::bigint::tests::bigint_gcd ... ok
[INFO] [stdout] test bigint::bigint::tests::bigint_relation_arith ... ok
[INFO] [stdout] test bigint::bigint::tests::bigint_rem ... ok
[INFO] [stdout] test bigint::bigint::tests::bigint_shift_arith ... ok
[INFO] [stdout] test bigint::bigint::tests::bigint_sub ... ok
[INFO] [stdout] test bigint::bigint::tests::bigint_mul_range ... ok
[INFO] [stdout] test bigint::nat::tests::nat_add ... ok
[INFO] [stdout] test bigint::nat::tests::nat_cmp ... ok
[INFO] [stdout] test bigint::nat::tests::nat_logical ... ok
[INFO] [stdout] test bigint::nat::tests::nat_from_and_fmt ... ok
[INFO] [stdout] test bigint::nat::tests::nat_mul ... ok
[INFO] [stdout] test bigint::nat::tests::nat_mul_by_karatsuba ... ok
[INFO] [stdout] test bigint::nat::tests::nat_mul_range ... ok
[INFO] [stdout] test bigint::bigint::tests::test_div ... ok
[INFO] [stdout] test bigint::nat::tests::nat_random ... ok
[INFO] [stdout] test bigint::nat::tests::nat_generate_small_prime ... ok
[INFO] [stdout] test bigint::bigint::tests::bigint_solve_mod_linear_equation ... ok
[INFO] [stdout] test bigint::nat::tests::nat_rem ... ok
[INFO] [stdout] test bigint::nat::tests::nat_shift ... ok
[INFO] [stdout] test bigint::nat::tests::nat_div ... ok
[INFO] [stdout] test bigint::rat::test::rat_frac ... ok
[INFO] [stdout] test bigint::bigint::tests::bigint_mod_inverse ... ok
[INFO] [stdout] test bigint::rat::test::rat_is_integer ... ok
[INFO] [stdout] test bigint::rat::test::rat_zero ... ok
[INFO] [stdout] test bigint::rat::test::rat_partial_cmp ... ok
[INFO] [stdout] test bigint::rat::test::rat_neg ... ok
[INFO] [stdout] test bigint::nat::tests::nat_sqrt ... ok
[INFO] [stdout] test bigint::rat::test::rat_abs ... ok
[INFO] [stdout] test bigint::rat::test::rat_inv ... ok
[INFO] [stdout] test bigint::nat::tests::nat_sqr ... ok
[INFO] [stdout] test bigint::nat::tests::nat_sub ... ok
[INFO] [stdout] test bigint::rat::test::rat_sign ... ok
[INFO] [stdout] test bigint::nat::tests::nat_pow2 ... ok
[INFO] [stdout] test bigint::bigint::tests::bigint_from_and_fmt ... ok
[INFO] [stdout] test bigint::rat::test::rat_arith ... ok
[INFO] [stdout] test bigint::nat::tests::nat_pow_mod ... ok
[INFO] [stdout] test bigint::bigint::tests::bigint_exp ... ok
[INFO] [stdout] test bigint::bigint::tests::bigint_mod_sqrt ... ok
[INFO] [stdout] test bigint::nat::tests::nat_prime_test ... ok
[INFO] [stdout] 
[INFO] [stdout] test result: ok. 44 passed; 0 failed; 0 ignored; 0 measured; 0 filtered out; finished in 13.56s
[INFO] [stdout] 
[INFO] [stderr]    Doc-tests rmath
[INFO] [stderr] warning: unnecessary parentheses around index expression
[INFO] [stderr]     --> src/bigint/nat.rs:1685:76
[INFO] [stderr]      |
[INFO] [stderr] 1685 | ...   Self::montgomery(tmpzz.as_mut_vec(), tmpz.as_vec(), powers[((yi as usize) >> (32 - n))].as_vec(), m.as_vec(), k0, num_words);
[INFO] [stderr]      |                                                                  ^                         ^
[INFO] [stderr]      |
[INFO] [stderr]      = note: `#[warn(unused_parens)]` on by default
[INFO] [stderr] help: remove these parentheses
[INFO] [stderr]      |
[INFO] [stderr] 1685 -                 Self::montgomery(tmpzz.as_mut_vec(), tmpz.as_vec(), powers[((yi as usize) >> (32 - n))].as_vec(), m.as_vec(), k0, num_words);
[INFO] [stderr] 1685 +                 Self::montgomery(tmpzz.as_mut_vec(), tmpz.as_vec(), powers[(yi as usize) >> (32 - n)].as_vec(), m.as_vec(), k0, num_words);
[INFO] [stderr]      |
[INFO] [stderr] 
[INFO] [stderr] warning: 1 warning emitted
[INFO] [stderr] 
[INFO] [stdout] 
[INFO] [stdout] running 1 test
[INFO] [stdout] test src/bigint/bigint.rs - bigint::bigint::BigInt::mod_sqrt_3mod4 (line 779) ... FAILED
[INFO] [stdout] 
[INFO] [stdout] failures:
[INFO] [stdout] 
[INFO] [stdout] ---- src/bigint/bigint.rs - bigint::bigint::BigInt::mod_sqrt_3mod4 (line 779) stdout ----
[INFO] [stdout] error: expected one of `.`, `;`, `?`, `}`, or an operator, found keyword `mod`
[INFO] [stdout]  --> src/bigint/bigint.rs:780:18
[INFO] [stdout]   |
[INFO] [stdout] 3 | (a^((p+1)/4))^2  mod p
[INFO] [stdout]   |                  ^^^ expected one of `.`, `;`, `?`, `}`, or an operator
[INFO] [stdout] 
[INFO] [stdout] error: aborting due to previous error
[INFO] [stdout] 
[INFO] [stdout] Couldn't compile the test.
[INFO] [stdout] 
[INFO] [stdout] failures:
[INFO] [stdout]     src/bigint/bigint.rs - bigint::bigint::BigInt::mod_sqrt_3mod4 (line 779)
[INFO] [stdout] 
[INFO] [stdout] test result: FAILED. 0 passed; 1 failed; 0 ignored; 0 measured; 0 filtered out; finished in 0.03s
[INFO] [stdout] 
[INFO] [stderr] error: doctest failed, to rerun pass `--doc`
[INFO] running `Command { std: "docker" "inspect" "f722bee20d10451d1779e90ea28828b87fa0cb66ad541a007e25c13067c7b6b4", kill_on_drop: false }`
[INFO] running `Command { std: "docker" "rm" "-f" "f722bee20d10451d1779e90ea28828b87fa0cb66ad541a007e25c13067c7b6b4", kill_on_drop: false }`
[INFO] [stdout] f722bee20d10451d1779e90ea28828b87fa0cb66ad541a007e25c13067c7b6b4
[INFO] testing rmath-0.1.5 against beta-2023-12-22 for beta-1.76-1
[INFO] extracting crate rmath 0.1.5 into /workspace/builds/worker-0-tc2/source
[INFO] validating manifest of crates.io crate rmath 0.1.5 on toolchain beta-2023-12-22
[INFO] running `Command { std: CARGO_HOME="/workspace/cargo-home" RUSTUP_HOME="/workspace/rustup-home" "/workspace/cargo-home/bin/cargo" "+beta-2023-12-22" "metadata" "--manifest-path" "Cargo.toml" "--no-deps", kill_on_drop: false }`
[INFO] started tweaking crates.io crate rmath 0.1.5
[INFO] finished tweaking crates.io crate rmath 0.1.5
[INFO] tweaked toml for crates.io crate rmath 0.1.5 written to /workspace/builds/worker-0-tc2/source/Cargo.toml
[INFO] crate crates.io crate rmath 0.1.5 already has a lockfile, it will not be regenerated
[INFO] running `Command { std: CARGO_HOME="/workspace/cargo-home" RUSTUP_HOME="/workspace/rustup-home" "/workspace/cargo-home/bin/cargo" "+beta-2023-12-22" "fetch" "--manifest-path" "Cargo.toml", kill_on_drop: false }`
[INFO] running `Command { std: "docker" "create" "-v" "/var/lib/crater-agent-workspace/builds/worker-0-tc2/target:/opt/rustwide/target:rw,Z" "-v" "/var/lib/crater-agent-workspace/builds/worker-0-tc2/source:/opt/rustwide/workdir:ro,Z" "-v" "/var/lib/crater-agent-workspace/cargo-home:/opt/rustwide/cargo-home:ro,Z" "-v" "/var/lib/crater-agent-workspace/rustup-home:/opt/rustwide/rustup-home:ro,Z" "-e" "SOURCE_DIR=/opt/rustwide/workdir" "-e" "CARGO_TARGET_DIR=/opt/rustwide/target" "-e" "CARGO_HOME=/opt/rustwide/cargo-home" "-e" "RUSTUP_HOME=/opt/rustwide/rustup-home" "-w" "/opt/rustwide/workdir" "-m" "1610612736" "--user" "0:0" "--network" "none" "ghcr.io/rust-lang/crates-build-env/linux@sha256:2788e3201cd34a07e3172128adcd8b3090168a8e3bcc40d7c032b9dda1df7d1c" "/opt/rustwide/cargo-home/bin/cargo" "+beta-2023-12-22" "metadata" "--no-deps" "--format-version=1", kill_on_drop: false }`
[INFO] [stdout] 01e04628f827845a613ce2a3673976a9a30c5f2f528ed1223818d6c88994384d
[INFO] running `Command { std: "docker" "start" "-a" "01e04628f827845a613ce2a3673976a9a30c5f2f528ed1223818d6c88994384d", kill_on_drop: false }`
[INFO] running `Command { std: "docker" "inspect" "01e04628f827845a613ce2a3673976a9a30c5f2f528ed1223818d6c88994384d", kill_on_drop: false }`
[INFO] running `Command { std: "docker" "rm" "-f" "01e04628f827845a613ce2a3673976a9a30c5f2f528ed1223818d6c88994384d", kill_on_drop: false }`
[INFO] [stdout] 01e04628f827845a613ce2a3673976a9a30c5f2f528ed1223818d6c88994384d
[INFO] running `Command { std: "docker" "create" "-v" "/var/lib/crater-agent-workspace/builds/worker-0-tc2/target:/opt/rustwide/target:rw,Z" "-v" "/var/lib/crater-agent-workspace/builds/worker-0-tc2/source:/opt/rustwide/workdir:ro,Z" "-v" "/var/lib/crater-agent-workspace/cargo-home:/opt/rustwide/cargo-home:ro,Z" "-v" "/var/lib/crater-agent-workspace/rustup-home:/opt/rustwide/rustup-home:ro,Z" "-e" "SOURCE_DIR=/opt/rustwide/workdir" "-e" "CARGO_TARGET_DIR=/opt/rustwide/target" "-e" "CARGO_INCREMENTAL=0" "-e" "RUST_BACKTRACE=full" "-e" "RUSTFLAGS=--cap-lints=warn" "-e" "RUSTDOCFLAGS=--cap-lints=warn" "-e" "CARGO_HOME=/opt/rustwide/cargo-home" "-e" "RUSTUP_HOME=/opt/rustwide/rustup-home" "-w" "/opt/rustwide/workdir" "-m" "1610612736" "--user" "0:0" "--network" "none" "ghcr.io/rust-lang/crates-build-env/linux@sha256:2788e3201cd34a07e3172128adcd8b3090168a8e3bcc40d7c032b9dda1df7d1c" "/opt/rustwide/cargo-home/bin/cargo" "+beta-2023-12-22" "build" "--frozen" "--message-format=json", kill_on_drop: false }`
[INFO] [stdout] fdd476ad31547725eaf6ba0e690112487d776ee4a41fabf3e6f6f273c4eb843d
[INFO] running `Command { std: "docker" "start" "-a" "fdd476ad31547725eaf6ba0e690112487d776ee4a41fabf3e6f6f273c4eb843d", kill_on_drop: false }`
[INFO] [stderr]    Compiling rmath v0.1.5 (/opt/rustwide/workdir)
[INFO] [stdout] warning: unnecessary parentheses around index expression
[INFO] [stdout]     --> src/bigint/nat.rs:1685:76
[INFO] [stdout]      |
[INFO] [stdout] 1685 | ...   Self::montgomery(tmpzz.as_mut_vec(), tmpz.as_vec(), powers[((yi as usize) >> (32 - n))].as_vec(), m.as_vec(), k0, num_words);
[INFO] [stdout]      |                                                                  ^                         ^
[INFO] [stdout]      |
[INFO] [stdout]      = note: `#[warn(unused_parens)]` on by default
[INFO] [stdout] help: remove these parentheses
[INFO] [stdout]      |
[INFO] [stdout] 1685 -                 Self::montgomery(tmpzz.as_mut_vec(), tmpz.as_vec(), powers[((yi as usize) >> (32 - n))].as_vec(), m.as_vec(), k0, num_words);
[INFO] [stdout] 1685 +                 Self::montgomery(tmpzz.as_mut_vec(), tmpz.as_vec(), powers[(yi as usize) >> (32 - n)].as_vec(), m.as_vec(), k0, num_words);
[INFO] [stdout]      |
[INFO] [stdout] 
[INFO] [stdout] 
[INFO] [stdout] warning: 1 warning emitted
[INFO] [stdout] 
[INFO] [stdout] 
[INFO] [stderr]     Finished dev [unoptimized + debuginfo] target(s) in 1.17s
[INFO] running `Command { std: "docker" "inspect" "fdd476ad31547725eaf6ba0e690112487d776ee4a41fabf3e6f6f273c4eb843d", kill_on_drop: false }`
[INFO] running `Command { std: "docker" "rm" "-f" "fdd476ad31547725eaf6ba0e690112487d776ee4a41fabf3e6f6f273c4eb843d", kill_on_drop: false }`
[INFO] [stdout] fdd476ad31547725eaf6ba0e690112487d776ee4a41fabf3e6f6f273c4eb843d
[INFO] running `Command { std: "docker" "create" "-v" "/var/lib/crater-agent-workspace/builds/worker-0-tc2/target:/opt/rustwide/target:rw,Z" "-v" "/var/lib/crater-agent-workspace/builds/worker-0-tc2/source:/opt/rustwide/workdir:ro,Z" "-v" "/var/lib/crater-agent-workspace/cargo-home:/opt/rustwide/cargo-home:ro,Z" "-v" "/var/lib/crater-agent-workspace/rustup-home:/opt/rustwide/rustup-home:ro,Z" "-e" "SOURCE_DIR=/opt/rustwide/workdir" "-e" "CARGO_TARGET_DIR=/opt/rustwide/target" "-e" "CARGO_INCREMENTAL=0" "-e" "RUST_BACKTRACE=full" "-e" "RUSTFLAGS=--cap-lints=warn" "-e" "RUSTDOCFLAGS=--cap-lints=warn" "-e" "CARGO_HOME=/opt/rustwide/cargo-home" "-e" "RUSTUP_HOME=/opt/rustwide/rustup-home" "-w" "/opt/rustwide/workdir" "-m" "1610612736" "--user" "0:0" "--network" "none" "ghcr.io/rust-lang/crates-build-env/linux@sha256:2788e3201cd34a07e3172128adcd8b3090168a8e3bcc40d7c032b9dda1df7d1c" "/opt/rustwide/cargo-home/bin/cargo" "+beta-2023-12-22" "test" "--frozen" "--no-run" "--message-format=json", kill_on_drop: false }`
[INFO] [stdout] 6803942c50fb709919b592ed2588bb9c765c5486d71031dc046acbb63a8343d7
[INFO] running `Command { std: "docker" "start" "-a" "6803942c50fb709919b592ed2588bb9c765c5486d71031dc046acbb63a8343d7", kill_on_drop: false }`
[INFO] [stderr]    Compiling rmath v0.1.5 (/opt/rustwide/workdir)
[INFO] [stdout] warning: unnecessary parentheses around index expression
[INFO] [stdout]     --> src/bigint/nat.rs:1685:76
[INFO] [stdout]      |
[INFO] [stdout] 1685 | ...   Self::montgomery(tmpzz.as_mut_vec(), tmpz.as_vec(), powers[((yi as usize) >> (32 - n))].as_vec(), m.as_vec(), k0, num_words);
[INFO] [stdout]      |                                                                  ^                         ^
[INFO] [stdout]      |
[INFO] [stdout]      = note: `#[warn(unused_parens)]` on by default
[INFO] [stdout] help: remove these parentheses
[INFO] [stdout]      |
[INFO] [stdout] 1685 -                 Self::montgomery(tmpzz.as_mut_vec(), tmpz.as_vec(), powers[((yi as usize) >> (32 - n))].as_vec(), m.as_vec(), k0, num_words);
[INFO] [stdout] 1685 +                 Self::montgomery(tmpzz.as_mut_vec(), tmpz.as_vec(), powers[(yi as usize) >> (32 - n)].as_vec(), m.as_vec(), k0, num_words);
[INFO] [stdout]      |
[INFO] [stdout] 
[INFO] [stdout] 
[INFO] [stdout] warning: 1 warning emitted
[INFO] [stdout] 
[INFO] [stdout] 
[INFO] [stdout] warning: unnecessary parentheses around index expression
[INFO] [stdout]     --> src/bigint/nat.rs:1685:76
[INFO] [stdout]      |
[INFO] [stdout] 1685 | ...   Self::montgomery(tmpzz.as_mut_vec(), tmpz.as_vec(), powers[((yi as usize) >> (32 - n))].as_vec(), m.as_vec(), k0, num_words);
[INFO] [stdout]      |                                                                  ^                         ^
[INFO] [stdout]      |
[INFO] [stdout]      = note: `#[warn(unused_parens)]` on by default
[INFO] [stdout] help: remove these parentheses
[INFO] [stdout]      |
[INFO] [stdout] 1685 -                 Self::montgomery(tmpzz.as_mut_vec(), tmpz.as_vec(), powers[((yi as usize) >> (32 - n))].as_vec(), m.as_vec(), k0, num_words);
[INFO] [stdout] 1685 +                 Self::montgomery(tmpzz.as_mut_vec(), tmpz.as_vec(), powers[(yi as usize) >> (32 - n)].as_vec(), m.as_vec(), k0, num_words);
[INFO] [stdout]      |
[INFO] [stdout] 
[INFO] [stdout] 
[INFO] [stdout] warning: 1 warning emitted
[INFO] [stdout] 
[INFO] [stdout] 
[INFO] [stderr]     Finished test [unoptimized + debuginfo] target(s) in 2.67s
[INFO] running `Command { std: "docker" "inspect" "6803942c50fb709919b592ed2588bb9c765c5486d71031dc046acbb63a8343d7", kill_on_drop: false }`
[INFO] running `Command { std: "docker" "rm" "-f" "6803942c50fb709919b592ed2588bb9c765c5486d71031dc046acbb63a8343d7", kill_on_drop: false }`
[INFO] [stdout] 6803942c50fb709919b592ed2588bb9c765c5486d71031dc046acbb63a8343d7
[INFO] running `Command { std: "docker" "create" "-v" "/var/lib/crater-agent-workspace/builds/worker-0-tc2/target:/opt/rustwide/target:rw,Z" "-v" "/var/lib/crater-agent-workspace/builds/worker-0-tc2/source:/opt/rustwide/workdir:ro,Z" "-v" "/var/lib/crater-agent-workspace/cargo-home:/opt/rustwide/cargo-home:ro,Z" "-v" "/var/lib/crater-agent-workspace/rustup-home:/opt/rustwide/rustup-home:ro,Z" "-e" "SOURCE_DIR=/opt/rustwide/workdir" "-e" "CARGO_TARGET_DIR=/opt/rustwide/target" "-e" "CARGO_INCREMENTAL=0" "-e" "RUST_BACKTRACE=full" "-e" "RUSTFLAGS=--cap-lints=warn" "-e" "RUSTDOCFLAGS=--cap-lints=warn" "-e" "CARGO_HOME=/opt/rustwide/cargo-home" "-e" "RUSTUP_HOME=/opt/rustwide/rustup-home" "-w" "/opt/rustwide/workdir" "-m" "1610612736" "--user" "0:0" "--network" "none" "ghcr.io/rust-lang/crates-build-env/linux@sha256:2788e3201cd34a07e3172128adcd8b3090168a8e3bcc40d7c032b9dda1df7d1c" "/opt/rustwide/cargo-home/bin/cargo" "+beta-2023-12-22" "test" "--frozen", kill_on_drop: false }`
[INFO] [stdout] 0bdc4dff873154d5a5072aa120d43b94c36e94478a640b906efaa18a275df4d7
[INFO] running `Command { std: "docker" "start" "-a" "0bdc4dff873154d5a5072aa120d43b94c36e94478a640b906efaa18a275df4d7", kill_on_drop: false }`
[INFO] [stderr] warning: unnecessary parentheses around index expression
[INFO] [stderr]     --> src/bigint/nat.rs:1685:76
[INFO] [stderr]      |
[INFO] [stderr] 1685 | ...   Self::montgomery(tmpzz.as_mut_vec(), tmpz.as_vec(), powers[((yi as usize) >> (32 - n))].as_vec(), m.as_vec(), k0, num_words);
[INFO] [stderr]      |                                                                  ^                         ^
[INFO] [stderr]      |
[INFO] [stderr]      = note: `#[warn(unused_parens)]` on by default
[INFO] [stderr] help: remove these parentheses
[INFO] [stderr]      |
[INFO] [stderr] 1685 -                 Self::montgomery(tmpzz.as_mut_vec(), tmpz.as_vec(), powers[((yi as usize) >> (32 - n))].as_vec(), m.as_vec(), k0, num_words);
[INFO] [stderr] 1685 +                 Self::montgomery(tmpzz.as_mut_vec(), tmpz.as_vec(), powers[(yi as usize) >> (32 - n)].as_vec(), m.as_vec(), k0, num_words);
[INFO] [stderr]      |
[INFO] [stderr] 
[INFO] [stderr] warning: `rmath` (lib) generated 1 warning (run `cargo fix --lib -p rmath` to apply 1 suggestion)
[INFO] [stderr] warning: `rmath` (lib test) generated 1 warning (1 duplicate)
[INFO] [stderr]     Finished test [unoptimized + debuginfo] target(s) in 0.00s
[INFO] [stderr]      Running unittests src/lib.rs (/opt/rustwide/target/debug/deps/rmath-bb28951826d4f805)
[INFO] [stdout] 
[INFO] [stdout] running 44 tests
[INFO] [stdout] test bigint::bigint::tests::bigint_add ... ok
[INFO] [stdout] test bigint::bigint::tests::bigint_binomial ... ok
[INFO] [stdout] test bigint::bigint::tests::bigint_jacobi ... ok
[INFO] [stdout] test bigint::bigint::tests::bigint_logical_arith ... ok
[INFO] [stdout] test bigint::bigint::tests::bigint_mul ... ok
[INFO] [stdout] test bigint::bigint::tests::bigint_relation_arith ... ok
[INFO] [stdout] test bigint::bigint::tests::bigint_gcd ... ok
[INFO] [stdout] test bigint::bigint::tests::bigint_rem ... ok
[INFO] [stdout] test bigint::bigint::tests::bigint_mul_range ... ok
[INFO] [stdout] test bigint::bigint::tests::bigint_shift_arith ... ok
[INFO] [stdout] test bigint::bigint::tests::test_div ... ok
[INFO] [stdout] test bigint::nat::tests::nat_add ... ok
[INFO] [stdout] test bigint::nat::tests::nat_cmp ... ok
[INFO] [stdout] test bigint::bigint::tests::bigint_sub ... ok
[INFO] [stdout] test bigint::nat::tests::nat_logical ... ok
[INFO] [stdout] test bigint::nat::tests::nat_div ... ok
[INFO] [stdout] test bigint::nat::tests::nat_mul ... ok
[INFO] [stdout] test bigint::nat::tests::nat_shift ... ok
[INFO] [stdout] test bigint::nat::tests::nat_mul_by_karatsuba ... ok
[INFO] [stdout] test bigint::nat::tests::nat_from_and_fmt ... ok
[INFO] [stdout] test bigint::nat::tests::nat_pow2 ... ok
[INFO] [stdout] test bigint::nat::tests::nat_mul_range ... ok
[INFO] [stdout] test bigint::nat::tests::nat_random ... ok
[INFO] [stdout] test bigint::nat::tests::nat_sub ... ok
[INFO] [stdout] test bigint::rat::test::rat_is_integer ... ok
[INFO] [stdout] test bigint::rat::test::rat_inv ... ok
[INFO] [stdout] test bigint::rat::test::rat_partial_cmp ... ok
[INFO] [stdout] test bigint::rat::test::rat_frac ... ok
[INFO] [stdout] test bigint::rat::test::rat_abs ... ok
[INFO] [stdout] test bigint::nat::tests::nat_sqrt ... ok
[INFO] [stdout] test bigint::rat::test::rat_sign ... ok
[INFO] [stdout] test bigint::nat::tests::nat_rem ... ok
[INFO] [stdout] test bigint::rat::test::rat_zero ... ok
[INFO] [stdout] test bigint::nat::tests::nat_generate_small_prime ... ok
[INFO] [stdout] test bigint::bigint::tests::bigint_solve_mod_linear_equation ... ok
[INFO] [stdout] test bigint::bigint::tests::bigint_mod_inverse ... ok
[INFO] [stdout] test bigint::nat::tests::nat_sqr ... ok
[INFO] [stdout] test bigint::rat::test::rat_neg ... ok
[INFO] [stdout] test bigint::bigint::tests::bigint_from_and_fmt ... ok
[INFO] [stdout] test bigint::rat::test::rat_arith ... ok
[INFO] [stdout] test bigint::nat::tests::nat_pow_mod ... ok
[INFO] [stdout] test bigint::bigint::tests::bigint_exp ... ok
[INFO] [stdout] test bigint::bigint::tests::bigint_mod_sqrt ... ok
[INFO] [stdout] test bigint::nat::tests::nat_prime_test ... ok
[INFO] [stdout] 
[INFO] [stdout] test result: ok. 44 passed; 0 failed; 0 ignored; 0 measured; 0 filtered out; finished in 12.61s
[INFO] [stdout] 
[INFO] [stderr]    Doc-tests rmath
[INFO] [stderr] warning: unnecessary parentheses around index expression
[INFO] [stderr]     --> src/bigint/nat.rs:1685:76
[INFO] [stderr]      |
[INFO] [stderr] 1685 | ...   Self::montgomery(tmpzz.as_mut_vec(), tmpz.as_vec(), powers[((yi as usize) >> (32 - n))].as_vec(), m.as_vec(), k0, num_words);
[INFO] [stderr]      |                                                                  ^                         ^
[INFO] [stderr]      |
[INFO] [stderr]      = note: `#[warn(unused_parens)]` on by default
[INFO] [stderr] help: remove these parentheses
[INFO] [stderr]      |
[INFO] [stderr] 1685 -                 Self::montgomery(tmpzz.as_mut_vec(), tmpz.as_vec(), powers[((yi as usize) >> (32 - n))].as_vec(), m.as_vec(), k0, num_words);
[INFO] [stderr] 1685 +                 Self::montgomery(tmpzz.as_mut_vec(), tmpz.as_vec(), powers[(yi as usize) >> (32 - n)].as_vec(), m.as_vec(), k0, num_words);
[INFO] [stderr]      |
[INFO] [stderr] 
[INFO] [stderr] warning: 1 warning emitted
[INFO] [stderr] 
[INFO] [stdout] 
[INFO] [stdout] running 1 test
[INFO] [stdout] test src/bigint/bigint.rs - bigint::bigint::BigInt::mod_sqrt_3mod4 (line 779) ... FAILED
[INFO] [stdout] 
[INFO] [stdout] failures:
[INFO] [stdout] 
[INFO] [stdout] ---- src/bigint/bigint.rs - bigint::bigint::BigInt::mod_sqrt_3mod4 (line 779) stdout ----
[INFO] [stdout] error: expected one of `.`, `;`, `?`, `}`, or an operator, found keyword `mod`
[INFO] [stdout]  --> src/bigint/bigint.rs:780:18
[INFO] [stdout]   |
[INFO] [stdout] 3 | (a^((p+1)/4))^2  mod p
[INFO] [stdout]   |                  ^^^ expected one of `.`, `;`, `?`, `}`, or an operator
[INFO] [stdout] 
[INFO] [stdout] error: aborting due to 1 previous error
[INFO] [stdout] 
[INFO] [stdout] Couldn't compile the test.
[INFO] [stdout] 
[INFO] [stdout] failures:
[INFO] [stdout]     src/bigint/bigint.rs - bigint::bigint::BigInt::mod_sqrt_3mod4 (line 779)
[INFO] [stdout] 
[INFO] [stdout] test result: FAILED. 0 passed; 1 failed; 0 ignored; 0 measured; 0 filtered out; finished in 0.03s
[INFO] [stdout] 
[INFO] [stderr] error: doctest failed, to rerun pass `--doc`
[INFO] running `Command { std: "docker" "inspect" "0bdc4dff873154d5a5072aa120d43b94c36e94478a640b906efaa18a275df4d7", kill_on_drop: false }`
[INFO] running `Command { std: "docker" "rm" "-f" "0bdc4dff873154d5a5072aa120d43b94c36e94478a640b906efaa18a275df4d7", kill_on_drop: false }`
[INFO] [stdout] 0bdc4dff873154d5a5072aa120d43b94c36e94478a640b906efaa18a275df4d7
