[INFO] fetching crate rkyv-test 0.7.38-test.2...
[INFO] testing rkyv-test-0.7.38-test.2 against 1.75.0 for beta-1.76-1
[INFO] extracting crate rkyv-test 0.7.38-test.2 into /workspace/builds/worker-1-tc1/source
[INFO] validating manifest of crates.io crate rkyv-test 0.7.38-test.2 on toolchain 1.75.0
[INFO] running `Command { std: CARGO_HOME="/workspace/cargo-home" RUSTUP_HOME="/workspace/rustup-home" "/workspace/cargo-home/bin/cargo" "+1.75.0" "metadata" "--manifest-path" "Cargo.toml" "--no-deps", kill_on_drop: false }`
[INFO] started tweaking crates.io crate rkyv-test 0.7.38-test.2
[INFO] finished tweaking crates.io crate rkyv-test 0.7.38-test.2
[INFO] tweaked toml for crates.io crate rkyv-test 0.7.38-test.2 written to /workspace/builds/worker-1-tc1/source/Cargo.toml
[INFO] running `Command { std: CARGO_HOME="/workspace/cargo-home" RUSTUP_HOME="/workspace/rustup-home" "/workspace/cargo-home/bin/cargo" "+1.75.0" "generate-lockfile" "--manifest-path" "Cargo.toml", kill_on_drop: false }`
[INFO] [stderr]     Updating crates.io index
[INFO] running `Command { std: CARGO_HOME="/workspace/cargo-home" RUSTUP_HOME="/workspace/rustup-home" "/workspace/cargo-home/bin/cargo" "+1.75.0" "fetch" "--manifest-path" "Cargo.toml", kill_on_drop: false }`
[INFO] [stderr]  Downloading crates ...
[INFO] [stderr]   Downloaded rkyv_derive_test v0.7.38-test.2
[INFO] running `Command { std: "docker" "create" "-v" "/var/lib/crater-agent-workspace/builds/worker-1-tc1/target:/opt/rustwide/target:rw,Z" "-v" "/var/lib/crater-agent-workspace/builds/worker-1-tc1/source:/opt/rustwide/workdir:ro,Z" "-v" "/var/lib/crater-agent-workspace/cargo-home:/opt/rustwide/cargo-home:ro,Z" "-v" "/var/lib/crater-agent-workspace/rustup-home:/opt/rustwide/rustup-home:ro,Z" "-e" "SOURCE_DIR=/opt/rustwide/workdir" "-e" "CARGO_TARGET_DIR=/opt/rustwide/target" "-e" "CARGO_HOME=/opt/rustwide/cargo-home" "-e" "RUSTUP_HOME=/opt/rustwide/rustup-home" "-w" "/opt/rustwide/workdir" "-m" "1610612736" "--user" "0:0" "--network" "none" "ghcr.io/rust-lang/crates-build-env/linux@sha256:2788e3201cd34a07e3172128adcd8b3090168a8e3bcc40d7c032b9dda1df7d1c" "/opt/rustwide/cargo-home/bin/cargo" "+1.75.0" "metadata" "--no-deps" "--format-version=1", kill_on_drop: false }`
[INFO] [stdout] c68a742256a800146303b4f6a35d705d05c67c89789a24332f3d94ece2609e2b
[INFO] running `Command { std: "docker" "start" "-a" "c68a742256a800146303b4f6a35d705d05c67c89789a24332f3d94ece2609e2b", kill_on_drop: false }`
[INFO] running `Command { std: "docker" "inspect" "c68a742256a800146303b4f6a35d705d05c67c89789a24332f3d94ece2609e2b", kill_on_drop: false }`
[INFO] running `Command { std: "docker" "rm" "-f" "c68a742256a800146303b4f6a35d705d05c67c89789a24332f3d94ece2609e2b", kill_on_drop: false }`
[INFO] [stdout] c68a742256a800146303b4f6a35d705d05c67c89789a24332f3d94ece2609e2b
[INFO] running `Command { std: "docker" "create" "-v" "/var/lib/crater-agent-workspace/builds/worker-1-tc1/target:/opt/rustwide/target:rw,Z" "-v" "/var/lib/crater-agent-workspace/builds/worker-1-tc1/source:/opt/rustwide/workdir:ro,Z" "-v" "/var/lib/crater-agent-workspace/cargo-home:/opt/rustwide/cargo-home:ro,Z" "-v" "/var/lib/crater-agent-workspace/rustup-home:/opt/rustwide/rustup-home:ro,Z" "-e" "SOURCE_DIR=/opt/rustwide/workdir" "-e" "CARGO_TARGET_DIR=/opt/rustwide/target" "-e" "CARGO_INCREMENTAL=0" "-e" "RUST_BACKTRACE=full" "-e" "RUSTFLAGS=--cap-lints=warn" "-e" "RUSTDOCFLAGS=--cap-lints=warn" "-e" "CARGO_HOME=/opt/rustwide/cargo-home" "-e" "RUSTUP_HOME=/opt/rustwide/rustup-home" "-w" "/opt/rustwide/workdir" "-m" "1610612736" "--user" "0:0" "--network" "none" "ghcr.io/rust-lang/crates-build-env/linux@sha256:2788e3201cd34a07e3172128adcd8b3090168a8e3bcc40d7c032b9dda1df7d1c" "/opt/rustwide/cargo-home/bin/cargo" "+1.75.0" "build" "--frozen" "--message-format=json", kill_on_drop: false }`
[INFO] [stdout] 1a946e56a35442c3b5870a0a13ee7f6a7c064c9b6f21748676f8313571349ac8
[INFO] running `Command { std: "docker" "start" "-a" "1a946e56a35442c3b5870a0a13ee7f6a7c064c9b6f21748676f8313571349ac8", kill_on_drop: false }`
[INFO] [stderr]    Compiling rend v0.3.6
[INFO] [stderr]    Compiling rkyv-test v0.7.38-test.2 (/opt/rustwide/workdir)
[INFO] [stderr]    Compiling ahash v0.7.7
[INFO] [stderr]    Compiling rkyv_derive_test v0.7.38-test.2
[INFO] [stderr]    Compiling hashbrown v0.12.3
[INFO] [stdout] warning: unused import: `self::alloc::*`
[INFO] [stdout]   --> src/with/mod.rs:15:9
[INFO] [stdout]    |
[INFO] [stdout] 15 | pub use self::alloc::*;
[INFO] [stdout]    |         ^^^^^^^^^^^^^^
[INFO] [stdout]    |
[INFO] [stdout]    = note: `#[warn(unused_imports)]` on by default
[INFO] [stdout] 
[INFO] [stdout] 
[INFO] [stdout] warning: unused import: `self::std::*`
[INFO] [stdout]   --> src/with/mod.rs:17:9
[INFO] [stdout]    |
[INFO] [stdout] 17 | pub use self::std::*;
[INFO] [stdout]    |         ^^^^^^^^^^^^
[INFO] [stdout] 
[INFO] [stdout] 
[INFO] [stdout] warning: 2 warnings emitted
[INFO] [stdout] 
[INFO] [stdout] 
[INFO] [stderr]     Finished dev [unoptimized + debuginfo] target(s) in 3.62s
[INFO] running `Command { std: "docker" "inspect" "1a946e56a35442c3b5870a0a13ee7f6a7c064c9b6f21748676f8313571349ac8", kill_on_drop: false }`
[INFO] running `Command { std: "docker" "rm" "-f" "1a946e56a35442c3b5870a0a13ee7f6a7c064c9b6f21748676f8313571349ac8", kill_on_drop: false }`
[INFO] [stdout] 1a946e56a35442c3b5870a0a13ee7f6a7c064c9b6f21748676f8313571349ac8
[INFO] running `Command { std: "docker" "create" "-v" "/var/lib/crater-agent-workspace/builds/worker-1-tc1/target:/opt/rustwide/target:rw,Z" "-v" "/var/lib/crater-agent-workspace/builds/worker-1-tc1/source:/opt/rustwide/workdir:ro,Z" "-v" "/var/lib/crater-agent-workspace/cargo-home:/opt/rustwide/cargo-home:ro,Z" "-v" "/var/lib/crater-agent-workspace/rustup-home:/opt/rustwide/rustup-home:ro,Z" "-e" "SOURCE_DIR=/opt/rustwide/workdir" "-e" "CARGO_TARGET_DIR=/opt/rustwide/target" "-e" "CARGO_INCREMENTAL=0" "-e" "RUST_BACKTRACE=full" "-e" "RUSTFLAGS=--cap-lints=warn" "-e" "RUSTDOCFLAGS=--cap-lints=warn" "-e" "CARGO_HOME=/opt/rustwide/cargo-home" "-e" "RUSTUP_HOME=/opt/rustwide/rustup-home" "-w" "/opt/rustwide/workdir" "-m" "1610612736" "--user" "0:0" "--network" "none" "ghcr.io/rust-lang/crates-build-env/linux@sha256:2788e3201cd34a07e3172128adcd8b3090168a8e3bcc40d7c032b9dda1df7d1c" "/opt/rustwide/cargo-home/bin/cargo" "+1.75.0" "test" "--frozen" "--no-run" "--message-format=json", kill_on_drop: false }`
[INFO] [stdout] 4026d94474b57093c8209b8540d6c70d51a429f2d6bbd4eb6175be5b7e97d6e2
[INFO] running `Command { std: "docker" "start" "-a" "4026d94474b57093c8209b8540d6c70d51a429f2d6bbd4eb6175be5b7e97d6e2", kill_on_drop: false }`
[INFO] [stdout] warning: unused import: `self::alloc::*`
[INFO] [stdout]   --> src/with/mod.rs:15:9
[INFO] [stdout]    |
[INFO] [stdout] 15 | pub use self::alloc::*;
[INFO] [stdout]    |         ^^^^^^^^^^^^^^
[INFO] [stdout]    |
[INFO] [stdout]    = note: `#[warn(unused_imports)]` on by default
[INFO] [stdout] 
[INFO] [stdout] 
[INFO] [stdout] warning: unused import: `self::std::*`
[INFO] [stdout]   --> src/with/mod.rs:17:9
[INFO] [stdout]    |
[INFO] [stdout] 17 | pub use self::std::*;
[INFO] [stdout]    |         ^^^^^^^^^^^^
[INFO] [stdout] 
[INFO] [stdout] 
[INFO] [stderr]    Compiling rkyv-test v0.7.38-test.2 (/opt/rustwide/workdir)
[INFO] [stdout] warning: 2 warnings emitted
[INFO] [stdout] 
[INFO] [stdout] 
[INFO] [stdout] warning: unused import: `self::alloc::*`
[INFO] [stdout]   --> src/with/mod.rs:15:9
[INFO] [stdout]    |
[INFO] [stdout] 15 | pub use self::alloc::*;
[INFO] [stdout]    |         ^^^^^^^^^^^^^^
[INFO] [stdout]    |
[INFO] [stdout]    = note: `#[warn(unused_imports)]` on by default
[INFO] [stdout] 
[INFO] [stdout] 
[INFO] [stdout] warning: unused import: `self::std::*`
[INFO] [stdout]   --> src/with/mod.rs:17:9
[INFO] [stdout]    |
[INFO] [stdout] 17 | pub use self::std::*;
[INFO] [stdout]    |         ^^^^^^^^^^^^
[INFO] [stdout] 
[INFO] [stdout] 
[INFO] [stdout] warning: 2 warnings emitted
[INFO] [stdout] 
[INFO] [stdout] 
[INFO] [stderr]     Finished test [unoptimized + debuginfo] target(s) in 2.00s
[INFO] running `Command { std: "docker" "inspect" "4026d94474b57093c8209b8540d6c70d51a429f2d6bbd4eb6175be5b7e97d6e2", kill_on_drop: false }`
[INFO] running `Command { std: "docker" "rm" "-f" "4026d94474b57093c8209b8540d6c70d51a429f2d6bbd4eb6175be5b7e97d6e2", kill_on_drop: false }`
[INFO] [stdout] 4026d94474b57093c8209b8540d6c70d51a429f2d6bbd4eb6175be5b7e97d6e2
[INFO] running `Command { std: "docker" "create" "-v" "/var/lib/crater-agent-workspace/builds/worker-1-tc1/target:/opt/rustwide/target:rw,Z" "-v" "/var/lib/crater-agent-workspace/builds/worker-1-tc1/source:/opt/rustwide/workdir:ro,Z" "-v" "/var/lib/crater-agent-workspace/cargo-home:/opt/rustwide/cargo-home:ro,Z" "-v" "/var/lib/crater-agent-workspace/rustup-home:/opt/rustwide/rustup-home:ro,Z" "-e" "SOURCE_DIR=/opt/rustwide/workdir" "-e" "CARGO_TARGET_DIR=/opt/rustwide/target" "-e" "CARGO_INCREMENTAL=0" "-e" "RUST_BACKTRACE=full" "-e" "RUSTFLAGS=--cap-lints=warn" "-e" "RUSTDOCFLAGS=--cap-lints=warn" "-e" "CARGO_HOME=/opt/rustwide/cargo-home" "-e" "RUSTUP_HOME=/opt/rustwide/rustup-home" "-w" "/opt/rustwide/workdir" "-m" "1610612736" "--user" "0:0" "--network" "none" "ghcr.io/rust-lang/crates-build-env/linux@sha256:2788e3201cd34a07e3172128adcd8b3090168a8e3bcc40d7c032b9dda1df7d1c" "/opt/rustwide/cargo-home/bin/cargo" "+1.75.0" "test" "--frozen", kill_on_drop: false }`
[INFO] [stdout] 781a5c95db43a6bd0096d89ee45611ebe80d3e5fc1339cbc4278f31ab6afbe40
[INFO] running `Command { std: "docker" "start" "-a" "781a5c95db43a6bd0096d89ee45611ebe80d3e5fc1339cbc4278f31ab6afbe40", kill_on_drop: false }`
[INFO] [stderr] warning: unused import: `self::alloc::*`
[INFO] [stderr]   --> src/with/mod.rs:15:9
[INFO] [stderr]    |
[INFO] [stderr] 15 | pub use self::alloc::*;
[INFO] [stderr]    |         ^^^^^^^^^^^^^^
[INFO] [stderr]    |
[INFO] [stderr]    = note: `#[warn(unused_imports)]` on by default
[INFO] [stderr] 
[INFO] [stderr] warning: unused import: `self::std::*`
[INFO] [stderr]   --> src/with/mod.rs:17:9
[INFO] [stderr]    |
[INFO] [stderr] 17 | pub use self::std::*;
[INFO] [stderr]    |         ^^^^^^^^^^^^
[INFO] [stderr] 
[INFO] [stderr] warning: `rkyv-test` (lib) generated 2 warnings (run `cargo fix --lib -p rkyv-test` to apply 2 suggestions)
[INFO] [stderr] warning: `rkyv-test` (lib test) generated 2 warnings (2 duplicates)
[INFO] [stderr]     Finished test [unoptimized + debuginfo] target(s) in 0.02s
[INFO] [stderr]      Running unittests src/lib.rs (/opt/rustwide/target/debug/deps/rkyv_test-e050ee1b7423d682)
[INFO] [stdout] 
[INFO] [stdout] running 5 tests
[INFO] [stdout] test impls::hashbrown::hash_map::tests::index_map ... ok
[INFO] [stdout] test impls::rend::tests::archive_rend_nonzero ... ok
[INFO] [stdout] test impls::rend::tests::archive_rend ... ok
[INFO] [stdout] test impls::hashbrown::hash_set::tests::index_set ... ok
[INFO] [stdout] test impls::rend::tests::archive_rend_endianness ... ok
[INFO] [stdout] 
[INFO] [stdout] test result: ok. 5 passed; 0 failed; 0 ignored; 0 measured; 0 filtered out; finished in 0.00s
[INFO] [stdout] 
[INFO] [stderr]    Doc-tests rkyv-test
[INFO] [stdout] 
[INFO] [stdout] running 48 tests
[INFO] [stdout] test src/rel_ptr/mod.rs - rel_ptr::signed_offset (line 45) ... FAILED
[INFO] [stdout] test src/ser/serializers/std.rs - ser::serializers::std::WriteSerializer (line 7) ... FAILED
[INFO] [stdout] test src/util/aligned_vec.rs - util::aligned_vec::AlignedVec::clear (line 110) ... FAILED
[INFO] [stdout] test src/util/aligned_vec.rs - util::aligned_vec::AlignedVec::into_boxed_slice (line 489) ... FAILED
[INFO] [stdout] test src/util/aligned_vec.rs - util::aligned_vec::AlignedVec::as_mut_ptr (line 167) ... FAILED
[INFO] [stdout] test src/util/aligned_vec.rs - util::aligned_vec::AlignedVec::extend_from_slice (line 354) ... FAILED
[INFO] [stdout] test src/util/aligned_vec.rs - util::aligned_vec::AlignedVec::as_mut_slice (line 194) ... FAILED
[INFO] [stdout] test src/util/aligned_vec.rs - util::aligned_vec::AlignedVec::into_boxed_slice (line 500) ... FAILED
[INFO] [stdout] test src/util/aligned_vec.rs - util::aligned_vec::AlignedVec::as_slice (line 246) ... FAILED
[INFO] [stdout] test src/util/aligned_vec.rs - util::aligned_vec::AlignedVec::capacity (line 264) ... FAILED
[INFO] [stdout] test src/lib.rs - Archive (line 292) ... FAILED
[INFO] [stdout] test src/lib.rs - ArchiveUnsized (line 463) ... FAILED
[INFO] [stdout] test src/util/aligned_vec.rs - util::aligned_vec::AlignedVec::as_ptr (line 223) ... FAILED
[INFO] [stdout] test src/macros.rs - macros::out_field (line 17) ... FAILED
[INFO] [stdout] test src/ser/serializers/core.rs - ser::serializers::core::BufferSerializer (line 55) ... FAILED
[INFO] [stdout] test src/lib.rs - Archive (line 240) ... FAILED
[INFO] [stdout] test src/util/aligned_vec.rs - util::aligned_vec::AlignedVec::into_vec (line 520) ... FAILED
[INFO] [stdout] test src/util/aligned_vec.rs - util::aligned_vec::AlignedVec::len (line 337) ... FAILED
[INFO] [stdout] test src/util/aligned_vec.rs - util::aligned_vec::AlignedVec::new (line 40) ... FAILED
[INFO] [stdout] test src/util/aligned_vec.rs - util::aligned_vec::AlignedVec::pop (line 380) ... FAILED
[INFO] [stdout] test src/util/aligned_vec.rs - util::aligned_vec::AlignedVec::is_empty (line 320) ... FAILED
[INFO] [stdout] test src/util/aligned_vec.rs - util::aligned_vec::AlignedVec::reserve_exact (line 436) ... FAILED
[INFO] [stdout] test src/util/aligned_vec.rs - util::aligned_vec::AlignedVec::reserve (line 285) ... FAILED
[INFO] [stdout] test src/util/mod.rs - util::AlignedBytes (line 213) ... FAILED
[INFO] [stdout] test src/util/aligned_vec.rs - util::aligned_vec::AlignedVec::push (line 406) ... FAILED
[INFO] [stdout] test src/util/aligned_vec.rs - util::aligned_vec::AlignedVec::shrink_to_fit (line 142) ... FAILED
[INFO] [stdout] test src/util/aligned_vec.rs - util::aligned_vec::AlignedVec::set_len (line 464) ... FAILED
[INFO] [stdout] test src/util/aligned_vec.rs - util::aligned_vec::AlignedVec::with_capacity (line 60) ... FAILED
[INFO] [stdout] test src/util/mod.rs - util::from_bytes_unchecked (line 311) ... FAILED
[INFO] [stdout] test src/with/mod.rs - with::ArchiveWith (line 93) ... FAILED
[INFO] [stdout] test src/with/mod.rs - with::Atomic (line 307) ... FAILED
[INFO] [stdout] test src/with/mod.rs - with::AsBox (line 368) ... FAILED
[INFO] [stdout] test src/util/mod.rs - util::to_bytes (line 272) ... FAILED
[INFO] [stdout] test src/with/mod.rs - with::AsVec (line 518) ... FAILED
[INFO] [stdout] test src/with/mod.rs - with::Raw (line 648) ... FAILED
[INFO] [stdout] test src/with/mod.rs - with::CopyOptimize (line 574) ... FAILED
[INFO] [stdout] test src/with/mod.rs - with::Map (line 281) ... FAILED
[INFO] [stdout] test src/with/mod.rs - with::AsOwned (line 498) ... FAILED
[INFO] [stdout] test src/with/mod.rs - with::Inline (line 329) ... FAILED
[INFO] [stdout] test src/with/mod.rs - with::AsString (line 416) ... FAILED
[INFO] [stdout] test src/with/mod.rs - with::Boxed (line 350) ... FAILED
[INFO] [stdout] test src/with/mod.rs - with::RefAsBox (line 391) ... FAILED
[INFO] [stdout] test src/with/mod.rs - with::Lock (line 465) ... FAILED
[INFO] [stdout] test src/with/mod.rs - with::Skip (line 700) ... FAILED
[INFO] [stdout] test src/with/mod.rs - with::Niche (line 538) ... FAILED
[INFO] [stdout] test src/with/mod.rs - with::Unsafe (line 679) ... FAILED
[INFO] [stdout] test src/with/mod.rs - with::UnixTimestamp (line 599) ... FAILED
[INFO] [stdout] test src/with/mod.rs - with::With (line 34) ... FAILED
[INFO] [stdout] 
[INFO] [stdout] failures:
[INFO] [stdout] 
[INFO] [stdout] ---- src/rel_ptr/mod.rs - rel_ptr::signed_offset (line 45) stdout ----
[INFO] [stdout] error[E0433]: failed to resolve: use of undeclared crate or module `rkyv`
[INFO] [stdout]  --> src/rel_ptr/mod.rs:46:5
[INFO] [stdout]   |
[INFO] [stdout] 3 | use rkyv::rel_ptr::{signed_offset, OffsetError};
[INFO] [stdout]   |     ^^^^ use of undeclared crate or module `rkyv`
[INFO] [stdout] 
[INFO] [stdout] error: aborting due to previous error
[INFO] [stdout] 
[INFO] [stdout] For more information about this error, try `rustc --explain E0433`.
[INFO] [stdout] Couldn't compile the test.
[INFO] [stdout] ---- src/ser/serializers/std.rs - ser::serializers::std::WriteSerializer (line 7) stdout ----
[INFO] [stdout] error[E0433]: failed to resolve: use of undeclared crate or module `rkyv`
[INFO] [stdout]  --> src/ser/serializers/std.rs:8:5
[INFO] [stdout]   |
[INFO] [stdout] 3 | use rkyv::ser::{serializers::WriteSerializer, Serializer};
[INFO] [stdout]   |     ^^^^ use of undeclared crate or module `rkyv`
[INFO] [stdout] 
[INFO] [stdout] error: aborting due to previous error
[INFO] [stdout] 
[INFO] [stdout] For more information about this error, try `rustc --explain E0433`.
[INFO] [stdout] Couldn't compile the test.
[INFO] [stdout] ---- src/util/aligned_vec.rs - util::aligned_vec::AlignedVec::clear (line 110) stdout ----
[INFO] [stdout] error[E0432]: unresolved import `rkyv`
[INFO] [stdout]  --> src/util/aligned_vec.rs:111:5
[INFO] [stdout]   |
[INFO] [stdout] 3 | use rkyv::AlignedVec;
[INFO] [stdout]   |     ^^^^ use of undeclared crate or module `rkyv`
[INFO] [stdout] 
[INFO] [stdout] error: aborting due to previous error
[INFO] [stdout] 
[INFO] [stdout] For more information about this error, try `rustc --explain E0432`.
[INFO] [stdout] Couldn't compile the test.
[INFO] [stdout] ---- src/util/aligned_vec.rs - util::aligned_vec::AlignedVec::into_boxed_slice (line 489) stdout ----
[INFO] [stdout] error[E0432]: unresolved import `rkyv`
[INFO] [stdout]  --> src/util/aligned_vec.rs:490:5
[INFO] [stdout]   |
[INFO] [stdout] 3 | use rkyv::AlignedVec;
[INFO] [stdout]   |     ^^^^ use of undeclared crate or module `rkyv`
[INFO] [stdout] 
[INFO] [stdout] error: aborting due to previous error
[INFO] [stdout] 
[INFO] [stdout] For more information about this error, try `rustc --explain E0432`.
[INFO] [stdout] Couldn't compile the test.
[INFO] [stdout] ---- src/util/aligned_vec.rs - util::aligned_vec::AlignedVec::as_mut_ptr (line 167) stdout ----
[INFO] [stdout] error[E0432]: unresolved import `rkyv`
[INFO] [stdout]  --> src/util/aligned_vec.rs:168:5
[INFO] [stdout]   |
[INFO] [stdout] 3 | use rkyv::AlignedVec;
[INFO] [stdout]   |     ^^^^ use of undeclared crate or module `rkyv`
[INFO] [stdout] 
[INFO] [stdout] error: aborting due to previous error
[INFO] [stdout] 
[INFO] [stdout] For more information about this error, try `rustc --explain E0432`.
[INFO] [stdout] Couldn't compile the test.
[INFO] [stdout] ---- src/util/aligned_vec.rs - util::aligned_vec::AlignedVec::extend_from_slice (line 354) stdout ----
[INFO] [stdout] error[E0432]: unresolved import `rkyv`
[INFO] [stdout]  --> src/util/aligned_vec.rs:355:5
[INFO] [stdout]   |
[INFO] [stdout] 3 | use rkyv::AlignedVec;
[INFO] [stdout]   |     ^^^^ use of undeclared crate or module `rkyv`
[INFO] [stdout] 
[INFO] [stdout] error: aborting due to previous error
[INFO] [stdout] 
[INFO] [stdout] For more information about this error, try `rustc --explain E0432`.
[INFO] [stdout] Couldn't compile the test.
[INFO] [stdout] ---- src/util/aligned_vec.rs - util::aligned_vec::AlignedVec::as_mut_slice (line 194) stdout ----
[INFO] [stdout] error[E0432]: unresolved import `rkyv`
[INFO] [stdout]  --> src/util/aligned_vec.rs:195:5
[INFO] [stdout]   |
[INFO] [stdout] 3 | use rkyv::AlignedVec;
[INFO] [stdout]   |     ^^^^ use of undeclared crate or module `rkyv`
[INFO] [stdout] 
[INFO] [stdout] error: aborting due to previous error
[INFO] [stdout] 
[INFO] [stdout] For more information about this error, try `rustc --explain E0432`.
[INFO] [stdout] Couldn't compile the test.
[INFO] [stdout] ---- src/util/aligned_vec.rs - util::aligned_vec::AlignedVec::into_boxed_slice (line 500) stdout ----
[INFO] [stdout] error[E0432]: unresolved import `rkyv`
[INFO] [stdout]  --> src/util/aligned_vec.rs:501:5
[INFO] [stdout]   |
[INFO] [stdout] 3 | use rkyv::AlignedVec;
[INFO] [stdout]   |     ^^^^ use of undeclared crate or module `rkyv`
[INFO] [stdout] 
[INFO] [stdout] error: aborting due to previous error
[INFO] [stdout] 
[INFO] [stdout] For more information about this error, try `rustc --explain E0432`.
[INFO] [stdout] Couldn't compile the test.
[INFO] [stdout] ---- src/util/aligned_vec.rs - util::aligned_vec::AlignedVec::as_slice (line 246) stdout ----
[INFO] [stdout] error[E0432]: unresolved import `rkyv`
[INFO] [stdout]  --> src/util/aligned_vec.rs:247:5
[INFO] [stdout]   |
[INFO] [stdout] 3 | use rkyv::AlignedVec;
[INFO] [stdout]   |     ^^^^ use of undeclared crate or module `rkyv`
[INFO] [stdout] 
[INFO] [stdout] error: aborting due to previous error
[INFO] [stdout] 
[INFO] [stdout] For more information about this error, try `rustc --explain E0432`.
[INFO] [stdout] Couldn't compile the test.
[INFO] [stdout] ---- src/util/aligned_vec.rs - util::aligned_vec::AlignedVec::capacity (line 264) stdout ----
[INFO] [stdout] error[E0432]: unresolved import `rkyv`
[INFO] [stdout]  --> src/util/aligned_vec.rs:265:5
[INFO] [stdout]   |
[INFO] [stdout] 3 | use rkyv::AlignedVec;
[INFO] [stdout]   |     ^^^^ use of undeclared crate or module `rkyv`
[INFO] [stdout] 
[INFO] [stdout] error: aborting due to previous error
[INFO] [stdout] 
[INFO] [stdout] For more information about this error, try `rustc --explain E0432`.
[INFO] [stdout] Couldn't compile the test.
[INFO] [stdout] ---- src/lib.rs - Archive (line 292) stdout ----
[INFO] [stdout] error[E0433]: failed to resolve: use of undeclared crate or module `rkyv`
[INFO] [stdout]  --> src/lib.rs:294:5
[INFO] [stdout]   |
[INFO] [stdout] 4 | use rkyv::{
[INFO] [stdout]   |     ^^^^ use of undeclared crate or module `rkyv`
[INFO] [stdout] 
[INFO] [stdout] error[E0432]: unresolved import `rkyv`
[INFO] [stdout]  --> src/lib.rs:294:5
[INFO] [stdout]   |
[INFO] [stdout] 4 | use rkyv::{
[INFO] [stdout]   |     ^^^^ use of undeclared crate or module `rkyv`
[INFO] [stdout] 
[INFO] [stdout] error: cannot determine resolution for the macro `out_field`
[INFO] [stdout]   --> src/lib.rs:355:24
[INFO] [stdout]    |
[INFO] [stdout] 65 |         let (fp, fo) = out_field!(out.ptr);
[INFO] [stdout]    |                        ^^^^^^^^^
[INFO] [stdout]    |
[INFO] [stdout]    = note: import resolution is stuck, try simplifying macro imports
[INFO] [stdout] 
[INFO] [stdout] error: aborting due to 3 previous errors
[INFO] [stdout] 
[INFO] [stdout] Some errors have detailed explanations: E0432, E0433.
[INFO] [stdout] For more information about an error, try `rustc --explain E0432`.
[INFO] [stdout] Couldn't compile the test.
[INFO] [stdout] ---- src/lib.rs - ArchiveUnsized (line 463) stdout ----
[INFO] [stdout] error[E0433]: failed to resolve: use of undeclared crate or module `rkyv`
[INFO] [stdout]  --> src/lib.rs:466:5
[INFO] [stdout]   |
[INFO] [stdout] 5 | use rkyv::{
[INFO] [stdout]   |     ^^^^ use of undeclared crate or module `rkyv`
[INFO] [stdout] 
[INFO] [stdout] error[E0432]: unresolved import `rkyv`
[INFO] [stdout]  --> src/lib.rs:466:5
[INFO] [stdout]   |
[INFO] [stdout] 5 | use rkyv::{
[INFO] [stdout]   |     ^^^^ use of undeclared crate or module `rkyv`
[INFO] [stdout] 
[INFO] [stdout] error: cannot determine resolution for the macro `from_archived`
[INFO] [stdout]   --> src/lib.rs:513:9
[INFO] [stdout]    |
[INFO] [stdout] 52 |         from_archived!(archived.len) as usize
[INFO] [stdout]    |         ^^^^^^^^^^^^^
[INFO] [stdout]    |
[INFO] [stdout]    = note: import resolution is stuck, try simplifying macro imports
[INFO] [stdout] 
[INFO] [stdout] error: cannot determine resolution for the macro `to_archived`
[INFO] [stdout]   --> src/lib.rs:539:22
[INFO] [stdout]    |
[INFO] [stdout] 78 |                 len: to_archived!(self.tail.len() as FixedUsize),
[INFO] [stdout]    |                      ^^^^^^^^^^^
[INFO] [stdout]    |
[INFO] [stdout]    = note: import resolution is stuck, try simplifying macro imports
[INFO] [stdout] 
[INFO] [stdout] error: aborting due to 4 previous errors
[INFO] [stdout] 
[INFO] [stdout] Some errors have detailed explanations: E0432, E0433.
[INFO] [stdout] For more information about an error, try `rustc --explain E0432`.
[INFO] [stdout] Couldn't compile the test.
[INFO] [stdout] ---- src/util/aligned_vec.rs - util::aligned_vec::AlignedVec::as_ptr (line 223) stdout ----
[INFO] [stdout] error[E0432]: unresolved import `rkyv`
[INFO] [stdout]  --> src/util/aligned_vec.rs:224:5
[INFO] [stdout]   |
[INFO] [stdout] 3 | use rkyv::AlignedVec;
[INFO] [stdout]   |     ^^^^ use of undeclared crate or module `rkyv`
[INFO] [stdout] 
[INFO] [stdout] error: aborting due to previous error
[INFO] [stdout] 
[INFO] [stdout] For more information about this error, try `rustc --explain E0432`.
[INFO] [stdout] Couldn't compile the test.
[INFO] [stdout] ---- src/macros.rs - macros::out_field (line 17) stdout ----
[INFO] [stdout] error[E0432]: unresolved import `rkyv`
[INFO] [stdout]  --> src/macros.rs:19:5
[INFO] [stdout]   |
[INFO] [stdout] 4 | use rkyv::out_field;
[INFO] [stdout]   |     ^^^^ use of undeclared crate or module `rkyv`
[INFO] [stdout] 
[INFO] [stdout] error: cannot determine resolution for the macro `out_field`
[INFO] [stdout]   --> src/macros.rs:29:18
[INFO] [stdout]    |
[INFO] [stdout] 14 | let (a_off, a) = out_field!(out.a);
[INFO] [stdout]    |                  ^^^^^^^^^
[INFO] [stdout]    |
[INFO] [stdout]    = note: import resolution is stuck, try simplifying macro imports
[INFO] [stdout] 
[INFO] [stdout] error: cannot determine resolution for the macro `out_field`
[INFO] [stdout]   --> src/macros.rs:31:18
[INFO] [stdout]    |
[INFO] [stdout] 16 | let (b_off, b) = out_field!(out.b);
[INFO] [stdout]    |                  ^^^^^^^^^
[INFO] [stdout]    |
[INFO] [stdout]    = note: import resolution is stuck, try simplifying macro imports
[INFO] [stdout] 
[INFO] [stdout] error: aborting due to 3 previous errors
[INFO] [stdout] 
[INFO] [stdout] For more information about this error, try `rustc --explain E0432`.
[INFO] [stdout] Couldn't compile the test.
[INFO] [stdout] ---- src/ser/serializers/core.rs - ser::serializers::core::BufferSerializer (line 55) stdout ----
[INFO] [stdout] error[E0433]: failed to resolve: use of undeclared crate or module `rkyv`
[INFO] [stdout]  --> src/ser/serializers/core.rs:56:5
[INFO] [stdout]   |
[INFO] [stdout] 3 | use rkyv::{
[INFO] [stdout]   |     ^^^^ use of undeclared crate or module `rkyv`
[INFO] [stdout] 
[INFO] [stdout] error[E0432]: unresolved import `rkyv`
[INFO] [stdout]  --> src/ser/serializers/core.rs:56:5
[INFO] [stdout]   |
[INFO] [stdout] 3 | use rkyv::{
[INFO] [stdout]   |     ^^^^ use of undeclared crate or module `rkyv`
[INFO] [stdout] 
[INFO] [stdout] error: cannot determine resolution for the derive macro `Archive`
[INFO] [stdout]   --> src/ser/serializers/core.rs:66:10
[INFO] [stdout]    |
[INFO] [stdout] 13 | #[derive(Archive, Serialize)]
[INFO] [stdout]    |          ^^^^^^^
[INFO] [stdout]    |
[INFO] [stdout]    = note: import resolution is stuck, try simplifying macro imports
[INFO] [stdout] 
[INFO] [stdout] error: cannot determine resolution for the derive macro `Serialize`
[INFO] [stdout]   --> src/ser/serializers/core.rs:66:19
[INFO] [stdout]    |
[INFO] [stdout] 13 | #[derive(Archive, Serialize)]
[INFO] [stdout]    |                   ^^^^^^^^^
[INFO] [stdout]    |
[INFO] [stdout]    = note: import resolution is stuck, try simplifying macro imports
[INFO] [stdout] 
[INFO] [stdout] error: aborting due to 4 previous errors
[INFO] [stdout] 
[INFO] [stdout] Some errors have detailed explanations: E0432, E0433.
[INFO] [stdout] For more information about an error, try `rustc --explain E0432`.
[INFO] [stdout] Couldn't compile the test.
[INFO] [stdout] ---- src/lib.rs - Archive (line 240) stdout ----
[INFO] [stdout] error[E0433]: failed to resolve: use of undeclared crate or module `rkyv`
[INFO] [stdout]   --> src/lib.rs:265:5
[INFO] [stdout]    |
[INFO] [stdout] 27 | use rkyv::ser::{Serializer, serializers::AllocSerializer};
[INFO] [stdout]    |     ^^^^ use of undeclared crate or module `rkyv`
[INFO] [stdout] 
[INFO] [stdout] error[E0432]: unresolved import `rkyv`
[INFO] [stdout]  --> src/lib.rs:241:5
[INFO] [stdout]   |
[INFO] [stdout] 3 | use rkyv::{Archive, Deserialize, Serialize};
[INFO] [stdout]   |     ^^^^ use of undeclared crate or module `rkyv`
[INFO] [stdout] 
[INFO] [stdout] error: cannot determine resolution for the derive macro `Archive`
[INFO] [stdout]  --> src/lib.rs:243:10
[INFO] [stdout]   |
[INFO] [stdout] 5 | #[derive(Archive, Deserialize, Serialize, Debug, PartialEq)]
[INFO] [stdout]   |          ^^^^^^^
[INFO] [stdout]   |
[INFO] [stdout]   = note: import resolution is stuck, try simplifying macro imports
[INFO] [stdout] 
[INFO] [stdout] error: cannot determine resolution for the derive macro `Deserialize`
[INFO] [stdout]  --> src/lib.rs:243:19
[INFO] [stdout]   |
[INFO] [stdout] 5 | #[derive(Archive, Deserialize, Serialize, Debug, PartialEq)]
[INFO] [stdout]   |                   ^^^^^^^^^^^
[INFO] [stdout]   |
[INFO] [stdout]   = note: import resolution is stuck, try simplifying macro imports
[INFO] [stdout] 
[INFO] [stdout] error: cannot determine resolution for the derive macro `Serialize`
[INFO] [stdout]  --> src/lib.rs:243:32
[INFO] [stdout]   |
[INFO] [stdout] 5 | #[derive(Archive, Deserialize, Serialize, Debug, PartialEq)]
[INFO] [stdout]   |                                ^^^^^^^^^
[INFO] [stdout]   |
[INFO] [stdout]   = note: import resolution is stuck, try simplifying macro imports
[INFO] [stdout] 
[INFO] [stdout] error: cannot find attribute `archive` in this scope
[INFO] [stdout]  --> src/lib.rs:245:3
[INFO] [stdout]   |
[INFO] [stdout] 7 | #[archive(compare(PartialEq))]
[INFO] [stdout]   |   ^^^^^^^
[INFO] [stdout] 
[INFO] [stdout] error: cannot find attribute `archive_attr` in this scope
[INFO] [stdout]  --> src/lib.rs:247:3
[INFO] [stdout]   |
[INFO] [stdout] 9 | #[archive_attr(derive(Debug))]
[INFO] [stdout]   |   ^^^^^^^^^^^^
[INFO] [stdout] 
[INFO] [stdout] error[E0433]: failed to resolve: use of undeclared crate or module `rkyv`
[INFO] [stdout]   --> src/lib.rs:261:13
[INFO] [stdout]    |
[INFO] [stdout] 23 | let bytes = rkyv::to_bytes::<_, 256>(&value).unwrap();
[INFO] [stdout]    |             ^^^^ use of undeclared crate or module `rkyv`
[INFO] [stdout] 
[INFO] [stdout] error[E0433]: failed to resolve: use of undeclared crate or module `rkyv`
[INFO] [stdout]   --> src/lib.rs:273:25
[INFO] [stdout]    |
[INFO] [stdout] 35 | let archived = unsafe { rkyv::archived_root::<Test>(&bytes[..]) };
[INFO] [stdout]    |                         ^^^^ use of undeclared crate or module `rkyv`
[INFO] [stdout] 
[INFO] [stdout] error[E0433]: failed to resolve: use of undeclared crate or module `rkyv`
[INFO] [stdout]   --> src/lib.rs:277:52
[INFO] [stdout]    |
[INFO] [stdout] 39 | let deserialized: Test = archived.deserialize(&mut rkyv::Infallible).unwrap();
[INFO] [stdout]    |                                                    ^^^^ use of undeclared crate or module `rkyv`
[INFO] [stdout] 
[INFO] [stdout] error: aborting due to 10 previous errors
[INFO] [stdout] 
[INFO] [stdout] Some errors have detailed explanations: E0432, E0433.
[INFO] [stdout] For more information about an error, try `rustc --explain E0432`.
[INFO] [stdout] Couldn't compile the test.
[INFO] [stdout] ---- src/util/aligned_vec.rs - util::aligned_vec::AlignedVec::into_vec (line 520) stdout ----
[INFO] [stdout] error[E0432]: unresolved import `rkyv`
[INFO] [stdout]  --> src/util/aligned_vec.rs:521:5
[INFO] [stdout]   |
[INFO] [stdout] 3 | use rkyv::AlignedVec;
[INFO] [stdout]   |     ^^^^ use of undeclared crate or module `rkyv`
[INFO] [stdout] 
[INFO] [stdout] error: aborting due to previous error
[INFO] [stdout] 
[INFO] [stdout] For more information about this error, try `rustc --explain E0432`.
[INFO] [stdout] Couldn't compile the test.
[INFO] [stdout] ---- src/util/aligned_vec.rs - util::aligned_vec::AlignedVec::len (line 337) stdout ----
[INFO] [stdout] error[E0432]: unresolved import `rkyv`
[INFO] [stdout]  --> src/util/aligned_vec.rs:338:5
[INFO] [stdout]   |
[INFO] [stdout] 3 | use rkyv::AlignedVec;
[INFO] [stdout]   |     ^^^^ use of undeclared crate or module `rkyv`
[INFO] [stdout] 
[INFO] [stdout] error: aborting due to previous error
[INFO] [stdout] 
[INFO] [stdout] For more information about this error, try `rustc --explain E0432`.
[INFO] [stdout] Couldn't compile the test.
[INFO] [stdout] ---- src/util/aligned_vec.rs - util::aligned_vec::AlignedVec::new (line 40) stdout ----
[INFO] [stdout] error[E0432]: unresolved import `rkyv`
[INFO] [stdout]  --> src/util/aligned_vec.rs:41:5
[INFO] [stdout]   |
[INFO] [stdout] 3 | use rkyv::AlignedVec;
[INFO] [stdout]   |     ^^^^ use of undeclared crate or module `rkyv`
[INFO] [stdout] 
[INFO] [stdout] error: aborting due to previous error
[INFO] [stdout] 
[INFO] [stdout] For more information about this error, try `rustc --explain E0432`.
[INFO] [stdout] Couldn't compile the test.
[INFO] [stdout] ---- src/util/aligned_vec.rs - util::aligned_vec::AlignedVec::pop (line 380) stdout ----
[INFO] [stdout] error[E0432]: unresolved import `rkyv`
[INFO] [stdout]  --> src/util/aligned_vec.rs:381:5
[INFO] [stdout]   |
[INFO] [stdout] 3 | use rkyv::AlignedVec;
[INFO] [stdout]   |     ^^^^ use of undeclared crate or module `rkyv`
[INFO] [stdout] 
[INFO] [stdout] error: aborting due to previous error
[INFO] [stdout] 
[INFO] [stdout] For more information about this error, try `rustc --explain E0432`.
[INFO] [stdout] Couldn't compile the test.
[INFO] [stdout] ---- src/util/aligned_vec.rs - util::aligned_vec::AlignedVec::is_empty (line 320) stdout ----
[INFO] [stdout] error[E0432]: unresolved import `rkyv`
[INFO] [stdout]  --> src/util/aligned_vec.rs:321:5
[INFO] [stdout]   |
[INFO] [stdout] 3 | use rkyv::AlignedVec;
[INFO] [stdout]   |     ^^^^ use of undeclared crate or module `rkyv`
[INFO] [stdout] 
[INFO] [stdout] error: aborting due to previous error
[INFO] [stdout] 
[INFO] [stdout] For more information about this error, try `rustc --explain E0432`.
[INFO] [stdout] Couldn't compile the test.
[INFO] [stdout] ---- src/util/aligned_vec.rs - util::aligned_vec::AlignedVec::reserve_exact (line 436) stdout ----
[INFO] [stdout] error[E0432]: unresolved import `rkyv`
[INFO] [stdout]  --> src/util/aligned_vec.rs:437:5
[INFO] [stdout]   |
[INFO] [stdout] 3 | use rkyv::AlignedVec;
[INFO] [stdout]   |     ^^^^ use of undeclared crate or module `rkyv`
[INFO] [stdout] 
[INFO] [stdout] error: aborting due to previous error
[INFO] [stdout] 
[INFO] [stdout] For more information about this error, try `rustc --explain E0432`.
[INFO] [stdout] Couldn't compile the test.
[INFO] [stdout] ---- src/util/aligned_vec.rs - util::aligned_vec::AlignedVec::reserve (line 285) stdout ----
[INFO] [stdout] error[E0432]: unresolved import `rkyv`
[INFO] [stdout]  --> src/util/aligned_vec.rs:286:5
[INFO] [stdout]   |
[INFO] [stdout] 3 | use rkyv::AlignedVec;
[INFO] [stdout]   |     ^^^^ use of undeclared crate or module `rkyv`
[INFO] [stdout] 
[INFO] [stdout] error: aborting due to previous error
[INFO] [stdout] 
[INFO] [stdout] For more information about this error, try `rustc --explain E0432`.
[INFO] [stdout] Couldn't compile the test.
[INFO] [stdout] ---- src/util/mod.rs - util::AlignedBytes (line 213) stdout ----
[INFO] [stdout] error[E0432]: unresolved import `rkyv`
[INFO] [stdout]  --> src/util/mod.rs:215:5
[INFO] [stdout]   |
[INFO] [stdout] 4 | use rkyv::AlignedBytes;
[INFO] [stdout]   |     ^^^^ use of undeclared crate or module `rkyv`
[INFO] [stdout] 
[INFO] [stdout] error: aborting due to previous error
[INFO] [stdout] 
[INFO] [stdout] For more information about this error, try `rustc --explain E0432`.
[INFO] [stdout] Couldn't compile the test.
[INFO] [stdout] ---- src/util/aligned_vec.rs - util::aligned_vec::AlignedVec::push (line 406) stdout ----
[INFO] [stdout] error[E0432]: unresolved import `rkyv`
[INFO] [stdout]  --> src/util/aligned_vec.rs:407:5
[INFO] [stdout]   |
[INFO] [stdout] 3 | use rkyv::AlignedVec;
[INFO] [stdout]   |     ^^^^ use of undeclared crate or module `rkyv`
[INFO] [stdout] 
[INFO] [stdout] error: aborting due to previous error
[INFO] [stdout] 
[INFO] [stdout] For more information about this error, try `rustc --explain E0432`.
[INFO] [stdout] Couldn't compile the test.
[INFO] [stdout] ---- src/util/aligned_vec.rs - util::aligned_vec::AlignedVec::shrink_to_fit (line 142) stdout ----
[INFO] [stdout] error[E0432]: unresolved import `rkyv`
[INFO] [stdout]  --> src/util/aligned_vec.rs:143:5
[INFO] [stdout]   |
[INFO] [stdout] 3 | use rkyv::AlignedVec;
[INFO] [stdout]   |     ^^^^ use of undeclared crate or module `rkyv`
[INFO] [stdout] 
[INFO] [stdout] error: aborting due to previous error
[INFO] [stdout] 
[INFO] [stdout] For more information about this error, try `rustc --explain E0432`.
[INFO] [stdout] Couldn't compile the test.
[INFO] [stdout] ---- src/util/aligned_vec.rs - util::aligned_vec::AlignedVec::set_len (line 464) stdout ----
[INFO] [stdout] error[E0432]: unresolved import `rkyv`
[INFO] [stdout]  --> src/util/aligned_vec.rs:465:5
[INFO] [stdout]   |
[INFO] [stdout] 3 | use rkyv::AlignedVec;
[INFO] [stdout]   |     ^^^^ use of undeclared crate or module `rkyv`
[INFO] [stdout] 
[INFO] [stdout] error: aborting due to previous error
[INFO] [stdout] 
[INFO] [stdout] For more information about this error, try `rustc --explain E0432`.
[INFO] [stdout] Couldn't compile the test.
[INFO] [stdout] ---- src/util/aligned_vec.rs - util::aligned_vec::AlignedVec::with_capacity (line 60) stdout ----
[INFO] [stdout] error[E0432]: unresolved import `rkyv`
[INFO] [stdout]  --> src/util/aligned_vec.rs:61:5
[INFO] [stdout]   |
[INFO] [stdout] 3 | use rkyv::AlignedVec;
[INFO] [stdout]   |     ^^^^ use of undeclared crate or module `rkyv`
[INFO] [stdout] 
[INFO] [stdout] error: aborting due to previous error
[INFO] [stdout] 
[INFO] [stdout] For more information about this error, try `rustc --explain E0432`.
[INFO] [stdout] Couldn't compile the test.
[INFO] [stdout] ---- src/util/mod.rs - util::from_bytes_unchecked (line 311) stdout ----
[INFO] [stdout] error[E0433]: failed to resolve: use of undeclared crate or module `rkyv`
[INFO] [stdout]  --> src/util/mod.rs:314:13
[INFO] [stdout]   |
[INFO] [stdout] 5 | let bytes = rkyv::to_bytes::<_, 1024>(&value).expect("failed to serialize vec");
[INFO] [stdout]   |             ^^^^ use of undeclared crate or module `rkyv`
[INFO] [stdout] 
[INFO] [stdout] error[E0433]: failed to resolve: use of undeclared crate or module `rkyv`
[INFO] [stdout]   --> src/util/mod.rs:319:5
[INFO] [stdout]    |
[INFO] [stdout] 10 |     rkyv::from_bytes_unchecked::<Vec<i32>>(&bytes)
[INFO] [stdout]    |     ^^^^ use of undeclared crate or module `rkyv`
[INFO] [stdout] 
[INFO] [stdout] error: aborting due to 2 previous errors
[INFO] [stdout] 
[INFO] [stdout] For more information about this error, try `rustc --explain E0433`.
[INFO] [stdout] Couldn't compile the test.
[INFO] [stdout] ---- src/with/mod.rs - with::ArchiveWith (line 93) stdout ----
[INFO] [stdout] error[E0433]: failed to resolve: use of undeclared crate or module `rkyv`
[INFO] [stdout]  --> src/with/mod.rs:94:5
[INFO] [stdout]   |
[INFO] [stdout] 3 | use rkyv::{
[INFO] [stdout]   |     ^^^^ use of undeclared crate or module `rkyv`
[INFO] [stdout] 
[INFO] [stdout] error[E0432]: unresolved import `rkyv`
[INFO] [stdout]  --> src/with/mod.rs:94:5
[INFO] [stdout]   |
[INFO] [stdout] 3 | use rkyv::{
[INFO] [stdout]   |     ^^^^ use of undeclared crate or module `rkyv`
[INFO] [stdout] 
[INFO] [stdout] error: cannot determine resolution for the derive macro `Archive`
[INFO] [stdout]   --> src/with/mod.rs:145:10
[INFO] [stdout]    |
[INFO] [stdout] 54 | #[derive(Archive, Deserialize, Serialize)]
[INFO] [stdout]    |          ^^^^^^^
[INFO] [stdout]    |
[INFO] [stdout]    = note: import resolution is stuck, try simplifying macro imports
[INFO] [stdout] 
[INFO] [stdout] error: cannot determine resolution for the derive macro `Deserialize`
[INFO] [stdout]   --> src/with/mod.rs:145:19
[INFO] [stdout]    |
[INFO] [stdout] 54 | #[derive(Archive, Deserialize, Serialize)]
[INFO] [stdout]    |                   ^^^^^^^^^^^
[INFO] [stdout]    |
[INFO] [stdout]    = note: import resolution is stuck, try simplifying macro imports
[INFO] [stdout] 
[INFO] [stdout] error: cannot determine resolution for the derive macro `Serialize`
[INFO] [stdout]   --> src/with/mod.rs:145:32
[INFO] [stdout]    |
[INFO] [stdout] 54 | #[derive(Archive, Deserialize, Serialize)]
[INFO] [stdout]    |                                ^^^^^^^^^
[INFO] [stdout]    |
[INFO] [stdout]    = note: import resolution is stuck, try simplifying macro imports
[INFO] [stdout] 
[INFO] [stdout] error: cannot find attribute `with` in this scope
[INFO] [stdout]   --> src/with/mod.rs:147:7
[INFO] [stdout]    |
[INFO] [stdout] 56 |     #[with(Incremented)]
[INFO] [stdout]    |       ^^^^
[INFO] [stdout] 
[INFO] [stdout] error: aborting due to 6 previous errors
[INFO] [stdout] 
[INFO] [stdout] Some errors have detailed explanations: E0432, E0433.
[INFO] [stdout] For more information about an error, try `rustc --explain E0432`.
[INFO] [stdout] Couldn't compile the test.
[INFO] [stdout] ---- src/with/mod.rs - with::Atomic (line 307) stdout ----
[INFO] [stdout] error[E0433]: failed to resolve: use of undeclared crate or module `rkyv`
[INFO] [stdout]  --> src/with/mod.rs:310:5
[INFO] [stdout]   |
[INFO] [stdout] 5 | use rkyv::{Archive, with::Atomic};
[INFO] [stdout]   |     ^^^^ use of undeclared crate or module `rkyv`
[INFO] [stdout] 
[INFO] [stdout] error[E0432]: unresolved import `rkyv`
[INFO] [stdout]  --> src/with/mod.rs:310:5
[INFO] [stdout]   |
[INFO] [stdout] 5 | use rkyv::{Archive, with::Atomic};
[INFO] [stdout]   |     ^^^^ use of undeclared crate or module `rkyv`
[INFO] [stdout] 
[INFO] [stdout] error: cannot determine resolution for the derive macro `Archive`
[INFO] [stdout]  --> src/with/mod.rs:313:10
[INFO] [stdout]   |
[INFO] [stdout] 8 | #[derive(Archive)]
[INFO] [stdout]   |          ^^^^^^^
[INFO] [stdout]   |
[INFO] [stdout]   = note: import resolution is stuck, try simplifying macro imports
[INFO] [stdout] 
[INFO] [stdout] error: cannot find attribute `with` in this scope
[INFO] [stdout]   --> src/with/mod.rs:315:7
[INFO] [stdout]    |
[INFO] [stdout] 10 |     #[with(Atomic)]
[INFO] [stdout]    |       ^^^^
[INFO] [stdout] 
[INFO] [stdout] error: aborting due to 4 previous errors
[INFO] [stdout] 
[INFO] [stdout] Some errors have detailed explanations: E0432, E0433.
[INFO] [stdout] For more information about an error, try `rustc --explain E0432`.
[INFO] [stdout] Couldn't compile the test.
[INFO] [stdout] ---- src/with/mod.rs - with::AsBox (line 368) stdout ----
[INFO] [stdout] error[E0433]: failed to resolve: use of undeclared crate or module `rkyv`
[INFO] [stdout]  --> src/with/mod.rs:369:5
[INFO] [stdout]   |
[INFO] [stdout] 3 | use rkyv::{Archive, with::AsBox};
[INFO] [stdout]   |     ^^^^ use of undeclared crate or module `rkyv`
[INFO] [stdout] 
[INFO] [stdout] error[E0432]: unresolved import `rkyv`
[INFO] [stdout]  --> src/with/mod.rs:369:5
[INFO] [stdout]   |
[INFO] [stdout] 3 | use rkyv::{Archive, with::AsBox};
[INFO] [stdout]   |     ^^^^ use of undeclared crate or module `rkyv`
[INFO] [stdout] 
[INFO] [stdout] error: cannot determine resolution for the derive macro `Archive`
[INFO] [stdout]  --> src/with/mod.rs:371:10
[INFO] [stdout]   |
[INFO] [stdout] 5 | #[derive(Archive)]
[INFO] [stdout]   |          ^^^^^^^
[INFO] [stdout]   |
[INFO] [stdout]   = note: import resolution is stuck, try simplifying macro imports
[INFO] [stdout] 
[INFO] [stdout] error: cannot find attribute `with` in this scope
[INFO] [stdout]  --> src/with/mod.rs:373:7
[INFO] [stdout]   |
[INFO] [stdout] 7 |     #[with(AsBox)]
[INFO] [stdout]   |       ^^^^
[INFO] [stdout] 
[INFO] [stdout] error: cannot find attribute `with` in this scope
[INFO] [stdout]  --> src/with/mod.rs:375:7
[INFO] [stdout]   |
[INFO] [stdout] 9 |     #[with(AsBox)]
[INFO] [stdout]   |       ^^^^
[INFO] [stdout] 
[INFO] [stdout] error: aborting due to 5 previous errors
[INFO] [stdout] 
[INFO] [stdout] Some errors have detailed explanations: E0432, E0433.
[INFO] [stdout] For more information about an error, try `rustc --explain E0432`.
[INFO] [stdout] Couldn't compile the test.
[INFO] [stdout] ---- src/util/mod.rs - util::to_bytes (line 272) stdout ----
[INFO] [stdout] error[E0433]: failed to resolve: use of undeclared crate or module `rkyv`
[INFO] [stdout]  --> src/util/mod.rs:275:13
[INFO] [stdout]   |
[INFO] [stdout] 5 | let bytes = rkyv::to_bytes::<_, 1024>(&value).expect("failed to serialize vec");
[INFO] [stdout]   |             ^^^^ use of undeclared crate or module `rkyv`
[INFO] [stdout] 
[INFO] [stdout] error[E0433]: failed to resolve: use of undeclared crate or module `rkyv`
[INFO] [stdout]   --> src/util/mod.rs:280:5
[INFO] [stdout]    |
[INFO] [stdout] 10 |     rkyv::from_bytes_unchecked::<Vec<i32>>(&bytes)
[INFO] [stdout]    |     ^^^^ use of undeclared crate or module `rkyv`
[INFO] [stdout] 
[INFO] [stdout] error: aborting due to 2 previous errors
[INFO] [stdout] 
[INFO] [stdout] For more information about this error, try `rustc --explain E0433`.
[INFO] [stdout] Couldn't compile the test.
[INFO] [stdout] ---- src/with/mod.rs - with::AsVec (line 518) stdout ----
[INFO] [stdout] error[E0433]: failed to resolve: use of undeclared crate or module `rkyv`
[INFO] [stdout]  --> src/with/mod.rs:520:5
[INFO] [stdout]   |
[INFO] [stdout] 4 | use rkyv::{Archive, with::AsVec};
[INFO] [stdout]   |     ^^^^ use of undeclared crate or module `rkyv`
[INFO] [stdout] 
[INFO] [stdout] error[E0432]: unresolved import `rkyv`
[INFO] [stdout]  --> src/with/mod.rs:520:5
[INFO] [stdout]   |
[INFO] [stdout] 4 | use rkyv::{Archive, with::AsVec};
[INFO] [stdout]   |     ^^^^ use of undeclared crate or module `rkyv`
[INFO] [stdout] 
[INFO] [stdout] error: cannot determine resolution for the derive macro `Archive`
[INFO] [stdout]  --> src/with/mod.rs:522:10
[INFO] [stdout]   |
[INFO] [stdout] 6 | #[derive(Archive)]
[INFO] [stdout]   |          ^^^^^^^
[INFO] [stdout]   |
[INFO] [stdout]   = note: import resolution is stuck, try simplifying macro imports
[INFO] [stdout] 
[INFO] [stdout] error: cannot find attribute `with` in this scope
[INFO] [stdout]  --> src/with/mod.rs:524:7
[INFO] [stdout]   |
[INFO] [stdout] 8 |     #[with(AsVec)]
[INFO] [stdout]   |       ^^^^
[INFO] [stdout] 
[INFO] [stdout] error: aborting due to 4 previous errors
[INFO] [stdout] 
[INFO] [stdout] Some errors have detailed explanations: E0432, E0433.
[INFO] [stdout] For more information about an error, try `rustc --explain E0432`.
[INFO] [stdout] Couldn't compile the test.
[INFO] [stdout] ---- src/with/mod.rs - with::Raw (line 648) stdout ----
[INFO] [stdout] error[E0433]: failed to resolve: use of undeclared crate or module `rkyv`
[INFO] [stdout]  --> src/with/mod.rs:649:5
[INFO] [stdout]   |
[INFO] [stdout] 3 | use rkyv::{Archive, with::Raw};
[INFO] [stdout]   |     ^^^^ use of undeclared crate or module `rkyv`
[INFO] [stdout] 
[INFO] [stdout] error[E0432]: unresolved import `rkyv`
[INFO] [stdout]  --> src/with/mod.rs:649:5
[INFO] [stdout]   |
[INFO] [stdout] 3 | use rkyv::{Archive, with::Raw};
[INFO] [stdout]   |     ^^^^ use of undeclared crate or module `rkyv`
[INFO] [stdout] 
[INFO] [stdout] error: cannot determine resolution for the derive macro `Archive`
[INFO] [stdout]  --> src/with/mod.rs:651:10
[INFO] [stdout]   |
[INFO] [stdout] 5 | #[derive(Archive)]
[INFO] [stdout]   |          ^^^^^^^
[INFO] [stdout]   |
[INFO] [stdout]   = note: import resolution is stuck, try simplifying macro imports
[INFO] [stdout] 
[INFO] [stdout] error: cannot find attribute `with` in this scope
[INFO] [stdout]  --> src/with/mod.rs:653:7
[INFO] [stdout]   |
[INFO] [stdout] 7 |     #[with(Raw)]
[INFO] [stdout]   |       ^^^^
[INFO] [stdout] 
[INFO] [stdout] error: cannot find attribute `with` in this scope
[INFO] [stdout]  --> src/with/mod.rs:655:7
[INFO] [stdout]   |
[INFO] [stdout] 9 |     #[with(Raw)]
[INFO] [stdout]   |       ^^^^
[INFO] [stdout] 
[INFO] [stdout] error: aborting due to 5 previous errors
[INFO] [stdout] 
[INFO] [stdout] Some errors have detailed explanations: E0432, E0433.
[INFO] [stdout] For more information about an error, try `rustc --explain E0432`.
[INFO] [stdout] Couldn't compile the test.
[INFO] [stdout] ---- src/with/mod.rs - with::CopyOptimize (line 574) stdout ----
[INFO] [stdout] error[E0433]: failed to resolve: use of undeclared crate or module `rkyv`
[INFO] [stdout]  --> src/with/mod.rs:575:5
[INFO] [stdout]   |
[INFO] [stdout] 3 | use rkyv::{Archive, with::CopyOptimize};
[INFO] [stdout]   |     ^^^^ use of undeclared crate or module `rkyv`
[INFO] [stdout] 
[INFO] [stdout] error[E0432]: unresolved import `rkyv`
[INFO] [stdout]  --> src/with/mod.rs:575:5
[INFO] [stdout]   |
[INFO] [stdout] 3 | use rkyv::{Archive, with::CopyOptimize};
[INFO] [stdout]   |     ^^^^ use of undeclared crate or module `rkyv`
[INFO] [stdout] 
[INFO] [stdout] error: cannot determine resolution for the derive macro `Archive`
[INFO] [stdout]  --> src/with/mod.rs:577:10
[INFO] [stdout]   |
[INFO] [stdout] 5 | #[derive(Archive)]
[INFO] [stdout]   |          ^^^^^^^
[INFO] [stdout]   |
[INFO] [stdout]   = note: import resolution is stuck, try simplifying macro imports
[INFO] [stdout] 
[INFO] [stdout] error: cannot find attribute `with` in this scope
[INFO] [stdout]  --> src/with/mod.rs:579:7
[INFO] [stdout]   |
[INFO] [stdout] 7 |     #[with(CopyOptimize)]
[INFO] [stdout]   |       ^^^^
[INFO] [stdout] 
[INFO] [stdout] error: aborting due to 4 previous errors
[INFO] [stdout] 
[INFO] [stdout] Some errors have detailed explanations: E0432, E0433.
[INFO] [stdout] For more information about an error, try `rustc --explain E0432`.
[INFO] [stdout] Couldn't compile the test.
[INFO] [stdout] ---- src/with/mod.rs - with::Map (line 281) stdout ----
[INFO] [stdout] error[E0433]: failed to resolve: use of undeclared crate or module `rkyv`
[INFO] [stdout]  --> src/with/mod.rs:282:5
[INFO] [stdout]   |
[INFO] [stdout] 3 | use rkyv::{Archive, with::{Map, RefAsBox}};
[INFO] [stdout]   |     ^^^^ use of undeclared crate or module `rkyv`
[INFO] [stdout] 
[INFO] [stdout] error[E0432]: unresolved import `rkyv`
[INFO] [stdout]  --> src/with/mod.rs:282:5
[INFO] [stdout]   |
[INFO] [stdout] 3 | use rkyv::{Archive, with::{Map, RefAsBox}};
[INFO] [stdout]   |     ^^^^ use of undeclared crate or module `rkyv`
[INFO] [stdout] 
[INFO] [stdout] error: cannot determine resolution for the derive macro `Archive`
[INFO] [stdout]  --> src/with/mod.rs:284:10
[INFO] [stdout]   |
[INFO] [stdout] 5 | #[derive(Archive)]
[INFO] [stdout]   |          ^^^^^^^
[INFO] [stdout]   |
[INFO] [stdout]   = note: import resolution is stuck, try simplifying macro imports
[INFO] [stdout] 
[INFO] [stdout] error: cannot find attribute `with` in this scope
[INFO] [stdout]  --> src/with/mod.rs:286:7
[INFO] [stdout]   |
[INFO] [stdout] 7 |     #[with(Map<RefAsBox>)]
[INFO] [stdout]   |       ^^^^
[INFO] [stdout] 
[INFO] [stdout] error: cannot find attribute `with` in this scope
[INFO] [stdout]  --> src/with/mod.rs:288:7
[INFO] [stdout]   |
[INFO] [stdout] 9 |     #[with(Map<RefAsBox>)]
[INFO] [stdout]   |       ^^^^
[INFO] [stdout] 
[INFO] [stdout] error: aborting due to 5 previous errors
[INFO] [stdout] 
[INFO] [stdout] Some errors have detailed explanations: E0432, E0433.
[INFO] [stdout] For more information about an error, try `rustc --explain E0432`.
[INFO] [stdout] Couldn't compile the test.
[INFO] [stdout] ---- src/with/mod.rs - with::AsOwned (line 498) stdout ----
[INFO] [stdout] error[E0433]: failed to resolve: use of undeclared crate or module `rkyv`
[INFO] [stdout]  --> src/with/mod.rs:500:5
[INFO] [stdout]   |
[INFO] [stdout] 4 | use rkyv::{Archive, with::AsOwned};
[INFO] [stdout]   |     ^^^^ use of undeclared crate or module `rkyv`
[INFO] [stdout] 
[INFO] [stdout] error[E0432]: unresolved import `rkyv`
[INFO] [stdout]  --> src/with/mod.rs:500:5
[INFO] [stdout]   |
[INFO] [stdout] 4 | use rkyv::{Archive, with::AsOwned};
[INFO] [stdout]   |     ^^^^ use of undeclared crate or module `rkyv`
[INFO] [stdout] 
[INFO] [stdout] error: cannot determine resolution for the derive macro `Archive`
[INFO] [stdout]  --> src/with/mod.rs:502:10
[INFO] [stdout]   |
[INFO] [stdout] 6 | #[derive(Archive)]
[INFO] [stdout]   |          ^^^^^^^
[INFO] [stdout]   |
[INFO] [stdout]   = note: import resolution is stuck, try simplifying macro imports
[INFO] [stdout] 
[INFO] [stdout] error: cannot find attribute `with` in this scope
[INFO] [stdout]  --> src/with/mod.rs:504:7
[INFO] [stdout]   |
[INFO] [stdout] 8 |     #[with(AsOwned)]
[INFO] [stdout]   |       ^^^^
[INFO] [stdout] 
[INFO] [stdout] error: aborting due to 4 previous errors
[INFO] [stdout] 
[INFO] [stdout] Some errors have detailed explanations: E0432, E0433.
[INFO] [stdout] For more information about an error, try `rustc --explain E0432`.
[INFO] [stdout] Couldn't compile the test.
[INFO] [stdout] ---- src/with/mod.rs - with::Inline (line 329) stdout ----
[INFO] [stdout] error[E0433]: failed to resolve: use of undeclared crate or module `rkyv`
[INFO] [stdout]  --> src/with/mod.rs:330:5
[INFO] [stdout]   |
[INFO] [stdout] 3 | use rkyv::{Archive, with::Inline};
[INFO] [stdout]   |     ^^^^ use of undeclared crate or module `rkyv`
[INFO] [stdout] 
[INFO] [stdout] error[E0432]: unresolved import `rkyv`
[INFO] [stdout]  --> src/with/mod.rs:330:5
[INFO] [stdout]   |
[INFO] [stdout] 3 | use rkyv::{Archive, with::Inline};
[INFO] [stdout]   |     ^^^^ use of undeclared crate or module `rkyv`
[INFO] [stdout] 
[INFO] [stdout] error: cannot determine resolution for the derive macro `Archive`
[INFO] [stdout]  --> src/with/mod.rs:332:10
[INFO] [stdout]   |
[INFO] [stdout] 5 | #[derive(Archive)]
[INFO] [stdout]   |          ^^^^^^^
[INFO] [stdout]   |
[INFO] [stdout]   = note: import resolution is stuck, try simplifying macro imports
[INFO] [stdout] 
[INFO] [stdout] error: cannot find attribute `with` in this scope
[INFO] [stdout]  --> src/with/mod.rs:334:7
[INFO] [stdout]   |
[INFO] [stdout] 7 |     #[with(Inline)]
[INFO] [stdout]   |       ^^^^
[INFO] [stdout] 
[INFO] [stdout] error: aborting due to 4 previous errors
[INFO] [stdout] 
[INFO] [stdout] Some errors have detailed explanations: E0432, E0433.
[INFO] [stdout] For more information about an error, try `rustc --explain E0432`.
[INFO] [stdout] Couldn't compile the test.
[INFO] [stdout] ---- src/with/mod.rs - with::AsString (line 416) stdout ----
[INFO] [stdout] error[E0433]: failed to resolve: use of undeclared crate or module `rkyv`
[INFO] [stdout]  --> src/with/mod.rs:418:5
[INFO] [stdout]   |
[INFO] [stdout] 4 | use rkyv::{Archive, with::AsString};
[INFO] [stdout]   |     ^^^^ use of undeclared crate or module `rkyv`
[INFO] [stdout] 
[INFO] [stdout] error[E0432]: unresolved import `rkyv`
[INFO] [stdout]  --> src/with/mod.rs:418:5
[INFO] [stdout]   |
[INFO] [stdout] 4 | use rkyv::{Archive, with::AsString};
[INFO] [stdout]   |     ^^^^ use of undeclared crate or module `rkyv`
[INFO] [stdout] 
[INFO] [stdout] error: cannot determine resolution for the derive macro `Archive`
[INFO] [stdout]  --> src/with/mod.rs:420:10
[INFO] [stdout]   |
[INFO] [stdout] 6 | #[derive(Archive)]
[INFO] [stdout]   |          ^^^^^^^
[INFO] [stdout]   |
[INFO] [stdout]   = note: import resolution is stuck, try simplifying macro imports
[INFO] [stdout] 
[INFO] [stdout] error: cannot find attribute `with` in this scope
[INFO] [stdout]  --> src/with/mod.rs:422:7
[INFO] [stdout]   |
[INFO] [stdout] 8 |     #[with(AsString)]
[INFO] [stdout]   |       ^^^^
[INFO] [stdout] 
[INFO] [stdout] error: cannot find attribute `with` in this scope
[INFO] [stdout]   --> src/with/mod.rs:424:7
[INFO] [stdout]    |
[INFO] [stdout] 10 |     #[with(AsString)]
[INFO] [stdout]    |       ^^^^
[INFO] [stdout] 
[INFO] [stdout] error: aborting due to 5 previous errors
[INFO] [stdout] 
[INFO] [stdout] Some errors have detailed explanations: E0432, E0433.
[INFO] [stdout] For more information about an error, try `rustc --explain E0432`.
[INFO] [stdout] Couldn't compile the test.
[INFO] [stdout] ---- src/with/mod.rs - with::Boxed (line 350) stdout ----
[INFO] [stdout] error[E0433]: failed to resolve: use of undeclared crate or module `rkyv`
[INFO] [stdout]  --> src/with/mod.rs:351:5
[INFO] [stdout]   |
[INFO] [stdout] 3 | use rkyv::{Archive, with::Boxed};
[INFO] [stdout]   |     ^^^^ use of undeclared crate or module `rkyv`
[INFO] [stdout] 
[INFO] [stdout] error[E0432]: unresolved import `rkyv`
[INFO] [stdout]  --> src/with/mod.rs:351:5
[INFO] [stdout]   |
[INFO] [stdout] 3 | use rkyv::{Archive, with::Boxed};
[INFO] [stdout]   |     ^^^^ use of undeclared crate or module `rkyv`
[INFO] [stdout] 
[INFO] [stdout] error: cannot determine resolution for the derive macro `Archive`
[INFO] [stdout]  --> src/with/mod.rs:353:10
[INFO] [stdout]   |
[INFO] [stdout] 5 | #[derive(Archive)]
[INFO] [stdout]   |          ^^^^^^^
[INFO] [stdout]   |
[INFO] [stdout]   = note: import resolution is stuck, try simplifying macro imports
[INFO] [stdout] 
[INFO] [stdout] error: cannot find attribute `with` in this scope
[INFO] [stdout]  --> src/with/mod.rs:355:7
[INFO] [stdout]   |
[INFO] [stdout] 7 |     #[with(Boxed)]
[INFO] [stdout]   |       ^^^^
[INFO] [stdout] 
[INFO] [stdout] error: aborting due to 4 previous errors
[INFO] [stdout] 
[INFO] [stdout] Some errors have detailed explanations: E0432, E0433.
[INFO] [stdout] For more information about an error, try `rustc --explain E0432`.
[INFO] [stdout] Couldn't compile the test.
[INFO] [stdout] ---- src/with/mod.rs - with::RefAsBox (line 391) stdout ----
[INFO] [stdout] error[E0433]: failed to resolve: use of undeclared crate or module `rkyv`
[INFO] [stdout]  --> src/with/mod.rs:392:5
[INFO] [stdout]   |
[INFO] [stdout] 3 | use rkyv::{Archive, with::RefAsBox};
[INFO] [stdout]   |     ^^^^ use of undeclared crate or module `rkyv`
[INFO] [stdout] 
[INFO] [stdout] error[E0432]: unresolved import `rkyv`
[INFO] [stdout]  --> src/with/mod.rs:392:5
[INFO] [stdout]   |
[INFO] [stdout] 3 | use rkyv::{Archive, with::RefAsBox};
[INFO] [stdout]   |     ^^^^ use of undeclared crate or module `rkyv`
[INFO] [stdout] 
[INFO] [stdout] error: cannot determine resolution for the derive macro `Archive`
[INFO] [stdout]  --> src/with/mod.rs:394:10
[INFO] [stdout]   |
[INFO] [stdout] 5 | #[derive(Archive)]
[INFO] [stdout]   |          ^^^^^^^
[INFO] [stdout]   |
[INFO] [stdout]   = note: import resolution is stuck, try simplifying macro imports
[INFO] [stdout] 
[INFO] [stdout] error: cannot find attribute `with` in this scope
[INFO] [stdout]  --> src/with/mod.rs:396:7
[INFO] [stdout]   |
[INFO] [stdout] 7 |     #[with(RefAsBox)]
[INFO] [stdout]   |       ^^^^
[INFO] [stdout] 
[INFO] [stdout] error: cannot find attribute `with` in this scope
[INFO] [stdout]  --> src/with/mod.rs:398:7
[INFO] [stdout]   |
[INFO] [stdout] 9 |     #[with(RefAsBox)]
[INFO] [stdout]   |       ^^^^
[INFO] [stdout] 
[INFO] [stdout] error: aborting due to 5 previous errors
[INFO] [stdout] 
[INFO] [stdout] Some errors have detailed explanations: E0432, E0433.
[INFO] [stdout] For more information about an error, try `rustc --explain E0432`.
[INFO] [stdout] Couldn't compile the test.
[INFO] [stdout] ---- src/with/mod.rs - with::Lock (line 465) stdout ----
[INFO] [stdout] error[E0433]: failed to resolve: use of undeclared crate or module `rkyv`
[INFO] [stdout]  --> src/with/mod.rs:467:5
[INFO] [stdout]   |
[INFO] [stdout] 4 | use rkyv::{Archive, with::Lock};
[INFO] [stdout]   |     ^^^^ use of undeclared crate or module `rkyv`
[INFO] [stdout] 
[INFO] [stdout] error[E0432]: unresolved import `rkyv`
[INFO] [stdout]  --> src/with/mod.rs:467:5
[INFO] [stdout]   |
[INFO] [stdout] 4 | use rkyv::{Archive, with::Lock};
[INFO] [stdout]   |     ^^^^ use of undeclared crate or module `rkyv`
[INFO] [stdout] 
[INFO] [stdout] error: cannot determine resolution for the derive macro `Archive`
[INFO] [stdout]  --> src/with/mod.rs:469:10
[INFO] [stdout]   |
[INFO] [stdout] 6 | #[derive(Archive)]
[INFO] [stdout]   |          ^^^^^^^
[INFO] [stdout]   |
[INFO] [stdout]   = note: import resolution is stuck, try simplifying macro imports
[INFO] [stdout] 
[INFO] [stdout] error: cannot find attribute `with` in this scope
[INFO] [stdout]  --> src/with/mod.rs:471:7
[INFO] [stdout]   |
[INFO] [stdout] 8 |     #[with(Lock)]
[INFO] [stdout]   |       ^^^^
[INFO] [stdout] 
[INFO] [stdout] error: aborting due to 4 previous errors
[INFO] [stdout] 
[INFO] [stdout] Some errors have detailed explanations: E0432, E0433.
[INFO] [stdout] For more information about an error, try `rustc --explain E0432`.
[INFO] [stdout] Couldn't compile the test.
[INFO] [stdout] ---- src/with/mod.rs - with::Skip (line 700) stdout ----
[INFO] [stdout] error[E0433]: failed to resolve: use of undeclared crate or module `rkyv`
[INFO] [stdout]  --> src/with/mod.rs:701:5
[INFO] [stdout]   |
[INFO] [stdout] 3 | use rkyv::{Archive, with::Skip};
[INFO] [stdout]   |     ^^^^ use of undeclared crate or module `rkyv`
[INFO] [stdout] 
[INFO] [stdout] error[E0432]: unresolved import `rkyv`
[INFO] [stdout]  --> src/with/mod.rs:701:5
[INFO] [stdout]   |
[INFO] [stdout] 3 | use rkyv::{Archive, with::Skip};
[INFO] [stdout]   |     ^^^^ use of undeclared crate or module `rkyv`
[INFO] [stdout] 
[INFO] [stdout] error: cannot determine resolution for the derive macro `Archive`
[INFO] [stdout]  --> src/with/mod.rs:703:10
[INFO] [stdout]   |
[INFO] [stdout] 5 | #[derive(Archive)]
[INFO] [stdout]   |          ^^^^^^^
[INFO] [stdout]   |
[INFO] [stdout]   = note: import resolution is stuck, try simplifying macro imports
[INFO] [stdout] 
[INFO] [stdout] error: cannot find attribute `with` in this scope
[INFO] [stdout]  --> src/with/mod.rs:705:7
[INFO] [stdout]   |
[INFO] [stdout] 7 |     #[with(Skip)]
[INFO] [stdout]   |       ^^^^
[INFO] [stdout] 
[INFO] [stdout] error: aborting due to 4 previous errors
[INFO] [stdout] 
[INFO] [stdout] Some errors have detailed explanations: E0432, E0433.
[INFO] [stdout] For more information about an error, try `rustc --explain E0432`.
[INFO] [stdout] Couldn't compile the test.
[INFO] [stdout] ---- src/with/mod.rs - with::Niche (line 538) stdout ----
[INFO] [stdout] error[E0433]: failed to resolve: use of undeclared crate or module `rkyv`
[INFO] [stdout]  --> src/with/mod.rs:540:5
[INFO] [stdout]   |
[INFO] [stdout] 4 | use rkyv::{Archive, Archived, with::Niche};
[INFO] [stdout]   |     ^^^^ use of undeclared crate or module `rkyv`
[INFO] [stdout] 
[INFO] [stdout] error[E0432]: unresolved import `rkyv`
[INFO] [stdout]  --> src/with/mod.rs:540:5
[INFO] [stdout]   |
[INFO] [stdout] 4 | use rkyv::{Archive, Archived, with::Niche};
[INFO] [stdout]   |     ^^^^ use of undeclared crate or module `rkyv`
[INFO] [stdout] 
[INFO] [stdout] error: cannot determine resolution for the derive macro `Archive`
[INFO] [stdout]  --> src/with/mod.rs:542:10
[INFO] [stdout]   |
[INFO] [stdout] 6 | #[derive(Archive)]
[INFO] [stdout]   |          ^^^^^^^
[INFO] [stdout]   |
[INFO] [stdout]   = note: import resolution is stuck, try simplifying macro imports
[INFO] [stdout] 
[INFO] [stdout] error: cannot determine resolution for the derive macro `Archive`
[INFO] [stdout]   --> src/with/mod.rs:547:10
[INFO] [stdout]    |
[INFO] [stdout] 11 | #[derive(Archive)]
[INFO] [stdout]    |          ^^^^^^^
[INFO] [stdout]    |
[INFO] [stdout]    = note: import resolution is stuck, try simplifying macro imports
[INFO] [stdout] 
[INFO] [stdout] error: cannot find attribute `with` in this scope
[INFO] [stdout]   --> src/with/mod.rs:549:7
[INFO] [stdout]    |
[INFO] [stdout] 13 |     #[with(Niche)]
[INFO] [stdout]    |       ^^^^
[INFO] [stdout] 
[INFO] [stdout] error: aborting due to 5 previous errors
[INFO] [stdout] 
[INFO] [stdout] Some errors have detailed explanations: E0432, E0433.
[INFO] [stdout] For more information about an error, try `rustc --explain E0432`.
[INFO] [stdout] Couldn't compile the test.
[INFO] [stdout] ---- src/with/mod.rs - with::Unsafe (line 679) stdout ----
[INFO] [stdout] error[E0433]: failed to resolve: use of undeclared crate or module `rkyv`
[INFO] [stdout]  --> src/with/mod.rs:680:5
[INFO] [stdout]   |
[INFO] [stdout] 3 | use rkyv::{Archive, with::Unsafe};
[INFO] [stdout]   |     ^^^^ use of undeclared crate or module `rkyv`
[INFO] [stdout] 
[INFO] [stdout] error[E0432]: unresolved import `rkyv`
[INFO] [stdout]  --> src/with/mod.rs:680:5
[INFO] [stdout]   |
[INFO] [stdout] 3 | use rkyv::{Archive, with::Unsafe};
[INFO] [stdout]   |     ^^^^ use of undeclared crate or module `rkyv`
[INFO] [stdout] 
[INFO] [stdout] error: cannot determine resolution for the derive macro `Archive`
[INFO] [stdout]  --> src/with/mod.rs:683:10
[INFO] [stdout]   |
[INFO] [stdout] 6 | #[derive(Archive)]
[INFO] [stdout]   |          ^^^^^^^
[INFO] [stdout]   |
[INFO] [stdout]   = note: import resolution is stuck, try simplifying macro imports
[INFO] [stdout] 
[INFO] [stdout] error: cannot find attribute `with` in this scope
[INFO] [stdout]  --> src/with/mod.rs:685:7
[INFO] [stdout]   |
[INFO] [stdout] 8 |     #[with(Unsafe)]
[INFO] [stdout]   |       ^^^^
[INFO] [stdout] 
[INFO] [stdout] error: cannot find attribute `with` in this scope
[INFO] [stdout]   --> src/with/mod.rs:687:7
[INFO] [stdout]    |
[INFO] [stdout] 10 |     #[with(Unsafe)]
[INFO] [stdout]    |       ^^^^
[INFO] [stdout] 
[INFO] [stdout] error: aborting due to 5 previous errors
[INFO] [stdout] 
[INFO] [stdout] Some errors have detailed explanations: E0432, E0433.
[INFO] [stdout] For more information about an error, try `rustc --explain E0432`.
[INFO] [stdout] Couldn't compile the test.
[INFO] [stdout] ---- src/with/mod.rs - with::UnixTimestamp (line 599) stdout ----
[INFO] [stdout] error[E0433]: failed to resolve: use of undeclared crate or module `rkyv`
[INFO] [stdout]  --> src/with/mod.rs:600:5
[INFO] [stdout]   |
[INFO] [stdout] 3 | use rkyv::{Archive, with::UnixTimestamp};
[INFO] [stdout]   |     ^^^^ use of undeclared crate or module `rkyv`
[INFO] [stdout] 
[INFO] [stdout] error[E0432]: unresolved import `rkyv`
[INFO] [stdout]  --> src/with/mod.rs:600:5
[INFO] [stdout]   |
[INFO] [stdout] 3 | use rkyv::{Archive, with::UnixTimestamp};
[INFO] [stdout]   |     ^^^^ use of undeclared crate or module `rkyv`
[INFO] [stdout] 
[INFO] [stdout] error: cannot determine resolution for the derive macro `Archive`
[INFO] [stdout]  --> src/with/mod.rs:603:10
[INFO] [stdout]   |
[INFO] [stdout] 6 | #[derive(Archive)]
[INFO] [stdout]   |          ^^^^^^^
[INFO] [stdout]   |
[INFO] [stdout]   = note: import resolution is stuck, try simplifying macro imports
[INFO] [stdout] 
[INFO] [stdout] error: cannot find attribute `with` in this scope
[INFO] [stdout]  --> src/with/mod.rs:605:7
[INFO] [stdout]   |
[INFO] [stdout] 8 |     #[with(UnixTimestamp)]
[INFO] [stdout]   |       ^^^^
[INFO] [stdout] 
[INFO] [stdout] error: aborting due to 4 previous errors
[INFO] [stdout] 
[INFO] [stdout] Some errors have detailed explanations: E0432, E0433.
[INFO] [stdout] For more information about an error, try `rustc --explain E0432`.
[INFO] [stdout] Couldn't compile the test.
[INFO] [stdout] ---- src/with/mod.rs - with::With (line 34) stdout ----
[INFO] [stdout] error[E0433]: failed to resolve: use of undeclared crate or module `rkyv`
[INFO] [stdout]  --> src/with/mod.rs:35:5
[INFO] [stdout]   |
[INFO] [stdout] 3 | use rkyv::{Archive, with::Inline};
[INFO] [stdout]   |     ^^^^ use of undeclared crate or module `rkyv`
[INFO] [stdout] 
[INFO] [stdout] error[E0432]: unresolved import `rkyv`
[INFO] [stdout]  --> src/with/mod.rs:35:5
[INFO] [stdout]   |
[INFO] [stdout] 3 | use rkyv::{Archive, with::Inline};
[INFO] [stdout]   |     ^^^^ use of undeclared crate or module `rkyv`
[INFO] [stdout] 
[INFO] [stdout] error: cannot determine resolution for the derive macro `Archive`
[INFO] [stdout]  --> src/with/mod.rs:37:10
[INFO] [stdout]   |
[INFO] [stdout] 5 | #[derive(Archive)]
[INFO] [stdout]   |          ^^^^^^^
[INFO] [stdout]   |
[INFO] [stdout]   = note: import resolution is stuck, try simplifying macro imports
[INFO] [stdout] 
[INFO] [stdout] error: cannot find attribute `with` in this scope
[INFO] [stdout]  --> src/with/mod.rs:41:7
[INFO] [stdout]   |
[INFO] [stdout] 9 |     #[with(Inline)]
[INFO] [stdout]   |       ^^^^
[INFO] [stdout] 
[INFO] [stdout] error: aborting due to 4 previous errors
[INFO] [stdout] 
[INFO] [stdout] Some errors have detailed explanations: E0432, E0433.
[INFO] [stdout] For more information about an error, try `rustc --explain E0432`.
[INFO] [stdout] Couldn't compile the test.
[INFO] [stdout] 
[INFO] [stdout] failures:
[INFO] [stdout]     src/lib.rs - Archive (line 240)
[INFO] [stdout]     src/lib.rs - Archive (line 292)
[INFO] [stdout]     src/lib.rs - ArchiveUnsized (line 463)
[INFO] [stdout]     src/macros.rs - macros::out_field (line 17)
[INFO] [stdout]     src/rel_ptr/mod.rs - rel_ptr::signed_offset (line 45)
[INFO] [stdout]     src/ser/serializers/core.rs - ser::serializers::core::BufferSerializer (line 55)
[INFO] [stdout]     src/ser/serializers/std.rs - ser::serializers::std::WriteSerializer (line 7)
[INFO] [stdout]     src/util/aligned_vec.rs - util::aligned_vec::AlignedVec::as_mut_ptr (line 167)
[INFO] [stdout]     src/util/aligned_vec.rs - util::aligned_vec::AlignedVec::as_mut_slice (line 194)
[INFO] [stdout]     src/util/aligned_vec.rs - util::aligned_vec::AlignedVec::as_ptr (line 223)
[INFO] [stdout]     src/util/aligned_vec.rs - util::aligned_vec::AlignedVec::as_slice (line 246)
[INFO] [stdout]     src/util/aligned_vec.rs - util::aligned_vec::AlignedVec::capacity (line 264)
[INFO] [stdout]     src/util/aligned_vec.rs - util::aligned_vec::AlignedVec::clear (line 110)
[INFO] [stdout]     src/util/aligned_vec.rs - util::aligned_vec::AlignedVec::extend_from_slice (line 354)
[INFO] [stdout]     src/util/aligned_vec.rs - util::aligned_vec::AlignedVec::into_boxed_slice (line 489)
[INFO] [stdout]     src/util/aligned_vec.rs - util::aligned_vec::AlignedVec::into_boxed_slice (line 500)
[INFO] [stdout]     src/util/aligned_vec.rs - util::aligned_vec::AlignedVec::into_vec (line 520)
[INFO] [stdout]     src/util/aligned_vec.rs - util::aligned_vec::AlignedVec::is_empty (line 320)
[INFO] [stdout]     src/util/aligned_vec.rs - util::aligned_vec::AlignedVec::len (line 337)
[INFO] [stdout]     src/util/aligned_vec.rs - util::aligned_vec::AlignedVec::new (line 40)
[INFO] [stdout]     src/util/aligned_vec.rs - util::aligned_vec::AlignedVec::pop (line 380)
[INFO] [stdout]     src/util/aligned_vec.rs - util::aligned_vec::AlignedVec::push (line 406)
[INFO] [stdout]     src/util/aligned_vec.rs - util::aligned_vec::AlignedVec::reserve (line 285)
[INFO] [stdout]     src/util/aligned_vec.rs - util::aligned_vec::AlignedVec::reserve_exact (line 436)
[INFO] [stdout]     src/util/aligned_vec.rs - util::aligned_vec::AlignedVec::set_len (line 464)
[INFO] [stdout]     src/util/aligned_vec.rs - util::aligned_vec::AlignedVec::shrink_to_fit (line 142)
[INFO] [stdout]     src/util/aligned_vec.rs - util::aligned_vec::AlignedVec::with_capacity (line 60)
[INFO] [stdout]     src/util/mod.rs - util::AlignedBytes (line 213)
[INFO] [stdout]     src/util/mod.rs - util::from_bytes_unchecked (line 311)
[INFO] [stdout]     src/util/mod.rs - util::to_bytes (line 272)
[INFO] [stdout]     src/with/mod.rs - with::ArchiveWith (line 93)
[INFO] [stdout]     src/with/mod.rs - with::AsBox (line 368)
[INFO] [stdout]     src/with/mod.rs - with::AsOwned (line 498)
[INFO] [stdout]     src/with/mod.rs - with::AsString (line 416)
[INFO] [stdout]     src/with/mod.rs - with::AsVec (line 518)
[INFO] [stdout]     src/with/mod.rs - with::Atomic (line 307)
[INFO] [stdout]     src/with/mod.rs - with::Boxed (line 350)
[INFO] [stdout]     src/with/mod.rs - with::CopyOptimize (line 574)
[INFO] [stdout]     src/with/mod.rs - with::Inline (line 329)
[INFO] [stdout]     src/with/mod.rs - with::Lock (line 465)
[INFO] [stdout]     src/with/mod.rs - with::Map (line 281)
[INFO] [stdout]     src/with/mod.rs - with::Niche (line 538)
[INFO] [stdout]     src/with/mod.rs - with::Raw (line 648)
[INFO] [stdout]     src/with/mod.rs - with::RefAsBox (line 391)
[INFO] [stdout]     src/with/mod.rs - with::Skip (line 700)
[INFO] [stdout]     src/with/mod.rs - with::UnixTimestamp (line 599)
[INFO] [stdout]     src/with/mod.rs - with::Unsafe (line 679)
[INFO] [stdout]     src/with/mod.rs - with::With (line 34)
[INFO] [stdout] 
[INFO] [stdout] test result: FAILED. 0 passed; 48 failed; 0 ignored; 0 measured; 0 filtered out; finished in 0.29s
[INFO] [stdout] 
[INFO] [stderr] error: doctest failed, to rerun pass `--doc`
[INFO] running `Command { std: "docker" "inspect" "781a5c95db43a6bd0096d89ee45611ebe80d3e5fc1339cbc4278f31ab6afbe40", kill_on_drop: false }`
[INFO] running `Command { std: "docker" "rm" "-f" "781a5c95db43a6bd0096d89ee45611ebe80d3e5fc1339cbc4278f31ab6afbe40", kill_on_drop: false }`
[INFO] [stdout] 781a5c95db43a6bd0096d89ee45611ebe80d3e5fc1339cbc4278f31ab6afbe40
