[INFO] fetching crate rkpi2 0.1.2...
[INFO] testing rkpi2-0.1.2 against 1.75.0 for beta-1.76-1
[INFO] extracting crate rkpi2 0.1.2 into /workspace/builds/worker-3-tc1/source
[INFO] validating manifest of crates.io crate rkpi2 0.1.2 on toolchain 1.75.0
[INFO] running `Command { std: CARGO_HOME="/workspace/cargo-home" RUSTUP_HOME="/workspace/rustup-home" "/workspace/cargo-home/bin/cargo" "+1.75.0" "metadata" "--manifest-path" "Cargo.toml" "--no-deps", kill_on_drop: false }`
[INFO] started tweaking crates.io crate rkpi2 0.1.2
[INFO] finished tweaking crates.io crate rkpi2 0.1.2
[INFO] tweaked toml for crates.io crate rkpi2 0.1.2 written to /workspace/builds/worker-3-tc1/source/Cargo.toml
[INFO] running `Command { std: CARGO_HOME="/workspace/cargo-home" RUSTUP_HOME="/workspace/rustup-home" "/workspace/cargo-home/bin/cargo" "+1.75.0" "generate-lockfile" "--manifest-path" "Cargo.toml", kill_on_drop: false }`
[INFO] [stderr]     Updating crates.io index
[INFO] running `Command { std: CARGO_HOME="/workspace/cargo-home" RUSTUP_HOME="/workspace/rustup-home" "/workspace/cargo-home/bin/cargo" "+1.75.0" "fetch" "--manifest-path" "Cargo.toml", kill_on_drop: false }`
[INFO] [stderr] warning: version requirement `0.5.1+zstd.1.4.4` for dependency `zstd` includes semver metadata which will be ignored, removing the metadata is recommended to avoid confusion
[INFO] [stderr]  Downloading crates ...
[INFO] [stderr]   Downloaded zstd-safe v2.0.6+zstd.1.4.7
[INFO] [stderr]   Downloaded os_pipe v0.9.2
[INFO] [stderr]   Downloaded zstd v0.5.4+zstd.1.4.7
[INFO] [stderr]   Downloaded zstd-sys v1.4.18+zstd.1.4.7
[INFO] running `Command { std: "docker" "create" "-v" "/var/lib/crater-agent-workspace/builds/worker-3-tc1/target:/opt/rustwide/target:rw,Z" "-v" "/var/lib/crater-agent-workspace/builds/worker-3-tc1/source:/opt/rustwide/workdir:ro,Z" "-v" "/var/lib/crater-agent-workspace/cargo-home:/opt/rustwide/cargo-home:ro,Z" "-v" "/var/lib/crater-agent-workspace/rustup-home:/opt/rustwide/rustup-home:ro,Z" "-e" "SOURCE_DIR=/opt/rustwide/workdir" "-e" "CARGO_TARGET_DIR=/opt/rustwide/target" "-e" "CARGO_HOME=/opt/rustwide/cargo-home" "-e" "RUSTUP_HOME=/opt/rustwide/rustup-home" "-w" "/opt/rustwide/workdir" "-m" "1610612736" "--user" "0:0" "--network" "none" "ghcr.io/rust-lang/crates-build-env/linux@sha256:2788e3201cd34a07e3172128adcd8b3090168a8e3bcc40d7c032b9dda1df7d1c" "/opt/rustwide/cargo-home/bin/cargo" "+1.75.0" "metadata" "--no-deps" "--format-version=1", kill_on_drop: false }`
[INFO] [stdout] 082ca003a52d647c2bdc5ae0232759e538e50e24442417b44a09bf32a12f202e
[INFO] running `Command { std: "docker" "start" "-a" "082ca003a52d647c2bdc5ae0232759e538e50e24442417b44a09bf32a12f202e", kill_on_drop: false }`
[INFO] running `Command { std: "docker" "inspect" "082ca003a52d647c2bdc5ae0232759e538e50e24442417b44a09bf32a12f202e", kill_on_drop: false }`
[INFO] running `Command { std: "docker" "rm" "-f" "082ca003a52d647c2bdc5ae0232759e538e50e24442417b44a09bf32a12f202e", kill_on_drop: false }`
[INFO] [stdout] 082ca003a52d647c2bdc5ae0232759e538e50e24442417b44a09bf32a12f202e
[INFO] running `Command { std: "docker" "create" "-v" "/var/lib/crater-agent-workspace/builds/worker-3-tc1/target:/opt/rustwide/target:rw,Z" "-v" "/var/lib/crater-agent-workspace/builds/worker-3-tc1/source:/opt/rustwide/workdir:ro,Z" "-v" "/var/lib/crater-agent-workspace/cargo-home:/opt/rustwide/cargo-home:ro,Z" "-v" "/var/lib/crater-agent-workspace/rustup-home:/opt/rustwide/rustup-home:ro,Z" "-e" "SOURCE_DIR=/opt/rustwide/workdir" "-e" "CARGO_TARGET_DIR=/opt/rustwide/target" "-e" "CARGO_INCREMENTAL=0" "-e" "RUST_BACKTRACE=full" "-e" "RUSTFLAGS=--cap-lints=warn" "-e" "RUSTDOCFLAGS=--cap-lints=warn" "-e" "CARGO_HOME=/opt/rustwide/cargo-home" "-e" "RUSTUP_HOME=/opt/rustwide/rustup-home" "-w" "/opt/rustwide/workdir" "-m" "1610612736" "--user" "0:0" "--network" "none" "ghcr.io/rust-lang/crates-build-env/linux@sha256:2788e3201cd34a07e3172128adcd8b3090168a8e3bcc40d7c032b9dda1df7d1c" "/opt/rustwide/cargo-home/bin/cargo" "+1.75.0" "build" "--frozen" "--message-format=json", kill_on_drop: false }`
[INFO] [stdout] 729014c0cf94b432e62b081bbb9e41e85053e631c90cf7c4877d9c1f9a9264c5
[INFO] running `Command { std: "docker" "start" "-a" "729014c0cf94b432e62b081bbb9e41e85053e631c90cf7c4877d9c1f9a9264c5", kill_on_drop: false }`
[INFO] [stderr] warning: version requirement `0.5.1+zstd.1.4.4` for dependency `zstd` includes semver metadata which will be ignored, removing the metadata is recommended to avoid confusion
[INFO] [stderr]    Compiling jobserver v0.1.27
[INFO] [stderr]    Compiling zstd-safe v2.0.6+zstd.1.4.7
[INFO] [stderr]    Compiling itertools v0.9.0
[INFO] [stderr]    Compiling cc v1.0.83
[INFO] [stderr]    Compiling zstd-sys v1.4.18+zstd.1.4.7
[INFO] [stderr]    Compiling zstd v0.5.4+zstd.1.4.7
[INFO] [stderr]    Compiling rkpi2 v0.1.2 (/opt/rustwide/workdir)
[INFO] [stdout] warning: constant `SAMPLERATES` is never used
[INFO] [stdout]   --> src/lib.rs:32:7
[INFO] [stdout]    |
[INFO] [stdout] 32 | const SAMPLERATES: [u32; 8] = [
[INFO] [stdout]    |       ^^^^^^^^^^^
[INFO] [stdout]    |
[INFO] [stdout]    = note: `#[warn(dead_code)]` on by default
[INFO] [stdout] 
[INFO] [stdout] 
[INFO] [stdout] warning: function `mux` is never used
[INFO] [stdout]   --> src/lib.rs:40:4
[INFO] [stdout]    |
[INFO] [stdout] 40 | fn mux(w: Box<dyn Write>, h: Hdr, lev: Option<u8>)
[INFO] [stdout]    |    ^^^
[INFO] [stdout] 
[INFO] [stdout] 
[INFO] [stdout] warning: function `demux` is never used
[INFO] [stdout]   --> src/lib.rs:77:4
[INFO] [stdout]    |
[INFO] [stdout] 77 | fn demux(r: Box<dyn Read>)
[INFO] [stdout]    |    ^^^^^
[INFO] [stdout] 
[INFO] [stdout] 
[INFO] [stdout] warning: variable `S` should have a snake case name
[INFO] [stdout]   --> src/lib.rs:46:14
[INFO] [stdout]    |
[INFO] [stdout] 46 |         Some(S) => S as u8,
[INFO] [stdout]    |              ^ help: convert the identifier to snake case (notice the capitalization): `s`
[INFO] [stdout]    |
[INFO] [stdout]    = note: `#[warn(non_snake_case)]` on by default
[INFO] [stdout] 
[INFO] [stdout] 
[INFO] [stdout] warning: variable `L` should have a snake case name
[INFO] [stdout]   --> src/lib.rs:68:14
[INFO] [stdout]    |
[INFO] [stdout] 68 |         Some(L) => match Encoder::new(w, L as i32)
[INFO] [stdout]    |              ^ help: convert the identifier to snake case: `l`
[INFO] [stdout] 
[INFO] [stdout] 
[INFO] [stdout] warning: variable `C` should have a snake case name
[INFO] [stdout]   --> src/lib.rs:69:14
[INFO] [stdout]    |
[INFO] [stdout] 69 |         { Ok(C) => Ok(Box::new(C)),
[INFO] [stdout]    |              ^ help: convert the identifier to snake case (notice the capitalization): `c`
[INFO] [stdout] 
[INFO] [stdout] 
[INFO] [stdout] warning: variable `F` should have a snake case name
[INFO] [stdout]   --> src/lib.rs:89:14
[INFO] [stdout]    |
[INFO] [stdout] 89 |         { Ok(F) => F, Err(E) => { return Err(E) } };
[INFO] [stdout]    |              ^ help: convert the identifier to snake case (notice the capitalization): `f`
[INFO] [stdout] 
[INFO] [stdout] 
[INFO] [stdout] warning: variable `E` should have a snake case name
[INFO] [stdout]   --> src/lib.rs:89:27
[INFO] [stdout]    |
[INFO] [stdout] 89 |         { Ok(F) => F, Err(E) => { return Err(E) } };
[INFO] [stdout]    |                           ^ help: convert the identifier to snake case: `e`
[INFO] [stdout] 
[INFO] [stdout] 
[INFO] [stdout] warning: variable `D` should have a snake case name
[INFO] [stdout]   --> src/lib.rs:99:18
[INFO] [stdout]    |
[INFO] [stdout] 99 |             { Ok(D) => Ok((Box::new(D), h)),
[INFO] [stdout]    |                  ^ help: convert the identifier to snake case: `d`
[INFO] [stdout] 
[INFO] [stdout] 
[INFO] [stdout] warning: 9 warnings emitted
[INFO] [stdout] 
[INFO] [stdout] 
[INFO] [stderr]     Finished dev [unoptimized + debuginfo] target(s) in 16.82s
[INFO] running `Command { std: "docker" "inspect" "729014c0cf94b432e62b081bbb9e41e85053e631c90cf7c4877d9c1f9a9264c5", kill_on_drop: false }`
[INFO] running `Command { std: "docker" "rm" "-f" "729014c0cf94b432e62b081bbb9e41e85053e631c90cf7c4877d9c1f9a9264c5", kill_on_drop: false }`
[INFO] [stdout] 729014c0cf94b432e62b081bbb9e41e85053e631c90cf7c4877d9c1f9a9264c5
[INFO] running `Command { std: "docker" "create" "-v" "/var/lib/crater-agent-workspace/builds/worker-3-tc1/target:/opt/rustwide/target:rw,Z" "-v" "/var/lib/crater-agent-workspace/builds/worker-3-tc1/source:/opt/rustwide/workdir:ro,Z" "-v" "/var/lib/crater-agent-workspace/cargo-home:/opt/rustwide/cargo-home:ro,Z" "-v" "/var/lib/crater-agent-workspace/rustup-home:/opt/rustwide/rustup-home:ro,Z" "-e" "SOURCE_DIR=/opt/rustwide/workdir" "-e" "CARGO_TARGET_DIR=/opt/rustwide/target" "-e" "CARGO_INCREMENTAL=0" "-e" "RUST_BACKTRACE=full" "-e" "RUSTFLAGS=--cap-lints=warn" "-e" "RUSTDOCFLAGS=--cap-lints=warn" "-e" "CARGO_HOME=/opt/rustwide/cargo-home" "-e" "RUSTUP_HOME=/opt/rustwide/rustup-home" "-w" "/opt/rustwide/workdir" "-m" "1610612736" "--user" "0:0" "--network" "none" "ghcr.io/rust-lang/crates-build-env/linux@sha256:2788e3201cd34a07e3172128adcd8b3090168a8e3bcc40d7c032b9dda1df7d1c" "/opt/rustwide/cargo-home/bin/cargo" "+1.75.0" "test" "--frozen" "--no-run" "--message-format=json", kill_on_drop: false }`
[INFO] [stdout] d338d66a378129eab23f71303eef673afcd285599d454050f77b43be370a232e
[INFO] running `Command { std: "docker" "start" "-a" "d338d66a378129eab23f71303eef673afcd285599d454050f77b43be370a232e", kill_on_drop: false }`
[INFO] [stderr] warning: version requirement `0.5.1+zstd.1.4.4` for dependency `zstd` includes semver metadata which will be ignored, removing the metadata is recommended to avoid confusion
[INFO] [stderr]    Compiling os_pipe v0.9.2
[INFO] [stdout] warning: constant `SAMPLERATES` is never used
[INFO] [stdout]   --> src/lib.rs:32:7
[INFO] [stdout]    |
[INFO] [stdout] 32 | const SAMPLERATES: [u32; 8] = [
[INFO] [stdout]    |       ^^^^^^^^^^^
[INFO] [stdout]    |
[INFO] [stdout]    = note: `#[warn(dead_code)]` on by default
[INFO] [stdout] 
[INFO] [stdout] 
[INFO] [stdout] warning: function `mux` is never used
[INFO] [stdout]   --> src/lib.rs:40:4
[INFO] [stdout]    |
[INFO] [stdout] 40 | fn mux(w: Box<dyn Write>, h: Hdr, lev: Option<u8>)
[INFO] [stdout]    |    ^^^
[INFO] [stdout] 
[INFO] [stdout] 
[INFO] [stdout] warning: function `demux` is never used
[INFO] [stdout]   --> src/lib.rs:77:4
[INFO] [stdout]    |
[INFO] [stdout] 77 | fn demux(r: Box<dyn Read>)
[INFO] [stdout]    |    ^^^^^
[INFO] [stdout] 
[INFO] [stdout] 
[INFO] [stdout] warning: variable `S` should have a snake case name
[INFO] [stdout]   --> src/lib.rs:46:14
[INFO] [stdout]    |
[INFO] [stdout] 46 |         Some(S) => S as u8,
[INFO] [stdout]    |              ^ help: convert the identifier to snake case (notice the capitalization): `s`
[INFO] [stdout]    |
[INFO] [stdout]    = note: `#[warn(non_snake_case)]` on by default
[INFO] [stdout] 
[INFO] [stdout] 
[INFO] [stdout] warning: variable `L` should have a snake case name
[INFO] [stdout]   --> src/lib.rs:68:14
[INFO] [stdout]    |
[INFO] [stdout] 68 |         Some(L) => match Encoder::new(w, L as i32)
[INFO] [stdout]    |              ^ help: convert the identifier to snake case: `l`
[INFO] [stdout] 
[INFO] [stdout] 
[INFO] [stdout] warning: variable `C` should have a snake case name
[INFO] [stdout]   --> src/lib.rs:69:14
[INFO] [stdout]    |
[INFO] [stdout] 69 |         { Ok(C) => Ok(Box::new(C)),
[INFO] [stdout]    |              ^ help: convert the identifier to snake case (notice the capitalization): `c`
[INFO] [stdout] 
[INFO] [stdout] 
[INFO] [stdout] warning: variable `F` should have a snake case name
[INFO] [stdout]   --> src/lib.rs:89:14
[INFO] [stdout]    |
[INFO] [stdout] 89 |         { Ok(F) => F, Err(E) => { return Err(E) } };
[INFO] [stdout]    |              ^ help: convert the identifier to snake case (notice the capitalization): `f`
[INFO] [stdout] 
[INFO] [stdout] 
[INFO] [stdout] warning: variable `E` should have a snake case name
[INFO] [stdout]   --> src/lib.rs:89:27
[INFO] [stdout]    |
[INFO] [stdout] 89 |         { Ok(F) => F, Err(E) => { return Err(E) } };
[INFO] [stdout]    |                           ^ help: convert the identifier to snake case: `e`
[INFO] [stdout] 
[INFO] [stdout] 
[INFO] [stdout] warning: variable `D` should have a snake case name
[INFO] [stdout]   --> src/lib.rs:99:18
[INFO] [stdout]    |
[INFO] [stdout] 99 |             { Ok(D) => Ok((Box::new(D), h)),
[INFO] [stdout]    |                  ^ help: convert the identifier to snake case: `d`
[INFO] [stdout] 
[INFO] [stdout] 
[INFO] [stdout] warning: 9 warnings emitted
[INFO] [stdout] 
[INFO] [stdout] 
[INFO] [stderr]    Compiling rkpi2 v0.1.2 (/opt/rustwide/workdir)
[INFO] [stdout] warning: variable `S` should have a snake case name
[INFO] [stdout]   --> src/lib.rs:46:14
[INFO] [stdout]    |
[INFO] [stdout] 46 |         Some(S) => S as u8,
[INFO] [stdout]    |              ^ help: convert the identifier to snake case (notice the capitalization): `s`
[INFO] [stdout]    |
[INFO] [stdout]    = note: `#[warn(non_snake_case)]` on by default
[INFO] [stdout] 
[INFO] [stdout] 
[INFO] [stdout] warning: variable `L` should have a snake case name
[INFO] [stdout]   --> src/lib.rs:68:14
[INFO] [stdout]    |
[INFO] [stdout] 68 |         Some(L) => match Encoder::new(w, L as i32)
[INFO] [stdout]    |              ^ help: convert the identifier to snake case: `l`
[INFO] [stdout] 
[INFO] [stdout] 
[INFO] [stdout] warning: variable `C` should have a snake case name
[INFO] [stdout]   --> src/lib.rs:69:14
[INFO] [stdout]    |
[INFO] [stdout] 69 |         { Ok(C) => Ok(Box::new(C)),
[INFO] [stdout]    |              ^ help: convert the identifier to snake case (notice the capitalization): `c`
[INFO] [stdout] 
[INFO] [stdout] 
[INFO] [stdout] warning: variable `F` should have a snake case name
[INFO] [stdout]   --> src/lib.rs:89:14
[INFO] [stdout]    |
[INFO] [stdout] 89 |         { Ok(F) => F, Err(E) => { return Err(E) } };
[INFO] [stdout]    |              ^ help: convert the identifier to snake case (notice the capitalization): `f`
[INFO] [stdout] 
[INFO] [stdout] 
[INFO] [stdout] warning: variable `E` should have a snake case name
[INFO] [stdout]   --> src/lib.rs:89:27
[INFO] [stdout]    |
[INFO] [stdout] 89 |         { Ok(F) => F, Err(E) => { return Err(E) } };
[INFO] [stdout]    |                           ^ help: convert the identifier to snake case: `e`
[INFO] [stdout] 
[INFO] [stdout] 
[INFO] [stdout] warning: variable `D` should have a snake case name
[INFO] [stdout]   --> src/lib.rs:99:18
[INFO] [stdout]    |
[INFO] [stdout] 99 |             { Ok(D) => Ok((Box::new(D), h)),
[INFO] [stdout]    |                  ^ help: convert the identifier to snake case: `d`
[INFO] [stdout] 
[INFO] [stdout] 
[INFO] [stdout] warning: 6 warnings emitted
[INFO] [stdout] 
[INFO] [stdout] 
[INFO] [stderr]     Finished test [unoptimized + debuginfo] target(s) in 0.51s
[INFO] running `Command { std: "docker" "inspect" "d338d66a378129eab23f71303eef673afcd285599d454050f77b43be370a232e", kill_on_drop: false }`
[INFO] running `Command { std: "docker" "rm" "-f" "d338d66a378129eab23f71303eef673afcd285599d454050f77b43be370a232e", kill_on_drop: false }`
[INFO] [stdout] d338d66a378129eab23f71303eef673afcd285599d454050f77b43be370a232e
[INFO] running `Command { std: "docker" "create" "-v" "/var/lib/crater-agent-workspace/builds/worker-3-tc1/target:/opt/rustwide/target:rw,Z" "-v" "/var/lib/crater-agent-workspace/builds/worker-3-tc1/source:/opt/rustwide/workdir:ro,Z" "-v" "/var/lib/crater-agent-workspace/cargo-home:/opt/rustwide/cargo-home:ro,Z" "-v" "/var/lib/crater-agent-workspace/rustup-home:/opt/rustwide/rustup-home:ro,Z" "-e" "SOURCE_DIR=/opt/rustwide/workdir" "-e" "CARGO_TARGET_DIR=/opt/rustwide/target" "-e" "CARGO_INCREMENTAL=0" "-e" "RUST_BACKTRACE=full" "-e" "RUSTFLAGS=--cap-lints=warn" "-e" "RUSTDOCFLAGS=--cap-lints=warn" "-e" "CARGO_HOME=/opt/rustwide/cargo-home" "-e" "RUSTUP_HOME=/opt/rustwide/rustup-home" "-w" "/opt/rustwide/workdir" "-m" "1610612736" "--user" "0:0" "--network" "none" "ghcr.io/rust-lang/crates-build-env/linux@sha256:2788e3201cd34a07e3172128adcd8b3090168a8e3bcc40d7c032b9dda1df7d1c" "/opt/rustwide/cargo-home/bin/cargo" "+1.75.0" "test" "--frozen", kill_on_drop: false }`
[INFO] [stdout] c1bf69c40ced4bcd6a5614b0bac7dde97c5af310e319cda377fb0ad8899e2e06
[INFO] running `Command { std: "docker" "start" "-a" "c1bf69c40ced4bcd6a5614b0bac7dde97c5af310e319cda377fb0ad8899e2e06", kill_on_drop: false }`
[INFO] [stderr] warning: version requirement `0.5.1+zstd.1.4.4` for dependency `zstd` includes semver metadata which will be ignored, removing the metadata is recommended to avoid confusion
[INFO] [stderr] warning: constant `SAMPLERATES` is never used
[INFO] [stderr]   --> src/lib.rs:32:7
[INFO] [stderr]    |
[INFO] [stderr] 32 | const SAMPLERATES: [u32; 8] = [
[INFO] [stderr]    |       ^^^^^^^^^^^
[INFO] [stderr]    |
[INFO] [stderr]    = note: `#[warn(dead_code)]` on by default
[INFO] [stderr] 
[INFO] [stderr] warning: function `mux` is never used
[INFO] [stderr]   --> src/lib.rs:40:4
[INFO] [stderr]    |
[INFO] [stderr] 40 | fn mux(w: Box<dyn Write>, h: Hdr, lev: Option<u8>)
[INFO] [stderr]    |    ^^^
[INFO] [stderr] 
[INFO] [stderr] warning: function `demux` is never used
[INFO] [stderr]   --> src/lib.rs:77:4
[INFO] [stderr]    |
[INFO] [stderr] 77 | fn demux(r: Box<dyn Read>)
[INFO] [stderr]    |    ^^^^^
[INFO] [stderr] 
[INFO] [stderr] warning: variable `S` should have a snake case name
[INFO] [stderr]   --> src/lib.rs:46:14
[INFO] [stderr]    |
[INFO] [stderr] 46 |         Some(S) => S as u8,
[INFO] [stderr]    |              ^ help: convert the identifier to snake case (notice the capitalization): `s`
[INFO] [stderr]    |
[INFO] [stderr]    = note: `#[warn(non_snake_case)]` on by default
[INFO] [stderr] 
[INFO] [stderr] warning: variable `L` should have a snake case name
[INFO] [stderr]   --> src/lib.rs:68:14
[INFO] [stderr]    |
[INFO] [stderr] 68 |         Some(L) => match Encoder::new(w, L as i32)
[INFO] [stderr]    |              ^ help: convert the identifier to snake case: `l`
[INFO] [stderr] 
[INFO] [stderr] warning: variable `C` should have a snake case name
[INFO] [stderr]   --> src/lib.rs:69:14
[INFO] [stderr]    |
[INFO] [stderr] 69 |         { Ok(C) => Ok(Box::new(C)),
[INFO] [stderr]    |              ^ help: convert the identifier to snake case (notice the capitalization): `c`
[INFO] [stderr] 
[INFO] [stderr] warning: variable `F` should have a snake case name
[INFO] [stderr]   --> src/lib.rs:89:14
[INFO] [stderr]    |
[INFO] [stderr] 89 |         { Ok(F) => F, Err(E) => { return Err(E) } };
[INFO] [stderr]    |              ^ help: convert the identifier to snake case (notice the capitalization): `f`
[INFO] [stderr] 
[INFO] [stderr] warning: variable `E` should have a snake case name
[INFO] [stderr]   --> src/lib.rs:89:27
[INFO] [stderr]    |
[INFO] [stderr] 89 |         { Ok(F) => F, Err(E) => { return Err(E) } };
[INFO] [stderr]    |                           ^ help: convert the identifier to snake case: `e`
[INFO] [stderr] 
[INFO] [stderr] warning: variable `D` should have a snake case name
[INFO] [stderr]   --> src/lib.rs:99:18
[INFO] [stderr]    |
[INFO] [stderr] 99 |             { Ok(D) => Ok((Box::new(D), h)),
[INFO] [stderr]    |                  ^ help: convert the identifier to snake case: `d`
[INFO] [stderr] 
[INFO] [stderr] warning: `rkpi2` (lib) generated 9 warnings
[INFO] [stderr] warning: `rkpi2` (lib test) generated 6 warnings (6 duplicates)
[INFO] [stderr]     Finished test [unoptimized + debuginfo] target(s) in 0.01s
[INFO] [stderr]      Running unittests src/lib.rs (/opt/rustwide/target/debug/deps/rkpi2-08e551de501be151)
[INFO] [stdout] 
[INFO] [stdout] running 1 test
[INFO] [stdout] test rkpi2_hdr_and_data ... ok
[INFO] [stdout] 
[INFO] [stdout] test result: ok. 1 passed; 0 failed; 0 ignored; 0 measured; 0 filtered out; finished in 0.00s
[INFO] [stdout] 
[INFO] [stderr]    Doc-tests rkpi2
[INFO] [stdout] 
[INFO] [stdout] running 1 test
[INFO] [stdout] test src/lib.rs - (line 10) ... FAILED
[INFO] [stdout] 
[INFO] [stdout] failures:
[INFO] [stdout] 
[INFO] [stdout] ---- src/lib.rs - (line 10) stdout ----
[INFO] [stdout] error[E0422]: cannot find struct, variant or union type `Hdr` in this scope
[INFO] [stdout]  --> src/lib.rs:16:9
[INFO] [stdout]   |
[INFO] [stdout] 7 |         Hdr {
[INFO] [stdout]   |         ^^^ not found in this scope
[INFO] [stdout]   |
[INFO] [stdout] help: consider importing this struct
[INFO] [stdout]   |
[INFO] [stdout] 2 + use rkpi2::Hdr;
[INFO] [stdout]   |
[INFO] [stdout] 
[INFO] [stdout] error[E0433]: failed to resolve: use of undeclared type `Fmt`
[INFO] [stdout]  --> src/lib.rs:17:21
[INFO] [stdout]   |
[INFO] [stdout] 8 |             format: Fmt::Int8,
[INFO] [stdout]   |                     ^^^ use of undeclared type `Fmt`
[INFO] [stdout]   |
[INFO] [stdout] help: consider importing this enum
[INFO] [stdout]   |
[INFO] [stdout] 2 + use rkpi2::Fmt;
[INFO] [stdout]   |
[INFO] [stdout] 
[INFO] [stdout] error[E0425]: cannot find function `mux` in this scope
[INFO] [stdout]  --> src/lib.rs:15:21
[INFO] [stdout]   |
[INFO] [stdout] 6 |     let mut rkout = mux(Box::new(out),
[INFO] [stdout]   |                     ^^^ not found in this scope
[INFO] [stdout] 
[INFO] [stdout] error: aborting due to 3 previous errors
[INFO] [stdout] 
[INFO] [stdout] Some errors have detailed explanations: E0422, E0425, E0433.
[INFO] [stdout] For more information about an error, try `rustc --explain E0422`.
[INFO] [stdout] Couldn't compile the test.
[INFO] [stdout] 
[INFO] [stdout] failures:
[INFO] [stdout]     src/lib.rs - (line 10)
[INFO] [stdout] 
[INFO] [stdout] test result: FAILED. 0 passed; 1 failed; 0 ignored; 0 measured; 0 filtered out; finished in 0.08s
[INFO] [stdout] 
[INFO] [stderr] error: doctest failed, to rerun pass `--doc`
[INFO] running `Command { std: "docker" "inspect" "c1bf69c40ced4bcd6a5614b0bac7dde97c5af310e319cda377fb0ad8899e2e06", kill_on_drop: false }`
[INFO] running `Command { std: "docker" "rm" "-f" "c1bf69c40ced4bcd6a5614b0bac7dde97c5af310e319cda377fb0ad8899e2e06", kill_on_drop: false }`
[INFO] [stdout] c1bf69c40ced4bcd6a5614b0bac7dde97c5af310e319cda377fb0ad8899e2e06
[INFO] testing rkpi2-0.1.2 against beta-2023-12-22 for beta-1.76-1
[INFO] extracting crate rkpi2 0.1.2 into /workspace/builds/worker-3-tc2/source
[INFO] validating manifest of crates.io crate rkpi2 0.1.2 on toolchain beta-2023-12-22
[INFO] running `Command { std: CARGO_HOME="/workspace/cargo-home" RUSTUP_HOME="/workspace/rustup-home" "/workspace/cargo-home/bin/cargo" "+beta-2023-12-22" "metadata" "--manifest-path" "Cargo.toml" "--no-deps", kill_on_drop: false }`
[INFO] started tweaking crates.io crate rkpi2 0.1.2
[INFO] finished tweaking crates.io crate rkpi2 0.1.2
[INFO] tweaked toml for crates.io crate rkpi2 0.1.2 written to /workspace/builds/worker-3-tc2/source/Cargo.toml
[INFO] running `Command { std: CARGO_HOME="/workspace/cargo-home" RUSTUP_HOME="/workspace/rustup-home" "/workspace/cargo-home/bin/cargo" "+beta-2023-12-22" "generate-lockfile" "--manifest-path" "Cargo.toml", kill_on_drop: false }`
[INFO] [stderr]     Updating crates.io index
[INFO] running `Command { std: CARGO_HOME="/workspace/cargo-home" RUSTUP_HOME="/workspace/rustup-home" "/workspace/cargo-home/bin/cargo" "+beta-2023-12-22" "fetch" "--manifest-path" "Cargo.toml", kill_on_drop: false }`
[INFO] [stderr] warning: version requirement `0.5.1+zstd.1.4.4` for dependency `zstd` includes semver metadata which will be ignored, removing the metadata is recommended to avoid confusion
[INFO] running `Command { std: "docker" "create" "-v" "/var/lib/crater-agent-workspace/builds/worker-3-tc2/target:/opt/rustwide/target:rw,Z" "-v" "/var/lib/crater-agent-workspace/builds/worker-3-tc2/source:/opt/rustwide/workdir:ro,Z" "-v" "/var/lib/crater-agent-workspace/cargo-home:/opt/rustwide/cargo-home:ro,Z" "-v" "/var/lib/crater-agent-workspace/rustup-home:/opt/rustwide/rustup-home:ro,Z" "-e" "SOURCE_DIR=/opt/rustwide/workdir" "-e" "CARGO_TARGET_DIR=/opt/rustwide/target" "-e" "CARGO_HOME=/opt/rustwide/cargo-home" "-e" "RUSTUP_HOME=/opt/rustwide/rustup-home" "-w" "/opt/rustwide/workdir" "-m" "1610612736" "--user" "0:0" "--network" "none" "ghcr.io/rust-lang/crates-build-env/linux@sha256:2788e3201cd34a07e3172128adcd8b3090168a8e3bcc40d7c032b9dda1df7d1c" "/opt/rustwide/cargo-home/bin/cargo" "+beta-2023-12-22" "metadata" "--no-deps" "--format-version=1", kill_on_drop: false }`
[INFO] [stdout] f7f35b5318149129fce4bc67ba2d2d9c7e8aab605ec44f9f28da74c8397751c9
[INFO] running `Command { std: "docker" "start" "-a" "f7f35b5318149129fce4bc67ba2d2d9c7e8aab605ec44f9f28da74c8397751c9", kill_on_drop: false }`
[INFO] running `Command { std: "docker" "inspect" "f7f35b5318149129fce4bc67ba2d2d9c7e8aab605ec44f9f28da74c8397751c9", kill_on_drop: false }`
[INFO] running `Command { std: "docker" "rm" "-f" "f7f35b5318149129fce4bc67ba2d2d9c7e8aab605ec44f9f28da74c8397751c9", kill_on_drop: false }`
[INFO] [stdout] f7f35b5318149129fce4bc67ba2d2d9c7e8aab605ec44f9f28da74c8397751c9
[INFO] running `Command { std: "docker" "create" "-v" "/var/lib/crater-agent-workspace/builds/worker-3-tc2/target:/opt/rustwide/target:rw,Z" "-v" "/var/lib/crater-agent-workspace/builds/worker-3-tc2/source:/opt/rustwide/workdir:ro,Z" "-v" "/var/lib/crater-agent-workspace/cargo-home:/opt/rustwide/cargo-home:ro,Z" "-v" "/var/lib/crater-agent-workspace/rustup-home:/opt/rustwide/rustup-home:ro,Z" "-e" "SOURCE_DIR=/opt/rustwide/workdir" "-e" "CARGO_TARGET_DIR=/opt/rustwide/target" "-e" "CARGO_INCREMENTAL=0" "-e" "RUST_BACKTRACE=full" "-e" "RUSTFLAGS=--cap-lints=warn" "-e" "RUSTDOCFLAGS=--cap-lints=warn" "-e" "CARGO_HOME=/opt/rustwide/cargo-home" "-e" "RUSTUP_HOME=/opt/rustwide/rustup-home" "-w" "/opt/rustwide/workdir" "-m" "1610612736" "--user" "0:0" "--network" "none" "ghcr.io/rust-lang/crates-build-env/linux@sha256:2788e3201cd34a07e3172128adcd8b3090168a8e3bcc40d7c032b9dda1df7d1c" "/opt/rustwide/cargo-home/bin/cargo" "+beta-2023-12-22" "build" "--frozen" "--message-format=json", kill_on_drop: false }`
[INFO] [stdout] 65a907f9a7b7e20b59e0a12f72bc285e815b37a4b9d86ecd2a4fff3c7b6d3722
[INFO] running `Command { std: "docker" "start" "-a" "65a907f9a7b7e20b59e0a12f72bc285e815b37a4b9d86ecd2a4fff3c7b6d3722", kill_on_drop: false }`
[INFO] [stderr] warning: version requirement `0.5.1+zstd.1.4.4` for dependency `zstd` includes semver metadata which will be ignored, removing the metadata is recommended to avoid confusion
[INFO] [stderr]    Compiling jobserver v0.1.27
[INFO] [stderr]    Compiling zstd-safe v2.0.6+zstd.1.4.7
[INFO] [stderr]    Compiling itertools v0.9.0
[INFO] [stderr]    Compiling cc v1.0.83
[INFO] [stderr]    Compiling zstd-sys v1.4.18+zstd.1.4.7
[INFO] [stderr]    Compiling zstd v0.5.4+zstd.1.4.7
[INFO] [stderr]    Compiling rkpi2 v0.1.2 (/opt/rustwide/workdir)
[INFO] [stdout] warning: constant `SAMPLERATES` is never used
[INFO] [stdout]   --> src/lib.rs:32:7
[INFO] [stdout]    |
[INFO] [stdout] 32 | const SAMPLERATES: [u32; 8] = [
[INFO] [stdout]    |       ^^^^^^^^^^^
[INFO] [stdout]    |
[INFO] [stdout]    = note: `#[warn(dead_code)]` on by default
[INFO] [stdout] 
[INFO] [stdout] 
[INFO] [stdout] warning: function `mux` is never used
[INFO] [stdout]   --> src/lib.rs:40:4
[INFO] [stdout]    |
[INFO] [stdout] 40 | fn mux(w: Box<dyn Write>, h: Hdr, lev: Option<u8>)
[INFO] [stdout]    |    ^^^
[INFO] [stdout] 
[INFO] [stdout] 
[INFO] [stdout] warning: function `demux` is never used
[INFO] [stdout]   --> src/lib.rs:77:4
[INFO] [stdout]    |
[INFO] [stdout] 77 | fn demux(r: Box<dyn Read>)
[INFO] [stdout]    |    ^^^^^
[INFO] [stdout] 
[INFO] [stdout] 
[INFO] [stdout] warning: variable `S` should have a snake case name
[INFO] [stdout]   --> src/lib.rs:46:14
[INFO] [stdout]    |
[INFO] [stdout] 46 |         Some(S) => S as u8,
[INFO] [stdout]    |              ^ help: convert the identifier to snake case (notice the capitalization): `s`
[INFO] [stdout]    |
[INFO] [stdout]    = note: `#[warn(non_snake_case)]` on by default
[INFO] [stdout] 
[INFO] [stdout] 
[INFO] [stdout] warning: variable `L` should have a snake case name
[INFO] [stdout]   --> src/lib.rs:68:14
[INFO] [stdout]    |
[INFO] [stdout] 68 |         Some(L) => match Encoder::new(w, L as i32)
[INFO] [stdout]    |              ^ help: convert the identifier to snake case: `l`
[INFO] [stdout] 
[INFO] [stdout] 
[INFO] [stdout] warning: variable `C` should have a snake case name
[INFO] [stdout]   --> src/lib.rs:69:14
[INFO] [stdout]    |
[INFO] [stdout] 69 |         { Ok(C) => Ok(Box::new(C)),
[INFO] [stdout]    |              ^ help: convert the identifier to snake case (notice the capitalization): `c`
[INFO] [stdout] 
[INFO] [stdout] 
[INFO] [stdout] warning: variable `F` should have a snake case name
[INFO] [stdout]   --> src/lib.rs:89:14
[INFO] [stdout]    |
[INFO] [stdout] 89 |         { Ok(F) => F, Err(E) => { return Err(E) } };
[INFO] [stdout]    |              ^ help: convert the identifier to snake case (notice the capitalization): `f`
[INFO] [stdout] 
[INFO] [stdout] 
[INFO] [stdout] warning: variable `E` should have a snake case name
[INFO] [stdout]   --> src/lib.rs:89:27
[INFO] [stdout]    |
[INFO] [stdout] 89 |         { Ok(F) => F, Err(E) => { return Err(E) } };
[INFO] [stdout]    |                           ^ help: convert the identifier to snake case: `e`
[INFO] [stdout] 
[INFO] [stdout] 
[INFO] [stdout] warning: variable `D` should have a snake case name
[INFO] [stdout]   --> src/lib.rs:99:18
[INFO] [stdout]    |
[INFO] [stdout] 99 |             { Ok(D) => Ok((Box::new(D), h)),
[INFO] [stdout]    |                  ^ help: convert the identifier to snake case: `d`
[INFO] [stdout] 
[INFO] [stdout] 
[INFO] [stdout] warning: 9 warnings emitted
[INFO] [stdout] 
[INFO] [stdout] 
[INFO] [stderr]     Finished dev [unoptimized + debuginfo] target(s) in 20.58s
[INFO] running `Command { std: "docker" "inspect" "65a907f9a7b7e20b59e0a12f72bc285e815b37a4b9d86ecd2a4fff3c7b6d3722", kill_on_drop: false }`
[INFO] running `Command { std: "docker" "rm" "-f" "65a907f9a7b7e20b59e0a12f72bc285e815b37a4b9d86ecd2a4fff3c7b6d3722", kill_on_drop: false }`
[INFO] [stdout] 65a907f9a7b7e20b59e0a12f72bc285e815b37a4b9d86ecd2a4fff3c7b6d3722
[INFO] running `Command { std: "docker" "create" "-v" "/var/lib/crater-agent-workspace/builds/worker-3-tc2/target:/opt/rustwide/target:rw,Z" "-v" "/var/lib/crater-agent-workspace/builds/worker-3-tc2/source:/opt/rustwide/workdir:ro,Z" "-v" "/var/lib/crater-agent-workspace/cargo-home:/opt/rustwide/cargo-home:ro,Z" "-v" "/var/lib/crater-agent-workspace/rustup-home:/opt/rustwide/rustup-home:ro,Z" "-e" "SOURCE_DIR=/opt/rustwide/workdir" "-e" "CARGO_TARGET_DIR=/opt/rustwide/target" "-e" "CARGO_INCREMENTAL=0" "-e" "RUST_BACKTRACE=full" "-e" "RUSTFLAGS=--cap-lints=warn" "-e" "RUSTDOCFLAGS=--cap-lints=warn" "-e" "CARGO_HOME=/opt/rustwide/cargo-home" "-e" "RUSTUP_HOME=/opt/rustwide/rustup-home" "-w" "/opt/rustwide/workdir" "-m" "1610612736" "--user" "0:0" "--network" "none" "ghcr.io/rust-lang/crates-build-env/linux@sha256:2788e3201cd34a07e3172128adcd8b3090168a8e3bcc40d7c032b9dda1df7d1c" "/opt/rustwide/cargo-home/bin/cargo" "+beta-2023-12-22" "test" "--frozen" "--no-run" "--message-format=json", kill_on_drop: false }`
[INFO] [stdout] a613c006358f0848c1f93c7c69f4bc095de7b655554ffcda515dacf9963aeef8
[INFO] running `Command { std: "docker" "start" "-a" "a613c006358f0848c1f93c7c69f4bc095de7b655554ffcda515dacf9963aeef8", kill_on_drop: false }`
[INFO] [stderr] warning: version requirement `0.5.1+zstd.1.4.4` for dependency `zstd` includes semver metadata which will be ignored, removing the metadata is recommended to avoid confusion
[INFO] [stderr]    Compiling os_pipe v0.9.2
[INFO] [stdout] warning: constant `SAMPLERATES` is never used
[INFO] [stdout]   --> src/lib.rs:32:7
[INFO] [stdout]    |
[INFO] [stdout] 32 | const SAMPLERATES: [u32; 8] = [
[INFO] [stdout]    |       ^^^^^^^^^^^
[INFO] [stdout]    |
[INFO] [stdout]    = note: `#[warn(dead_code)]` on by default
[INFO] [stdout] 
[INFO] [stdout] 
[INFO] [stdout] warning: function `mux` is never used
[INFO] [stdout]   --> src/lib.rs:40:4
[INFO] [stdout]    |
[INFO] [stdout] 40 | fn mux(w: Box<dyn Write>, h: Hdr, lev: Option<u8>)
[INFO] [stdout]    |    ^^^
[INFO] [stdout] 
[INFO] [stdout] 
[INFO] [stdout] warning: function `demux` is never used
[INFO] [stdout]   --> src/lib.rs:77:4
[INFO] [stdout]    |
[INFO] [stdout] 77 | fn demux(r: Box<dyn Read>)
[INFO] [stdout]    |    ^^^^^
[INFO] [stdout] 
[INFO] [stdout] 
[INFO] [stdout] warning: variable `S` should have a snake case name
[INFO] [stdout]   --> src/lib.rs:46:14
[INFO] [stdout]    |
[INFO] [stdout] 46 |         Some(S) => S as u8,
[INFO] [stdout]    |              ^ help: convert the identifier to snake case (notice the capitalization): `s`
[INFO] [stdout]    |
[INFO] [stdout]    = note: `#[warn(non_snake_case)]` on by default
[INFO] [stdout] 
[INFO] [stdout] 
[INFO] [stdout] warning: variable `L` should have a snake case name
[INFO] [stdout]   --> src/lib.rs:68:14
[INFO] [stdout]    |
[INFO] [stdout] 68 |         Some(L) => match Encoder::new(w, L as i32)
[INFO] [stdout]    |              ^ help: convert the identifier to snake case: `l`
[INFO] [stdout] 
[INFO] [stdout] 
[INFO] [stdout] warning: variable `C` should have a snake case name
[INFO] [stdout]   --> src/lib.rs:69:14
[INFO] [stdout]    |
[INFO] [stdout] 69 |         { Ok(C) => Ok(Box::new(C)),
[INFO] [stdout]    |              ^ help: convert the identifier to snake case (notice the capitalization): `c`
[INFO] [stdout] 
[INFO] [stdout] 
[INFO] [stdout] warning: variable `F` should have a snake case name
[INFO] [stdout]   --> src/lib.rs:89:14
[INFO] [stdout]    |
[INFO] [stdout] 89 |         { Ok(F) => F, Err(E) => { return Err(E) } };
[INFO] [stdout]    |              ^ help: convert the identifier to snake case (notice the capitalization): `f`
[INFO] [stdout] 
[INFO] [stdout] 
[INFO] [stdout] warning: variable `E` should have a snake case name
[INFO] [stdout]   --> src/lib.rs:89:27
[INFO] [stdout]    |
[INFO] [stdout] 89 |         { Ok(F) => F, Err(E) => { return Err(E) } };
[INFO] [stdout]    |                           ^ help: convert the identifier to snake case: `e`
[INFO] [stdout] 
[INFO] [stdout] 
[INFO] [stdout] warning: variable `D` should have a snake case name
[INFO] [stdout]   --> src/lib.rs:99:18
[INFO] [stdout]    |
[INFO] [stdout] 99 |             { Ok(D) => Ok((Box::new(D), h)),
[INFO] [stdout]    |                  ^ help: convert the identifier to snake case: `d`
[INFO] [stdout] 
[INFO] [stdout] 
[INFO] [stdout] warning: 9 warnings emitted
[INFO] [stdout] 
[INFO] [stdout] 
[INFO] [stderr]    Compiling rkpi2 v0.1.2 (/opt/rustwide/workdir)
[INFO] [stdout] warning: variable `S` should have a snake case name
[INFO] [stdout]   --> src/lib.rs:46:14
[INFO] [stdout]    |
[INFO] [stdout] 46 |         Some(S) => S as u8,
[INFO] [stdout]    |              ^ help: convert the identifier to snake case (notice the capitalization): `s`
[INFO] [stdout]    |
[INFO] [stdout]    = note: `#[warn(non_snake_case)]` on by default
[INFO] [stdout] 
[INFO] [stdout] 
[INFO] [stdout] warning: variable `L` should have a snake case name
[INFO] [stdout]   --> src/lib.rs:68:14
[INFO] [stdout]    |
[INFO] [stdout] 68 |         Some(L) => match Encoder::new(w, L as i32)
[INFO] [stdout]    |              ^ help: convert the identifier to snake case: `l`
[INFO] [stdout] 
[INFO] [stdout] 
[INFO] [stdout] warning: variable `C` should have a snake case name
[INFO] [stdout]   --> src/lib.rs:69:14
[INFO] [stdout]    |
[INFO] [stdout] 69 |         { Ok(C) => Ok(Box::new(C)),
[INFO] [stdout]    |              ^ help: convert the identifier to snake case (notice the capitalization): `c`
[INFO] [stdout] 
[INFO] [stdout] 
[INFO] [stdout] warning: variable `F` should have a snake case name
[INFO] [stdout]   --> src/lib.rs:89:14
[INFO] [stdout]    |
[INFO] [stdout] 89 |         { Ok(F) => F, Err(E) => { return Err(E) } };
[INFO] [stdout]    |              ^ help: convert the identifier to snake case (notice the capitalization): `f`
[INFO] [stdout] 
[INFO] [stdout] 
[INFO] [stdout] warning: variable `E` should have a snake case name
[INFO] [stdout]   --> src/lib.rs:89:27
[INFO] [stdout]    |
[INFO] [stdout] 89 |         { Ok(F) => F, Err(E) => { return Err(E) } };
[INFO] [stdout]    |                           ^ help: convert the identifier to snake case: `e`
[INFO] [stdout] 
[INFO] [stdout] 
[INFO] [stdout] warning: variable `D` should have a snake case name
[INFO] [stdout]   --> src/lib.rs:99:18
[INFO] [stdout]    |
[INFO] [stdout] 99 |             { Ok(D) => Ok((Box::new(D), h)),
[INFO] [stdout]    |                  ^ help: convert the identifier to snake case: `d`
[INFO] [stdout] 
[INFO] [stdout] 
[INFO] [stdout] warning: 6 warnings emitted
[INFO] [stdout] 
[INFO] [stdout] 
[INFO] [stderr]     Finished test [unoptimized + debuginfo] target(s) in 0.50s
[INFO] running `Command { std: "docker" "inspect" "a613c006358f0848c1f93c7c69f4bc095de7b655554ffcda515dacf9963aeef8", kill_on_drop: false }`
[INFO] running `Command { std: "docker" "rm" "-f" "a613c006358f0848c1f93c7c69f4bc095de7b655554ffcda515dacf9963aeef8", kill_on_drop: false }`
[INFO] [stdout] a613c006358f0848c1f93c7c69f4bc095de7b655554ffcda515dacf9963aeef8
[INFO] running `Command { std: "docker" "create" "-v" "/var/lib/crater-agent-workspace/builds/worker-3-tc2/target:/opt/rustwide/target:rw,Z" "-v" "/var/lib/crater-agent-workspace/builds/worker-3-tc2/source:/opt/rustwide/workdir:ro,Z" "-v" "/var/lib/crater-agent-workspace/cargo-home:/opt/rustwide/cargo-home:ro,Z" "-v" "/var/lib/crater-agent-workspace/rustup-home:/opt/rustwide/rustup-home:ro,Z" "-e" "SOURCE_DIR=/opt/rustwide/workdir" "-e" "CARGO_TARGET_DIR=/opt/rustwide/target" "-e" "CARGO_INCREMENTAL=0" "-e" "RUST_BACKTRACE=full" "-e" "RUSTFLAGS=--cap-lints=warn" "-e" "RUSTDOCFLAGS=--cap-lints=warn" "-e" "CARGO_HOME=/opt/rustwide/cargo-home" "-e" "RUSTUP_HOME=/opt/rustwide/rustup-home" "-w" "/opt/rustwide/workdir" "-m" "1610612736" "--user" "0:0" "--network" "none" "ghcr.io/rust-lang/crates-build-env/linux@sha256:2788e3201cd34a07e3172128adcd8b3090168a8e3bcc40d7c032b9dda1df7d1c" "/opt/rustwide/cargo-home/bin/cargo" "+beta-2023-12-22" "test" "--frozen", kill_on_drop: false }`
[INFO] [stdout] 4e1089ef0a96cba472ea1a5ef3f45042625d821e1917871d84a970e6d5bb0b40
[INFO] running `Command { std: "docker" "start" "-a" "4e1089ef0a96cba472ea1a5ef3f45042625d821e1917871d84a970e6d5bb0b40", kill_on_drop: false }`
[INFO] [stderr] warning: version requirement `0.5.1+zstd.1.4.4` for dependency `zstd` includes semver metadata which will be ignored, removing the metadata is recommended to avoid confusion
[INFO] [stderr] warning: constant `SAMPLERATES` is never used
[INFO] [stderr]   --> src/lib.rs:32:7
[INFO] [stderr]    |
[INFO] [stderr] 32 | const SAMPLERATES: [u32; 8] = [
[INFO] [stderr]    |       ^^^^^^^^^^^
[INFO] [stderr]    |
[INFO] [stderr]    = note: `#[warn(dead_code)]` on by default
[INFO] [stderr] 
[INFO] [stderr] warning: function `mux` is never used
[INFO] [stderr]   --> src/lib.rs:40:4
[INFO] [stderr]    |
[INFO] [stderr] 40 | fn mux(w: Box<dyn Write>, h: Hdr, lev: Option<u8>)
[INFO] [stderr]    |    ^^^
[INFO] [stderr] 
[INFO] [stderr] warning: function `demux` is never used
[INFO] [stderr]   --> src/lib.rs:77:4
[INFO] [stderr]    |
[INFO] [stderr] 77 | fn demux(r: Box<dyn Read>)
[INFO] [stderr]    |    ^^^^^
[INFO] [stderr] 
[INFO] [stderr] warning: variable `S` should have a snake case name
[INFO] [stderr]   --> src/lib.rs:46:14
[INFO] [stderr]    |
[INFO] [stderr] 46 |         Some(S) => S as u8,
[INFO] [stderr]    |              ^ help: convert the identifier to snake case (notice the capitalization): `s`
[INFO] [stderr]    |
[INFO] [stderr]    = note: `#[warn(non_snake_case)]` on by default
[INFO] [stderr] 
[INFO] [stderr] warning: variable `L` should have a snake case name
[INFO] [stderr]   --> src/lib.rs:68:14
[INFO] [stderr]    |
[INFO] [stderr] 68 |         Some(L) => match Encoder::new(w, L as i32)
[INFO] [stderr]    |              ^ help: convert the identifier to snake case: `l`
[INFO] [stderr] 
[INFO] [stderr] warning: variable `C` should have a snake case name
[INFO] [stderr]   --> src/lib.rs:69:14
[INFO] [stderr]    |
[INFO] [stderr] 69 |         { Ok(C) => Ok(Box::new(C)),
[INFO] [stderr]    |              ^ help: convert the identifier to snake case (notice the capitalization): `c`
[INFO] [stderr] 
[INFO] [stderr] warning: variable `F` should have a snake case name
[INFO] [stderr]   --> src/lib.rs:89:14
[INFO] [stderr]    |
[INFO] [stderr] 89 |         { Ok(F) => F, Err(E) => { return Err(E) } };
[INFO] [stderr]    |              ^ help: convert the identifier to snake case (notice the capitalization): `f`
[INFO] [stderr] 
[INFO] [stderr] warning: variable `E` should have a snake case name
[INFO] [stderr]   --> src/lib.rs:89:27
[INFO] [stderr]    |
[INFO] [stderr] 89 |         { Ok(F) => F, Err(E) => { return Err(E) } };
[INFO] [stderr]    |                           ^ help: convert the identifier to snake case: `e`
[INFO] [stderr] 
[INFO] [stderr] warning: variable `D` should have a snake case name
[INFO] [stderr]   --> src/lib.rs:99:18
[INFO] [stderr]    |
[INFO] [stderr] 99 |             { Ok(D) => Ok((Box::new(D), h)),
[INFO] [stderr]    |                  ^ help: convert the identifier to snake case: `d`
[INFO] [stderr] 
[INFO] [stderr] warning: `rkpi2` (lib) generated 9 warnings
[INFO] [stderr] warning: `rkpi2` (lib test) generated 6 warnings (6 duplicates)
[INFO] [stderr]     Finished test [unoptimized + debuginfo] target(s) in 0.01s
[INFO] [stderr]      Running unittests src/lib.rs (/opt/rustwide/target/debug/deps/rkpi2-ddc008fcae4426d7)
[INFO] [stdout] 
[INFO] [stdout] running 1 test
[INFO] [stdout] test rkpi2_hdr_and_data ... ok
[INFO] [stdout] 
[INFO] [stdout] test result: ok. 1 passed; 0 failed; 0 ignored; 0 measured; 0 filtered out; finished in 0.00s
[INFO] [stdout] 
[INFO] [stderr]    Doc-tests rkpi2
[INFO] [stdout] 
[INFO] [stdout] running 1 test
[INFO] [stdout] test src/lib.rs - (line 10) ... FAILED
[INFO] [stdout] 
[INFO] [stdout] failures:
[INFO] [stdout] 
[INFO] [stdout] ---- src/lib.rs - (line 10) stdout ----
[INFO] [stdout] error[E0422]: cannot find struct, variant or union type `Hdr` in this scope
[INFO] [stdout]  --> src/lib.rs:16:9
[INFO] [stdout]   |
[INFO] [stdout] 7 |         Hdr {
[INFO] [stdout]   |         ^^^ not found in this scope
[INFO] [stdout]   |
[INFO] [stdout] help: consider importing this struct
[INFO] [stdout]   |
[INFO] [stdout] 2 + use rkpi2::Hdr;
[INFO] [stdout]   |
[INFO] [stdout] 
[INFO] [stdout] error[E0433]: failed to resolve: use of undeclared type `Fmt`
[INFO] [stdout]  --> src/lib.rs:17:21
[INFO] [stdout]   |
[INFO] [stdout] 8 |             format: Fmt::Int8,
[INFO] [stdout]   |                     ^^^ use of undeclared type `Fmt`
[INFO] [stdout]   |
[INFO] [stdout] help: consider importing this enum
[INFO] [stdout]   |
[INFO] [stdout] 2 + use rkpi2::Fmt;
[INFO] [stdout]   |
[INFO] [stdout] 
[INFO] [stdout] error[E0425]: cannot find function `mux` in this scope
[INFO] [stdout]  --> src/lib.rs:15:21
[INFO] [stdout]   |
[INFO] [stdout] 6 |     let mut rkout = mux(Box::new(out),
[INFO] [stdout]   |                     ^^^ not found in this scope
[INFO] [stdout] 
[INFO] [stdout] error: aborting due to 3 previous errors
[INFO] [stdout] 
[INFO] [stdout] Some errors have detailed explanations: E0422, E0425, E0433.
[INFO] [stdout] For more information about an error, try `rustc --explain E0422`.
[INFO] [stdout] Couldn't compile the test.
[INFO] [stdout] 
[INFO] [stdout] failures:
[INFO] [stdout]     src/lib.rs - (line 10)
[INFO] [stdout] 
[INFO] [stdout] test result: FAILED. 0 passed; 1 failed; 0 ignored; 0 measured; 0 filtered out; finished in 0.07s
[INFO] [stdout] 
[INFO] [stderr] error: doctest failed, to rerun pass `--doc`
[INFO] running `Command { std: "docker" "inspect" "4e1089ef0a96cba472ea1a5ef3f45042625d821e1917871d84a970e6d5bb0b40", kill_on_drop: false }`
[INFO] running `Command { std: "docker" "rm" "-f" "4e1089ef0a96cba472ea1a5ef3f45042625d821e1917871d84a970e6d5bb0b40", kill_on_drop: false }`
[INFO] [stdout] 4e1089ef0a96cba472ea1a5ef3f45042625d821e1917871d84a970e6d5bb0b40
