[INFO] fetching crate ripgen_lib 0.1.4...
[INFO] testing ripgen_lib-0.1.4 against 1.75.0 for beta-1.76-1
[INFO] extracting crate ripgen_lib 0.1.4 into /workspace/builds/worker-0-tc1/source
[INFO] validating manifest of crates.io crate ripgen_lib 0.1.4 on toolchain 1.75.0
[INFO] running `Command { std: CARGO_HOME="/workspace/cargo-home" RUSTUP_HOME="/workspace/rustup-home" "/workspace/cargo-home/bin/cargo" "+1.75.0" "metadata" "--manifest-path" "Cargo.toml" "--no-deps", kill_on_drop: false }`
[INFO] started tweaking crates.io crate ripgen_lib 0.1.4
[INFO] finished tweaking crates.io crate ripgen_lib 0.1.4
[INFO] tweaked toml for crates.io crate ripgen_lib 0.1.4 written to /workspace/builds/worker-0-tc1/source/Cargo.toml
[INFO] running `Command { std: CARGO_HOME="/workspace/cargo-home" RUSTUP_HOME="/workspace/rustup-home" "/workspace/cargo-home/bin/cargo" "+1.75.0" "generate-lockfile" "--manifest-path" "Cargo.toml", kill_on_drop: false }`
[INFO] [stderr]     Updating crates.io index
[INFO] running `Command { std: CARGO_HOME="/workspace/cargo-home" RUSTUP_HOME="/workspace/rustup-home" "/workspace/cargo-home/bin/cargo" "+1.75.0" "fetch" "--manifest-path" "Cargo.toml", kill_on_drop: false }`
[INFO] [stderr]  Downloading crates ...
[INFO] [stderr]   Downloaded psl v2.1.13
[INFO] [stderr]   Downloaded addr v0.15.6
[INFO] running `Command { std: "docker" "create" "-v" "/var/lib/crater-agent-workspace/builds/worker-0-tc1/target:/opt/rustwide/target:rw,Z" "-v" "/var/lib/crater-agent-workspace/builds/worker-0-tc1/source:/opt/rustwide/workdir:ro,Z" "-v" "/var/lib/crater-agent-workspace/cargo-home:/opt/rustwide/cargo-home:ro,Z" "-v" "/var/lib/crater-agent-workspace/rustup-home:/opt/rustwide/rustup-home:ro,Z" "-e" "SOURCE_DIR=/opt/rustwide/workdir" "-e" "CARGO_TARGET_DIR=/opt/rustwide/target" "-e" "CARGO_HOME=/opt/rustwide/cargo-home" "-e" "RUSTUP_HOME=/opt/rustwide/rustup-home" "-w" "/opt/rustwide/workdir" "-m" "1610612736" "--user" "0:0" "--network" "none" "ghcr.io/rust-lang/crates-build-env/linux@sha256:2788e3201cd34a07e3172128adcd8b3090168a8e3bcc40d7c032b9dda1df7d1c" "/opt/rustwide/cargo-home/bin/cargo" "+1.75.0" "metadata" "--no-deps" "--format-version=1", kill_on_drop: false }`
[INFO] [stdout] 1558d3a9e8077b44dab6d0056c9abcb1a6d9cfd45a4782f9e89777966faee6e5
[INFO] running `Command { std: "docker" "start" "-a" "1558d3a9e8077b44dab6d0056c9abcb1a6d9cfd45a4782f9e89777966faee6e5", kill_on_drop: false }`
[INFO] running `Command { std: "docker" "inspect" "1558d3a9e8077b44dab6d0056c9abcb1a6d9cfd45a4782f9e89777966faee6e5", kill_on_drop: false }`
[INFO] running `Command { std: "docker" "rm" "-f" "1558d3a9e8077b44dab6d0056c9abcb1a6d9cfd45a4782f9e89777966faee6e5", kill_on_drop: false }`
[INFO] [stdout] 1558d3a9e8077b44dab6d0056c9abcb1a6d9cfd45a4782f9e89777966faee6e5
[INFO] running `Command { std: "docker" "create" "-v" "/var/lib/crater-agent-workspace/builds/worker-0-tc1/target:/opt/rustwide/target:rw,Z" "-v" "/var/lib/crater-agent-workspace/builds/worker-0-tc1/source:/opt/rustwide/workdir:ro,Z" "-v" "/var/lib/crater-agent-workspace/cargo-home:/opt/rustwide/cargo-home:ro,Z" "-v" "/var/lib/crater-agent-workspace/rustup-home:/opt/rustwide/rustup-home:ro,Z" "-e" "SOURCE_DIR=/opt/rustwide/workdir" "-e" "CARGO_TARGET_DIR=/opt/rustwide/target" "-e" "CARGO_INCREMENTAL=0" "-e" "RUST_BACKTRACE=full" "-e" "RUSTFLAGS=--cap-lints=warn" "-e" "RUSTDOCFLAGS=--cap-lints=warn" "-e" "CARGO_HOME=/opt/rustwide/cargo-home" "-e" "RUSTUP_HOME=/opt/rustwide/rustup-home" "-w" "/opt/rustwide/workdir" "-m" "1610612736" "--user" "0:0" "--network" "none" "ghcr.io/rust-lang/crates-build-env/linux@sha256:2788e3201cd34a07e3172128adcd8b3090168a8e3bcc40d7c032b9dda1df7d1c" "/opt/rustwide/cargo-home/bin/cargo" "+1.75.0" "build" "--frozen" "--message-format=json", kill_on_drop: false }`
[INFO] [stdout] 25d81795dc3ca5cbe158c81c62fa5cf03dd048a03e92a1866dd61476e14d5d77
[INFO] running `Command { std: "docker" "start" "-a" "25d81795dc3ca5cbe158c81c62fa5cf03dd048a03e92a1866dd61476e14d5d77", kill_on_drop: false }`
[INFO] [stderr]    Compiling psl-types v2.0.11
[INFO] [stderr]    Compiling thiserror v1.0.56
[INFO] [stderr]    Compiling byteorder v1.5.0
[INFO] [stderr]    Compiling thiserror-impl v1.0.56
[INFO] [stderr]    Compiling psl v2.1.13
[INFO] [stderr]    Compiling fxhash v0.2.1
[INFO] [stderr]    Compiling addr v0.15.6
[INFO] [stderr]    Compiling ripgen_lib v0.1.4 (/opt/rustwide/workdir)
[INFO] [stderr]     Finished dev [unoptimized + debuginfo] target(s) in 8.72s
[INFO] running `Command { std: "docker" "inspect" "25d81795dc3ca5cbe158c81c62fa5cf03dd048a03e92a1866dd61476e14d5d77", kill_on_drop: false }`
[INFO] running `Command { std: "docker" "rm" "-f" "25d81795dc3ca5cbe158c81c62fa5cf03dd048a03e92a1866dd61476e14d5d77", kill_on_drop: false }`
[INFO] [stdout] 25d81795dc3ca5cbe158c81c62fa5cf03dd048a03e92a1866dd61476e14d5d77
[INFO] running `Command { std: "docker" "create" "-v" "/var/lib/crater-agent-workspace/builds/worker-0-tc1/target:/opt/rustwide/target:rw,Z" "-v" "/var/lib/crater-agent-workspace/builds/worker-0-tc1/source:/opt/rustwide/workdir:ro,Z" "-v" "/var/lib/crater-agent-workspace/cargo-home:/opt/rustwide/cargo-home:ro,Z" "-v" "/var/lib/crater-agent-workspace/rustup-home:/opt/rustwide/rustup-home:ro,Z" "-e" "SOURCE_DIR=/opt/rustwide/workdir" "-e" "CARGO_TARGET_DIR=/opt/rustwide/target" "-e" "CARGO_INCREMENTAL=0" "-e" "RUST_BACKTRACE=full" "-e" "RUSTFLAGS=--cap-lints=warn" "-e" "RUSTDOCFLAGS=--cap-lints=warn" "-e" "CARGO_HOME=/opt/rustwide/cargo-home" "-e" "RUSTUP_HOME=/opt/rustwide/rustup-home" "-w" "/opt/rustwide/workdir" "-m" "1610612736" "--user" "0:0" "--network" "none" "ghcr.io/rust-lang/crates-build-env/linux@sha256:2788e3201cd34a07e3172128adcd8b3090168a8e3bcc40d7c032b9dda1df7d1c" "/opt/rustwide/cargo-home/bin/cargo" "+1.75.0" "test" "--frozen" "--no-run" "--message-format=json", kill_on_drop: false }`
[INFO] [stdout] f695331414c69a55b9d385b1420dadb20947115691730508fe07a78bbf4addf5
[INFO] running `Command { std: "docker" "start" "-a" "f695331414c69a55b9d385b1420dadb20947115691730508fe07a78bbf4addf5", kill_on_drop: false }`
[INFO] [stderr]    Compiling ripgen_lib v0.1.4 (/opt/rustwide/workdir)
[INFO] [stderr]     Finished test [unoptimized + debuginfo] target(s) in 0.23s
[INFO] running `Command { std: "docker" "inspect" "f695331414c69a55b9d385b1420dadb20947115691730508fe07a78bbf4addf5", kill_on_drop: false }`
[INFO] running `Command { std: "docker" "rm" "-f" "f695331414c69a55b9d385b1420dadb20947115691730508fe07a78bbf4addf5", kill_on_drop: false }`
[INFO] [stdout] f695331414c69a55b9d385b1420dadb20947115691730508fe07a78bbf4addf5
[INFO] running `Command { std: "docker" "create" "-v" "/var/lib/crater-agent-workspace/builds/worker-0-tc1/target:/opt/rustwide/target:rw,Z" "-v" "/var/lib/crater-agent-workspace/builds/worker-0-tc1/source:/opt/rustwide/workdir:ro,Z" "-v" "/var/lib/crater-agent-workspace/cargo-home:/opt/rustwide/cargo-home:ro,Z" "-v" "/var/lib/crater-agent-workspace/rustup-home:/opt/rustwide/rustup-home:ro,Z" "-e" "SOURCE_DIR=/opt/rustwide/workdir" "-e" "CARGO_TARGET_DIR=/opt/rustwide/target" "-e" "CARGO_INCREMENTAL=0" "-e" "RUST_BACKTRACE=full" "-e" "RUSTFLAGS=--cap-lints=warn" "-e" "RUSTDOCFLAGS=--cap-lints=warn" "-e" "CARGO_HOME=/opt/rustwide/cargo-home" "-e" "RUSTUP_HOME=/opt/rustwide/rustup-home" "-w" "/opt/rustwide/workdir" "-m" "1610612736" "--user" "0:0" "--network" "none" "ghcr.io/rust-lang/crates-build-env/linux@sha256:2788e3201cd34a07e3172128adcd8b3090168a8e3bcc40d7c032b9dda1df7d1c" "/opt/rustwide/cargo-home/bin/cargo" "+1.75.0" "test" "--frozen", kill_on_drop: false }`
[INFO] [stdout] 242483083e901b8b2dc1f4a7778f69e4c97ce1747f91c683ad015915c75a242d
[INFO] running `Command { std: "docker" "start" "-a" "242483083e901b8b2dc1f4a7778f69e4c97ce1747f91c683ad015915c75a242d", kill_on_drop: false }`
[INFO] [stderr]     Finished test [unoptimized + debuginfo] target(s) in 0.01s
[INFO] [stderr]      Running unittests src/lib.rs (/opt/rustwide/target/debug/deps/ripgen_lib-236e9cef57fe2cf9)
[INFO] [stdout] 
[INFO] [stdout] running 0 tests
[INFO] [stdout] 
[INFO] [stdout] test result: ok. 0 passed; 0 failed; 0 ignored; 0 measured; 0 filtered out; finished in 0.00s
[INFO] [stdout] 
[INFO] [stderr]    Doc-tests ripgen_lib
[INFO] [stdout] 
[INFO] [stdout] running 3 tests
[INFO] [stdout] test src/chain.rs - chain::RipGenIterator::chain_transform (line 21) ... FAILED
[INFO] [stdout] test src/domain.rs - domain::DomainComponents<'domain>::all_iter (line 20) ... ok
[INFO] [stdout] test src/domain.rs - domain::DomainComponents<'domain>::root (line 47) ... ok
[INFO] [stdout] 
[INFO] [stdout] failures:
[INFO] [stdout] 
[INFO] [stdout] ---- src/chain.rs - chain::RipGenIterator::chain_transform (line 21) stdout ----
[INFO] [stdout] error[E0061]: this function takes 3 arguments but 2 arguments were supplied
[INFO] [stdout]   --> src/chain.rs:39:15
[INFO] [stdout]    |
[INFO] [stdout] 21 | let manager = RipGenManager::new(domain_iter, wordlist_iter)
[INFO] [stdout]    |               ^^^^^^^^^^^^^^^^^^---------------------------- an argument of type `&_` is missing
[INFO] [stdout]    |
[INFO] [stdout] note: associated function defined here
[INFO] [stdout]   --> /opt/rustwide/workdir/src/manager.rs:20:12
[INFO] [stdout]    |
[INFO] [stdout] 20 |     pub fn new(
[INFO] [stdout]    |            ^^^
[INFO] [stdout] help: provide the argument
[INFO] [stdout]    |
[INFO] [stdout] 21 | let manager = RipGenManager::new(domain_iter, wordlist_iter, /* word_filter */)
[INFO] [stdout]    |                                 ~~~~~~~~~~~~~~~~~~~~~~~~~~~~~~~~~~~~~~~~~~~~~~~
[INFO] [stdout] 
[INFO] [stdout] error: aborting due to previous error
[INFO] [stdout] 
[INFO] [stdout] For more information about this error, try `rustc --explain E0061`.
[INFO] [stdout] Couldn't compile the test.
[INFO] [stdout] 
[INFO] [stdout] failures:
[INFO] [stdout]     src/chain.rs - chain::RipGenIterator::chain_transform (line 21)
[INFO] [stdout] 
[INFO] [stdout] test result: FAILED. 2 passed; 1 failed; 0 ignored; 0 measured; 0 filtered out; finished in 0.86s
[INFO] [stdout] 
[INFO] [stderr] error: doctest failed, to rerun pass `--doc`
[INFO] running `Command { std: "docker" "inspect" "242483083e901b8b2dc1f4a7778f69e4c97ce1747f91c683ad015915c75a242d", kill_on_drop: false }`
[INFO] running `Command { std: "docker" "rm" "-f" "242483083e901b8b2dc1f4a7778f69e4c97ce1747f91c683ad015915c75a242d", kill_on_drop: false }`
[INFO] [stdout] 242483083e901b8b2dc1f4a7778f69e4c97ce1747f91c683ad015915c75a242d
[INFO] testing ripgen_lib-0.1.4 against beta-2023-12-22 for beta-1.76-1
[INFO] extracting crate ripgen_lib 0.1.4 into /workspace/builds/worker-0-tc2/source
[INFO] validating manifest of crates.io crate ripgen_lib 0.1.4 on toolchain beta-2023-12-22
[INFO] running `Command { std: CARGO_HOME="/workspace/cargo-home" RUSTUP_HOME="/workspace/rustup-home" "/workspace/cargo-home/bin/cargo" "+beta-2023-12-22" "metadata" "--manifest-path" "Cargo.toml" "--no-deps", kill_on_drop: false }`
[INFO] started tweaking crates.io crate ripgen_lib 0.1.4
[INFO] finished tweaking crates.io crate ripgen_lib 0.1.4
[INFO] tweaked toml for crates.io crate ripgen_lib 0.1.4 written to /workspace/builds/worker-0-tc2/source/Cargo.toml
[INFO] running `Command { std: CARGO_HOME="/workspace/cargo-home" RUSTUP_HOME="/workspace/rustup-home" "/workspace/cargo-home/bin/cargo" "+beta-2023-12-22" "generate-lockfile" "--manifest-path" "Cargo.toml", kill_on_drop: false }`
[INFO] [stderr]     Updating crates.io index
[INFO] running `Command { std: CARGO_HOME="/workspace/cargo-home" RUSTUP_HOME="/workspace/rustup-home" "/workspace/cargo-home/bin/cargo" "+beta-2023-12-22" "fetch" "--manifest-path" "Cargo.toml", kill_on_drop: false }`
[INFO] running `Command { std: "docker" "create" "-v" "/var/lib/crater-agent-workspace/builds/worker-0-tc2/target:/opt/rustwide/target:rw,Z" "-v" "/var/lib/crater-agent-workspace/builds/worker-0-tc2/source:/opt/rustwide/workdir:ro,Z" "-v" "/var/lib/crater-agent-workspace/cargo-home:/opt/rustwide/cargo-home:ro,Z" "-v" "/var/lib/crater-agent-workspace/rustup-home:/opt/rustwide/rustup-home:ro,Z" "-e" "SOURCE_DIR=/opt/rustwide/workdir" "-e" "CARGO_TARGET_DIR=/opt/rustwide/target" "-e" "CARGO_HOME=/opt/rustwide/cargo-home" "-e" "RUSTUP_HOME=/opt/rustwide/rustup-home" "-w" "/opt/rustwide/workdir" "-m" "1610612736" "--user" "0:0" "--network" "none" "ghcr.io/rust-lang/crates-build-env/linux@sha256:2788e3201cd34a07e3172128adcd8b3090168a8e3bcc40d7c032b9dda1df7d1c" "/opt/rustwide/cargo-home/bin/cargo" "+beta-2023-12-22" "metadata" "--no-deps" "--format-version=1", kill_on_drop: false }`
[INFO] [stdout] 3f42eb7c00f032bf0a70a0e0cb8c2a3f9318f93cf21e7473004692c358af527f
[INFO] running `Command { std: "docker" "start" "-a" "3f42eb7c00f032bf0a70a0e0cb8c2a3f9318f93cf21e7473004692c358af527f", kill_on_drop: false }`
[INFO] running `Command { std: "docker" "inspect" "3f42eb7c00f032bf0a70a0e0cb8c2a3f9318f93cf21e7473004692c358af527f", kill_on_drop: false }`
[INFO] running `Command { std: "docker" "rm" "-f" "3f42eb7c00f032bf0a70a0e0cb8c2a3f9318f93cf21e7473004692c358af527f", kill_on_drop: false }`
[INFO] [stdout] 3f42eb7c00f032bf0a70a0e0cb8c2a3f9318f93cf21e7473004692c358af527f
[INFO] running `Command { std: "docker" "create" "-v" "/var/lib/crater-agent-workspace/builds/worker-0-tc2/target:/opt/rustwide/target:rw,Z" "-v" "/var/lib/crater-agent-workspace/builds/worker-0-tc2/source:/opt/rustwide/workdir:ro,Z" "-v" "/var/lib/crater-agent-workspace/cargo-home:/opt/rustwide/cargo-home:ro,Z" "-v" "/var/lib/crater-agent-workspace/rustup-home:/opt/rustwide/rustup-home:ro,Z" "-e" "SOURCE_DIR=/opt/rustwide/workdir" "-e" "CARGO_TARGET_DIR=/opt/rustwide/target" "-e" "CARGO_INCREMENTAL=0" "-e" "RUST_BACKTRACE=full" "-e" "RUSTFLAGS=--cap-lints=warn" "-e" "RUSTDOCFLAGS=--cap-lints=warn" "-e" "CARGO_HOME=/opt/rustwide/cargo-home" "-e" "RUSTUP_HOME=/opt/rustwide/rustup-home" "-w" "/opt/rustwide/workdir" "-m" "1610612736" "--user" "0:0" "--network" "none" "ghcr.io/rust-lang/crates-build-env/linux@sha256:2788e3201cd34a07e3172128adcd8b3090168a8e3bcc40d7c032b9dda1df7d1c" "/opt/rustwide/cargo-home/bin/cargo" "+beta-2023-12-22" "build" "--frozen" "--message-format=json", kill_on_drop: false }`
[INFO] [stdout] a76bf4ef6560f64c30d417e3d281685dc83f490fd8a21ca5984f248d0b0b3ecc
[INFO] running `Command { std: "docker" "start" "-a" "a76bf4ef6560f64c30d417e3d281685dc83f490fd8a21ca5984f248d0b0b3ecc", kill_on_drop: false }`
[INFO] [stderr]    Compiling thiserror v1.0.56
[INFO] [stderr]    Compiling psl-types v2.0.11
[INFO] [stderr]    Compiling thiserror-impl v1.0.56
[INFO] [stderr]    Compiling byteorder v1.5.0
[INFO] [stderr]    Compiling psl v2.1.13
[INFO] [stderr]    Compiling fxhash v0.2.1
[INFO] [stderr]    Compiling addr v0.15.6
[INFO] [stderr]    Compiling ripgen_lib v0.1.4 (/opt/rustwide/workdir)
[INFO] [stderr]     Finished dev [unoptimized + debuginfo] target(s) in 8.41s
[INFO] running `Command { std: "docker" "inspect" "a76bf4ef6560f64c30d417e3d281685dc83f490fd8a21ca5984f248d0b0b3ecc", kill_on_drop: false }`
[INFO] running `Command { std: "docker" "rm" "-f" "a76bf4ef6560f64c30d417e3d281685dc83f490fd8a21ca5984f248d0b0b3ecc", kill_on_drop: false }`
[INFO] [stdout] a76bf4ef6560f64c30d417e3d281685dc83f490fd8a21ca5984f248d0b0b3ecc
[INFO] running `Command { std: "docker" "create" "-v" "/var/lib/crater-agent-workspace/builds/worker-0-tc2/target:/opt/rustwide/target:rw,Z" "-v" "/var/lib/crater-agent-workspace/builds/worker-0-tc2/source:/opt/rustwide/workdir:ro,Z" "-v" "/var/lib/crater-agent-workspace/cargo-home:/opt/rustwide/cargo-home:ro,Z" "-v" "/var/lib/crater-agent-workspace/rustup-home:/opt/rustwide/rustup-home:ro,Z" "-e" "SOURCE_DIR=/opt/rustwide/workdir" "-e" "CARGO_TARGET_DIR=/opt/rustwide/target" "-e" "CARGO_INCREMENTAL=0" "-e" "RUST_BACKTRACE=full" "-e" "RUSTFLAGS=--cap-lints=warn" "-e" "RUSTDOCFLAGS=--cap-lints=warn" "-e" "CARGO_HOME=/opt/rustwide/cargo-home" "-e" "RUSTUP_HOME=/opt/rustwide/rustup-home" "-w" "/opt/rustwide/workdir" "-m" "1610612736" "--user" "0:0" "--network" "none" "ghcr.io/rust-lang/crates-build-env/linux@sha256:2788e3201cd34a07e3172128adcd8b3090168a8e3bcc40d7c032b9dda1df7d1c" "/opt/rustwide/cargo-home/bin/cargo" "+beta-2023-12-22" "test" "--frozen" "--no-run" "--message-format=json", kill_on_drop: false }`
[INFO] [stdout] 250a30514369b53e3b307d1aece51337efe859ad1062f61cdb1f93b0a71e62f6
[INFO] running `Command { std: "docker" "start" "-a" "250a30514369b53e3b307d1aece51337efe859ad1062f61cdb1f93b0a71e62f6", kill_on_drop: false }`
[INFO] [stderr]    Compiling ripgen_lib v0.1.4 (/opt/rustwide/workdir)
[INFO] [stderr]     Finished test [unoptimized + debuginfo] target(s) in 0.23s
[INFO] running `Command { std: "docker" "inspect" "250a30514369b53e3b307d1aece51337efe859ad1062f61cdb1f93b0a71e62f6", kill_on_drop: false }`
[INFO] running `Command { std: "docker" "rm" "-f" "250a30514369b53e3b307d1aece51337efe859ad1062f61cdb1f93b0a71e62f6", kill_on_drop: false }`
[INFO] [stdout] 250a30514369b53e3b307d1aece51337efe859ad1062f61cdb1f93b0a71e62f6
[INFO] running `Command { std: "docker" "create" "-v" "/var/lib/crater-agent-workspace/builds/worker-0-tc2/target:/opt/rustwide/target:rw,Z" "-v" "/var/lib/crater-agent-workspace/builds/worker-0-tc2/source:/opt/rustwide/workdir:ro,Z" "-v" "/var/lib/crater-agent-workspace/cargo-home:/opt/rustwide/cargo-home:ro,Z" "-v" "/var/lib/crater-agent-workspace/rustup-home:/opt/rustwide/rustup-home:ro,Z" "-e" "SOURCE_DIR=/opt/rustwide/workdir" "-e" "CARGO_TARGET_DIR=/opt/rustwide/target" "-e" "CARGO_INCREMENTAL=0" "-e" "RUST_BACKTRACE=full" "-e" "RUSTFLAGS=--cap-lints=warn" "-e" "RUSTDOCFLAGS=--cap-lints=warn" "-e" "CARGO_HOME=/opt/rustwide/cargo-home" "-e" "RUSTUP_HOME=/opt/rustwide/rustup-home" "-w" "/opt/rustwide/workdir" "-m" "1610612736" "--user" "0:0" "--network" "none" "ghcr.io/rust-lang/crates-build-env/linux@sha256:2788e3201cd34a07e3172128adcd8b3090168a8e3bcc40d7c032b9dda1df7d1c" "/opt/rustwide/cargo-home/bin/cargo" "+beta-2023-12-22" "test" "--frozen", kill_on_drop: false }`
[INFO] [stdout] 1eff3421fb06bab60f84dda3e64798030fa3e8dcdcb794a8065cb73688686279
[INFO] running `Command { std: "docker" "start" "-a" "1eff3421fb06bab60f84dda3e64798030fa3e8dcdcb794a8065cb73688686279", kill_on_drop: false }`
[INFO] [stderr]     Finished test [unoptimized + debuginfo] target(s) in 0.01s
[INFO] [stderr]      Running unittests src/lib.rs (/opt/rustwide/target/debug/deps/ripgen_lib-7ba96ae37e7b7938)
[INFO] [stdout] 
[INFO] [stdout] running 0 tests
[INFO] [stdout] 
[INFO] [stdout] test result: ok. 0 passed; 0 failed; 0 ignored; 0 measured; 0 filtered out; finished in 0.00s
[INFO] [stdout] 
[INFO] [stderr]    Doc-tests ripgen_lib
[INFO] [stdout] 
[INFO] [stdout] running 3 tests
[INFO] [stdout] test src/chain.rs - chain::RipGenIterator::chain_transform (line 21) ... FAILED
[INFO] [stdout] test src/domain.rs - domain::DomainComponents<'domain>::all_iter (line 20) ... ok
[INFO] [stdout] test src/domain.rs - domain::DomainComponents<'domain>::root (line 47) ... ok
[INFO] [stdout] 
[INFO] [stdout] failures:
[INFO] [stdout] 
[INFO] [stdout] ---- src/chain.rs - chain::RipGenIterator::chain_transform (line 21) stdout ----
[INFO] [stdout] error[E0061]: this function takes 3 arguments but 2 arguments were supplied
[INFO] [stdout]   --> src/chain.rs:39:15
[INFO] [stdout]    |
[INFO] [stdout] 21 | let manager = RipGenManager::new(domain_iter, wordlist_iter)
[INFO] [stdout]    |               ^^^^^^^^^^^^^^^^^^---------------------------- an argument of type `&_` is missing
[INFO] [stdout]    |
[INFO] [stdout] note: associated function defined here
[INFO] [stdout]   --> /opt/rustwide/workdir/src/manager.rs:20:12
[INFO] [stdout]    |
[INFO] [stdout] 20 |     pub fn new(
[INFO] [stdout]    |            ^^^
[INFO] [stdout] help: provide the argument
[INFO] [stdout]    |
[INFO] [stdout] 21 | let manager = RipGenManager::new(domain_iter, wordlist_iter, /* word_filter */)
[INFO] [stdout]    |                                 ~~~~~~~~~~~~~~~~~~~~~~~~~~~~~~~~~~~~~~~~~~~~~~~
[INFO] [stdout] 
[INFO] [stdout] error: aborting due to 1 previous error
[INFO] [stdout] 
[INFO] [stdout] For more information about this error, try `rustc --explain E0061`.
[INFO] [stdout] Couldn't compile the test.
[INFO] [stdout] 
[INFO] [stdout] failures:
[INFO] [stdout]     src/chain.rs - chain::RipGenIterator::chain_transform (line 21)
[INFO] [stdout] 
[INFO] [stdout] test result: FAILED. 2 passed; 1 failed; 0 ignored; 0 measured; 0 filtered out; finished in 0.58s
[INFO] [stdout] 
[INFO] [stderr] error: doctest failed, to rerun pass `--doc`
[INFO] running `Command { std: "docker" "inspect" "1eff3421fb06bab60f84dda3e64798030fa3e8dcdcb794a8065cb73688686279", kill_on_drop: false }`
[INFO] running `Command { std: "docker" "rm" "-f" "1eff3421fb06bab60f84dda3e64798030fa3e8dcdcb794a8065cb73688686279", kill_on_drop: false }`
[INFO] [stdout] 1eff3421fb06bab60f84dda3e64798030fa3e8dcdcb794a8065cb73688686279
