[INFO] fetching crate ripasso 0.6.5...
[INFO] testing ripasso-0.6.5 against 1.75.0 for beta-1.76-1
[INFO] extracting crate ripasso 0.6.5 into /workspace/builds/worker-1-tc1/source
[INFO] validating manifest of crates.io crate ripasso 0.6.5 on toolchain 1.75.0
[INFO] running `Command { std: CARGO_HOME="/workspace/cargo-home" RUSTUP_HOME="/workspace/rustup-home" "/workspace/cargo-home/bin/cargo" "+1.75.0" "metadata" "--manifest-path" "Cargo.toml" "--no-deps", kill_on_drop: false }`
[INFO] started tweaking crates.io crate ripasso 0.6.5
[INFO] finished tweaking crates.io crate ripasso 0.6.5
[INFO] tweaked toml for crates.io crate ripasso 0.6.5 written to /workspace/builds/worker-1-tc1/source/Cargo.toml
[INFO] running `Command { std: CARGO_HOME="/workspace/cargo-home" RUSTUP_HOME="/workspace/rustup-home" "/workspace/cargo-home/bin/cargo" "+1.75.0" "generate-lockfile" "--manifest-path" "Cargo.toml", kill_on_drop: false }`
[INFO] [stderr]     Updating crates.io index
[INFO] running `Command { std: CARGO_HOME="/workspace/cargo-home" RUSTUP_HOME="/workspace/rustup-home" "/workspace/cargo-home/bin/cargo" "+1.75.0" "fetch" "--manifest-path" "Cargo.toml", kill_on_drop: false }`
[INFO] [stderr]  Downloading crates ...
[INFO] [stderr]   Downloaded cstr-argument v0.1.2
[INFO] [stderr]   Downloaded memsec v0.6.3
[INFO] [stderr]   Downloaded capnp-futures v0.14.3
[INFO] [stderr]   Downloaded build-rs v0.1.2
[INFO] [stderr]   Downloaded libgpg-error-sys v0.6.0
[INFO] [stderr]   Downloaded constant_time_eq v0.2.6
[INFO] [stderr]   Downloaded lalrpop-util v0.20.0
[INFO] [stderr]   Downloaded gpgme-sys v0.11.0
[INFO] [stderr]   Downloaded config v0.11.0
[INFO] [stderr]   Downloaded buffered-reader v1.3.0
[INFO] [stderr]   Downloaded capnp v0.14.11
[INFO] [stderr]   Downloaded lalrpop v0.20.0
[INFO] [stderr]   Downloaded sha1collisiondetection v0.3.2
[INFO] [stderr]   Downloaded sequoia-openpgp v1.17.0
[INFO] [stderr]   Downloaded nettle v7.3.0
[INFO] [stderr]   Downloaded sequoia-ipc v0.30.1
[INFO] [stderr]   Downloaded capnp-rpc v0.14.1
[INFO] [stderr]   Downloaded gpgme v0.11.0
[INFO] [stderr]   Downloaded gpg-error v0.6.0
[INFO] [stderr]   Downloaded nettle-sys v2.3.0
[INFO] [stderr]   Downloaded totp-rs v5.4.0
[INFO] running `Command { std: "docker" "create" "-v" "/var/lib/crater-agent-workspace/builds/worker-1-tc1/target:/opt/rustwide/target:rw,Z" "-v" "/var/lib/crater-agent-workspace/builds/worker-1-tc1/source:/opt/rustwide/workdir:ro,Z" "-v" "/var/lib/crater-agent-workspace/cargo-home:/opt/rustwide/cargo-home:ro,Z" "-v" "/var/lib/crater-agent-workspace/rustup-home:/opt/rustwide/rustup-home:ro,Z" "-e" "SOURCE_DIR=/opt/rustwide/workdir" "-e" "CARGO_TARGET_DIR=/opt/rustwide/target" "-e" "CARGO_HOME=/opt/rustwide/cargo-home" "-e" "RUSTUP_HOME=/opt/rustwide/rustup-home" "-w" "/opt/rustwide/workdir" "-m" "1610612736" "--user" "0:0" "--network" "none" "ghcr.io/rust-lang/crates-build-env/linux@sha256:2788e3201cd34a07e3172128adcd8b3090168a8e3bcc40d7c032b9dda1df7d1c" "/opt/rustwide/cargo-home/bin/cargo" "+1.75.0" "metadata" "--no-deps" "--format-version=1", kill_on_drop: false }`
[INFO] [stdout] 54ba83b71eaed1c34d022beb76cb22df21d8639bb188df6d4821b8ab638b5737
[INFO] running `Command { std: "docker" "start" "-a" "54ba83b71eaed1c34d022beb76cb22df21d8639bb188df6d4821b8ab638b5737", kill_on_drop: false }`
[INFO] running `Command { std: "docker" "inspect" "54ba83b71eaed1c34d022beb76cb22df21d8639bb188df6d4821b8ab638b5737", kill_on_drop: false }`
[INFO] running `Command { std: "docker" "rm" "-f" "54ba83b71eaed1c34d022beb76cb22df21d8639bb188df6d4821b8ab638b5737", kill_on_drop: false }`
[INFO] [stdout] 54ba83b71eaed1c34d022beb76cb22df21d8639bb188df6d4821b8ab638b5737
[INFO] running `Command { std: "docker" "create" "-v" "/var/lib/crater-agent-workspace/builds/worker-1-tc1/target:/opt/rustwide/target:rw,Z" "-v" "/var/lib/crater-agent-workspace/builds/worker-1-tc1/source:/opt/rustwide/workdir:ro,Z" "-v" "/var/lib/crater-agent-workspace/cargo-home:/opt/rustwide/cargo-home:ro,Z" "-v" "/var/lib/crater-agent-workspace/rustup-home:/opt/rustwide/rustup-home:ro,Z" "-e" "SOURCE_DIR=/opt/rustwide/workdir" "-e" "CARGO_TARGET_DIR=/opt/rustwide/target" "-e" "CARGO_INCREMENTAL=0" "-e" "RUST_BACKTRACE=full" "-e" "RUSTFLAGS=--cap-lints=warn" "-e" "RUSTDOCFLAGS=--cap-lints=warn" "-e" "CARGO_HOME=/opt/rustwide/cargo-home" "-e" "RUSTUP_HOME=/opt/rustwide/rustup-home" "-w" "/opt/rustwide/workdir" "-m" "1610612736" "--user" "0:0" "--network" "none" "ghcr.io/rust-lang/crates-build-env/linux@sha256:2788e3201cd34a07e3172128adcd8b3090168a8e3bcc40d7c032b9dda1df7d1c" "/opt/rustwide/cargo-home/bin/cargo" "+1.75.0" "build" "--frozen" "--message-format=json", kill_on_drop: false }`
[INFO] [stdout] 54f0bfcd5a7b1d311c5d9bb68e1fad6ec1fa709a29afd387f3b98a045e29b1ca
[INFO] running `Command { std: "docker" "start" "-a" "54f0bfcd5a7b1d311c5d9bb68e1fad6ec1fa709a29afd387f3b98a045e29b1ca", kill_on_drop: false }`
[INFO] [stderr]    Compiling pkg-config v0.3.28
[INFO] [stderr]    Compiling proc-macro2 v1.0.75
[INFO] [stderr]    Compiling hashbrown v0.14.3
[INFO] [stderr]    Compiling equivalent v1.0.1
[INFO] [stderr]    Compiling bitflags v2.4.1
[INFO] [stderr]    Compiling serde v1.0.194
[INFO] [stderr]    Compiling jobserver v0.1.27
[INFO] [stderr]    Compiling once_cell v1.19.0
[INFO] [stderr]    Compiling memchr v2.7.1
[INFO] [stderr]    Compiling linux-raw-sys v0.4.12
[INFO] [stderr]    Compiling rustix v0.38.28
[INFO] [stderr]    Compiling cc v1.0.83
[INFO] [stderr]    Compiling indexmap v2.1.0
[INFO] [stderr]    Compiling typenum v1.17.0
[INFO] [stderr]    Compiling regex-syntax v0.8.2
[INFO] [stderr]    Compiling quote v1.0.35
[INFO] [stderr]    Compiling winnow v0.5.32
[INFO] [stderr]    Compiling syn v2.0.48
[INFO] [stderr]    Compiling log v0.4.20
[INFO] [stderr]    Compiling generic-array v0.14.7
[INFO] [stderr]    Compiling slab v0.4.9
[INFO] [stderr]    Compiling openssl-sys v0.9.98
[INFO] [stderr]    Compiling futures-core v0.3.30
[INFO] [stderr]    Compiling futures-sink v0.3.30
[INFO] [stderr]    Compiling glob v0.3.1
[INFO] [stderr]    Compiling futures-io v0.3.30
[INFO] [stderr]    Compiling parking_lot_core v0.9.9
[INFO] [stderr]    Compiling regex-automata v0.4.3
[INFO] [stderr]    Compiling lock_api v0.4.11
[INFO] [stderr]    Compiling clang-sys v1.7.0
[INFO] [stderr]    Compiling serde_spanned v0.6.5
[INFO] [stderr]    Compiling toml_datetime v0.6.5
[INFO] [stderr]    Compiling futures-channel v0.3.30
[INFO] [stderr]    Compiling toml_edit v0.21.0
[INFO] [stderr]    Compiling dirs-sys-next v0.1.2
[INFO] [stderr]    Compiling futures-task v0.3.30
[INFO] [stderr]    Compiling scopeguard v1.2.0
[INFO] [stderr]    Compiling crunchy v0.2.2
[INFO] [stderr]    Compiling dirs-next v2.0.0
[INFO] [stderr]    Compiling cfg-expr v0.15.6
[INFO] [stderr]    Compiling tiny-keccak v2.0.2
[INFO] [stderr]    Compiling siphasher v0.3.11
[INFO] [stderr]    Compiling version-compare v0.1.1
[INFO] [stderr]    Compiling minimal-lexical v0.2.1
[INFO] [stderr]    Compiling phf_shared v0.10.0
[INFO] [stderr]    Compiling regex v1.10.2
[INFO] [stderr]    Compiling parking_lot v0.12.1
[INFO] [stderr]    Compiling term v0.7.0
[INFO] [stderr]    Compiling nom v7.1.3
[INFO] [stderr]    Compiling toml v0.8.8
[INFO] [stderr]    Compiling socket2 v0.5.5
[INFO] [stderr]    Compiling num_cpus v1.16.0
[INFO] [stderr]    Compiling mio v0.8.10
[INFO] [stderr]    Compiling system-deps v6.2.0
[INFO] [stderr]    Compiling libloading v0.8.1
[INFO] [stderr]    Compiling precomputed-hash v0.1.1
[INFO] [stderr]    Compiling either v1.9.0
[INFO] [stderr]    Compiling fixedbitset v0.4.2
[INFO] [stderr]    Compiling unicode-bidi v0.3.14
[INFO] [stderr]    Compiling new_debug_unreachable v1.0.4
[INFO] [stderr]    Compiling bindgen v0.68.1
[INFO] [stderr]    Compiling bit-vec v0.6.3
[INFO] [stderr]    Compiling fastrand v2.0.1
[INFO] [stderr]    Compiling bit-set v0.5.3
[INFO] [stderr]    Compiling string_cache v0.8.7
[INFO] [stderr]    Compiling itertools v0.10.5
[INFO] [stderr]    Compiling petgraph v0.6.4
[INFO] [stderr]    Compiling tokio v1.35.1
[INFO] [stderr]    Compiling cexpr v0.6.0
[INFO] [stderr]    Compiling ascii-canvas v3.0.0
[INFO] [stderr]    Compiling is-terminal v0.4.10
[INFO] [stderr]    Compiling libz-sys v1.1.12
[INFO] [stderr]    Compiling ena v0.14.2
[INFO] [stderr]    Compiling futures-macro v0.3.30
[INFO] [stderr]    Compiling tracing-core v0.1.32
[INFO] [stderr]    Compiling peeking_take_while v0.1.2
[INFO] [stderr]    Compiling regex-syntax v0.7.5
[INFO] [stderr]    Compiling unicode-xid v0.2.4
[INFO] [stderr]    Compiling diff v0.1.13
[INFO] [stderr]    Compiling rustc-hash v1.1.0
[INFO] [stderr]    Compiling shlex v1.2.0
[INFO] [stderr]    Compiling lalrpop-util v0.20.0
[INFO] [stderr]    Compiling itoa v1.0.10
[INFO] [stderr]    Compiling lazycell v1.3.0
[INFO] [stderr]    Compiling tracing v0.1.40
[INFO] [stderr]    Compiling libgpg-error-sys v0.6.0
[INFO] [stderr]    Compiling tempfile v3.9.0
[INFO] [stderr]    Compiling bzip2-sys v0.1.11+1.0.8
[INFO] [stderr]    Compiling getrandom v0.2.11
[INFO] [stderr]    Compiling futures-util v0.3.30
[INFO] [stderr]    Compiling crc32fast v1.3.2
[INFO] [stderr]    Compiling lalrpop v0.20.0
[INFO] [stderr]    Compiling openssl v0.10.62
[INFO] [stderr]    Compiling percent-encoding v2.3.1
[INFO] [stderr]    Compiling form_urlencoded v1.2.1
[INFO] [stderr]    Compiling http v0.2.11
[INFO] [stderr]    Compiling openssl-macros v0.1.1
[INFO] [stderr]    Compiling block-buffer v0.10.4
[INFO] [stderr]    Compiling crypto-common v0.1.6
[INFO] [stderr]    Compiling libssh2-sys v0.3.0
[INFO] [stderr]    Compiling tokio-util v0.7.10
[INFO] [stderr]    Compiling thiserror v1.0.56
[INFO] [stderr]    Compiling subtle v2.5.0
[INFO] [stderr]    Compiling openssl-probe v0.1.5
[INFO] [stderr]    Compiling ryu v1.0.16
[INFO] [stderr]    Compiling native-tls v0.2.11
[INFO] [stderr]    Compiling httparse v1.8.0
[INFO] [stderr]    Compiling miniz_oxide v0.7.1
[INFO] [stderr]    Compiling digest v0.10.7
[INFO] [stderr]    Compiling rand_core v0.6.4
[INFO] [stderr]    Compiling thiserror-impl v1.0.56
[INFO] [stderr]    Compiling futures-executor v0.3.30
[INFO] [stderr]    Compiling idna v0.5.0
[INFO] [stderr]    Compiling aho-corasick v1.1.2
[INFO] [stderr]    Compiling lexical-core v0.7.6
[INFO] [stderr]    Compiling try-lock v0.2.5
[INFO] [stderr]    Compiling sha1collisiondetection v0.3.2
[INFO] [stderr]    Compiling ppv-lite86 v0.2.17
[INFO] [stderr]    Compiling anyhow v1.0.79
[INFO] [stderr]    Compiling rand_chacha v0.3.1
[INFO] [stderr]    Compiling want v0.3.1
[INFO] [stderr]    Compiling url v2.5.0
[INFO] [stderr]    Compiling futures v0.3.30
[INFO] [stderr]    Compiling h2 v0.3.22
[INFO] [stderr]    Compiling flate2 v1.0.28
[INFO] [stderr]    Compiling http-body v0.4.6
[INFO] [stderr]    Compiling nettle-sys v2.3.0
[INFO] [stderr]    Compiling gpgme-sys v0.11.0
[INFO] [stderr]    Compiling libgit2-sys v0.15.2+1.6.4
[INFO] [stderr]    Compiling nom v5.1.3
[INFO] [stderr]    Compiling memoffset v0.7.1
[INFO] [stderr]    Compiling num-traits v0.2.17
[INFO] [stderr]    Compiling base64 v0.21.5
[INFO] [stderr]    Compiling httpdate v1.0.3
[INFO] [stderr]    Compiling arrayvec v0.5.2
[INFO] [stderr]    Compiling tower-service v0.3.2
[INFO] [stderr]    Compiling capnp v0.14.11
[INFO] [stderr]    Compiling cpufeatures v0.2.12
[INFO] [stderr]    Compiling crossbeam-utils v0.8.18
[INFO] [stderr]    Compiling hyper v0.14.28
[INFO] [stderr]    Compiling capnp-futures v0.14.3
[INFO] [stderr]    Compiling tokio-native-tls v0.3.1
[INFO] [stderr]    Compiling rand v0.8.5
[INFO] [stderr]    Compiling idna v0.4.0
[INFO] [stderr]    Compiling dirs-sys v0.3.7
[INFO] [stderr]    Compiling dyn-clone v1.0.16
[INFO] [stderr]    Compiling custom_derive v0.1.7
[INFO] [stderr]    Compiling xxhash-rust v0.8.8
[INFO] [stderr]    Compiling memsec v0.6.3
[INFO] [stderr]    Compiling conv v0.3.3
[INFO] [stderr]    Compiling dirs v4.0.0
[INFO] [stderr]    Compiling hyper-tls v0.5.0
[INFO] [stderr]    Compiling capnp-rpc v0.14.1
[INFO] [stderr]    Compiling sha1 v0.10.6
[INFO] [stderr]    Compiling sha2 v0.10.8
[INFO] [stderr]    Compiling gpg-error v0.6.0
[INFO] [stderr]    Compiling hmac v0.12.1
[INFO] [stderr]    Compiling serde_urlencoded v0.7.1
[INFO] [stderr]    Compiling toml_edit v0.19.15
[INFO] [stderr]    Compiling toml v0.5.11
[INFO] [stderr]    Compiling cstr-argument v0.1.2
[INFO] [stderr]    Compiling socket2 v0.4.10
[INFO] [stderr]    Compiling fs2 v0.4.3
[INFO] [stderr]    Compiling encoding_rs v0.8.33
[INFO] [stderr]    Compiling base32 v0.4.0
[INFO] [stderr]    Compiling urlencoding v2.1.3
[INFO] [stderr]    Compiling mime v0.3.17
[INFO] [stderr]    Compiling sequoia-openpgp v1.17.0
[INFO] [stderr]    Compiling sequoia-ipc v0.30.1
[INFO] [stderr]    Compiling ipnet v2.9.0
[INFO] [stderr]    Compiling nettle v7.3.0
[INFO] [stderr]    Compiling constant_time_eq v0.2.6
[INFO] [stderr]    Compiling iana-time-zone v0.1.59
[INFO] [stderr]    Compiling totp-rs v5.4.0
[INFO] [stderr]    Compiling chrono v0.4.31
[INFO] [stderr]    Compiling reqwest v0.11.23
[INFO] [stderr]    Compiling toml v0.7.8
[INFO] [stderr]    Compiling config v0.11.0
[INFO] [stderr]    Compiling gpgme v0.11.0
[INFO] [stderr]    Compiling hex v0.4.3
[INFO] [stderr]    Compiling whoami v1.4.1
[INFO] [stderr]    Compiling bzip2 v0.4.4
[INFO] [stderr]    Compiling buffered-reader v1.3.0
[INFO] [stderr]    Compiling git2 v0.17.2
[INFO] [stderr]    Compiling ripasso v0.6.5 (/opt/rustwide/workdir)
[INFO] [stdout] warning: use of deprecated struct `sequoia_openpgp::serialize::stream::Encryptor`: Use Encryptor2 instead
[INFO] [stdout]   --> src/crypto.rs:23:27
[INFO] [stdout]    |
[INFO] [stdout] 23 |         stream::{Armorer, Encryptor, LiteralWriter, Message, Signer},
[INFO] [stdout]    |                           ^^^^^^^^^
[INFO] [stdout]    |
[INFO] [stdout]    = note: `#[warn(deprecated)]` on by default
[INFO] [stdout] 
[INFO] [stdout] 
[INFO] [stdout] warning: use of deprecated struct `sequoia_openpgp::serialize::stream::Encryptor`: Use Encryptor2 instead
[INFO] [stdout]    --> src/crypto.rs:771:23
[INFO] [stdout]     |
[INFO] [stdout] 771 |         let message = Encryptor::for_recipients(message, recipient_keys).build()?;
[INFO] [stdout]     |                       ^^^^^^^^^
[INFO] [stdout] 
[INFO] [stdout] 
[INFO] [stdout] warning: 2 warnings emitted
[INFO] [stdout] 
[INFO] [stdout] 
[INFO] [stderr]     Finished dev [unoptimized + debuginfo] target(s) in 56.06s
[INFO] running `Command { std: "docker" "inspect" "54f0bfcd5a7b1d311c5d9bb68e1fad6ec1fa709a29afd387f3b98a045e29b1ca", kill_on_drop: false }`
[INFO] running `Command { std: "docker" "rm" "-f" "54f0bfcd5a7b1d311c5d9bb68e1fad6ec1fa709a29afd387f3b98a045e29b1ca", kill_on_drop: false }`
[INFO] [stdout] 54f0bfcd5a7b1d311c5d9bb68e1fad6ec1fa709a29afd387f3b98a045e29b1ca
[INFO] running `Command { std: "docker" "create" "-v" "/var/lib/crater-agent-workspace/builds/worker-1-tc1/target:/opt/rustwide/target:rw,Z" "-v" "/var/lib/crater-agent-workspace/builds/worker-1-tc1/source:/opt/rustwide/workdir:ro,Z" "-v" "/var/lib/crater-agent-workspace/cargo-home:/opt/rustwide/cargo-home:ro,Z" "-v" "/var/lib/crater-agent-workspace/rustup-home:/opt/rustwide/rustup-home:ro,Z" "-e" "SOURCE_DIR=/opt/rustwide/workdir" "-e" "CARGO_TARGET_DIR=/opt/rustwide/target" "-e" "CARGO_INCREMENTAL=0" "-e" "RUST_BACKTRACE=full" "-e" "RUSTFLAGS=--cap-lints=warn" "-e" "RUSTDOCFLAGS=--cap-lints=warn" "-e" "CARGO_HOME=/opt/rustwide/cargo-home" "-e" "RUSTUP_HOME=/opt/rustwide/rustup-home" "-w" "/opt/rustwide/workdir" "-m" "1610612736" "--user" "0:0" "--network" "none" "ghcr.io/rust-lang/crates-build-env/linux@sha256:2788e3201cd34a07e3172128adcd8b3090168a8e3bcc40d7c032b9dda1df7d1c" "/opt/rustwide/cargo-home/bin/cargo" "+1.75.0" "test" "--frozen" "--no-run" "--message-format=json", kill_on_drop: false }`
[INFO] [stdout] 2cabfaf5328554125c8a1bf253581ce892ef616319687c5cf1dbfa59b87af6b4
[INFO] running `Command { std: "docker" "start" "-a" "2cabfaf5328554125c8a1bf253581ce892ef616319687c5cf1dbfa59b87af6b4", kill_on_drop: false }`
[INFO] [stderr]    Compiling rustix v0.38.28
[INFO] [stderr]    Compiling serde v1.0.194
[INFO] [stderr]    Compiling linux-raw-sys v0.4.12
[INFO] [stderr]    Compiling serde_derive v1.0.194
[INFO] [stderr]    Compiling either v1.9.0
[INFO] [stderr]    Compiling num-traits v0.2.17
[INFO] [stderr]    Compiling crossbeam-epoch v0.9.17
[INFO] [stderr]    Compiling itertools v0.10.5
[INFO] [stderr]    Compiling serde_json v1.0.111
[INFO] [stderr]    Compiling rayon-core v1.12.0
[INFO] [stderr]    Compiling crossbeam-deque v0.8.4
[INFO] [stderr]    Compiling clap_lex v0.6.0
[INFO] [stderr]    Compiling half v1.8.2
[INFO] [stderr]    Compiling plotters-backend v0.3.5
[INFO] [stderr]    Compiling ciborium-io v0.2.1
[INFO] [stderr]    Compiling ciborium-ll v0.2.1
[INFO] [stderr]    Compiling plotters-svg v0.3.5
[INFO] [stderr]    Compiling clap_builder v4.4.12
[INFO] [stderr]    Compiling cast v0.3.0
[INFO] [stderr]    Compiling same-file v1.0.6
[INFO] [stderr]    Compiling chrono v0.4.31
[INFO] [stderr]    Compiling is-terminal v0.4.10
[INFO] [stderr]    Compiling lalrpop v0.20.0
[INFO] [stderr]    Compiling serde_spanned v0.6.5
[INFO] [stderr]    Compiling toml_datetime v0.6.5
[INFO] [stderr]    Compiling tempfile v3.9.0
[INFO] [stderr]    Compiling toml_edit v0.21.0
[INFO] [stderr]    Compiling clap v4.4.13
[INFO] [stderr]    Compiling criterion-plot v0.5.0
[INFO] [stderr]    Compiling nettle-sys v2.3.0
[INFO] [stderr]    Compiling xattr v1.2.0
[INFO] [stderr]    Compiling walkdir v2.4.0
[INFO] [stderr]    Compiling rayon v1.8.0
[INFO] [stderr]    Compiling plotters v0.3.5
[INFO] [stderr]    Compiling filetime v0.2.23
[INFO] [stderr]    Compiling oorandom v11.1.3
[INFO] [stderr]    Compiling anes v0.1.6
[INFO] [stderr]    Compiling toml v0.8.8
[INFO] [stderr]    Compiling system-deps v6.2.0
[INFO] [stderr]    Compiling tar v0.4.40
[INFO] [stderr]    Compiling libgpg-error-sys v0.6.0
[INFO] [stderr]    Compiling gpgme-sys v0.11.0
[INFO] [stderr]    Compiling gpg-error v0.6.0
[INFO] [stderr]    Compiling gpgme v0.11.0
[INFO] [stderr]    Compiling toml v0.5.11
[INFO] [stderr]    Compiling serde_urlencoded v0.7.1
[INFO] [stderr]    Compiling toml_edit v0.19.15
[INFO] [stderr]    Compiling ciborium v0.2.1
[INFO] [stderr]    Compiling reqwest v0.11.23
[INFO] [stderr]    Compiling config v0.11.0
[INFO] [stderr]    Compiling tinytemplate v1.2.1
[INFO] [stderr]    Compiling toml v0.7.8
[INFO] [stderr]    Compiling criterion v0.5.1
[INFO] [stderr]    Compiling nettle v7.3.0
[INFO] [stderr]    Compiling sequoia-openpgp v1.17.0
[INFO] [stderr]    Compiling sequoia-ipc v0.30.1
[INFO] [stderr]    Compiling ripasso v0.6.5 (/opt/rustwide/workdir)
[INFO] [stdout] warning: use of deprecated struct `sequoia_openpgp::serialize::stream::Encryptor`: Use Encryptor2 instead
[INFO] [stdout]   --> src/crypto.rs:23:27
[INFO] [stdout]    |
[INFO] [stdout] 23 |         stream::{Armorer, Encryptor, LiteralWriter, Message, Signer},
[INFO] [stdout]    |                           ^^^^^^^^^
[INFO] [stdout]    |
[INFO] [stdout]    = note: `#[warn(deprecated)]` on by default
[INFO] [stdout] 
[INFO] [stdout] 
[INFO] [stdout] warning: use of deprecated struct `sequoia_openpgp::serialize::stream::Encryptor`: Use Encryptor2 instead
[INFO] [stdout]    --> src/crypto.rs:771:23
[INFO] [stdout]     |
[INFO] [stdout] 771 |         let message = Encryptor::for_recipients(message, recipient_keys).build()?;
[INFO] [stdout]     |                       ^^^^^^^^^
[INFO] [stdout] 
[INFO] [stdout] 
[INFO] [stdout] warning: 2 warnings emitted
[INFO] [stdout] 
[INFO] [stdout] 
[INFO] [stdout] warning: use of deprecated struct `sequoia_openpgp::serialize::stream::Encryptor`: Use Encryptor2 instead
[INFO] [stdout]   --> src/crypto.rs:23:27
[INFO] [stdout]    |
[INFO] [stdout] 23 |         stream::{Armorer, Encryptor, LiteralWriter, Message, Signer},
[INFO] [stdout]    |                           ^^^^^^^^^
[INFO] [stdout]    |
[INFO] [stdout]    = note: `#[warn(deprecated)]` on by default
[INFO] [stdout] 
[INFO] [stdout] 
[INFO] [stdout] warning: use of deprecated struct `sequoia_openpgp::serialize::stream::Encryptor`: Use Encryptor2 instead
[INFO] [stdout]    --> src/crypto.rs:771:23
[INFO] [stdout]     |
[INFO] [stdout] 771 |         let message = Encryptor::for_recipients(message, recipient_keys).build()?;
[INFO] [stdout]     |                       ^^^^^^^^^
[INFO] [stdout] 
[INFO] [stdout] 
[INFO] [stdout] warning: use of deprecated method `sequoia_openpgp::packet::UserID::email`: Use UserID::email2
[INFO] [stdout]   --> src/tests/crypto.rs:81:14
[INFO] [stdout]    |
[INFO] [stdout] 81 |             .email()
[INFO] [stdout]    |              ^^^^^
[INFO] [stdout] 
[INFO] [stdout] 
[INFO] [stdout] warning: 3 warnings emitted
[INFO] [stdout] 
[INFO] [stdout] 
[INFO] [stderr]     Finished test [unoptimized + debuginfo] target(s) in 35.96s
[INFO] running `Command { std: "docker" "inspect" "2cabfaf5328554125c8a1bf253581ce892ef616319687c5cf1dbfa59b87af6b4", kill_on_drop: false }`
[INFO] running `Command { std: "docker" "rm" "-f" "2cabfaf5328554125c8a1bf253581ce892ef616319687c5cf1dbfa59b87af6b4", kill_on_drop: false }`
[INFO] [stdout] 2cabfaf5328554125c8a1bf253581ce892ef616319687c5cf1dbfa59b87af6b4
[INFO] running `Command { std: "docker" "create" "-v" "/var/lib/crater-agent-workspace/builds/worker-1-tc1/target:/opt/rustwide/target:rw,Z" "-v" "/var/lib/crater-agent-workspace/builds/worker-1-tc1/source:/opt/rustwide/workdir:ro,Z" "-v" "/var/lib/crater-agent-workspace/cargo-home:/opt/rustwide/cargo-home:ro,Z" "-v" "/var/lib/crater-agent-workspace/rustup-home:/opt/rustwide/rustup-home:ro,Z" "-e" "SOURCE_DIR=/opt/rustwide/workdir" "-e" "CARGO_TARGET_DIR=/opt/rustwide/target" "-e" "CARGO_INCREMENTAL=0" "-e" "RUST_BACKTRACE=full" "-e" "RUSTFLAGS=--cap-lints=warn" "-e" "RUSTDOCFLAGS=--cap-lints=warn" "-e" "CARGO_HOME=/opt/rustwide/cargo-home" "-e" "RUSTUP_HOME=/opt/rustwide/rustup-home" "-w" "/opt/rustwide/workdir" "-m" "1610612736" "--user" "0:0" "--network" "none" "ghcr.io/rust-lang/crates-build-env/linux@sha256:2788e3201cd34a07e3172128adcd8b3090168a8e3bcc40d7c032b9dda1df7d1c" "/opt/rustwide/cargo-home/bin/cargo" "+1.75.0" "test" "--frozen", kill_on_drop: false }`
[INFO] [stdout] 8f3144452b802b9cbe98c81817ccbef7686a36ece100642262c4e70c77492bca
[INFO] running `Command { std: "docker" "start" "-a" "8f3144452b802b9cbe98c81817ccbef7686a36ece100642262c4e70c77492bca", kill_on_drop: false }`
[INFO] [stderr] warning: use of deprecated struct `sequoia_openpgp::serialize::stream::Encryptor`: Use Encryptor2 instead
[INFO] [stderr]   --> src/crypto.rs:23:27
[INFO] [stderr]    |
[INFO] [stderr] 23 |         stream::{Armorer, Encryptor, LiteralWriter, Message, Signer},
[INFO] [stderr]    |                           ^^^^^^^^^
[INFO] [stderr]    |
[INFO] [stderr]    = note: `#[warn(deprecated)]` on by default
[INFO] [stderr] 
[INFO] [stderr] warning: use of deprecated struct `sequoia_openpgp::serialize::stream::Encryptor`: Use Encryptor2 instead
[INFO] [stderr]    --> src/crypto.rs:771:23
[INFO] [stderr]     |
[INFO] [stderr] 771 |         let message = Encryptor::for_recipients(message, recipient_keys).build()?;
[INFO] [stderr]     |                       ^^^^^^^^^
[INFO] [stderr] 
[INFO] [stderr] warning: use of deprecated method `sequoia_openpgp::packet::UserID::email`: Use UserID::email2
[INFO] [stderr]   --> src/tests/crypto.rs:81:14
[INFO] [stderr]    |
[INFO] [stderr] 81 |             .email()
[INFO] [stderr]    |              ^^^^^
[INFO] [stderr] 
[INFO] [stderr] warning: `ripasso` (lib) generated 2 warnings
[INFO] [stderr] warning: `ripasso` (lib test) generated 3 warnings (2 duplicates)
[INFO] [stderr]     Finished test [unoptimized + debuginfo] target(s) in 0.58s
[INFO] [stderr]      Running unittests src/lib.rs (/opt/rustwide/target/debug/deps/ripasso-ba0430c485e7fa3f)
[INFO] [stdout] 
[INFO] [stdout] running 113 tests
[INFO] [stdout] test crypto::crypto_tests::crypto_impl_display ... ok
[INFO] [stdout] test crypto::crypto_tests::crypto_impl_from ... ok
[INFO] [stdout] test crypto::crypto_tests::slice_to_20_bytes_success ... ok
[INFO] [stdout] test crypto::crypto_tests::slice_to_20_bytes_failure ... ok
[INFO] [stdout] test crypto::crypto_tests::sign_then_verify_sequoia_without_signing_keys ... ok
[INFO] [stdout] test crypto::crypto_tests::crypto_impl_from_error ... ok
[INFO] [stdout] test crypto::crypto_tests::verify_sign_sequoia_git_commit ... ok
[INFO] [stdout] test git::git_tests::test_should_sign_false ... FAILED
[INFO] [stdout] test crypto::crypto_tests::sign_string_sequoia ... ok
[INFO] [stdout] test git::git_tests::hashed_hostname_matches_github_com ... ok
[INFO] [stdout] test crypto::crypto_tests::encrypt_then_decrypt_sequoia ... ok
[INFO] [stdout] test pass::pass_tests::append_extension_with_dot ... ok
[INFO] [stdout] test git::git_tests::test_should_sign_true ... FAILED
[INFO] [stdout] test pass::pass_tests::decrypt_password_empty_file ... ok
[INFO] [stdout] test pass::pass_tests::decrypt_secret_empty_file ... ok
[INFO] [stdout] test pass::pass_tests::decrypt_secret ... ok
[INFO] [stdout] test pass::pass_tests::all_recipients_from_stores_plain ... ok
[INFO] [stdout] test pass::pass_tests::env_var_exists_test_with_dir ... ok
[INFO] [stdout] test pass::pass_tests::decrypt_password_multiline ... ok
[INFO] [stdout] test crypto::crypto_tests::new_one_cert ... ok
[INFO] [stdout] test pass::pass_tests::env_var_exists_test_none ... ok
[INFO] [stdout] test pass::pass_tests::decrypt_secret_missing_file ... ok
[INFO] [stdout] test pass::pass_tests::env_var_exists_test_without_dir ... ok
[INFO] [stdout] test pass::pass_tests::get_history_with_repo ... FAILED
[INFO] [stdout] test pass::pass_tests::get_password_dir_raw_none_none ... ok
[INFO] [stdout] test pass::pass_tests::get_password_dir_raw_none_some ... ok
[INFO] [stdout] test pass::pass_tests::file_settings_simple_file ... ok
[INFO] [stdout] test pass::pass_tests::get_password_dir_no_env ... ok
[INFO] [stdout] test pass::pass_tests::get_password_dir_raw_some_some ... ok
[INFO] [stdout] test pass::pass_tests::home_exists_home_dir_with_config_dir ... ok
[INFO] [stdout] test pass::pass_tests::home_exists_home_dir_with_file_instead_of_dir ... ok
[INFO] [stdout] test pass::pass_tests::home_exists_home_dir_without_config_dir ... ok
[INFO] [stdout] test pass::pass_tests::file_settings_file_in_xdg_config_home ... ok
[INFO] [stdout] test pass::pass_tests::get_password_dir_raw_some_none ... ok
[INFO] [stdout] test pass::pass_tests::home_exists_missing_home_env ... ok
[INFO] [stdout] test pass::pass_tests::home_settings_dir_doesnt_exists ... ok
[INFO] [stdout] test pass::pass_tests::home_settings_dir_exists ... ok
[INFO] [stdout] test pass::pass_tests::home_settings_missing ... ok
[INFO] [stdout] test pass::pass_tests::mfa_example2 ... ok
[INFO] [stdout] test pass::pass_tests::mfa_example1 ... ok
[INFO] [stdout] test pass::pass_tests::mfa_no_otpauth_url ... ok
[INFO] [stdout] test pass::pass_tests::password_store_with_relative_path ... FAILED
[INFO] [stdout] test pass::pass_tests::password_store_with_shallow_checkout ... FAILED
[INFO] [stdout] test pass::pass_tests::password_store_with_symlink ... FAILED
[INFO] [stdout] test pass::pass_tests::password_store_with_files_in_initial_commit ... FAILED
[INFO] [stdout] test pass::pass_tests::password_store_with_sparse_checkout ... FAILED
[INFO] [stdout] test pass::pass_tests::populate_password_list_directory_without_git ... FAILED
[INFO] [stdout] test pass::pass_tests::populate_password_list_repo_with_deleted_files ... FAILED
[INFO] [stdout] test pass::pass_tests::read_config_default_path_in_config_file ... ok
[INFO] [stdout] test pass::pass_tests::populate_password_list_small_repo ... FAILED
[INFO] [stdout] test pass::pass_tests::read_config_default_path_in_env_var ... ok
[INFO] [stdout] test pass::pass_tests::read_config_empty_config_file ... ok
[INFO] [stdout] test pass::pass_tests::read_config_default_path_in_env_var_with_pgp_setting ... ok
[INFO] [stdout] test pass::pass_tests::read_config_empty_config_file_with_keys_env ... ok
[INFO] [stdout] test pass::pass_tests::read_config_home_and_env_vars ... ok
[INFO] [stdout] test pass::pass_tests::rename_file ... FAILED
[INFO] [stdout] test pass::pass_tests::rename_file_absolute_path ... FAILED
[INFO] [stdout] test pass::pass_tests::rename_file_git_index_clean ... FAILED
[INFO] [stdout] test pass::pass_tests::read_config_env_vars ... ok
[INFO] [stdout] test pass::pass_tests::save_config_one_store ... ok
[INFO] [stdout] test pass::pass_tests::test_add_and_commit_internal ... FAILED
[INFO] [stdout] test pass::pass_tests::save_config_one_store_with_fingerprint ... ok
[INFO] [stdout] test pass::pass_tests::save_config_one_store_with_pgp_impl ... ok
[INFO] [stdout] test pass::pass_tests::test_format_error ... ok
[INFO] [stdout] test crypto::crypto_tests::sign_then_verify_sequoia_with_signing_keys ... ok
[INFO] [stdout] test pass::pass_tests::test_move_and_commit_signed ... FAILED
[INFO] [stdout] test crypto::crypto_tests::verify_sign_sequoia_git_commit_invalid_signing_key ... ok
[INFO] [stdout] test pass::pass_tests::delete_file ... ok
[INFO] [stdout] test pass::pass_tests::test_new_password_file_outside_pass_dir ... ok
[INFO] [stdout] test pass::pass_tests::test_new_password_file ... ok
[INFO] [stdout] test pass::pass_tests::get_history_no_repo ... ok
[INFO] [stdout] test pass::pass_tests::test_remove_and_commit ... FAILED
[INFO] [stdout] test pass::pass_tests::test_search ... ok
[INFO] [stdout] test pass::pass_tests::test_to_name ... ok
[INFO] [stdout] test pass::pass_tests::test_verify_git_signature ... FAILED
[INFO] [stdout] test pass::pass_tests::test_verify_gpg_id_file_missing_sig_file ... ok
[INFO] [stdout] test pass::pass_tests::test_verify_gpg_id_file ... ok
[INFO] [stdout] test pass::pass_tests::update ... ok
[INFO] [stdout] test pass::pass_tests::var_settings_test ... ok
[INFO] [stdout] test signature::signature_tests::add_recipient_from_file_one_plus_one ... ok
[INFO] [stdout] test signature::signature_tests::all_recipients ... ok
[INFO] [stdout] test pass::pass_tests::test_commit_unsigned ... ok
[INFO] [stdout] test signature::signature_tests::all_recipients_error ... ok
[INFO] [stdout] test signature::signature_tests::all_recipients_no_file_error ... ok
[INFO] [stdout] test pass::pass_tests::init_git_repo_success ... ok
[INFO] [stdout] test signature::signature_tests::all_recipients_with_one_comment_line ... ok
[INFO] [stdout] test signature::signature_tests::parse_signing_keys_empty ... ok
[INFO] [stdout] test signature::signature_tests::all_recipients_with_multiple_comment_lines ... ok
[INFO] [stdout] test signature::signature_tests::all_recipients_with_comment_lines_pre_and_post ... ok
[INFO] [stdout] test signature::signature_tests::parse_signing_keys_key_error ... ok
[INFO] [stdout] test signature::signature_tests::parse_signing_keys_short ... ok
[INFO] [stdout] test pass::pass_tests::test_new_password_file_in_git_repo ... ok
[INFO] [stdout] test pass::pass_tests::test_verify_gpg_id_file_untrusted_key_in_keyring ... FAILED
[INFO] [stdout] test pass::pass_tests::test_new_password_file_twice ... ok
[INFO] [stdout] test signature::signature_tests::recipient_one_none ... ok
[INFO] [stdout] test signature::signature_tests::remove_recipient_from_file_same_key_id_different_fingerprint ... ok
[INFO] [stdout] test signature::signature_tests::recipient_same_fingerprint_different_key_id ... ok
[INFO] [stdout] test signature::signature_tests::recipient_from_key_error ... ok
[INFO] [stdout] test signature::signature_tests::remove_recipient_from_file_last ... ok
[INFO] [stdout] test pass::pass_tests::test_commit_signed ... ok
[INFO] [stdout] test signature::signature_tests::recipient_both_none ... ok
[INFO] [stdout] test signature::signature_tests::test_parse_signing_keys_two_keys_with_0x ... ok
[INFO] [stdout] test signature::signature_tests::test_parse_signing_keys_two_keys ... ok
[INFO] [stdout] test signature::signature_tests::write_recipients_file_one ... ok
[INFO] [stdout] test signature::signature_tests::write_recipients_file_one_comment_pre_and_post ... ok
[INFO] [stdout] test signature::signature_tests::write_recipients_file_one_and_signed ... ok
[INFO] [stdout] test signature::signature_tests::write_recipients_file_empty ... ok
[INFO] [stdout] test signature::signature_tests::write_recipients_file_one_with_multi_line_comment ... ok
[INFO] [stdout] test signature::signature_tests::write_recipients_file_one_with_pre_comment ... ok
[INFO] [stdout] test words::words_tests::generate_long_enough_passwords ... ok
[INFO] [stdout] test pass::pass_tests::test_new_password_file_encryption_failure ... ok
[INFO] [stdout] test words::words_tests::do_not_generate_passwords_that_ends_in_space ... ok
[INFO] [stdout] test signature::signature_tests::remove_recipient_from_file_two ... ok
[INFO] [stdout] 
[INFO] [stdout] failures:
[INFO] [stdout] 
[INFO] [stdout] ---- git::git_tests::test_should_sign_false stdout ----
[INFO] [stdout] Error: Io(Os { code: 2, kind: NotFound, message: "No such file or directory" })
[INFO] [stdout] 
[INFO] [stdout] ---- git::git_tests::test_should_sign_true stdout ----
[INFO] [stdout] Error: Io(Os { code: 2, kind: NotFound, message: "No such file or directory" })
[INFO] [stdout] 
[INFO] [stdout] ---- pass::pass_tests::get_history_with_repo stdout ----
[INFO] [stdout] Error: Io(Os { code: 2, kind: NotFound, message: "No such file or directory" })
[INFO] [stdout] 
[INFO] [stdout] ---- pass::pass_tests::password_store_with_relative_path stdout ----
[INFO] [stdout] Error: Io(Os { code: 2, kind: NotFound, message: "No such file or directory" })
[INFO] [stdout] 
[INFO] [stdout] ---- pass::pass_tests::password_store_with_shallow_checkout stdout ----
[INFO] [stdout] Error: Io(Os { code: 2, kind: NotFound, message: "No such file or directory" })
[INFO] [stdout] 
[INFO] [stdout] ---- pass::pass_tests::password_store_with_symlink stdout ----
[INFO] [stdout] Error: Io(Os { code: 2, kind: NotFound, message: "No such file or directory" })
[INFO] [stdout] 
[INFO] [stdout] ---- pass::pass_tests::password_store_with_files_in_initial_commit stdout ----
[INFO] [stdout] Error: Io(Os { code: 2, kind: NotFound, message: "No such file or directory" })
[INFO] [stdout] 
[INFO] [stdout] ---- pass::pass_tests::password_store_with_sparse_checkout stdout ----
[INFO] [stdout] Error: Io(Os { code: 2, kind: NotFound, message: "No such file or directory" })
[INFO] [stdout] 
[INFO] [stdout] ---- pass::pass_tests::populate_password_list_directory_without_git stdout ----
[INFO] [stdout] Error: Io(Os { code: 2, kind: NotFound, message: "No such file or directory" })
[INFO] [stdout] 
[INFO] [stdout] ---- pass::pass_tests::populate_password_list_repo_with_deleted_files stdout ----
[INFO] [stdout] Error: Io(Os { code: 2, kind: NotFound, message: "No such file or directory" })
[INFO] [stdout] 
[INFO] [stdout] ---- pass::pass_tests::populate_password_list_small_repo stdout ----
[INFO] [stdout] Error: Io(Os { code: 2, kind: NotFound, message: "No such file or directory" })
[INFO] [stdout] 
[INFO] [stdout] ---- pass::pass_tests::rename_file stdout ----
[INFO] [stdout] Error: Io(Os { code: 2, kind: NotFound, message: "No such file or directory" })
[INFO] [stdout] 
[INFO] [stdout] ---- pass::pass_tests::rename_file_absolute_path stdout ----
[INFO] [stdout] Error: Io(Os { code: 2, kind: NotFound, message: "No such file or directory" })
[INFO] [stdout] 
[INFO] [stdout] ---- pass::pass_tests::rename_file_git_index_clean stdout ----
[INFO] [stdout] Error: Io(Os { code: 2, kind: NotFound, message: "No such file or directory" })
[INFO] [stdout] 
[INFO] [stdout] ---- pass::pass_tests::test_add_and_commit_internal stdout ----
[INFO] [stdout] Error: Io(Os { code: 2, kind: NotFound, message: "No such file or directory" })
[INFO] [stdout] 
[INFO] [stdout] ---- pass::pass_tests::test_move_and_commit_signed stdout ----
[INFO] [stdout] Error: Io(Os { code: 2, kind: NotFound, message: "No such file or directory" })
[INFO] [stdout] 
[INFO] [stdout] ---- pass::pass_tests::test_remove_and_commit stdout ----
[INFO] [stdout] Error: Io(Os { code: 2, kind: NotFound, message: "No such file or directory" })
[INFO] [stdout] 
[INFO] [stdout] ---- pass::pass_tests::test_verify_git_signature stdout ----
[INFO] [stdout] Error: Io(Os { code: 2, kind: NotFound, message: "No such file or directory" })
[INFO] [stdout] 
[INFO] [stdout] ---- pass::pass_tests::test_verify_gpg_id_file_untrusted_key_in_keyring stdout ----
[INFO] [stdout] thread 'pass::pass_tests::test_verify_gpg_id_file_untrusted_key_in_keyring' panicked at src/tests/pass.rs:1923:5:
[INFO] [stdout] assertion `left == right` failed
[INFO] [stdout]   left: GenericDyn("No valid signature")
[INFO] [stdout]  right: GenericDyn("No valid signature\n\nStack backtrace:\n   0: anyhow::error::<impl anyhow::Error>::msg\n             at /opt/rustwide/cargo-home/registry/src/index.crates.io-6f17d22bba15001f/anyhow-1.0.79/src/error.rs:83:36\n   1: anyhow::__private::format_err\n             at /opt/rustwide/cargo-home/registry/src/index.crates.io-6f17d22bba15001f/anyhow-1.0.79/src/lib.rs:684:13\n   2: <ripasso::crypto::Helper as sequoia_openpgp::parse::stream::VerificationHelper>::check\n             at ./src/crypto.rs:474:13\n   3: <sequoia_openpgp::parse::stream::NoDecryptionHelper<V> as sequoia_openpgp::parse::stream::VerificationHelper>::check\n             at /opt/rustwide/cargo-home/registry/src/index.crates.io-6f17d22bba15001f/sequoia-openpgp-1.17.0/src/parse/stream.rs:921:9\n   4: sequoia_openpgp::parse::stream::Decryptor<H>::verify_signatures\n             at /opt/rustwide/cargo-home/registry/src/index.crates.io-6f17d22bba15001f/sequoia-openpgp-1.17.0/src/parse/stream.rs:2925:17\n   5: sequoia_openpgp::parse::stream::Decryptor<H>::verify_detached\n             at /opt/rustwide/cargo-home/registry/src/index.crates.io-6f17d22bba15001f/sequoia-openpgp-1.17.0/src/parse/stream.rs:2559:9\n   6: sequoia_openpgp::parse::stream::DetachedVerifier<H>::verify\n             at /opt/rustwide/cargo-home/registry/src/index.crates.io-6f17d22bba15001f/sequoia-openpgp-1.17.0/src/parse/stream.rs:1638:9\n   7: sequoia_openpgp::parse::stream::DetachedVerifier<H>::verify_bytes\n             at /opt/rustwide/cargo-home/registry/src/index.crates.io-6f17d22bba15001f/sequoia-openpgp-1.17.0/src/parse/stream.rs:1630:9\n   8: <ripasso::crypto::Sequoia as ripasso::crypto::Crypto>::verify_sign\n             at ./src/crypto.rs:872:9\n   9: ripasso::pass::PasswordStore::verify_gpg_id_file\n             at ./src/pass.rs:254:15\n  10: ripasso::pass::pass_tests::test_verify_gpg_id_file_untrusted_key_in_keyring\n             at ./src/tests/pass.rs:1919:18\n  11: ripasso::pass::pass_tests::test_verify_gpg_id_file_untrusted_key_in_keyring::{{closure}}\n             at ./src/tests/pass.rs:1876:54\n  12: core::ops::function::FnOnce::call_once\n             at /rustc/82e1608dfa6e0b5569232559e3d385fea5a93112/library/core/src/ops/function.rs:250:5\n  13: core::ops::function::FnOnce::call_once\n             at /rustc/82e1608dfa6e0b5569232559e3d385fea5a93112/library/core/src/ops/function.rs:250:5\n  14: test::__rust_begin_short_backtrace\n             at /rustc/82e1608dfa6e0b5569232559e3d385fea5a93112/library/test/src/lib.rs:628:18\n  15: test::run_test_in_process::{{closure}}\n             at /rustc/82e1608dfa6e0b5569232559e3d385fea5a93112/library/test/src/lib.rs:651:60\n  16: <core::panic::unwind_safe::AssertUnwindSafe<F> as core::ops::function::FnOnce<()>>::call_once\n             at /rustc/82e1608dfa6e0b5569232559e3d385fea5a93112/library/core/src/panic/unwind_safe.rs:272:9\n  17: std::panicking::try::do_call\n             at /rustc/82e1608dfa6e0b5569232559e3d385fea5a93112/library/std/src/panicking.rs:552:40\n  18: std::panicking::try\n             at /rustc/82e1608dfa6e0b5569232559e3d385fea5a93112/library/std/src/panicking.rs:516:19\n  19: std::panic::catch_unwind\n             at /rustc/82e1608dfa6e0b5569232559e3d385fea5a93112/library/std/src/panic.rs:142:14\n  20: test::run_test_in_process\n             at /rustc/82e1608dfa6e0b5569232559e3d385fea5a93112/library/test/src/lib.rs:651:27\n  21: test::run_test::{{closure}}\n             at /rustc/82e1608dfa6e0b5569232559e3d385fea5a93112/library/test/src/lib.rs:574:43\n  22: test::run_test::{{closure}}\n             at /rustc/82e1608dfa6e0b5569232559e3d385fea5a93112/library/test/src/lib.rs:602:41\n  23: std::sys_common::backtrace::__rust_begin_short_backtrace\n             at /rustc/82e1608dfa6e0b5569232559e3d385fea5a93112/library/std/src/sys_common/backtrace.rs:154:18\n  24: std::thread::Builder::spawn_unchecked_::{{closure}}::{{closure}}\n             at /rustc/82e1608dfa6e0b5569232559e3d385fea5a93112/library/std/src/thread/mod.rs:529:17\n  25: <core::panic::unwind_safe::AssertUnwindSafe<F> as core::ops::function::FnOnce<()>>::call_once\n             at /rustc/82e1608dfa6e0b5569232559e3d385fea5a93112/library/core/src/panic/unwind_safe.rs:272:9\n  26: std::panicking::try::do_call\n             at /rustc/82e1608dfa6e0b5569232559e3d385fea5a93112/library/std/src/panicking.rs:552:40\n  27: std::panicking::try\n             at /rustc/82e1608dfa6e0b5569232559e3d385fea5a93112/library/std/src/panicking.rs:516:19\n  28: std::panic::catch_unwind\n             at /rustc/82e1608dfa6e0b5569232559e3d385fea5a93112/library/std/src/panic.rs:142:14\n  29: std::thread::Builder::spawn_unchecked_::{{closure}}\n             at /rustc/82e1608dfa6e0b5569232559e3d385fea5a93112/library/std/src/thread/mod.rs:528:30\n  30: core::ops::function::FnOnce::call_once{{vtable.shim}}\n             at /rustc/82e1608dfa6e0b5569232559e3d385fea5a93112/library/core/src/ops/function.rs:250:5\n  31: <alloc::boxed::Box<F,A> as core::ops::function::FnOnce<Args>>::call_once\n             at /rustc/82e1608dfa6e0b5569232559e3d385fea5a93112/library/alloc/src/boxed.rs:2007:9\n  32: <alloc::boxed::Box<F,A> as core::ops::function::FnOnce<Args>>::call_once\n             at /rustc/82e1608dfa6e0b5569232559e3d385fea5a93112/library/alloc/src/boxed.rs:2007:9\n  33: std::sys::unix::thread::Thread::new::thread_start\n             at /rustc/82e1608dfa6e0b5569232559e3d385fea5a93112/library/std/src/sys/unix/thread.rs:108:17\n  34: <unknown>\n  35: __clone")
[INFO] [stdout] stack backtrace:
[INFO] [stdout]    0:     0x55db3037cdec - std::backtrace_rs::backtrace::libunwind::trace::ha637c64ce894333a
[INFO] [stdout]                                at /rustc/82e1608dfa6e0b5569232559e3d385fea5a93112/library/std/src/../../backtrace/src/backtrace/libunwind.rs:104:5
[INFO] [stdout]    1:     0x55db3037cdec - std::backtrace_rs::backtrace::trace_unsynchronized::h47f62dea28e0c88d
[INFO] [stdout]                                at /rustc/82e1608dfa6e0b5569232559e3d385fea5a93112/library/std/src/../../backtrace/src/backtrace/mod.rs:66:5
[INFO] [stdout]    2:     0x55db3037cdec - std::sys_common::backtrace::_print_fmt::h9eef0abe20ede486
[INFO] [stdout]                                at /rustc/82e1608dfa6e0b5569232559e3d385fea5a93112/library/std/src/sys_common/backtrace.rs:67:5
[INFO] [stdout]    3:     0x55db3037cdec - <std::sys_common::backtrace::_print::DisplayBacktrace as core::fmt::Display>::fmt::hed7f999df88cc644
[INFO] [stdout]                                at /rustc/82e1608dfa6e0b5569232559e3d385fea5a93112/library/std/src/sys_common/backtrace.rs:44:22
[INFO] [stdout]    4:     0x55db303ad550 - core::fmt::rt::Argument::fmt::h1539a9308b8d058d
[INFO] [stdout]                                at /rustc/82e1608dfa6e0b5569232559e3d385fea5a93112/library/core/src/fmt/rt.rs:142:9
[INFO] [stdout]    5:     0x55db303ad550 - core::fmt::write::h3a39390d8560d9c9
[INFO] [stdout]                                at /rustc/82e1608dfa6e0b5569232559e3d385fea5a93112/library/core/src/fmt/mod.rs:1120:17
[INFO] [stdout]    6:     0x55db303797cf - std::io::Write::write_fmt::h040b369f3a0f9cbc
[INFO] [stdout]                                at /rustc/82e1608dfa6e0b5569232559e3d385fea5a93112/library/std/src/io/mod.rs:1762:15
[INFO] [stdout]    7:     0x55db3037cbd4 - std::sys_common::backtrace::_print::h894006fb5c6f3d45
[INFO] [stdout]                                at /rustc/82e1608dfa6e0b5569232559e3d385fea5a93112/library/std/src/sys_common/backtrace.rs:47:5
[INFO] [stdout]    8:     0x55db3037cbd4 - std::sys_common::backtrace::print::h23a2d212c6fff936
[INFO] [stdout]                                at /rustc/82e1608dfa6e0b5569232559e3d385fea5a93112/library/std/src/sys_common/backtrace.rs:34:9
[INFO] [stdout]    9:     0x55db3037e897 - std::panicking::default_hook::{{closure}}::h8a1d2ee00185001a
[INFO] [stdout]   10:     0x55db3037e583 - std::panicking::default_hook::h6038f2eba384e475
[INFO] [stdout]                                at /rustc/82e1608dfa6e0b5569232559e3d385fea5a93112/library/std/src/panicking.rs:289:9
[INFO] [stdout]   11:     0x55db2fab0ff7 - <alloc::boxed::Box<F,A> as core::ops::function::Fn<Args>>::call::h0ad024c9bdc6d768
[INFO] [stdout]                                at /rustc/82e1608dfa6e0b5569232559e3d385fea5a93112/library/alloc/src/boxed.rs:2021:9
[INFO] [stdout]   12:     0x55db2fab0ff7 - test::test_main::{{closure}}::h7500b54257359db6
[INFO] [stdout]                                at /rustc/82e1608dfa6e0b5569232559e3d385fea5a93112/library/test/src/lib.rs:138:21
[INFO] [stdout]   13:     0x55db3037eea8 - <alloc::boxed::Box<F,A> as core::ops::function::Fn<Args>>::call::h1f8f335eaa9cfaee
[INFO] [stdout]                                at /rustc/82e1608dfa6e0b5569232559e3d385fea5a93112/library/alloc/src/boxed.rs:2021:9
[INFO] [stdout]   14:     0x55db3037eea8 - std::panicking::rust_panic_with_hook::h2b5517d590cab22e
[INFO] [stdout]                                at /rustc/82e1608dfa6e0b5569232559e3d385fea5a93112/library/std/src/panicking.rs:783:13
[INFO] [stdout]   15:     0x55db3037ebfe - std::panicking::begin_panic_handler::{{closure}}::h233112c06e0ef43e
[INFO] [stdout]                                at /rustc/82e1608dfa6e0b5569232559e3d385fea5a93112/library/std/src/panicking.rs:657:13
[INFO] [stdout]   16:     0x55db3037d2b6 - std::sys_common::backtrace::__rust_end_short_backtrace::h6e893f24d7ebbff8
[INFO] [stdout]                                at /rustc/82e1608dfa6e0b5569232559e3d385fea5a93112/library/std/src/sys_common/backtrace.rs:170:18
[INFO] [stdout]   17:     0x55db3037e962 - rust_begin_unwind
[INFO] [stdout]                                at /rustc/82e1608dfa6e0b5569232559e3d385fea5a93112/library/std/src/panicking.rs:645:5
[INFO] [stdout]   18:     0x55db2f40fcf5 - core::panicking::panic_fmt::hbf0e066aabfa482c
[INFO] [stdout]                                at /rustc/82e1608dfa6e0b5569232559e3d385fea5a93112/library/core/src/panicking.rs:72:14
[INFO] [stdout]   19:     0x55db2f4101ab - core::panicking::assert_failed_inner::h0bba8b7c26ee4492
[INFO] [stdout]   20:     0x55db2f4d581e - core::panicking::assert_failed::h394ab2830e9a7258
[INFO] [stdout]                                at /rustc/82e1608dfa6e0b5569232559e3d385fea5a93112/library/core/src/panicking.rs:279:5
[INFO] [stdout]   21:     0x55db2f45566c - ripasso::pass::pass_tests::test_verify_gpg_id_file_untrusted_key_in_keyring::h346ae1a49e1f88f4
[INFO] [stdout]                                at /opt/rustwide/workdir/src/tests/pass.rs:1923:5
[INFO] [stdout]   22:     0x55db2f454427 - ripasso::pass::pass_tests::test_verify_gpg_id_file_untrusted_key_in_keyring::{{closure}}::h9d326d6bce8b1219
[INFO] [stdout]                                at /opt/rustwide/workdir/src/tests/pass.rs:1876:54
[INFO] [stdout]   23:     0x55db2f4b8aa6 - core::ops::function::FnOnce::call_once::h967f8f1b1213d481
[INFO] [stdout]                                at /rustc/82e1608dfa6e0b5569232559e3d385fea5a93112/library/core/src/ops/function.rs:250:5
[INFO] [stdout]   24:     0x55db2fab664f - core::ops::function::FnOnce::call_once::h2b5d431d5046312d
[INFO] [stdout]                                at /rustc/82e1608dfa6e0b5569232559e3d385fea5a93112/library/core/src/ops/function.rs:250:5
[INFO] [stdout]   25:     0x55db2fab664f - test::__rust_begin_short_backtrace::h7714669af176e207
[INFO] [stdout]                                at /rustc/82e1608dfa6e0b5569232559e3d385fea5a93112/library/test/src/lib.rs:628:18
[INFO] [stdout]   26:     0x55db2fab5665 - test::run_test_in_process::{{closure}}::h85218797dcbcec12
[INFO] [stdout]                                at /rustc/82e1608dfa6e0b5569232559e3d385fea5a93112/library/test/src/lib.rs:651:60
[INFO] [stdout]   27:     0x55db2fab5665 - <core::panic::unwind_safe::AssertUnwindSafe<F> as core::ops::function::FnOnce<()>>::call_once::h76c106ea31c14d7b
[INFO] [stdout]                                at /rustc/82e1608dfa6e0b5569232559e3d385fea5a93112/library/core/src/panic/unwind_safe.rs:272:9
[INFO] [stdout]   28:     0x55db2fab5665 - std::panicking::try::do_call::h3bd5d0f6620ee946
[INFO] [stdout]                                at /rustc/82e1608dfa6e0b5569232559e3d385fea5a93112/library/std/src/panicking.rs:552:40
[INFO] [stdout]   29:     0x55db2fab5665 - std::panicking::try::h232e535e4744fe31
[INFO] [stdout]                                at /rustc/82e1608dfa6e0b5569232559e3d385fea5a93112/library/std/src/panicking.rs:516:19
[INFO] [stdout]   30:     0x55db2fab5665 - std::panic::catch_unwind::h3ce3bd6ca8dbac68
[INFO] [stdout]                                at /rustc/82e1608dfa6e0b5569232559e3d385fea5a93112/library/std/src/panic.rs:142:14
[INFO] [stdout]   31:     0x55db2fab5665 - test::run_test_in_process::hc97b257c9621286a
[INFO] [stdout]                                at /rustc/82e1608dfa6e0b5569232559e3d385fea5a93112/library/test/src/lib.rs:651:27
[INFO] [stdout]   32:     0x55db2fab5665 - test::run_test::{{closure}}::h2aa798823a438d38
[INFO] [stdout]                                at /rustc/82e1608dfa6e0b5569232559e3d385fea5a93112/library/test/src/lib.rs:574:43
[INFO] [stdout]   33:     0x55db2fa7d926 - test::run_test::{{closure}}::h87d231c78fb59832
[INFO] [stdout]                                at /rustc/82e1608dfa6e0b5569232559e3d385fea5a93112/library/test/src/lib.rs:602:41
[INFO] [stdout]   34:     0x55db2fa7d926 - std::sys_common::backtrace::__rust_begin_short_backtrace::he6df152596625789
[INFO] [stdout]                                at /rustc/82e1608dfa6e0b5569232559e3d385fea5a93112/library/std/src/sys_common/backtrace.rs:154:18
[INFO] [stdout]   35:     0x55db2fa829d7 - std::thread::Builder::spawn_unchecked_::{{closure}}::{{closure}}::ha94be15d1e0acf36
[INFO] [stdout]                                at /rustc/82e1608dfa6e0b5569232559e3d385fea5a93112/library/std/src/thread/mod.rs:529:17
[INFO] [stdout]   36:     0x55db2fa829d7 - <core::panic::unwind_safe::AssertUnwindSafe<F> as core::ops::function::FnOnce<()>>::call_once::h9dc6bd6372f16606
[INFO] [stdout]                                at /rustc/82e1608dfa6e0b5569232559e3d385fea5a93112/library/core/src/panic/unwind_safe.rs:272:9
[INFO] [stdout]   37:     0x55db2fa829d7 - std::panicking::try::do_call::h9057517f80303cd4
[INFO] [stdout]                                at /rustc/82e1608dfa6e0b5569232559e3d385fea5a93112/library/std/src/panicking.rs:552:40
[INFO] [stdout]   38:     0x55db2fa829d7 - std::panicking::try::he3a30b11ee45340c
[INFO] [stdout]                                at /rustc/82e1608dfa6e0b5569232559e3d385fea5a93112/library/std/src/panicking.rs:516:19
[INFO] [stdout]   39:     0x55db2fa829d7 - std::panic::catch_unwind::h410458cfd3528b8b
[INFO] [stdout]                                at /rustc/82e1608dfa6e0b5569232559e3d385fea5a93112/library/std/src/panic.rs:142:14
[INFO] [stdout]   40:     0x55db2fa829d7 - std::thread::Builder::spawn_unchecked_::{{closure}}::h72ac3bdb567b737b
[INFO] [stdout]                                at /rustc/82e1608dfa6e0b5569232559e3d385fea5a93112/library/std/src/thread/mod.rs:528:30
[INFO] [stdout]   41:     0x55db2fa829d7 - core::ops::function::FnOnce::call_once{{vtable.shim}}::h38f34da3654a8344
[INFO] [stdout]                                at /rustc/82e1608dfa6e0b5569232559e3d385fea5a93112/library/core/src/ops/function.rs:250:5
[INFO] [stdout]   42:     0x55db30384f85 - <alloc::boxed::Box<F,A> as core::ops::function::FnOnce<Args>>::call_once::hc7eafaff61e32df9
[INFO] [stdout]                                at /rustc/82e1608dfa6e0b5569232559e3d385fea5a93112/library/alloc/src/boxed.rs:2007:9
[INFO] [stdout]   43:     0x55db30384f85 - <alloc::boxed::Box<F,A> as core::ops::function::FnOnce<Args>>::call_once::h6ba4a5de48dd2304
[INFO] [stdout]                                at /rustc/82e1608dfa6e0b5569232559e3d385fea5a93112/library/alloc/src/boxed.rs:2007:9
[INFO] [stdout]   44:     0x55db30384f85 - std::sys::unix::thread::Thread::new::thread_start::he469335aef763e45
[INFO] [stdout]                                at /rustc/82e1608dfa6e0b5569232559e3d385fea5a93112/library/std/src/sys/unix/thread.rs:108:17
[INFO] [stdout]   45:     0x7f2f00ff4ac3 - <unknown>
[INFO] [stdout]   46:     0x7f2f01085bf4 - __clone
[INFO] [stdout]   47:                0x0 - <unknown>
[INFO] [stdout] 
[INFO] [stdout] 
[INFO] [stdout] failures:
[INFO] [stdout]     git::git_tests::test_should_sign_false
[INFO] [stdout]     git::git_tests::test_should_sign_true
[INFO] [stdout]     pass::pass_tests::get_history_with_repo
[INFO] [stdout]     pass::pass_tests::password_store_with_files_in_initial_commit
[INFO] [stdout]     pass::pass_tests::password_store_with_relative_path
[INFO] [stdout]     pass::pass_tests::password_store_with_shallow_checkout
[INFO] [stdout]     pass::pass_tests::password_store_with_sparse_checkout
[INFO] [stdout]     pass::pass_tests::password_store_with_symlink
[INFO] [stdout]     pass::pass_tests::populate_password_list_directory_without_git
[INFO] [stdout]     pass::pass_tests::populate_password_list_repo_with_deleted_files
[INFO] [stdout]     pass::pass_tests::populate_password_list_small_repo
[INFO] [stdout]     pass::pass_tests::rename_file
[INFO] [stdout]     pass::pass_tests::rename_file_absolute_path
[INFO] [stdout]     pass::pass_tests::rename_file_git_index_clean
[INFO] [stdout]     pass::pass_tests::test_add_and_commit_internal
[INFO] [stdout]     pass::pass_tests::test_move_and_commit_signed
[INFO] [stdout]     pass::pass_tests::test_remove_and_commit
[INFO] [stdout]     pass::pass_tests::test_verify_git_signature
[INFO] [stdout]     pass::pass_tests::test_verify_gpg_id_file_untrusted_key_in_keyring
[INFO] [stdout] 
[INFO] [stdout] test result: FAILED. 94 passed; 19 failed; 0 ignored; 0 measured; 0 filtered out; finished in 0.50s
[INFO] [stdout] 
[INFO] [stderr] error: test failed, to rerun pass `--lib`
[INFO] running `Command { std: "docker" "inspect" "8f3144452b802b9cbe98c81817ccbef7686a36ece100642262c4e70c77492bca", kill_on_drop: false }`
[INFO] running `Command { std: "docker" "rm" "-f" "8f3144452b802b9cbe98c81817ccbef7686a36ece100642262c4e70c77492bca", kill_on_drop: false }`
[INFO] [stdout] 8f3144452b802b9cbe98c81817ccbef7686a36ece100642262c4e70c77492bca
