[INFO] fetching crate rimage 0.9.1...
[INFO] testing rimage-0.9.1 against 1.75.0 for beta-1.76-1
[INFO] extracting crate rimage 0.9.1 into /workspace/builds/worker-3-tc1/source
[INFO] validating manifest of crates.io crate rimage 0.9.1 on toolchain 1.75.0
[INFO] running `Command { std: CARGO_HOME="/workspace/cargo-home" RUSTUP_HOME="/workspace/rustup-home" "/workspace/cargo-home/bin/cargo" "+1.75.0" "metadata" "--manifest-path" "Cargo.toml" "--no-deps", kill_on_drop: false }`
[INFO] started tweaking crates.io crate rimage 0.9.1
[INFO] finished tweaking crates.io crate rimage 0.9.1
[INFO] tweaked toml for crates.io crate rimage 0.9.1 written to /workspace/builds/worker-3-tc1/source/Cargo.toml
[INFO] crate crates.io crate rimage 0.9.1 already has a lockfile, it will not be regenerated
[INFO] running `Command { std: CARGO_HOME="/workspace/cargo-home" RUSTUP_HOME="/workspace/rustup-home" "/workspace/cargo-home/bin/cargo" "+1.75.0" "fetch" "--manifest-path" "Cargo.toml", kill_on_drop: false }`
[INFO] [stderr] warning: version requirement `0.8.2+libjxl-0.8.2` for dependency `jpegxl-rs` includes semver metadata which will be ignored, removing the metadata is recommended to avoid confusion
[INFO] [stderr] warning: version requirement `0.8.2+libjxl-0.8.2` for dependency `jpegxl-rs` includes semver metadata which will be ignored, removing the metadata is recommended to avoid confusion
[INFO] [stderr]     Updating crates.io index
[INFO] [stderr]  Downloading crates ...
[INFO] [stderr]   Downloaded bitstream-io v1.7.0
[INFO] [stderr]   Downloaded libdeflater v1.19.0
[INFO] [stderr]   Downloaded mutate_once v0.1.1
[INFO] [stderr]   Downloaded kamadak-exif v0.5.5
[INFO] [stderr]   Downloaded loop9 v0.1.4
[INFO] [stderr]   Downloaded avif-serialize v0.8.1
[INFO] [stderr]   Downloaded system-deps v6.1.2
[INFO] [stderr]   Downloaded mozjpeg v0.10.5
[INFO] [stderr]   Downloaded zopfli v0.8.0
[INFO] [stderr]   Downloaded libdeflate-sys v1.19.0
[INFO] [stderr]   Downloaded libavif-sys v0.14.3
[INFO] [stderr]   Downloaded resize v0.8.2
[INFO] [stderr]   Downloaded ravif v0.11.3
[INFO] [stderr]   Downloaded jpegxl-rs v0.8.3+libjxl-0.8.2
[INFO] [stderr]   Downloaded imagequant v4.2.2
[INFO] [stderr]   Downloaded jpegxl-sys v0.8.2+libjxl-0.8.2
[INFO] [stderr]   Downloaded oxipng v9.0.0
[INFO] [stderr]   Downloaded mozjpeg-sys v2.0.3
[INFO] [stderr]   Downloaded jpegxl-src v0.8.2
[INFO] [stderr]   Downloaded libaom-sys v0.14.0
[INFO] running `Command { std: "docker" "create" "-v" "/var/lib/crater-agent-workspace/builds/worker-3-tc1/target:/opt/rustwide/target:rw,Z" "-v" "/var/lib/crater-agent-workspace/builds/worker-3-tc1/source:/opt/rustwide/workdir:ro,Z" "-v" "/var/lib/crater-agent-workspace/cargo-home:/opt/rustwide/cargo-home:ro,Z" "-v" "/var/lib/crater-agent-workspace/rustup-home:/opt/rustwide/rustup-home:ro,Z" "-e" "SOURCE_DIR=/opt/rustwide/workdir" "-e" "CARGO_TARGET_DIR=/opt/rustwide/target" "-e" "CARGO_HOME=/opt/rustwide/cargo-home" "-e" "RUSTUP_HOME=/opt/rustwide/rustup-home" "-w" "/opt/rustwide/workdir" "-m" "1610612736" "--user" "0:0" "--network" "none" "ghcr.io/rust-lang/crates-build-env/linux@sha256:2788e3201cd34a07e3172128adcd8b3090168a8e3bcc40d7c032b9dda1df7d1c" "/opt/rustwide/cargo-home/bin/cargo" "+1.75.0" "metadata" "--no-deps" "--format-version=1", kill_on_drop: false }`
[INFO] [stdout] 9a050482689b45986eb135b1101ce8343d1d44cc207b39ca2814ad0286d81d6f
[INFO] running `Command { std: "docker" "start" "-a" "9a050482689b45986eb135b1101ce8343d1d44cc207b39ca2814ad0286d81d6f", kill_on_drop: false }`
[INFO] running `Command { std: "docker" "inspect" "9a050482689b45986eb135b1101ce8343d1d44cc207b39ca2814ad0286d81d6f", kill_on_drop: false }`
[INFO] running `Command { std: "docker" "rm" "-f" "9a050482689b45986eb135b1101ce8343d1d44cc207b39ca2814ad0286d81d6f", kill_on_drop: false }`
[INFO] [stdout] 9a050482689b45986eb135b1101ce8343d1d44cc207b39ca2814ad0286d81d6f
[INFO] running `Command { std: "docker" "create" "-v" "/var/lib/crater-agent-workspace/builds/worker-3-tc1/target:/opt/rustwide/target:rw,Z" "-v" "/var/lib/crater-agent-workspace/builds/worker-3-tc1/source:/opt/rustwide/workdir:ro,Z" "-v" "/var/lib/crater-agent-workspace/cargo-home:/opt/rustwide/cargo-home:ro,Z" "-v" "/var/lib/crater-agent-workspace/rustup-home:/opt/rustwide/rustup-home:ro,Z" "-e" "SOURCE_DIR=/opt/rustwide/workdir" "-e" "CARGO_TARGET_DIR=/opt/rustwide/target" "-e" "CARGO_INCREMENTAL=0" "-e" "RUST_BACKTRACE=full" "-e" "RUSTFLAGS=--cap-lints=warn" "-e" "RUSTDOCFLAGS=--cap-lints=warn" "-e" "CARGO_HOME=/opt/rustwide/cargo-home" "-e" "RUSTUP_HOME=/opt/rustwide/rustup-home" "-w" "/opt/rustwide/workdir" "-m" "1610612736" "--user" "0:0" "--network" "none" "ghcr.io/rust-lang/crates-build-env/linux@sha256:2788e3201cd34a07e3172128adcd8b3090168a8e3bcc40d7c032b9dda1df7d1c" "/opt/rustwide/cargo-home/bin/cargo" "+1.75.0" "build" "--frozen" "--message-format=json", kill_on_drop: false }`
[INFO] [stdout] 001661e2eb56c40459541c92e7c8441eab1adb65a732da92636b20a25cb6317d
[INFO] running `Command { std: "docker" "start" "-a" "001661e2eb56c40459541c92e7c8441eab1adb65a732da92636b20a25cb6317d", kill_on_drop: false }`
[INFO] [stderr] warning: version requirement `0.8.2+libjxl-0.8.2` for dependency `jpegxl-rs` includes semver metadata which will be ignored, removing the metadata is recommended to avoid confusion
[INFO] [stderr] warning: version requirement `0.8.2+libjxl-0.8.2` for dependency `jpegxl-rs` includes semver metadata which will be ignored, removing the metadata is recommended to avoid confusion
[INFO] [stderr]    Compiling libc v0.2.149
[INFO] [stderr]    Compiling simd-adler32 v0.3.7
[INFO] [stderr]    Compiling proc-macro2 v1.0.69
[INFO] [stderr]    Compiling bytemuck v1.14.0
[INFO] [stderr]    Compiling either v1.9.0
[INFO] [stderr]    Compiling num-traits v0.2.17
[INFO] [stderr]    Compiling radium v0.7.0
[INFO] [stderr]    Compiling crc32fast v1.3.2
[INFO] [stderr]    Compiling dunce v1.0.4
[INFO] [stderr]    Compiling anstyle-parse v0.2.2
[INFO] [stderr]    Compiling anstyle v1.0.4
[INFO] [stderr]    Compiling tap v1.0.1
[INFO] [stderr]    Compiling crossbeam-epoch v0.9.15
[INFO] [stderr]    Compiling clap_lex v0.5.1
[INFO] [stderr]    Compiling equivalent v1.0.1
[INFO] [stderr]    Compiling funty v2.0.0
[INFO] [stderr]    Compiling wyz v0.5.1
[INFO] [stderr]    Compiling hashbrown v0.14.1
[INFO] [stderr]    Compiling thiserror v1.0.49
[INFO] [stderr]    Compiling miniz_oxide v0.7.1
[INFO] [stderr]    Compiling rgb v0.8.36
[INFO] [stderr]    Compiling anstream v0.6.4
[INFO] [stderr]    Compiling arrayvec v0.7.4
[INFO] [stderr]    Compiling typed-arena v2.0.2
[INFO] [stderr]    Compiling thread_local v1.1.7
[INFO] [stderr]    Compiling fdeflate v0.3.0
[INFO] [stderr]    Compiling crossbeam-deque v0.8.3
[INFO] [stderr]    Compiling clap_builder v4.4.6
[INFO] [stderr]    Compiling zopfli v0.8.0
[INFO] [stderr]    Compiling rayon-core v1.12.0
[INFO] [stderr]    Compiling crossbeam-channel v0.5.8
[INFO] [stderr]    Compiling rustc-hash v1.1.0
[INFO] [stderr]    Compiling strength_reduce v0.2.4
[INFO] [stderr]    Compiling mutate_once v0.1.1
[INFO] [stderr]    Compiling kamadak-exif v0.5.5
[INFO] [stderr]    Compiling flate2 v1.0.28
[INFO] [stderr]    Compiling bitvec v1.0.1
[INFO] [stderr]    Compiling quote v1.0.33
[INFO] [stderr]    Compiling rayon v1.8.0
[INFO] [stderr]    Compiling syn v2.0.38
[INFO] [stderr]    Compiling jobserver v0.1.27
[INFO] [stderr]    Compiling filetime v0.2.22
[INFO] [stderr]    Compiling png v0.17.10
[INFO] [stderr]    Compiling cc v1.0.83
[INFO] [stderr]    Compiling num-integer v0.1.45
[INFO] [stderr]    Compiling transpose v0.2.2
[INFO] [stderr]    Compiling libdeflate-sys v1.19.0
[INFO] [stderr]    Compiling mozjpeg-sys v2.0.3
[INFO] [stderr]    Compiling clap v4.4.6
[INFO] [stderr]    Compiling libdeflater v1.19.0
[INFO] [stderr]    Compiling indexmap v2.0.2
[INFO] [stderr]    Compiling imagequant v4.2.2
[INFO] [stderr]    Compiling resize v0.8.2
[INFO] [stderr]    Compiling thiserror-impl v1.0.49
[INFO] [stderr]    Compiling oxipng v9.0.0
[INFO] [stderr]    Compiling mozjpeg v0.10.5
[INFO] [stderr]    Compiling rimage v0.9.1 (/opt/rustwide/workdir)
[INFO] [stderr]     Finished dev [unoptimized + debuginfo] target(s) in 6.92s
[INFO] running `Command { std: "docker" "inspect" "001661e2eb56c40459541c92e7c8441eab1adb65a732da92636b20a25cb6317d", kill_on_drop: false }`
[INFO] running `Command { std: "docker" "rm" "-f" "001661e2eb56c40459541c92e7c8441eab1adb65a732da92636b20a25cb6317d", kill_on_drop: false }`
[INFO] [stdout] 001661e2eb56c40459541c92e7c8441eab1adb65a732da92636b20a25cb6317d
[INFO] running `Command { std: "docker" "create" "-v" "/var/lib/crater-agent-workspace/builds/worker-3-tc1/target:/opt/rustwide/target:rw,Z" "-v" "/var/lib/crater-agent-workspace/builds/worker-3-tc1/source:/opt/rustwide/workdir:ro,Z" "-v" "/var/lib/crater-agent-workspace/cargo-home:/opt/rustwide/cargo-home:ro,Z" "-v" "/var/lib/crater-agent-workspace/rustup-home:/opt/rustwide/rustup-home:ro,Z" "-e" "SOURCE_DIR=/opt/rustwide/workdir" "-e" "CARGO_TARGET_DIR=/opt/rustwide/target" "-e" "CARGO_INCREMENTAL=0" "-e" "RUST_BACKTRACE=full" "-e" "RUSTFLAGS=--cap-lints=warn" "-e" "RUSTDOCFLAGS=--cap-lints=warn" "-e" "CARGO_HOME=/opt/rustwide/cargo-home" "-e" "RUSTUP_HOME=/opt/rustwide/rustup-home" "-w" "/opt/rustwide/workdir" "-m" "1610612736" "--user" "0:0" "--network" "none" "ghcr.io/rust-lang/crates-build-env/linux@sha256:2788e3201cd34a07e3172128adcd8b3090168a8e3bcc40d7c032b9dda1df7d1c" "/opt/rustwide/cargo-home/bin/cargo" "+1.75.0" "test" "--frozen" "--no-run" "--message-format=json", kill_on_drop: false }`
[INFO] [stdout] 54b7c9a929c4126d626a749dedc4d8ed29c851d580f5bb3c3e8fe74d4a439eda
[INFO] running `Command { std: "docker" "start" "-a" "54b7c9a929c4126d626a749dedc4d8ed29c851d580f5bb3c3e8fe74d4a439eda", kill_on_drop: false }`
[INFO] [stderr] warning: version requirement `0.8.2+libjxl-0.8.2` for dependency `jpegxl-rs` includes semver metadata which will be ignored, removing the metadata is recommended to avoid confusion
[INFO] [stderr] warning: version requirement `0.8.2+libjxl-0.8.2` for dependency `jpegxl-rs` includes semver metadata which will be ignored, removing the metadata is recommended to avoid confusion
[INFO] [stderr]    Compiling rimage v0.9.1 (/opt/rustwide/workdir)
[INFO] [stderr]     Finished test [unoptimized + debuginfo] target(s) in 1.30s
[INFO] running `Command { std: "docker" "inspect" "54b7c9a929c4126d626a749dedc4d8ed29c851d580f5bb3c3e8fe74d4a439eda", kill_on_drop: false }`
[INFO] running `Command { std: "docker" "rm" "-f" "54b7c9a929c4126d626a749dedc4d8ed29c851d580f5bb3c3e8fe74d4a439eda", kill_on_drop: false }`
[INFO] [stdout] 54b7c9a929c4126d626a749dedc4d8ed29c851d580f5bb3c3e8fe74d4a439eda
[INFO] running `Command { std: "docker" "create" "-v" "/var/lib/crater-agent-workspace/builds/worker-3-tc1/target:/opt/rustwide/target:rw,Z" "-v" "/var/lib/crater-agent-workspace/builds/worker-3-tc1/source:/opt/rustwide/workdir:ro,Z" "-v" "/var/lib/crater-agent-workspace/cargo-home:/opt/rustwide/cargo-home:ro,Z" "-v" "/var/lib/crater-agent-workspace/rustup-home:/opt/rustwide/rustup-home:ro,Z" "-e" "SOURCE_DIR=/opt/rustwide/workdir" "-e" "CARGO_TARGET_DIR=/opt/rustwide/target" "-e" "CARGO_INCREMENTAL=0" "-e" "RUST_BACKTRACE=full" "-e" "RUSTFLAGS=--cap-lints=warn" "-e" "RUSTDOCFLAGS=--cap-lints=warn" "-e" "CARGO_HOME=/opt/rustwide/cargo-home" "-e" "RUSTUP_HOME=/opt/rustwide/rustup-home" "-w" "/opt/rustwide/workdir" "-m" "1610612736" "--user" "0:0" "--network" "none" "ghcr.io/rust-lang/crates-build-env/linux@sha256:2788e3201cd34a07e3172128adcd8b3090168a8e3bcc40d7c032b9dda1df7d1c" "/opt/rustwide/cargo-home/bin/cargo" "+1.75.0" "test" "--frozen", kill_on_drop: false }`
[INFO] [stdout] ca83967f1360faf630d0ca07e40dc66c1f815b6ab5a0d7a282af1d5e55cfc8a3
[INFO] running `Command { std: "docker" "start" "-a" "ca83967f1360faf630d0ca07e40dc66c1f815b6ab5a0d7a282af1d5e55cfc8a3", kill_on_drop: false }`
[INFO] [stderr] warning: version requirement `0.8.2+libjxl-0.8.2` for dependency `jpegxl-rs` includes semver metadata which will be ignored, removing the metadata is recommended to avoid confusion
[INFO] [stderr] warning: version requirement `0.8.2+libjxl-0.8.2` for dependency `jpegxl-rs` includes semver metadata which will be ignored, removing the metadata is recommended to avoid confusion
[INFO] [stderr]     Finished test [unoptimized + debuginfo] target(s) in 0.06s
[INFO] [stderr]      Running unittests src/lib.rs (/opt/rustwide/target/debug/deps/rimage-971f3c61a271bfbf)
[INFO] [stdout] 
[INFO] [stdout] running 40 tests
[INFO] [stdout] test config::codec::tests::to_oxipng ... ok
[INFO] [stdout] test config::codec::tests::to_mozjpeg ... ok
[INFO] [stdout] test config::codec::tests::to_png ... ok
[INFO] [stdout] test config::codec::tests::to_unknown ... ok
[INFO] [stdout] test config::encoder_config::tests::configure_quality ... ok
[INFO] [stdout] test config::encoder_config::tests::configure_resize ... ok
[INFO] [stdout] test config::encoder_config::tests::configure_quantization ... ok
[INFO] [stdout] test config::encoder_config::tests::default_encoder_config ... ok
[INFO] [stdout] test config::encoder_config::tests::new_encoder_config ... ok
[INFO] [stdout] test config::image_format::tests::to_jpeg ... ok
[INFO] [stdout] test config::image_format::tests::to_png ... ok
[INFO] [stdout] test config::image_format::tests::to_unknown ... ok
[INFO] [stdout] test config::quantization_config::tests::configure_dithering ... ok
[INFO] [stdout] test config::quantization_config::tests::configure_quality ... ok
[INFO] [stdout] test config::quantization_config::tests::default_quantization_config ... ok
[INFO] [stdout] test config::quantization_config::tests::new_quantization_config ... ok
[INFO] [stdout] test config::resize_config::tests::default_resize_config ... ok
[INFO] [stdout] test config::resize_config::tests::new_resize_config ... ok
[INFO] [stdout] test config::resize_config::tests::resize_config_with_height ... ok
[INFO] [stdout] test decoder::tests::decode_jpeg ... FAILED
[INFO] [stdout] test config::resize_config::tests::resize_config_with_width ... ok
[INFO] [stdout] test decoder::tests::fix_orientation ... FAILED
[INFO] [stdout] test decoder::tests::decode_png ... FAILED
[INFO] [stdout] test error::tests::invalid_encoder_config_errors ... ok
[INFO] [stdout] test decoder::tests::new_decoder_with_fixed_orientation ... ok
[INFO] [stdout] test decoder::tests::decode_without_format ... ok
[INFO] [stdout] test decoder::tests::new_decoder_with_format ... ok
[INFO] [stdout] test decoder::tests::new_decoder ... ok
[INFO] [stdout] test error::tests::encoder_error_messages ... ok
[INFO] [stdout] test image::tests::flip_diagonally ... ok
[INFO] [stdout] test image::tests::flip_horizontally ... ok
[INFO] [stdout] test error::tests::invalid_quantization_config_errors ... ok
[INFO] [stdout] test image::tests::new_image ... ok
[INFO] [stdout] test image::tests::rotate_180 ... ok
[INFO] [stdout] test encoder::tests::encoder_with_config ... ok
[INFO] [stdout] test encoder::tests::encoder_new ... ok
[INFO] [stdout] test image::tests::resize_image_smaller ... ok
[INFO] [stdout] test image::tests::resize_image_width_and_height ... ok
[INFO] [stdout] test image::tests::resize_image_bigger ... ok
[INFO] [stdout] test image::tests::quantize_image ... ok
[INFO] [stdout] 
[INFO] [stdout] failures:
[INFO] [stdout] 
[INFO] [stdout] ---- decoder::tests::decode_jpeg stdout ----
[INFO] [stdout] Error: Os { code: 2, kind: NotFound, message: "No such file or directory" }
[INFO] [stdout] 
[INFO] [stdout] ---- decoder::tests::fix_orientation stdout ----
[INFO] [stdout] Error: Os { code: 2, kind: NotFound, message: "No such file or directory" }
[INFO] [stdout] 
[INFO] [stdout] ---- decoder::tests::decode_png stdout ----
[INFO] [stdout] Error: Os { code: 2, kind: NotFound, message: "No such file or directory" }
[INFO] [stdout] 
[INFO] [stdout] 
[INFO] [stdout] failures:
[INFO] [stdout]     decoder::tests::decode_jpeg
[INFO] [stdout]     decoder::tests::decode_png
[INFO] [stdout]     decoder::tests::fix_orientation
[INFO] [stdout] 
[INFO] [stdout] test result: FAILED. 37 passed; 3 failed; 0 ignored; 0 measured; 0 filtered out; finished in 1.29s
[INFO] [stdout] 
[INFO] [stderr] error: test failed, to rerun pass `--lib`
[INFO] running `Command { std: "docker" "inspect" "ca83967f1360faf630d0ca07e40dc66c1f815b6ab5a0d7a282af1d5e55cfc8a3", kill_on_drop: false }`
[INFO] running `Command { std: "docker" "rm" "-f" "ca83967f1360faf630d0ca07e40dc66c1f815b6ab5a0d7a282af1d5e55cfc8a3", kill_on_drop: false }`
[INFO] [stdout] ca83967f1360faf630d0ca07e40dc66c1f815b6ab5a0d7a282af1d5e55cfc8a3
[INFO] testing rimage-0.9.1 against beta-2023-12-22 for beta-1.76-1
[INFO] extracting crate rimage 0.9.1 into /workspace/builds/worker-3-tc2/source
[INFO] validating manifest of crates.io crate rimage 0.9.1 on toolchain beta-2023-12-22
[INFO] running `Command { std: CARGO_HOME="/workspace/cargo-home" RUSTUP_HOME="/workspace/rustup-home" "/workspace/cargo-home/bin/cargo" "+beta-2023-12-22" "metadata" "--manifest-path" "Cargo.toml" "--no-deps", kill_on_drop: false }`
[INFO] started tweaking crates.io crate rimage 0.9.1
[INFO] finished tweaking crates.io crate rimage 0.9.1
[INFO] tweaked toml for crates.io crate rimage 0.9.1 written to /workspace/builds/worker-3-tc2/source/Cargo.toml
[INFO] crate crates.io crate rimage 0.9.1 already has a lockfile, it will not be regenerated
[INFO] running `Command { std: CARGO_HOME="/workspace/cargo-home" RUSTUP_HOME="/workspace/rustup-home" "/workspace/cargo-home/bin/cargo" "+beta-2023-12-22" "fetch" "--manifest-path" "Cargo.toml", kill_on_drop: false }`
[INFO] [stderr] warning: version requirement `0.8.2+libjxl-0.8.2` for dependency `jpegxl-rs` includes semver metadata which will be ignored, removing the metadata is recommended to avoid confusion
[INFO] [stderr] warning: version requirement `0.8.2+libjxl-0.8.2` for dependency `jpegxl-rs` includes semver metadata which will be ignored, removing the metadata is recommended to avoid confusion
[INFO] running `Command { std: "docker" "create" "-v" "/var/lib/crater-agent-workspace/builds/worker-3-tc2/target:/opt/rustwide/target:rw,Z" "-v" "/var/lib/crater-agent-workspace/builds/worker-3-tc2/source:/opt/rustwide/workdir:ro,Z" "-v" "/var/lib/crater-agent-workspace/cargo-home:/opt/rustwide/cargo-home:ro,Z" "-v" "/var/lib/crater-agent-workspace/rustup-home:/opt/rustwide/rustup-home:ro,Z" "-e" "SOURCE_DIR=/opt/rustwide/workdir" "-e" "CARGO_TARGET_DIR=/opt/rustwide/target" "-e" "CARGO_HOME=/opt/rustwide/cargo-home" "-e" "RUSTUP_HOME=/opt/rustwide/rustup-home" "-w" "/opt/rustwide/workdir" "-m" "1610612736" "--user" "0:0" "--network" "none" "ghcr.io/rust-lang/crates-build-env/linux@sha256:2788e3201cd34a07e3172128adcd8b3090168a8e3bcc40d7c032b9dda1df7d1c" "/opt/rustwide/cargo-home/bin/cargo" "+beta-2023-12-22" "metadata" "--no-deps" "--format-version=1", kill_on_drop: false }`
[INFO] [stdout] dfacdd13bbd42334867a7b5ef0c7cebd7f8d970e6733631acd07e3fadffa90aa
[INFO] running `Command { std: "docker" "start" "-a" "dfacdd13bbd42334867a7b5ef0c7cebd7f8d970e6733631acd07e3fadffa90aa", kill_on_drop: false }`
[INFO] running `Command { std: "docker" "inspect" "dfacdd13bbd42334867a7b5ef0c7cebd7f8d970e6733631acd07e3fadffa90aa", kill_on_drop: false }`
[INFO] running `Command { std: "docker" "rm" "-f" "dfacdd13bbd42334867a7b5ef0c7cebd7f8d970e6733631acd07e3fadffa90aa", kill_on_drop: false }`
[INFO] [stdout] dfacdd13bbd42334867a7b5ef0c7cebd7f8d970e6733631acd07e3fadffa90aa
[INFO] running `Command { std: "docker" "create" "-v" "/var/lib/crater-agent-workspace/builds/worker-3-tc2/target:/opt/rustwide/target:rw,Z" "-v" "/var/lib/crater-agent-workspace/builds/worker-3-tc2/source:/opt/rustwide/workdir:ro,Z" "-v" "/var/lib/crater-agent-workspace/cargo-home:/opt/rustwide/cargo-home:ro,Z" "-v" "/var/lib/crater-agent-workspace/rustup-home:/opt/rustwide/rustup-home:ro,Z" "-e" "SOURCE_DIR=/opt/rustwide/workdir" "-e" "CARGO_TARGET_DIR=/opt/rustwide/target" "-e" "CARGO_INCREMENTAL=0" "-e" "RUST_BACKTRACE=full" "-e" "RUSTFLAGS=--cap-lints=warn" "-e" "RUSTDOCFLAGS=--cap-lints=warn" "-e" "CARGO_HOME=/opt/rustwide/cargo-home" "-e" "RUSTUP_HOME=/opt/rustwide/rustup-home" "-w" "/opt/rustwide/workdir" "-m" "1610612736" "--user" "0:0" "--network" "none" "ghcr.io/rust-lang/crates-build-env/linux@sha256:2788e3201cd34a07e3172128adcd8b3090168a8e3bcc40d7c032b9dda1df7d1c" "/opt/rustwide/cargo-home/bin/cargo" "+beta-2023-12-22" "build" "--frozen" "--message-format=json", kill_on_drop: false }`
[INFO] [stdout] fd0abcca534b0ee99ccc7175d7f8927123aead65107aa895452c62b54893f79d
[INFO] running `Command { std: "docker" "start" "-a" "fd0abcca534b0ee99ccc7175d7f8927123aead65107aa895452c62b54893f79d", kill_on_drop: false }`
[INFO] [stderr] warning: version requirement `0.8.2+libjxl-0.8.2` for dependency `jpegxl-rs` includes semver metadata which will be ignored, removing the metadata is recommended to avoid confusion
[INFO] [stderr] warning: version requirement `0.8.2+libjxl-0.8.2` for dependency `jpegxl-rs` includes semver metadata which will be ignored, removing the metadata is recommended to avoid confusion
[INFO] [stderr]    Compiling libc v0.2.149
[INFO] [stderr]    Compiling simd-adler32 v0.3.7
[INFO] [stderr]    Compiling proc-macro2 v1.0.69
[INFO] [stderr]    Compiling bytemuck v1.14.0
[INFO] [stderr]    Compiling either v1.9.0
[INFO] [stderr]    Compiling num-traits v0.2.17
[INFO] [stderr]    Compiling crc32fast v1.3.2
[INFO] [stderr]    Compiling dunce v1.0.4
[INFO] [stderr]    Compiling radium v0.7.0
[INFO] [stderr]    Compiling anstyle-parse v0.2.2
[INFO] [stderr]    Compiling crossbeam-epoch v0.9.15
[INFO] [stderr]    Compiling tap v1.0.1
[INFO] [stderr]    Compiling anstyle v1.0.4
[INFO] [stderr]    Compiling typed-arena v2.0.2
[INFO] [stderr]    Compiling arrayvec v0.7.4
[INFO] [stderr]    Compiling equivalent v1.0.1
[INFO] [stderr]    Compiling hashbrown v0.14.1
[INFO] [stderr]    Compiling thiserror v1.0.49
[INFO] [stderr]    Compiling funty v2.0.0
[INFO] [stderr]    Compiling rgb v0.8.36
[INFO] [stderr]    Compiling wyz v0.5.1
[INFO] [stderr]    Compiling miniz_oxide v0.7.1
[INFO] [stderr]    Compiling clap_lex v0.5.1
[INFO] [stderr]    Compiling anstream v0.6.4
[INFO] [stderr]    Compiling zopfli v0.8.0
[INFO] [stderr]    Compiling fdeflate v0.3.0
[INFO] [stderr]    Compiling crossbeam-deque v0.8.3
[INFO] [stderr]    Compiling thread_local v1.1.7
[INFO] [stderr]    Compiling clap_builder v4.4.6
[INFO] [stderr]    Compiling crossbeam-channel v0.5.8
[INFO] [stderr]    Compiling strength_reduce v0.2.4
[INFO] [stderr]    Compiling rayon-core v1.12.0
[INFO] [stderr]    Compiling mutate_once v0.1.1
[INFO] [stderr]    Compiling rustc-hash v1.1.0
[INFO] [stderr]    Compiling kamadak-exif v0.5.5
[INFO] [stderr]    Compiling flate2 v1.0.28
[INFO] [stderr]    Compiling bitvec v1.0.1
[INFO] [stderr]    Compiling quote v1.0.33
[INFO] [stderr]    Compiling rayon v1.8.0
[INFO] [stderr]    Compiling png v0.17.10
[INFO] [stderr]    Compiling syn v2.0.38
[INFO] [stderr]    Compiling jobserver v0.1.27
[INFO] [stderr]    Compiling filetime v0.2.22
[INFO] [stderr]    Compiling cc v1.0.83
[INFO] [stderr]    Compiling num-integer v0.1.45
[INFO] [stderr]    Compiling transpose v0.2.2
[INFO] [stderr]    Compiling libdeflate-sys v1.19.0
[INFO] [stderr]    Compiling mozjpeg-sys v2.0.3
[INFO] [stderr]    Compiling clap v4.4.6
[INFO] [stderr]    Compiling indexmap v2.0.2
[INFO] [stderr]    Compiling resize v0.8.2
[INFO] [stderr]    Compiling libdeflater v1.19.0
[INFO] [stderr]    Compiling imagequant v4.2.2
[INFO] [stderr]    Compiling thiserror-impl v1.0.49
[INFO] [stderr]    Compiling oxipng v9.0.0
[INFO] [stderr]    Compiling mozjpeg v0.10.5
[INFO] [stderr]    Compiling rimage v0.9.1 (/opt/rustwide/workdir)
[INFO] [stderr]     Finished dev [unoptimized + debuginfo] target(s) in 6.57s
[INFO] running `Command { std: "docker" "inspect" "fd0abcca534b0ee99ccc7175d7f8927123aead65107aa895452c62b54893f79d", kill_on_drop: false }`
[INFO] running `Command { std: "docker" "rm" "-f" "fd0abcca534b0ee99ccc7175d7f8927123aead65107aa895452c62b54893f79d", kill_on_drop: false }`
[INFO] [stdout] fd0abcca534b0ee99ccc7175d7f8927123aead65107aa895452c62b54893f79d
[INFO] running `Command { std: "docker" "create" "-v" "/var/lib/crater-agent-workspace/builds/worker-3-tc2/target:/opt/rustwide/target:rw,Z" "-v" "/var/lib/crater-agent-workspace/builds/worker-3-tc2/source:/opt/rustwide/workdir:ro,Z" "-v" "/var/lib/crater-agent-workspace/cargo-home:/opt/rustwide/cargo-home:ro,Z" "-v" "/var/lib/crater-agent-workspace/rustup-home:/opt/rustwide/rustup-home:ro,Z" "-e" "SOURCE_DIR=/opt/rustwide/workdir" "-e" "CARGO_TARGET_DIR=/opt/rustwide/target" "-e" "CARGO_INCREMENTAL=0" "-e" "RUST_BACKTRACE=full" "-e" "RUSTFLAGS=--cap-lints=warn" "-e" "RUSTDOCFLAGS=--cap-lints=warn" "-e" "CARGO_HOME=/opt/rustwide/cargo-home" "-e" "RUSTUP_HOME=/opt/rustwide/rustup-home" "-w" "/opt/rustwide/workdir" "-m" "1610612736" "--user" "0:0" "--network" "none" "ghcr.io/rust-lang/crates-build-env/linux@sha256:2788e3201cd34a07e3172128adcd8b3090168a8e3bcc40d7c032b9dda1df7d1c" "/opt/rustwide/cargo-home/bin/cargo" "+beta-2023-12-22" "test" "--frozen" "--no-run" "--message-format=json", kill_on_drop: false }`
[INFO] [stdout] 5c347096aaac27791b8849b43a7901adc023115f77c596d6447d5c1f13418f32
[INFO] running `Command { std: "docker" "start" "-a" "5c347096aaac27791b8849b43a7901adc023115f77c596d6447d5c1f13418f32", kill_on_drop: false }`
[INFO] [stderr] warning: version requirement `0.8.2+libjxl-0.8.2` for dependency `jpegxl-rs` includes semver metadata which will be ignored, removing the metadata is recommended to avoid confusion
[INFO] [stderr] warning: version requirement `0.8.2+libjxl-0.8.2` for dependency `jpegxl-rs` includes semver metadata which will be ignored, removing the metadata is recommended to avoid confusion
[INFO] [stderr]    Compiling rimage v0.9.1 (/opt/rustwide/workdir)
[INFO] [stderr]     Finished test [unoptimized + debuginfo] target(s) in 1.86s
[INFO] running `Command { std: "docker" "inspect" "5c347096aaac27791b8849b43a7901adc023115f77c596d6447d5c1f13418f32", kill_on_drop: false }`
[INFO] running `Command { std: "docker" "rm" "-f" "5c347096aaac27791b8849b43a7901adc023115f77c596d6447d5c1f13418f32", kill_on_drop: false }`
[INFO] [stdout] 5c347096aaac27791b8849b43a7901adc023115f77c596d6447d5c1f13418f32
[INFO] running `Command { std: "docker" "create" "-v" "/var/lib/crater-agent-workspace/builds/worker-3-tc2/target:/opt/rustwide/target:rw,Z" "-v" "/var/lib/crater-agent-workspace/builds/worker-3-tc2/source:/opt/rustwide/workdir:ro,Z" "-v" "/var/lib/crater-agent-workspace/cargo-home:/opt/rustwide/cargo-home:ro,Z" "-v" "/var/lib/crater-agent-workspace/rustup-home:/opt/rustwide/rustup-home:ro,Z" "-e" "SOURCE_DIR=/opt/rustwide/workdir" "-e" "CARGO_TARGET_DIR=/opt/rustwide/target" "-e" "CARGO_INCREMENTAL=0" "-e" "RUST_BACKTRACE=full" "-e" "RUSTFLAGS=--cap-lints=warn" "-e" "RUSTDOCFLAGS=--cap-lints=warn" "-e" "CARGO_HOME=/opt/rustwide/cargo-home" "-e" "RUSTUP_HOME=/opt/rustwide/rustup-home" "-w" "/opt/rustwide/workdir" "-m" "1610612736" "--user" "0:0" "--network" "none" "ghcr.io/rust-lang/crates-build-env/linux@sha256:2788e3201cd34a07e3172128adcd8b3090168a8e3bcc40d7c032b9dda1df7d1c" "/opt/rustwide/cargo-home/bin/cargo" "+beta-2023-12-22" "test" "--frozen", kill_on_drop: false }`
[INFO] [stdout] 8516be57e930c01f8fb8dfd25dffde31a2197ba30a215277df6c53d28f50654b
[INFO] running `Command { std: "docker" "start" "-a" "8516be57e930c01f8fb8dfd25dffde31a2197ba30a215277df6c53d28f50654b", kill_on_drop: false }`
[INFO] [stderr] warning: version requirement `0.8.2+libjxl-0.8.2` for dependency `jpegxl-rs` includes semver metadata which will be ignored, removing the metadata is recommended to avoid confusion
[INFO] [stderr] warning: version requirement `0.8.2+libjxl-0.8.2` for dependency `jpegxl-rs` includes semver metadata which will be ignored, removing the metadata is recommended to avoid confusion
[INFO] [stderr]     Finished test [unoptimized + debuginfo] target(s) in 0.11s
[INFO] [stderr]      Running unittests src/lib.rs (/opt/rustwide/target/debug/deps/rimage-a049e89d3f51f33c)
[INFO] [stdout] 
[INFO] [stdout] running 40 tests
[INFO] [stdout] test config::codec::tests::to_mozjpeg ... ok
[INFO] [stdout] test config::codec::tests::to_unknown ... ok
[INFO] [stdout] test config::codec::tests::to_oxipng ... ok
[INFO] [stdout] test config::codec::tests::to_png ... ok
[INFO] [stdout] test config::encoder_config::tests::default_encoder_config ... ok
[INFO] [stdout] test config::image_format::tests::to_jpeg ... ok
[INFO] [stdout] test config::encoder_config::tests::configure_quality ... ok
[INFO] [stdout] test config::encoder_config::tests::new_encoder_config ... ok
[INFO] [stdout] test config::quantization_config::tests::configure_quality ... ok
[INFO] [stdout] test config::quantization_config::tests::new_quantization_config ... ok
[INFO] [stdout] test config::resize_config::tests::default_resize_config ... ok
[INFO] [stdout] test config::resize_config::tests::resize_config_with_height ... ok
[INFO] [stdout] test config::encoder_config::tests::configure_quantization ... ok
[INFO] [stdout] test config::image_format::tests::to_png ... ok
[INFO] [stdout] test config::resize_config::tests::new_resize_config ... ok
[INFO] [stdout] test decoder::tests::fix_orientation ... FAILED
[INFO] [stdout] test config::encoder_config::tests::configure_resize ... ok
[INFO] [stdout] test decoder::tests::decode_jpeg ... FAILED
[INFO] [stdout] test decoder::tests::decode_png ... FAILED
[INFO] [stdout] test decoder::tests::decode_without_format ... ok
[INFO] [stdout] test config::resize_config::tests::resize_config_with_width ... ok
[INFO] [stdout] test config::image_format::tests::to_unknown ... ok
[INFO] [stdout] test decoder::tests::new_decoder_with_fixed_orientation ... ok
[INFO] [stdout] test config::quantization_config::tests::default_quantization_config ... ok
[INFO] [stdout] test error::tests::invalid_quantization_config_errors ... ok
[INFO] [stdout] test image::tests::flip_horizontally ... ok
[INFO] [stdout] test error::tests::invalid_encoder_config_errors ... ok
[INFO] [stdout] test decoder::tests::new_decoder ... ok
[INFO] [stdout] test decoder::tests::new_decoder_with_format ... ok
[INFO] [stdout] test config::quantization_config::tests::configure_dithering ... ok
[INFO] [stdout] test encoder::tests::encoder_new ... ok
[INFO] [stdout] test image::tests::flip_diagonally ... ok
[INFO] [stdout] test image::tests::new_image ... ok
[INFO] [stdout] test error::tests::encoder_error_messages ... ok
[INFO] [stdout] test encoder::tests::encoder_with_config ... ok
[INFO] [stdout] test image::tests::rotate_180 ... ok
[INFO] [stdout] test image::tests::resize_image_width_and_height ... ok
[INFO] [stdout] test image::tests::resize_image_smaller ... ok
[INFO] [stdout] test image::tests::resize_image_bigger ... ok
[INFO] [stdout] test image::tests::quantize_image ... ok
[INFO] [stdout] 
[INFO] [stdout] failures:
[INFO] [stdout] 
[INFO] [stdout] ---- decoder::tests::fix_orientation stdout ----
[INFO] [stdout] Error: Os { code: 2, kind: NotFound, message: "No such file or directory" }
[INFO] [stdout] 
[INFO] [stdout] ---- decoder::tests::decode_jpeg stdout ----
[INFO] [stdout] Error: Os { code: 2, kind: NotFound, message: "No such file or directory" }
[INFO] [stdout] 
[INFO] [stdout] ---- decoder::tests::decode_png stdout ----
[INFO] [stdout] Error: Os { code: 2, kind: NotFound, message: "No such file or directory" }
[INFO] [stdout] 
[INFO] [stdout] 
[INFO] [stdout] failures:
[INFO] [stdout]     decoder::tests::decode_jpeg
[INFO] [stdout]     decoder::tests::decode_png
[INFO] [stdout]     decoder::tests::fix_orientation
[INFO] [stdout] 
[INFO] [stdout] test result: FAILED. 37 passed; 3 failed; 0 ignored; 0 measured; 0 filtered out; finished in 1.82s
[INFO] [stdout] 
[INFO] [stderr] error: test failed, to rerun pass `--lib`
[INFO] running `Command { std: "docker" "inspect" "8516be57e930c01f8fb8dfd25dffde31a2197ba30a215277df6c53d28f50654b", kill_on_drop: false }`
[INFO] running `Command { std: "docker" "rm" "-f" "8516be57e930c01f8fb8dfd25dffde31a2197ba30a215277df6c53d28f50654b", kill_on_drop: false }`
[INFO] [stdout] 8516be57e930c01f8fb8dfd25dffde31a2197ba30a215277df6c53d28f50654b
