[INFO] fetching crate rif 0.2.0...
[INFO] testing rif-0.2.0 against 1.75.0 for beta-1.76-1
[INFO] extracting crate rif 0.2.0 into /workspace/builds/worker-5-tc1/source
[INFO] validating manifest of crates.io crate rif 0.2.0 on toolchain 1.75.0
[INFO] running `Command { std: CARGO_HOME="/workspace/cargo-home" RUSTUP_HOME="/workspace/rustup-home" "/workspace/cargo-home/bin/cargo" "+1.75.0" "metadata" "--manifest-path" "Cargo.toml" "--no-deps", kill_on_drop: false }`
[INFO] started tweaking crates.io crate rif 0.2.0
[INFO] finished tweaking crates.io crate rif 0.2.0
[INFO] tweaked toml for crates.io crate rif 0.2.0 written to /workspace/builds/worker-5-tc1/source/Cargo.toml
[INFO] crate crates.io crate rif 0.2.0 already has a lockfile, it will not be regenerated
[INFO] running `Command { std: CARGO_HOME="/workspace/cargo-home" RUSTUP_HOME="/workspace/rustup-home" "/workspace/cargo-home/bin/cargo" "+1.75.0" "fetch" "--manifest-path" "Cargo.toml", kill_on_drop: false }`
[INFO] [stderr]  Downloading crates ...
[INFO] [stderr]   Downloaded filetime v0.2.14
[INFO] running `Command { std: "docker" "create" "-v" "/var/lib/crater-agent-workspace/builds/worker-5-tc1/target:/opt/rustwide/target:rw,Z" "-v" "/var/lib/crater-agent-workspace/builds/worker-5-tc1/source:/opt/rustwide/workdir:ro,Z" "-v" "/var/lib/crater-agent-workspace/cargo-home:/opt/rustwide/cargo-home:ro,Z" "-v" "/var/lib/crater-agent-workspace/rustup-home:/opt/rustwide/rustup-home:ro,Z" "-e" "SOURCE_DIR=/opt/rustwide/workdir" "-e" "CARGO_TARGET_DIR=/opt/rustwide/target" "-e" "CARGO_HOME=/opt/rustwide/cargo-home" "-e" "RUSTUP_HOME=/opt/rustwide/rustup-home" "-w" "/opt/rustwide/workdir" "-m" "1610612736" "--user" "0:0" "--network" "none" "ghcr.io/rust-lang/crates-build-env/linux@sha256:2788e3201cd34a07e3172128adcd8b3090168a8e3bcc40d7c032b9dda1df7d1c" "/opt/rustwide/cargo-home/bin/cargo" "+1.75.0" "metadata" "--no-deps" "--format-version=1", kill_on_drop: false }`
[INFO] [stdout] 297639ea9cddacc836623c6f04f4a369cd6b359995b9e593dadfbfd61a1d5659
[INFO] running `Command { std: "docker" "start" "-a" "297639ea9cddacc836623c6f04f4a369cd6b359995b9e593dadfbfd61a1d5659", kill_on_drop: false }`
[INFO] running `Command { std: "docker" "inspect" "297639ea9cddacc836623c6f04f4a369cd6b359995b9e593dadfbfd61a1d5659", kill_on_drop: false }`
[INFO] running `Command { std: "docker" "rm" "-f" "297639ea9cddacc836623c6f04f4a369cd6b359995b9e593dadfbfd61a1d5659", kill_on_drop: false }`
[INFO] [stdout] 297639ea9cddacc836623c6f04f4a369cd6b359995b9e593dadfbfd61a1d5659
[INFO] running `Command { std: "docker" "create" "-v" "/var/lib/crater-agent-workspace/builds/worker-5-tc1/target:/opt/rustwide/target:rw,Z" "-v" "/var/lib/crater-agent-workspace/builds/worker-5-tc1/source:/opt/rustwide/workdir:ro,Z" "-v" "/var/lib/crater-agent-workspace/cargo-home:/opt/rustwide/cargo-home:ro,Z" "-v" "/var/lib/crater-agent-workspace/rustup-home:/opt/rustwide/rustup-home:ro,Z" "-e" "SOURCE_DIR=/opt/rustwide/workdir" "-e" "CARGO_TARGET_DIR=/opt/rustwide/target" "-e" "CARGO_INCREMENTAL=0" "-e" "RUST_BACKTRACE=full" "-e" "RUSTFLAGS=--cap-lints=warn" "-e" "RUSTDOCFLAGS=--cap-lints=warn" "-e" "CARGO_HOME=/opt/rustwide/cargo-home" "-e" "RUSTUP_HOME=/opt/rustwide/rustup-home" "-w" "/opt/rustwide/workdir" "-m" "1610612736" "--user" "0:0" "--network" "none" "ghcr.io/rust-lang/crates-build-env/linux@sha256:2788e3201cd34a07e3172128adcd8b3090168a8e3bcc40d7c032b9dda1df7d1c" "/opt/rustwide/cargo-home/bin/cargo" "+1.75.0" "build" "--frozen" "--message-format=json", kill_on_drop: false }`
[INFO] [stdout] 2c7ea0c359a8696fc988c01eec2a1e04c088ce4d1cb86b091e2fc874bb7af60d
[INFO] running `Command { std: "docker" "start" "-a" "2c7ea0c359a8696fc988c01eec2a1e04c088ce4d1cb86b091e2fc874bb7af60d", kill_on_drop: false }`
[INFO] [stderr]    Compiling proc-macro2 v1.0.26
[INFO] [stderr]    Compiling syn v1.0.71
[INFO] [stderr]    Compiling autocfg v1.0.1
[INFO] [stderr]    Compiling serde_derive v1.0.125
[INFO] [stderr]    Compiling serde v1.0.125
[INFO] [stderr]    Compiling libc v0.2.94
[INFO] [stderr]    Compiling ryu v1.0.5
[INFO] [stderr]    Compiling serde_json v1.0.64
[INFO] [stderr]    Compiling itoa v0.4.7
[INFO] [stderr]    Compiling itertools v0.10.0
[INFO] [stderr]    Compiling num-traits v0.2.14
[INFO] [stderr]    Compiling num-integer v0.1.44
[INFO] [stderr]    Compiling quote v1.0.9
[INFO] [stderr]    Compiling time v0.1.44
[INFO] [stderr]    Compiling filetime v0.2.14
[INFO] [stderr]    Compiling chrono v0.4.19
[INFO] [stderr]    Compiling bincode v1.3.3
[INFO] [stderr]    Compiling rif v0.2.0 (/opt/rustwide/workdir)
[INFO] [stdout] warning: call to `.clone()` on a reference in this situation does nothing
[INFO] [stdout]   --> src/rif.rs:40:47
[INFO] [stdout]    |
[INFO] [stdout] 40 |             root_path: path.map(|p| p.as_ref().clone().to_owned()),
[INFO] [stdout]    |                                               ^^^^^^^^ help: remove this redundant call
[INFO] [stdout]    |
[INFO] [stdout]    = note: the type `Path` does not implement `Clone`, so calling `clone` on `&Path` copies the reference, which does not do anything and can be removed
[INFO] [stdout]    = note: `#[warn(noop_method_call)]` on by default
[INFO] [stdout] 
[INFO] [stdout] 
[INFO] [stdout] warning: 1 warning emitted
[INFO] [stdout] 
[INFO] [stdout] 
[INFO] [stderr]     Finished dev [unoptimized + debuginfo] target(s) in 14.86s
[INFO] running `Command { std: "docker" "inspect" "2c7ea0c359a8696fc988c01eec2a1e04c088ce4d1cb86b091e2fc874bb7af60d", kill_on_drop: false }`
[INFO] running `Command { std: "docker" "rm" "-f" "2c7ea0c359a8696fc988c01eec2a1e04c088ce4d1cb86b091e2fc874bb7af60d", kill_on_drop: false }`
[INFO] [stdout] 2c7ea0c359a8696fc988c01eec2a1e04c088ce4d1cb86b091e2fc874bb7af60d
[INFO] running `Command { std: "docker" "create" "-v" "/var/lib/crater-agent-workspace/builds/worker-5-tc1/target:/opt/rustwide/target:rw,Z" "-v" "/var/lib/crater-agent-workspace/builds/worker-5-tc1/source:/opt/rustwide/workdir:ro,Z" "-v" "/var/lib/crater-agent-workspace/cargo-home:/opt/rustwide/cargo-home:ro,Z" "-v" "/var/lib/crater-agent-workspace/rustup-home:/opt/rustwide/rustup-home:ro,Z" "-e" "SOURCE_DIR=/opt/rustwide/workdir" "-e" "CARGO_TARGET_DIR=/opt/rustwide/target" "-e" "CARGO_INCREMENTAL=0" "-e" "RUST_BACKTRACE=full" "-e" "RUSTFLAGS=--cap-lints=warn" "-e" "RUSTDOCFLAGS=--cap-lints=warn" "-e" "CARGO_HOME=/opt/rustwide/cargo-home" "-e" "RUSTUP_HOME=/opt/rustwide/rustup-home" "-w" "/opt/rustwide/workdir" "-m" "1610612736" "--user" "0:0" "--network" "none" "ghcr.io/rust-lang/crates-build-env/linux@sha256:2788e3201cd34a07e3172128adcd8b3090168a8e3bcc40d7c032b9dda1df7d1c" "/opt/rustwide/cargo-home/bin/cargo" "+1.75.0" "test" "--frozen" "--no-run" "--message-format=json", kill_on_drop: false }`
[INFO] [stdout] d2c2e0cee2847a009c539e0ab154fe1a6c76df2b561f000188263912b153a461
[INFO] running `Command { std: "docker" "start" "-a" "d2c2e0cee2847a009c539e0ab154fe1a6c76df2b561f000188263912b153a461", kill_on_drop: false }`
[INFO] [stderr]    Compiling rif v0.2.0 (/opt/rustwide/workdir)
[INFO] [stdout] warning: call to `.clone()` on a reference in this situation does nothing
[INFO] [stdout]   --> src/rif.rs:40:47
[INFO] [stdout]    |
[INFO] [stdout] 40 |             root_path: path.map(|p| p.as_ref().clone().to_owned()),
[INFO] [stdout]    |                                               ^^^^^^^^ help: remove this redundant call
[INFO] [stdout]    |
[INFO] [stdout]    = note: the type `Path` does not implement `Clone`, so calling `clone` on `&Path` copies the reference, which does not do anything and can be removed
[INFO] [stdout]    = note: `#[warn(noop_method_call)]` on by default
[INFO] [stdout] 
[INFO] [stdout] 
[INFO] [stdout] warning: 1 warning emitted
[INFO] [stdout] 
[INFO] [stdout] 
[INFO] [stdout] warning: call to `.clone()` on a reference in this situation does nothing
[INFO] [stdout]   --> src/rif.rs:40:47
[INFO] [stdout]    |
[INFO] [stdout] 40 |             root_path: path.map(|p| p.as_ref().clone().to_owned()),
[INFO] [stdout]    |                                               ^^^^^^^^ help: remove this redundant call
[INFO] [stdout]    |
[INFO] [stdout]    = note: the type `Path` does not implement `Clone`, so calling `clone` on `&Path` copies the reference, which does not do anything and can be removed
[INFO] [stdout]    = note: `#[warn(noop_method_call)]` on by default
[INFO] [stdout] 
[INFO] [stdout] 
[INFO] [stderr]     Finished test [unoptimized + debuginfo] target(s) in 0.72s
[INFO] [stdout] warning: 1 warning emitted
[INFO] [stdout] 
[INFO] [stdout] 
[INFO] running `Command { std: "docker" "inspect" "d2c2e0cee2847a009c539e0ab154fe1a6c76df2b561f000188263912b153a461", kill_on_drop: false }`
[INFO] running `Command { std: "docker" "rm" "-f" "d2c2e0cee2847a009c539e0ab154fe1a6c76df2b561f000188263912b153a461", kill_on_drop: false }`
[INFO] [stdout] d2c2e0cee2847a009c539e0ab154fe1a6c76df2b561f000188263912b153a461
[INFO] running `Command { std: "docker" "create" "-v" "/var/lib/crater-agent-workspace/builds/worker-5-tc1/target:/opt/rustwide/target:rw,Z" "-v" "/var/lib/crater-agent-workspace/builds/worker-5-tc1/source:/opt/rustwide/workdir:ro,Z" "-v" "/var/lib/crater-agent-workspace/cargo-home:/opt/rustwide/cargo-home:ro,Z" "-v" "/var/lib/crater-agent-workspace/rustup-home:/opt/rustwide/rustup-home:ro,Z" "-e" "SOURCE_DIR=/opt/rustwide/workdir" "-e" "CARGO_TARGET_DIR=/opt/rustwide/target" "-e" "CARGO_INCREMENTAL=0" "-e" "RUST_BACKTRACE=full" "-e" "RUSTFLAGS=--cap-lints=warn" "-e" "RUSTDOCFLAGS=--cap-lints=warn" "-e" "CARGO_HOME=/opt/rustwide/cargo-home" "-e" "RUSTUP_HOME=/opt/rustwide/rustup-home" "-w" "/opt/rustwide/workdir" "-m" "1610612736" "--user" "0:0" "--network" "none" "ghcr.io/rust-lang/crates-build-env/linux@sha256:2788e3201cd34a07e3172128adcd8b3090168a8e3bcc40d7c032b9dda1df7d1c" "/opt/rustwide/cargo-home/bin/cargo" "+1.75.0" "test" "--frozen", kill_on_drop: false }`
[INFO] [stdout] 2402e0c24448b51fbc2e79abf9ef4e9ef93d07e504488df9bc7ac012bcbf3e1c
[INFO] running `Command { std: "docker" "start" "-a" "2402e0c24448b51fbc2e79abf9ef4e9ef93d07e504488df9bc7ac012bcbf3e1c", kill_on_drop: false }`
[INFO] [stderr] warning: call to `.clone()` on a reference in this situation does nothing
[INFO] [stderr]   --> src/rif.rs:40:47
[INFO] [stderr]    |
[INFO] [stderr] 40 |             root_path: path.map(|p| p.as_ref().clone().to_owned()),
[INFO] [stderr]    |                                               ^^^^^^^^ help: remove this redundant call
[INFO] [stderr]    |
[INFO] [stderr]    = note: the type `Path` does not implement `Clone`, so calling `clone` on `&Path` copies the reference, which does not do anything and can be removed
[INFO] [stderr]    = note: `#[warn(noop_method_call)]` on by default
[INFO] [stderr] 
[INFO] [stderr] warning: `rif` (lib) generated 1 warning (run `cargo fix --lib -p rif` to apply 1 suggestion)
[INFO] [stderr] warning: `rif` (lib test) generated 1 warning (1 duplicate)
[INFO] [stderr]     Finished test [unoptimized + debuginfo] target(s) in 0.04s
[INFO] [stderr]      Running unittests src/lib.rs (/opt/rustwide/target/debug/deps/rif-3c9708c771b0140c)
[INFO] [stdout] 
[INFO] [stderr]      Running unittests src/bin.rs (/opt/rustwide/target/debug/deps/rif-bf27b323819a8836)
[INFO] [stdout] running 0 tests
[INFO] [stderr]    Doc-tests rif
[INFO] [stdout] 
[INFO] [stdout] test result: ok. 0 passed; 0 failed; 0 ignored; 0 measured; 0 filtered out; finished in 0.00s
[INFO] [stdout] 
[INFO] [stdout] 
[INFO] [stdout] running 0 tests
[INFO] [stdout] 
[INFO] [stdout] test result: ok. 0 passed; 0 failed; 0 ignored; 0 measured; 0 filtered out; finished in 0.00s
[INFO] [stdout] 
[INFO] [stdout] 
[INFO] [stdout] running 2 tests
[INFO] [stdout] test src/utils.rs - utils::relativize_path (line 130) ... FAILED
[INFO] [stdout] test src/utils.rs - utils::strip_path (line 97) ... FAILED
[INFO] [stdout] 
[INFO] [stdout] failures:
[INFO] [stdout] 
[INFO] [stdout] ---- src/utils.rs - utils::relativize_path (line 130) stdout ----
[INFO] [stdout] error[E0425]: cannot find function `relativize_path` in this scope
[INFO] [stdout]  --> src/utils.rs:132:16
[INFO] [stdout]   |
[INFO] [stdout] 4 | let absolute = relativize_path(PathBuf::from("/home/user/test/example"));
[INFO] [stdout]   |                ^^^^^^^^^^^^^^^ not found in this scope
[INFO] [stdout]   |
[INFO] [stdout] help: consider importing this function
[INFO] [stdout]   |
[INFO] [stdout] 3 + use rif::utils::relativize_path;
[INFO] [stdout]   |
[INFO] [stdout] 
[INFO] [stdout] error[E0433]: failed to resolve: use of undeclared type `PathBuf`
[INFO] [stdout]  --> src/utils.rs:132:32
[INFO] [stdout]   |
[INFO] [stdout] 4 | let absolute = relativize_path(PathBuf::from("/home/user/test/example"));
[INFO] [stdout]   |                                ^^^^^^^ use of undeclared type `PathBuf`
[INFO] [stdout]   |
[INFO] [stdout] help: consider importing this struct
[INFO] [stdout]   |
[INFO] [stdout] 3 + use std::path::PathBuf;
[INFO] [stdout]   |
[INFO] [stdout] 
[INFO] [stdout] error[E0433]: failed to resolve: use of undeclared type `PathBuf`
[INFO] [stdout]  --> src/utils.rs:133:22
[INFO] [stdout]   |
[INFO] [stdout] 5 | assert_eq!(absolute, PathBuf::from("example"));
[INFO] [stdout]   |                      ^^^^^^^ use of undeclared type `PathBuf`
[INFO] [stdout]   |
[INFO] [stdout] help: consider importing this struct
[INFO] [stdout]   |
[INFO] [stdout] 3 + use std::path::PathBuf;
[INFO] [stdout]   |
[INFO] [stdout] 
[INFO] [stdout] error[E0425]: cannot find function `relativize_path` in this scope
[INFO] [stdout]  --> src/utils.rs:135:16
[INFO] [stdout]   |
[INFO] [stdout] 7 | let dotslash = relativize_path(PathBuf::from("./test/example"));
[INFO] [stdout]   |                ^^^^^^^^^^^^^^^ not found in this scope
[INFO] [stdout]   |
[INFO] [stdout] help: consider importing this function
[INFO] [stdout]   |
[INFO] [stdout] 3 + use rif::utils::relativize_path;
[INFO] [stdout]   |
[INFO] [stdout] 
[INFO] [stdout] error[E0433]: failed to resolve: use of undeclared type `PathBuf`
[INFO] [stdout]  --> src/utils.rs:135:32
[INFO] [stdout]   |
[INFO] [stdout] 7 | let dotslash = relativize_path(PathBuf::from("./test/example"));
[INFO] [stdout]   |                                ^^^^^^^ use of undeclared type `PathBuf`
[INFO] [stdout]   |
[INFO] [stdout] help: consider importing this struct
[INFO] [stdout]   |
[INFO] [stdout] 3 + use std::path::PathBuf;
[INFO] [stdout]   |
[INFO] [stdout] 
[INFO] [stdout] error[E0433]: failed to resolve: use of undeclared type `PathBuf`
[INFO] [stdout]  --> src/utils.rs:136:22
[INFO] [stdout]   |
[INFO] [stdout] 8 | assert_eq!(absolute, PathBuf::from("example"));
[INFO] [stdout]   |                      ^^^^^^^ use of undeclared type `PathBuf`
[INFO] [stdout]   |
[INFO] [stdout] help: consider importing this struct
[INFO] [stdout]   |
[INFO] [stdout] 3 + use std::path::PathBuf;
[INFO] [stdout]   |
[INFO] [stdout] 
[INFO] [stdout] error: aborting due to 6 previous errors
[INFO] [stdout] 
[INFO] [stdout] Some errors have detailed explanations: E0425, E0433.
[INFO] [stdout] For more information about an error, try `rustc --explain E0425`.
[INFO] [stdout] Couldn't compile the test.
[INFO] [stdout] ---- src/utils.rs - utils::strip_path (line 97) stdout ----
[INFO] [stdout] error[E0433]: failed to resolve: use of undeclared type `PathBuf`
[INFO] [stdout]  --> src/utils.rs:99:19
[INFO] [stdout]   |
[INFO] [stdout] 4 | let target_path = PathBuf::from("/home/user/test/target");
[INFO] [stdout]   |                   ^^^^^^^ use of undeclared type `PathBuf`
[INFO] [stdout]   |
[INFO] [stdout] help: consider importing this struct
[INFO] [stdout]   |
[INFO] [stdout] 3 + use std::path::PathBuf;
[INFO] [stdout]   |
[INFO] [stdout] 
[INFO] [stdout] error[E0425]: cannot find function `strip_path` in this scope
[INFO] [stdout]  --> src/utils.rs:100:16
[INFO] [stdout]   |
[INFO] [stdout] 5 | let stripped = strip_path(&target_path, None);
[INFO] [stdout]   |                ^^^^^^^^^^ not found in this scope
[INFO] [stdout]   |
[INFO] [stdout] help: consider importing this function
[INFO] [stdout]   |
[INFO] [stdout] 3 + use rif::utils::strip_path;
[INFO] [stdout]   |
[INFO] [stdout] 
[INFO] [stdout] error[E0433]: failed to resolve: use of undeclared type `PathBuf`
[INFO] [stdout]  --> src/utils.rs:101:22
[INFO] [stdout]   |
[INFO] [stdout] 6 | assert_eq!(stripped, PathBuf::from("target"));
[INFO] [stdout]   |                      ^^^^^^^ use of undeclared type `PathBuf`
[INFO] [stdout]   |
[INFO] [stdout] help: consider importing this struct
[INFO] [stdout]   |
[INFO] [stdout] 3 + use std::path::PathBuf;
[INFO] [stdout]   |
[INFO] [stdout] 
[INFO] [stdout] error[E0425]: cannot find function `strip_path` in this scope
[INFO] [stdout]  --> src/utils.rs:103:17
[INFO] [stdout]   |
[INFO] [stdout] 8 | let stripped2 = strip_path(&target_path, Some(PathBuf::from("/home/user")));
[INFO] [stdout]   |                 ^^^^^^^^^^ not found in this scope
[INFO] [stdout]   |
[INFO] [stdout] help: consider importing this function
[INFO] [stdout]   |
[INFO] [stdout] 3 + use rif::utils::strip_path;
[INFO] [stdout]   |
[INFO] [stdout] 
[INFO] [stdout] error[E0433]: failed to resolve: use of undeclared type `PathBuf`
[INFO] [stdout]  --> src/utils.rs:103:47
[INFO] [stdout]   |
[INFO] [stdout] 8 | let stripped2 = strip_path(&target_path, Some(PathBuf::from("/home/user")));
[INFO] [stdout]   |                                               ^^^^^^^ use of undeclared type `PathBuf`
[INFO] [stdout]   |
[INFO] [stdout] help: consider importing this struct
[INFO] [stdout]   |
[INFO] [stdout] 3 + use std::path::PathBuf;
[INFO] [stdout]   |
[INFO] [stdout] 
[INFO] [stdout] error[E0433]: failed to resolve: use of undeclared type `PathBuf`
[INFO] [stdout]  --> src/utils.rs:104:22
[INFO] [stdout]   |
[INFO] [stdout] 9 | assert_eq!(stripped, PathBuf::from("test/target"));
[INFO] [stdout]   |                      ^^^^^^^ use of undeclared type `PathBuf`
[INFO] [stdout]   |
[INFO] [stdout] help: consider importing this struct
[INFO] [stdout]   |
[INFO] [stdout] 3 + use std::path::PathBuf;
[INFO] [stdout]   |
[INFO] [stdout] 
[INFO] [stdout] error: aborting due to 6 previous errors
[INFO] [stdout] 
[INFO] [stdout] Some errors have detailed explanations: E0425, E0433.
[INFO] [stdout] For more information about an error, try `rustc --explain E0425`.
[INFO] [stdout] Couldn't compile the test.
[INFO] [stdout] 
[INFO] [stdout] failures:
[INFO] [stdout]     src/utils.rs - utils::relativize_path (line 130)
[INFO] [stdout]     src/utils.rs - utils::strip_path (line 97)
[INFO] [stdout] 
[INFO] [stdout] test result: FAILED. 0 passed; 2 failed; 0 ignored; 0 measured; 0 filtered out; finished in 0.10s
[INFO] [stdout] 
[INFO] [stderr] error: doctest failed, to rerun pass `--doc`
[INFO] running `Command { std: "docker" "inspect" "2402e0c24448b51fbc2e79abf9ef4e9ef93d07e504488df9bc7ac012bcbf3e1c", kill_on_drop: false }`
[INFO] running `Command { std: "docker" "rm" "-f" "2402e0c24448b51fbc2e79abf9ef4e9ef93d07e504488df9bc7ac012bcbf3e1c", kill_on_drop: false }`
[INFO] [stdout] 2402e0c24448b51fbc2e79abf9ef4e9ef93d07e504488df9bc7ac012bcbf3e1c
