[INFO] fetching crate ridgeline 0.2.0...
[INFO] testing ridgeline-0.2.0 against 1.75.0 for beta-1.76-1
[INFO] extracting crate ridgeline 0.2.0 into /workspace/builds/worker-2-tc1/source
[INFO] validating manifest of crates.io crate ridgeline 0.2.0 on toolchain 1.75.0
[INFO] running `Command { std: CARGO_HOME="/workspace/cargo-home" RUSTUP_HOME="/workspace/rustup-home" "/workspace/cargo-home/bin/cargo" "+1.75.0" "metadata" "--manifest-path" "Cargo.toml" "--no-deps", kill_on_drop: false }`
[INFO] started tweaking crates.io crate ridgeline 0.2.0
[INFO] finished tweaking crates.io crate ridgeline 0.2.0
[INFO] tweaked toml for crates.io crate ridgeline 0.2.0 written to /workspace/builds/worker-2-tc1/source/Cargo.toml
[INFO] crate crates.io crate ridgeline 0.2.0 already has a lockfile, it will not be regenerated
[INFO] running `Command { std: CARGO_HOME="/workspace/cargo-home" RUSTUP_HOME="/workspace/rustup-home" "/workspace/cargo-home/bin/cargo" "+1.75.0" "fetch" "--manifest-path" "Cargo.toml", kill_on_drop: false }`
[INFO] [stderr]  Downloading crates ...
[INFO] [stderr]   Downloaded ndk-glue v0.3.0
[INFO] [stderr]   Downloaded coreaudio-sys v0.2.8
[INFO] [stderr]   Downloaded ndk v0.4.0
[INFO] [stderr]   Downloaded instant v0.1.11
[INFO] [stderr]   Downloaded ndk-glue v0.4.0
[INFO] [stderr]   Downloaded pkg-config v0.3.20
[INFO] [stderr]   Downloaded thiserror v1.0.29
[INFO] [stderr]   Downloaded oboe-sys v0.4.4
[INFO] [stderr]   Downloaded oboe v0.4.4
[INFO] [stderr]   Downloaded bumpalo v3.7.1
[INFO] [stderr]   Downloaded strength_reduce v0.2.3
[INFO] [stderr]   Downloaded cpal v0.13.4
[INFO] [stderr]   Downloaded num-complex v0.4.0
[INFO] [stderr]   Downloaded thiserror-impl v1.0.29
[INFO] [stderr]   Downloaded alsa v0.5.0
[INFO] [stderr]   Downloaded combine v4.6.1
[INFO] [stderr]   Downloaded rustfft v6.0.1
[INFO] [stderr]   Downloaded ndk v0.3.0
[INFO] [stderr]   Downloaded primal-check v0.3.1
[INFO] [stderr]   Downloaded transpose v0.2.1
[INFO] running `Command { std: "docker" "create" "-v" "/var/lib/crater-agent-workspace/builds/worker-2-tc1/target:/opt/rustwide/target:rw,Z" "-v" "/var/lib/crater-agent-workspace/builds/worker-2-tc1/source:/opt/rustwide/workdir:ro,Z" "-v" "/var/lib/crater-agent-workspace/cargo-home:/opt/rustwide/cargo-home:ro,Z" "-v" "/var/lib/crater-agent-workspace/rustup-home:/opt/rustwide/rustup-home:ro,Z" "-e" "SOURCE_DIR=/opt/rustwide/workdir" "-e" "CARGO_TARGET_DIR=/opt/rustwide/target" "-e" "CARGO_HOME=/opt/rustwide/cargo-home" "-e" "RUSTUP_HOME=/opt/rustwide/rustup-home" "-w" "/opt/rustwide/workdir" "-m" "1610612736" "--user" "0:0" "--network" "none" "ghcr.io/rust-lang/crates-build-env/linux@sha256:2788e3201cd34a07e3172128adcd8b3090168a8e3bcc40d7c032b9dda1df7d1c" "/opt/rustwide/cargo-home/bin/cargo" "+1.75.0" "metadata" "--no-deps" "--format-version=1", kill_on_drop: false }`
[INFO] [stdout] 783ad1a5f3b6823b11c615c8b9ef6bf634b0db5573c5393414088f87ee54cb34
[INFO] running `Command { std: "docker" "start" "-a" "783ad1a5f3b6823b11c615c8b9ef6bf634b0db5573c5393414088f87ee54cb34", kill_on_drop: false }`
[INFO] running `Command { std: "docker" "inspect" "783ad1a5f3b6823b11c615c8b9ef6bf634b0db5573c5393414088f87ee54cb34", kill_on_drop: false }`
[INFO] running `Command { std: "docker" "rm" "-f" "783ad1a5f3b6823b11c615c8b9ef6bf634b0db5573c5393414088f87ee54cb34", kill_on_drop: false }`
[INFO] [stdout] 783ad1a5f3b6823b11c615c8b9ef6bf634b0db5573c5393414088f87ee54cb34
[INFO] running `Command { std: "docker" "create" "-v" "/var/lib/crater-agent-workspace/builds/worker-2-tc1/target:/opt/rustwide/target:rw,Z" "-v" "/var/lib/crater-agent-workspace/builds/worker-2-tc1/source:/opt/rustwide/workdir:ro,Z" "-v" "/var/lib/crater-agent-workspace/cargo-home:/opt/rustwide/cargo-home:ro,Z" "-v" "/var/lib/crater-agent-workspace/rustup-home:/opt/rustwide/rustup-home:ro,Z" "-e" "SOURCE_DIR=/opt/rustwide/workdir" "-e" "CARGO_TARGET_DIR=/opt/rustwide/target" "-e" "CARGO_INCREMENTAL=0" "-e" "RUST_BACKTRACE=full" "-e" "RUSTFLAGS=--cap-lints=warn" "-e" "RUSTDOCFLAGS=--cap-lints=warn" "-e" "CARGO_HOME=/opt/rustwide/cargo-home" "-e" "RUSTUP_HOME=/opt/rustwide/rustup-home" "-w" "/opt/rustwide/workdir" "-m" "1610612736" "--user" "0:0" "--network" "none" "ghcr.io/rust-lang/crates-build-env/linux@sha256:2788e3201cd34a07e3172128adcd8b3090168a8e3bcc40d7c032b9dda1df7d1c" "/opt/rustwide/cargo-home/bin/cargo" "+1.75.0" "build" "--frozen" "--message-format=json", kill_on_drop: false }`
[INFO] [stdout] d5fc8b5c449067e13105cdf0fcbdea528d0e9e030df9bb0802915c64d101de47
[INFO] running `Command { std: "docker" "start" "-a" "d5fc8b5c449067e13105cdf0fcbdea528d0e9e030df9bb0802915c64d101de47", kill_on_drop: false }`
[INFO] [stderr]    Compiling autocfg v1.0.1
[INFO] [stderr]    Compiling libc v0.2.103
[INFO] [stderr]    Compiling proc-macro2 v1.0.29
[INFO] [stderr]    Compiling unicode-xid v0.2.2
[INFO] [stderr]    Compiling cfg-if v1.0.0
[INFO] [stderr]    Compiling syn v1.0.77
[INFO] [stderr]    Compiling pkg-config v0.3.20
[INFO] [stderr]    Compiling parking_lot_core v0.8.5
[INFO] [stderr]    Compiling instant v0.1.11
[INFO] [stderr]    Compiling smallvec v1.7.0
[INFO] [stderr]    Compiling scopeguard v1.1.0
[INFO] [stderr]    Compiling lock_api v0.4.5
[INFO] [stderr]    Compiling cpal v0.13.4
[INFO] [stderr]    Compiling num-traits v0.2.14
[INFO] [stderr]    Compiling num-integer v0.1.44
[INFO] [stderr]    Compiling memoffset v0.6.4
[INFO] [stderr]    Compiling strength_reduce v0.2.3
[INFO] [stderr]    Compiling alsa-sys v0.3.1
[INFO] [stderr]    Compiling quote v1.0.9
[INFO] [stderr]    Compiling num-complex v0.4.0
[INFO] [stderr]    Compiling transpose v0.2.1
[INFO] [stderr]    Compiling primal-check v0.3.1
[INFO] [stderr]    Compiling rustfft v6.0.1
[INFO] [stderr]    Compiling nix v0.20.2
[INFO] [stderr]    Compiling parking_lot v0.11.2
[INFO] [stderr]    Compiling alsa v0.5.0
[INFO] [stderr]    Compiling thiserror-impl v1.0.29
[INFO] [stderr]    Compiling thiserror v1.0.29
[INFO] [stderr]    Compiling ridgeline v0.2.0 (/opt/rustwide/workdir)
[INFO] [stderr]     Finished dev [unoptimized + debuginfo] target(s) in 10.82s
[INFO] running `Command { std: "docker" "inspect" "d5fc8b5c449067e13105cdf0fcbdea528d0e9e030df9bb0802915c64d101de47", kill_on_drop: false }`
[INFO] running `Command { std: "docker" "rm" "-f" "d5fc8b5c449067e13105cdf0fcbdea528d0e9e030df9bb0802915c64d101de47", kill_on_drop: false }`
[INFO] [stdout] d5fc8b5c449067e13105cdf0fcbdea528d0e9e030df9bb0802915c64d101de47
[INFO] running `Command { std: "docker" "create" "-v" "/var/lib/crater-agent-workspace/builds/worker-2-tc1/target:/opt/rustwide/target:rw,Z" "-v" "/var/lib/crater-agent-workspace/builds/worker-2-tc1/source:/opt/rustwide/workdir:ro,Z" "-v" "/var/lib/crater-agent-workspace/cargo-home:/opt/rustwide/cargo-home:ro,Z" "-v" "/var/lib/crater-agent-workspace/rustup-home:/opt/rustwide/rustup-home:ro,Z" "-e" "SOURCE_DIR=/opt/rustwide/workdir" "-e" "CARGO_TARGET_DIR=/opt/rustwide/target" "-e" "CARGO_INCREMENTAL=0" "-e" "RUST_BACKTRACE=full" "-e" "RUSTFLAGS=--cap-lints=warn" "-e" "RUSTDOCFLAGS=--cap-lints=warn" "-e" "CARGO_HOME=/opt/rustwide/cargo-home" "-e" "RUSTUP_HOME=/opt/rustwide/rustup-home" "-w" "/opt/rustwide/workdir" "-m" "1610612736" "--user" "0:0" "--network" "none" "ghcr.io/rust-lang/crates-build-env/linux@sha256:2788e3201cd34a07e3172128adcd8b3090168a8e3bcc40d7c032b9dda1df7d1c" "/opt/rustwide/cargo-home/bin/cargo" "+1.75.0" "test" "--frozen" "--no-run" "--message-format=json", kill_on_drop: false }`
[INFO] [stdout] 7fa60c8b2e9cdf84365afe2f59cfac46699021bd63784aa65e0b8505a553368b
[INFO] running `Command { std: "docker" "start" "-a" "7fa60c8b2e9cdf84365afe2f59cfac46699021bd63784aa65e0b8505a553368b", kill_on_drop: false }`
[INFO] [stderr]    Compiling ridgeline v0.2.0 (/opt/rustwide/workdir)
[INFO] [stderr]     Finished test [unoptimized + debuginfo] target(s) in 5.36s
[INFO] running `Command { std: "docker" "inspect" "7fa60c8b2e9cdf84365afe2f59cfac46699021bd63784aa65e0b8505a553368b", kill_on_drop: false }`
[INFO] running `Command { std: "docker" "rm" "-f" "7fa60c8b2e9cdf84365afe2f59cfac46699021bd63784aa65e0b8505a553368b", kill_on_drop: false }`
[INFO] [stdout] 7fa60c8b2e9cdf84365afe2f59cfac46699021bd63784aa65e0b8505a553368b
[INFO] running `Command { std: "docker" "create" "-v" "/var/lib/crater-agent-workspace/builds/worker-2-tc1/target:/opt/rustwide/target:rw,Z" "-v" "/var/lib/crater-agent-workspace/builds/worker-2-tc1/source:/opt/rustwide/workdir:ro,Z" "-v" "/var/lib/crater-agent-workspace/cargo-home:/opt/rustwide/cargo-home:ro,Z" "-v" "/var/lib/crater-agent-workspace/rustup-home:/opt/rustwide/rustup-home:ro,Z" "-e" "SOURCE_DIR=/opt/rustwide/workdir" "-e" "CARGO_TARGET_DIR=/opt/rustwide/target" "-e" "CARGO_INCREMENTAL=0" "-e" "RUST_BACKTRACE=full" "-e" "RUSTFLAGS=--cap-lints=warn" "-e" "RUSTDOCFLAGS=--cap-lints=warn" "-e" "CARGO_HOME=/opt/rustwide/cargo-home" "-e" "RUSTUP_HOME=/opt/rustwide/rustup-home" "-w" "/opt/rustwide/workdir" "-m" "1610612736" "--user" "0:0" "--network" "none" "ghcr.io/rust-lang/crates-build-env/linux@sha256:2788e3201cd34a07e3172128adcd8b3090168a8e3bcc40d7c032b9dda1df7d1c" "/opt/rustwide/cargo-home/bin/cargo" "+1.75.0" "test" "--frozen", kill_on_drop: false }`
[INFO] [stdout] 72c6b15564c49beb92534479589d9ddd3f7dc7e8859357836bc9ab56b22062af
[INFO] running `Command { std: "docker" "start" "-a" "72c6b15564c49beb92534479589d9ddd3f7dc7e8859357836bc9ab56b22062af", kill_on_drop: false }`
[INFO] [stderr]     Finished test [unoptimized + debuginfo] target(s) in 0.05s
[INFO] [stderr]      Running unittests src/lib.rs (/opt/rustwide/target/debug/deps/ridgeline-f177ab38d595849b)
[INFO] [stdout] 
[INFO] [stdout] running 0 tests
[INFO] [stdout] 
[INFO] [stdout] test result: ok. 0 passed; 0 failed; 0 ignored; 0 measured; 0 filtered out; finished in 0.00s
[INFO] [stdout] 
[INFO] [stderr]    Doc-tests ridgeline
[INFO] [stdout] 
[INFO] [stdout] running 1 test
[INFO] [stdout] test src/lib.rs - (line 19) ... FAILED
[INFO] [stdout] 
[INFO] [stdout] failures:
[INFO] [stdout] 
[INFO] [stdout] ---- src/lib.rs - (line 19) stdout ----
[INFO] [stdout] error[E0107]: method takes 0 generic arguments but 1 generic argument was supplied
[INFO] [stdout]    --> src/lib.rs:30:32
[INFO] [stdout]     |
[INFO] [stdout] 14  | let spectrometer = audio_input.analyze::<5000>();
[INFO] [stdout]     |                                ^^^^^^^-------- help: remove these generics
[INFO] [stdout]     |                                |
[INFO] [stdout]     |                                expected 0 generic arguments
[INFO] [stdout]     |
[INFO] [stdout] note: method defined here, with 0 generic parameters
[INFO] [stdout]    --> /opt/rustwide/workdir/src/lib.rs:181:8
[INFO] [stdout]     |
[INFO] [stdout] 181 |     fn analyze(self, size: usize) -> Spectrometer<Self>
[INFO] [stdout]     |        ^^^^^^^
[INFO] [stdout] 
[INFO] [stdout] error[E0061]: this method takes 1 argument but 0 arguments were supplied
[INFO] [stdout]    --> src/lib.rs:30:32
[INFO] [stdout]     |
[INFO] [stdout] 14  | let spectrometer = audio_input.analyze::<5000>();
[INFO] [stdout]     |                                ^^^^^^^^^^^^^^^-- an argument of type `usize` is missing
[INFO] [stdout]     |
[INFO] [stdout] note: method defined here
[INFO] [stdout]    --> /opt/rustwide/workdir/src/lib.rs:181:8
[INFO] [stdout]     |
[INFO] [stdout] 181 |     fn analyze(self, size: usize) -> Spectrometer<Self>
[INFO] [stdout]     |        ^^^^^^^
[INFO] [stdout] help: provide the argument
[INFO] [stdout]     |
[INFO] [stdout] 14  | let spectrometer = audio_input.analyze::<5000>(/* usize */);
[INFO] [stdout]     |                                               ~~~~~~~~~~~~~
[INFO] [stdout] 
[INFO] [stdout] error: aborting due to 2 previous errors
[INFO] [stdout] 
[INFO] [stdout] Some errors have detailed explanations: E0061, E0107.
[INFO] [stdout] For more information about an error, try `rustc --explain E0061`.
[INFO] [stdout] Couldn't compile the test.
[INFO] [stdout] 
[INFO] [stdout] failures:
[INFO] [stdout]     src/lib.rs - (line 19)
[INFO] [stdout] 
[INFO] [stdout] test result: FAILED. 0 passed; 1 failed; 0 ignored; 0 measured; 0 filtered out; finished in 0.07s
[INFO] [stdout] 
[INFO] [stderr] error: doctest failed, to rerun pass `--doc`
[INFO] running `Command { std: "docker" "inspect" "72c6b15564c49beb92534479589d9ddd3f7dc7e8859357836bc9ab56b22062af", kill_on_drop: false }`
[INFO] running `Command { std: "docker" "rm" "-f" "72c6b15564c49beb92534479589d9ddd3f7dc7e8859357836bc9ab56b22062af", kill_on_drop: false }`
[INFO] [stdout] 72c6b15564c49beb92534479589d9ddd3f7dc7e8859357836bc9ab56b22062af
[INFO] testing ridgeline-0.2.0 against beta-2023-12-22 for beta-1.76-1
[INFO] extracting crate ridgeline 0.2.0 into /workspace/builds/worker-2-tc2/source
[INFO] validating manifest of crates.io crate ridgeline 0.2.0 on toolchain beta-2023-12-22
[INFO] running `Command { std: CARGO_HOME="/workspace/cargo-home" RUSTUP_HOME="/workspace/rustup-home" "/workspace/cargo-home/bin/cargo" "+beta-2023-12-22" "metadata" "--manifest-path" "Cargo.toml" "--no-deps", kill_on_drop: false }`
[INFO] started tweaking crates.io crate ridgeline 0.2.0
[INFO] finished tweaking crates.io crate ridgeline 0.2.0
[INFO] tweaked toml for crates.io crate ridgeline 0.2.0 written to /workspace/builds/worker-2-tc2/source/Cargo.toml
[INFO] crate crates.io crate ridgeline 0.2.0 already has a lockfile, it will not be regenerated
[INFO] running `Command { std: CARGO_HOME="/workspace/cargo-home" RUSTUP_HOME="/workspace/rustup-home" "/workspace/cargo-home/bin/cargo" "+beta-2023-12-22" "fetch" "--manifest-path" "Cargo.toml", kill_on_drop: false }`
[INFO] running `Command { std: "docker" "create" "-v" "/var/lib/crater-agent-workspace/builds/worker-2-tc2/target:/opt/rustwide/target:rw,Z" "-v" "/var/lib/crater-agent-workspace/builds/worker-2-tc2/source:/opt/rustwide/workdir:ro,Z" "-v" "/var/lib/crater-agent-workspace/cargo-home:/opt/rustwide/cargo-home:ro,Z" "-v" "/var/lib/crater-agent-workspace/rustup-home:/opt/rustwide/rustup-home:ro,Z" "-e" "SOURCE_DIR=/opt/rustwide/workdir" "-e" "CARGO_TARGET_DIR=/opt/rustwide/target" "-e" "CARGO_HOME=/opt/rustwide/cargo-home" "-e" "RUSTUP_HOME=/opt/rustwide/rustup-home" "-w" "/opt/rustwide/workdir" "-m" "1610612736" "--user" "0:0" "--network" "none" "ghcr.io/rust-lang/crates-build-env/linux@sha256:2788e3201cd34a07e3172128adcd8b3090168a8e3bcc40d7c032b9dda1df7d1c" "/opt/rustwide/cargo-home/bin/cargo" "+beta-2023-12-22" "metadata" "--no-deps" "--format-version=1", kill_on_drop: false }`
[INFO] [stdout] f60a7860e32dd978a66b825e4f87f7849800040ce333d57efbe805fbe845092f
[INFO] running `Command { std: "docker" "start" "-a" "f60a7860e32dd978a66b825e4f87f7849800040ce333d57efbe805fbe845092f", kill_on_drop: false }`
[INFO] running `Command { std: "docker" "inspect" "f60a7860e32dd978a66b825e4f87f7849800040ce333d57efbe805fbe845092f", kill_on_drop: false }`
[INFO] running `Command { std: "docker" "rm" "-f" "f60a7860e32dd978a66b825e4f87f7849800040ce333d57efbe805fbe845092f", kill_on_drop: false }`
[INFO] [stdout] f60a7860e32dd978a66b825e4f87f7849800040ce333d57efbe805fbe845092f
[INFO] running `Command { std: "docker" "create" "-v" "/var/lib/crater-agent-workspace/builds/worker-2-tc2/target:/opt/rustwide/target:rw,Z" "-v" "/var/lib/crater-agent-workspace/builds/worker-2-tc2/source:/opt/rustwide/workdir:ro,Z" "-v" "/var/lib/crater-agent-workspace/cargo-home:/opt/rustwide/cargo-home:ro,Z" "-v" "/var/lib/crater-agent-workspace/rustup-home:/opt/rustwide/rustup-home:ro,Z" "-e" "SOURCE_DIR=/opt/rustwide/workdir" "-e" "CARGO_TARGET_DIR=/opt/rustwide/target" "-e" "CARGO_INCREMENTAL=0" "-e" "RUST_BACKTRACE=full" "-e" "RUSTFLAGS=--cap-lints=warn" "-e" "RUSTDOCFLAGS=--cap-lints=warn" "-e" "CARGO_HOME=/opt/rustwide/cargo-home" "-e" "RUSTUP_HOME=/opt/rustwide/rustup-home" "-w" "/opt/rustwide/workdir" "-m" "1610612736" "--user" "0:0" "--network" "none" "ghcr.io/rust-lang/crates-build-env/linux@sha256:2788e3201cd34a07e3172128adcd8b3090168a8e3bcc40d7c032b9dda1df7d1c" "/opt/rustwide/cargo-home/bin/cargo" "+beta-2023-12-22" "build" "--frozen" "--message-format=json", kill_on_drop: false }`
[INFO] [stdout] a1161cb0911a7e50a780662750cd7223bcaf6043e7fdcb60b2c6c39b8aa5d255
[INFO] running `Command { std: "docker" "start" "-a" "a1161cb0911a7e50a780662750cd7223bcaf6043e7fdcb60b2c6c39b8aa5d255", kill_on_drop: false }`
[INFO] [stderr]    Compiling autocfg v1.0.1
[INFO] [stderr]    Compiling libc v0.2.103
[INFO] [stderr]    Compiling proc-macro2 v1.0.29
[INFO] [stderr]    Compiling unicode-xid v0.2.2
[INFO] [stderr]    Compiling cfg-if v1.0.0
[INFO] [stderr]    Compiling syn v1.0.77
[INFO] [stderr]    Compiling pkg-config v0.3.20
[INFO] [stderr]    Compiling parking_lot_core v0.8.5
[INFO] [stderr]    Compiling instant v0.1.11
[INFO] [stderr]    Compiling smallvec v1.7.0
[INFO] [stderr]    Compiling scopeguard v1.1.0
[INFO] [stderr]    Compiling lock_api v0.4.5
[INFO] [stderr]    Compiling strength_reduce v0.2.3
[INFO] [stderr]    Compiling cpal v0.13.4
[INFO] [stderr]    Compiling num-traits v0.2.14
[INFO] [stderr]    Compiling num-integer v0.1.44
[INFO] [stderr]    Compiling memoffset v0.6.4
[INFO] [stderr]    Compiling alsa-sys v0.3.1
[INFO] [stderr]    Compiling quote v1.0.9
[INFO] [stderr]    Compiling num-complex v0.4.0
[INFO] [stderr]    Compiling nix v0.20.2
[INFO] [stderr]    Compiling primal-check v0.3.1
[INFO] [stderr]    Compiling transpose v0.2.1
[INFO] [stderr]    Compiling parking_lot v0.11.2
[INFO] [stderr]    Compiling rustfft v6.0.1
[INFO] [stderr]    Compiling alsa v0.5.0
[INFO] [stderr]    Compiling thiserror-impl v1.0.29
[INFO] [stderr]    Compiling thiserror v1.0.29
[INFO] [stderr]    Compiling ridgeline v0.2.0 (/opt/rustwide/workdir)
[INFO] [stderr]     Finished dev [unoptimized + debuginfo] target(s) in 6.60s
[INFO] running `Command { std: "docker" "inspect" "a1161cb0911a7e50a780662750cd7223bcaf6043e7fdcb60b2c6c39b8aa5d255", kill_on_drop: false }`
[INFO] running `Command { std: "docker" "rm" "-f" "a1161cb0911a7e50a780662750cd7223bcaf6043e7fdcb60b2c6c39b8aa5d255", kill_on_drop: false }`
[INFO] [stdout] a1161cb0911a7e50a780662750cd7223bcaf6043e7fdcb60b2c6c39b8aa5d255
[INFO] running `Command { std: "docker" "create" "-v" "/var/lib/crater-agent-workspace/builds/worker-2-tc2/target:/opt/rustwide/target:rw,Z" "-v" "/var/lib/crater-agent-workspace/builds/worker-2-tc2/source:/opt/rustwide/workdir:ro,Z" "-v" "/var/lib/crater-agent-workspace/cargo-home:/opt/rustwide/cargo-home:ro,Z" "-v" "/var/lib/crater-agent-workspace/rustup-home:/opt/rustwide/rustup-home:ro,Z" "-e" "SOURCE_DIR=/opt/rustwide/workdir" "-e" "CARGO_TARGET_DIR=/opt/rustwide/target" "-e" "CARGO_INCREMENTAL=0" "-e" "RUST_BACKTRACE=full" "-e" "RUSTFLAGS=--cap-lints=warn" "-e" "RUSTDOCFLAGS=--cap-lints=warn" "-e" "CARGO_HOME=/opt/rustwide/cargo-home" "-e" "RUSTUP_HOME=/opt/rustwide/rustup-home" "-w" "/opt/rustwide/workdir" "-m" "1610612736" "--user" "0:0" "--network" "none" "ghcr.io/rust-lang/crates-build-env/linux@sha256:2788e3201cd34a07e3172128adcd8b3090168a8e3bcc40d7c032b9dda1df7d1c" "/opt/rustwide/cargo-home/bin/cargo" "+beta-2023-12-22" "test" "--frozen" "--no-run" "--message-format=json", kill_on_drop: false }`
[INFO] [stdout] 9cae1ea6c802a032199397ecda7b2805b8d48757381387298d4f74951c055a28
[INFO] running `Command { std: "docker" "start" "-a" "9cae1ea6c802a032199397ecda7b2805b8d48757381387298d4f74951c055a28", kill_on_drop: false }`
[INFO] [stderr]    Compiling ridgeline v0.2.0 (/opt/rustwide/workdir)
[INFO] [stderr]     Finished test [unoptimized + debuginfo] target(s) in 10.00s
[INFO] running `Command { std: "docker" "inspect" "9cae1ea6c802a032199397ecda7b2805b8d48757381387298d4f74951c055a28", kill_on_drop: false }`
[INFO] running `Command { std: "docker" "rm" "-f" "9cae1ea6c802a032199397ecda7b2805b8d48757381387298d4f74951c055a28", kill_on_drop: false }`
[INFO] [stdout] 9cae1ea6c802a032199397ecda7b2805b8d48757381387298d4f74951c055a28
[INFO] running `Command { std: "docker" "create" "-v" "/var/lib/crater-agent-workspace/builds/worker-2-tc2/target:/opt/rustwide/target:rw,Z" "-v" "/var/lib/crater-agent-workspace/builds/worker-2-tc2/source:/opt/rustwide/workdir:ro,Z" "-v" "/var/lib/crater-agent-workspace/cargo-home:/opt/rustwide/cargo-home:ro,Z" "-v" "/var/lib/crater-agent-workspace/rustup-home:/opt/rustwide/rustup-home:ro,Z" "-e" "SOURCE_DIR=/opt/rustwide/workdir" "-e" "CARGO_TARGET_DIR=/opt/rustwide/target" "-e" "CARGO_INCREMENTAL=0" "-e" "RUST_BACKTRACE=full" "-e" "RUSTFLAGS=--cap-lints=warn" "-e" "RUSTDOCFLAGS=--cap-lints=warn" "-e" "CARGO_HOME=/opt/rustwide/cargo-home" "-e" "RUSTUP_HOME=/opt/rustwide/rustup-home" "-w" "/opt/rustwide/workdir" "-m" "1610612736" "--user" "0:0" "--network" "none" "ghcr.io/rust-lang/crates-build-env/linux@sha256:2788e3201cd34a07e3172128adcd8b3090168a8e3bcc40d7c032b9dda1df7d1c" "/opt/rustwide/cargo-home/bin/cargo" "+beta-2023-12-22" "test" "--frozen", kill_on_drop: false }`
[INFO] [stdout] e8a944d5ecb30ea3ee27655538760320b7b25e105cb645a062ad202dacd5f0fa
[INFO] running `Command { std: "docker" "start" "-a" "e8a944d5ecb30ea3ee27655538760320b7b25e105cb645a062ad202dacd5f0fa", kill_on_drop: false }`
[INFO] [stderr]     Finished test [unoptimized + debuginfo] target(s) in 0.06s
[INFO] [stderr]      Running unittests src/lib.rs (/opt/rustwide/target/debug/deps/ridgeline-3d09bb79bcc7c7cb)
[INFO] [stdout] 
[INFO] [stdout] running 0 tests
[INFO] [stdout] 
[INFO] [stdout] test result: ok. 0 passed; 0 failed; 0 ignored; 0 measured; 0 filtered out; finished in 0.00s
[INFO] [stdout] 
[INFO] [stderr]    Doc-tests ridgeline
[INFO] [stdout] 
[INFO] [stdout] running 1 test
[INFO] [stdout] test src/lib.rs - (line 19) ... FAILED
[INFO] [stdout] 
[INFO] [stdout] failures:
[INFO] [stdout] 
[INFO] [stdout] ---- src/lib.rs - (line 19) stdout ----
[INFO] [stdout] error[E0107]: method takes 0 generic arguments but 1 generic argument was supplied
[INFO] [stdout]    --> src/lib.rs:30:32
[INFO] [stdout]     |
[INFO] [stdout] 14  | let spectrometer = audio_input.analyze::<5000>();
[INFO] [stdout]     |                                ^^^^^^^-------- help: remove these generics
[INFO] [stdout]     |                                |
[INFO] [stdout]     |                                expected 0 generic arguments
[INFO] [stdout]     |
[INFO] [stdout] note: method defined here, with 0 generic parameters
[INFO] [stdout]    --> /opt/rustwide/workdir/src/lib.rs:181:8
[INFO] [stdout]     |
[INFO] [stdout] 181 |     fn analyze(self, size: usize) -> Spectrometer<Self>
[INFO] [stdout]     |        ^^^^^^^
[INFO] [stdout] 
[INFO] [stdout] error[E0061]: this method takes 1 argument but 0 arguments were supplied
[INFO] [stdout]    --> src/lib.rs:30:32
[INFO] [stdout]     |
[INFO] [stdout] 14  | let spectrometer = audio_input.analyze::<5000>();
[INFO] [stdout]     |                                ^^^^^^^^^^^^^^^-- an argument of type `usize` is missing
[INFO] [stdout]     |
[INFO] [stdout] note: method defined here
[INFO] [stdout]    --> /opt/rustwide/workdir/src/lib.rs:181:8
[INFO] [stdout]     |
[INFO] [stdout] 181 |     fn analyze(self, size: usize) -> Spectrometer<Self>
[INFO] [stdout]     |        ^^^^^^^
[INFO] [stdout] help: provide the argument
[INFO] [stdout]     |
[INFO] [stdout] 14  | let spectrometer = audio_input.analyze::<5000>(/* usize */);
[INFO] [stdout]     |                                               ~~~~~~~~~~~~~
[INFO] [stdout] 
[INFO] [stdout] error: aborting due to 2 previous errors
[INFO] [stdout] 
[INFO] [stdout] Some errors have detailed explanations: E0061, E0107.
[INFO] [stdout] For more information about an error, try `rustc --explain E0061`.
[INFO] [stdout] Couldn't compile the test.
[INFO] [stdout] 
[INFO] [stdout] failures:
[INFO] [stdout]     src/lib.rs - (line 19)
[INFO] [stdout] 
[INFO] [stdout] test result: FAILED. 0 passed; 1 failed; 0 ignored; 0 measured; 0 filtered out; finished in 0.08s
[INFO] [stdout] 
[INFO] [stderr] error: doctest failed, to rerun pass `--doc`
[INFO] running `Command { std: "docker" "inspect" "e8a944d5ecb30ea3ee27655538760320b7b25e105cb645a062ad202dacd5f0fa", kill_on_drop: false }`
[INFO] running `Command { std: "docker" "rm" "-f" "e8a944d5ecb30ea3ee27655538760320b7b25e105cb645a062ad202dacd5f0fa", kill_on_drop: false }`
[INFO] [stdout] e8a944d5ecb30ea3ee27655538760320b7b25e105cb645a062ad202dacd5f0fa
