[INFO] fetching crate retry-strategy 0.2.0...
[INFO] testing retry-strategy-0.2.0 against 1.75.0 for beta-1.76-1
[INFO] extracting crate retry-strategy 0.2.0 into /workspace/builds/worker-4-tc1/source
[INFO] validating manifest of crates.io crate retry-strategy 0.2.0 on toolchain 1.75.0
[INFO] running `Command { std: CARGO_HOME="/workspace/cargo-home" RUSTUP_HOME="/workspace/rustup-home" "/workspace/cargo-home/bin/cargo" "+1.75.0" "metadata" "--manifest-path" "Cargo.toml" "--no-deps", kill_on_drop: false }`
[INFO] started tweaking crates.io crate retry-strategy 0.2.0
[INFO] finished tweaking crates.io crate retry-strategy 0.2.0
[INFO] tweaked toml for crates.io crate retry-strategy 0.2.0 written to /workspace/builds/worker-4-tc1/source/Cargo.toml
[INFO] running `Command { std: CARGO_HOME="/workspace/cargo-home" RUSTUP_HOME="/workspace/rustup-home" "/workspace/cargo-home/bin/cargo" "+1.75.0" "generate-lockfile" "--manifest-path" "Cargo.toml", kill_on_drop: false }`
[INFO] [stderr]     Updating crates.io index
[INFO] running `Command { std: CARGO_HOME="/workspace/cargo-home" RUSTUP_HOME="/workspace/rustup-home" "/workspace/cargo-home/bin/cargo" "+1.75.0" "fetch" "--manifest-path" "Cargo.toml", kill_on_drop: false }`
[INFO] running `Command { std: "docker" "create" "-v" "/var/lib/crater-agent-workspace/builds/worker-4-tc1/target:/opt/rustwide/target:rw,Z" "-v" "/var/lib/crater-agent-workspace/builds/worker-4-tc1/source:/opt/rustwide/workdir:ro,Z" "-v" "/var/lib/crater-agent-workspace/cargo-home:/opt/rustwide/cargo-home:ro,Z" "-v" "/var/lib/crater-agent-workspace/rustup-home:/opt/rustwide/rustup-home:ro,Z" "-e" "SOURCE_DIR=/opt/rustwide/workdir" "-e" "CARGO_TARGET_DIR=/opt/rustwide/target" "-e" "CARGO_HOME=/opt/rustwide/cargo-home" "-e" "RUSTUP_HOME=/opt/rustwide/rustup-home" "-w" "/opt/rustwide/workdir" "-m" "1610612736" "--user" "0:0" "--network" "none" "ghcr.io/rust-lang/crates-build-env/linux@sha256:2788e3201cd34a07e3172128adcd8b3090168a8e3bcc40d7c032b9dda1df7d1c" "/opt/rustwide/cargo-home/bin/cargo" "+1.75.0" "metadata" "--no-deps" "--format-version=1", kill_on_drop: false }`
[INFO] [stdout] 2cd866075d1fe0bff27f5db9977e6c493361ff833d3f0e0b55ea2d60a9bb9ebc
[INFO] running `Command { std: "docker" "start" "-a" "2cd866075d1fe0bff27f5db9977e6c493361ff833d3f0e0b55ea2d60a9bb9ebc", kill_on_drop: false }`
[INFO] running `Command { std: "docker" "inspect" "2cd866075d1fe0bff27f5db9977e6c493361ff833d3f0e0b55ea2d60a9bb9ebc", kill_on_drop: false }`
[INFO] running `Command { std: "docker" "rm" "-f" "2cd866075d1fe0bff27f5db9977e6c493361ff833d3f0e0b55ea2d60a9bb9ebc", kill_on_drop: false }`
[INFO] [stdout] 2cd866075d1fe0bff27f5db9977e6c493361ff833d3f0e0b55ea2d60a9bb9ebc
[INFO] running `Command { std: "docker" "create" "-v" "/var/lib/crater-agent-workspace/builds/worker-4-tc1/target:/opt/rustwide/target:rw,Z" "-v" "/var/lib/crater-agent-workspace/builds/worker-4-tc1/source:/opt/rustwide/workdir:ro,Z" "-v" "/var/lib/crater-agent-workspace/cargo-home:/opt/rustwide/cargo-home:ro,Z" "-v" "/var/lib/crater-agent-workspace/rustup-home:/opt/rustwide/rustup-home:ro,Z" "-e" "SOURCE_DIR=/opt/rustwide/workdir" "-e" "CARGO_TARGET_DIR=/opt/rustwide/target" "-e" "CARGO_INCREMENTAL=0" "-e" "RUST_BACKTRACE=full" "-e" "RUSTFLAGS=--cap-lints=warn" "-e" "RUSTDOCFLAGS=--cap-lints=warn" "-e" "CARGO_HOME=/opt/rustwide/cargo-home" "-e" "RUSTUP_HOME=/opt/rustwide/rustup-home" "-w" "/opt/rustwide/workdir" "-m" "1610612736" "--user" "0:0" "--network" "none" "ghcr.io/rust-lang/crates-build-env/linux@sha256:2788e3201cd34a07e3172128adcd8b3090168a8e3bcc40d7c032b9dda1df7d1c" "/opt/rustwide/cargo-home/bin/cargo" "+1.75.0" "build" "--frozen" "--message-format=json", kill_on_drop: false }`
[INFO] [stdout] 0d6036a9b99f68e6d2daf43d90dcc96a6f1d5701d4288d8a9f961d7bcbb44351
[INFO] running `Command { std: "docker" "start" "-a" "0d6036a9b99f68e6d2daf43d90dcc96a6f1d5701d4288d8a9f961d7bcbb44351", kill_on_drop: false }`
[INFO] [stderr]    Compiling proc-macro2 v1.0.75
[INFO] [stderr]    Compiling unicode-ident v1.0.12
[INFO] [stderr]    Compiling slab v0.4.9
[INFO] [stderr]    Compiling libc v0.2.151
[INFO] [stderr]    Compiling pin-project-lite v0.2.13
[INFO] [stderr]    Compiling futures-core v0.3.30
[INFO] [stderr]    Compiling futures-sink v0.3.30
[INFO] [stderr]    Compiling futures-io v0.3.30
[INFO] [stderr]    Compiling memchr v2.7.1
[INFO] [stderr]    Compiling futures-task v0.3.30
[INFO] [stderr]    Compiling futures-channel v0.3.30
[INFO] [stderr]    Compiling quote v1.0.35
[INFO] [stderr]    Compiling syn v2.0.48
[INFO] [stderr]    Compiling mio v0.8.10
[INFO] [stderr]    Compiling socket2 v0.5.5
[INFO] [stderr]    Compiling futures-macro v0.3.30
[INFO] [stderr]    Compiling pin-project-internal v1.1.3
[INFO] [stderr]    Compiling tokio-macros v2.2.0
[INFO] [stderr]    Compiling tokio v1.35.1
[INFO] [stderr]    Compiling futures-util v0.3.30
[INFO] [stderr]    Compiling pin-project v1.1.3
[INFO] [stderr]    Compiling futures-executor v0.3.30
[INFO] [stderr]    Compiling futures v0.3.30
[INFO] [stderr]    Compiling retry-strategy v0.2.0 (/opt/rustwide/workdir)
[INFO] [stderr]     Finished dev [unoptimized + debuginfo] target(s) in 10.41s
[INFO] running `Command { std: "docker" "inspect" "0d6036a9b99f68e6d2daf43d90dcc96a6f1d5701d4288d8a9f961d7bcbb44351", kill_on_drop: false }`
[INFO] running `Command { std: "docker" "rm" "-f" "0d6036a9b99f68e6d2daf43d90dcc96a6f1d5701d4288d8a9f961d7bcbb44351", kill_on_drop: false }`
[INFO] [stdout] 0d6036a9b99f68e6d2daf43d90dcc96a6f1d5701d4288d8a9f961d7bcbb44351
[INFO] running `Command { std: "docker" "create" "-v" "/var/lib/crater-agent-workspace/builds/worker-4-tc1/target:/opt/rustwide/target:rw,Z" "-v" "/var/lib/crater-agent-workspace/builds/worker-4-tc1/source:/opt/rustwide/workdir:ro,Z" "-v" "/var/lib/crater-agent-workspace/cargo-home:/opt/rustwide/cargo-home:ro,Z" "-v" "/var/lib/crater-agent-workspace/rustup-home:/opt/rustwide/rustup-home:ro,Z" "-e" "SOURCE_DIR=/opt/rustwide/workdir" "-e" "CARGO_TARGET_DIR=/opt/rustwide/target" "-e" "CARGO_INCREMENTAL=0" "-e" "RUST_BACKTRACE=full" "-e" "RUSTFLAGS=--cap-lints=warn" "-e" "RUSTDOCFLAGS=--cap-lints=warn" "-e" "CARGO_HOME=/opt/rustwide/cargo-home" "-e" "RUSTUP_HOME=/opt/rustwide/rustup-home" "-w" "/opt/rustwide/workdir" "-m" "1610612736" "--user" "0:0" "--network" "none" "ghcr.io/rust-lang/crates-build-env/linux@sha256:2788e3201cd34a07e3172128adcd8b3090168a8e3bcc40d7c032b9dda1df7d1c" "/opt/rustwide/cargo-home/bin/cargo" "+1.75.0" "test" "--frozen" "--no-run" "--message-format=json", kill_on_drop: false }`
[INFO] [stdout] ca62534824d291e383028864f630ea121a948c5b96b2ea5813c504426846b24b
[INFO] running `Command { std: "docker" "start" "-a" "ca62534824d291e383028864f630ea121a948c5b96b2ea5813c504426846b24b", kill_on_drop: false }`
[INFO] [stderr]    Compiling retry-strategy v0.2.0 (/opt/rustwide/workdir)
[INFO] [stderr]     Finished test [unoptimized + debuginfo] target(s) in 0.70s
[INFO] running `Command { std: "docker" "inspect" "ca62534824d291e383028864f630ea121a948c5b96b2ea5813c504426846b24b", kill_on_drop: false }`
[INFO] running `Command { std: "docker" "rm" "-f" "ca62534824d291e383028864f630ea121a948c5b96b2ea5813c504426846b24b", kill_on_drop: false }`
[INFO] [stdout] ca62534824d291e383028864f630ea121a948c5b96b2ea5813c504426846b24b
[INFO] running `Command { std: "docker" "create" "-v" "/var/lib/crater-agent-workspace/builds/worker-4-tc1/target:/opt/rustwide/target:rw,Z" "-v" "/var/lib/crater-agent-workspace/builds/worker-4-tc1/source:/opt/rustwide/workdir:ro,Z" "-v" "/var/lib/crater-agent-workspace/cargo-home:/opt/rustwide/cargo-home:ro,Z" "-v" "/var/lib/crater-agent-workspace/rustup-home:/opt/rustwide/rustup-home:ro,Z" "-e" "SOURCE_DIR=/opt/rustwide/workdir" "-e" "CARGO_TARGET_DIR=/opt/rustwide/target" "-e" "CARGO_INCREMENTAL=0" "-e" "RUST_BACKTRACE=full" "-e" "RUSTFLAGS=--cap-lints=warn" "-e" "RUSTDOCFLAGS=--cap-lints=warn" "-e" "CARGO_HOME=/opt/rustwide/cargo-home" "-e" "RUSTUP_HOME=/opt/rustwide/rustup-home" "-w" "/opt/rustwide/workdir" "-m" "1610612736" "--user" "0:0" "--network" "none" "ghcr.io/rust-lang/crates-build-env/linux@sha256:2788e3201cd34a07e3172128adcd8b3090168a8e3bcc40d7c032b9dda1df7d1c" "/opt/rustwide/cargo-home/bin/cargo" "+1.75.0" "test" "--frozen", kill_on_drop: false }`
[INFO] [stdout] 328f3dd3c02e943ca87d032cafe981366ab3de86f6645cae14e8392a6e7f2f3c
[INFO] running `Command { std: "docker" "start" "-a" "328f3dd3c02e943ca87d032cafe981366ab3de86f6645cae14e8392a6e7f2f3c", kill_on_drop: false }`
[INFO] [stderr]     Finished test [unoptimized + debuginfo] target(s) in 0.02s
[INFO] [stderr]      Running unittests src/lib.rs (/opt/rustwide/target/debug/deps/retry_strategy-ad7572e683b96aec)
[INFO] [stdout] 
[INFO] [stdout] running 6 tests
[INFO] [stdout] test strategy::tests::exponential_overflow ... ok
[INFO] [stdout] test strategy::tests::fibonacci ... ok
[INFO] [stdout] test strategy::tests::exponential_with_factor ... ok
[INFO] [stdout] test strategy::tests::fibonacci_saturated ... ok
[INFO] [stdout] test strategy::tests::test_opportunity ... ok
[INFO] [stdout] test tests::test_retry ... ok
[INFO] [stdout] 
[INFO] [stdout] test result: ok. 6 passed; 0 failed; 0 ignored; 0 measured; 0 filtered out; finished in 0.56s
[INFO] [stdout] 
[INFO] [stderr]    Doc-tests retry-strategy
[INFO] [stdout] 
[INFO] [stdout] running 1 test
[INFO] [stdout] test src/lib.rs - retry (line 63) ... FAILED
[INFO] [stdout] 
[INFO] [stdout] failures:
[INFO] [stdout] 
[INFO] [stdout] ---- src/lib.rs - retry (line 63) stdout ----
[INFO] [stdout] error[E0425]: cannot find function `retry` in this scope
[INFO] [stdout]  --> src/lib.rs:64:11
[INFO] [stdout]   |
[INFO] [stdout] 3 | let res = retry(
[INFO] [stdout]   |           ^^^^^ not found in this scope
[INFO] [stdout]   |
[INFO] [stdout] help: consider importing this function
[INFO] [stdout]   |
[INFO] [stdout] 2 + use retry_strategy::retry;
[INFO] [stdout]   |
[INFO] [stdout] 
[INFO] [stdout] error[E0425]: cannot find function `sleep` in this scope
[INFO] [stdout]  --> src/lib.rs:67:9
[INFO] [stdout]   |
[INFO] [stdout] 6 |         sleep(Duration::from_millis(250)).await;
[INFO] [stdout]   |         ^^^^^ not found in this scope
[INFO] [stdout]   |
[INFO] [stdout] help: consider importing one of these items
[INFO] [stdout]   |
[INFO] [stdout] 2 + use std::thread::sleep;
[INFO] [stdout]   |
[INFO] [stdout] 2 + use tokio::time::sleep;
[INFO] [stdout]   |
[INFO] [stdout] 
[INFO] [stdout] error[E0433]: failed to resolve: use of undeclared type `Duration`
[INFO] [stdout]  --> src/lib.rs:67:15
[INFO] [stdout]   |
[INFO] [stdout] 6 |         sleep(Duration::from_millis(250)).await;
[INFO] [stdout]   |               ^^^^^^^^ use of undeclared type `Duration`
[INFO] [stdout]   |
[INFO] [stdout] help: consider importing one of these items
[INFO] [stdout]   |
[INFO] [stdout] 2 + use core::time::Duration;
[INFO] [stdout]   |
[INFO] [stdout] 2 + use std::time::Duration;
[INFO] [stdout]   |
[INFO] [stdout] 2 + use tokio::time::Duration;
[INFO] [stdout]   |
[INFO] [stdout] 
[INFO] [stdout] error[E0728]: `await` is only allowed inside `async` functions and blocks
[INFO] [stdout]  --> src/lib.rs:70:3
[INFO] [stdout]   |
[INFO] [stdout] 2 | fn main() { #[allow(non_snake_case)] fn _doctest_main_src_lib_rs_63_0() {
[INFO] [stdout]   |                                         ----------------------------- this is not `async`
[INFO] [stdout] ...
[INFO] [stdout] 9 | ).await;
[INFO] [stdout]   |   ^^^^^ only allowed inside `async` functions and blocks
[INFO] [stdout] 
[INFO] [stdout] error[E0689]: can't call method `ms` on ambiguous numeric type `{integer}`
[INFO] [stdout]  --> src/lib.rs:65:14
[INFO] [stdout]   |
[INFO] [stdout] 4 |     vec![100.ms(), 200.ms(), 300.ms()],
[INFO] [stdout]   |              ^^
[INFO] [stdout]   |
[INFO] [stdout] help: you must specify a concrete type for this numeric value, like `i32`
[INFO] [stdout]   |
[INFO] [stdout] 4 |     vec![100_i32.ms(), 200.ms(), 300.ms()],
[INFO] [stdout]   |          ~~~~~~~
[INFO] [stdout] 
[INFO] [stdout] error[E0689]: can't call method `ms` on ambiguous numeric type `{integer}`
[INFO] [stdout]  --> src/lib.rs:65:24
[INFO] [stdout]   |
[INFO] [stdout] 4 |     vec![100.ms(), 200.ms(), 300.ms()],
[INFO] [stdout]   |                        ^^
[INFO] [stdout]   |
[INFO] [stdout] help: you must specify a concrete type for this numeric value, like `i32`
[INFO] [stdout]   |
[INFO] [stdout] 4 |     vec![100.ms(), 200_i32.ms(), 300.ms()],
[INFO] [stdout]   |                    ~~~~~~~
[INFO] [stdout] 
[INFO] [stdout] error[E0689]: can't call method `ms` on ambiguous numeric type `{integer}`
[INFO] [stdout]  --> src/lib.rs:65:34
[INFO] [stdout]   |
[INFO] [stdout] 4 |     vec![100.ms(), 200.ms(), 300.ms()],
[INFO] [stdout]   |                                  ^^
[INFO] [stdout]   |
[INFO] [stdout] help: you must specify a concrete type for this numeric value, like `i32`
[INFO] [stdout]   |
[INFO] [stdout] 4 |     vec![100.ms(), 200.ms(), 300_i32.ms()],
[INFO] [stdout]   |                              ~~~~~~~
[INFO] [stdout] 
[INFO] [stdout] error: aborting due to 7 previous errors
[INFO] [stdout] 
[INFO] [stdout] Some errors have detailed explanations: E0425, E0433, E0689, E0728.
[INFO] [stdout] For more information about an error, try `rustc --explain E0425`.
[INFO] [stdout] Couldn't compile the test.
[INFO] [stdout] 
[INFO] [stdout] failures:
[INFO] [stdout]     src/lib.rs - retry (line 63)
[INFO] [stdout] 
[INFO] [stdout] test result: FAILED. 0 passed; 1 failed; 0 ignored; 0 measured; 0 filtered out; finished in 0.05s
[INFO] [stdout] 
[INFO] [stderr] error: doctest failed, to rerun pass `--doc`
[INFO] running `Command { std: "docker" "inspect" "328f3dd3c02e943ca87d032cafe981366ab3de86f6645cae14e8392a6e7f2f3c", kill_on_drop: false }`
[INFO] running `Command { std: "docker" "rm" "-f" "328f3dd3c02e943ca87d032cafe981366ab3de86f6645cae14e8392a6e7f2f3c", kill_on_drop: false }`
[INFO] [stdout] 328f3dd3c02e943ca87d032cafe981366ab3de86f6645cae14e8392a6e7f2f3c
