[INFO] fetching crate rerun 0.11.0...
[INFO] testing rerun-0.11.0 against 1.75.0 for beta-1.76-1
[INFO] extracting crate rerun 0.11.0 into /workspace/builds/worker-4-tc1/source
[INFO] validating manifest of crates.io crate rerun 0.11.0 on toolchain 1.75.0
[INFO] running `Command { std: CARGO_HOME="/workspace/cargo-home" RUSTUP_HOME="/workspace/rustup-home" "/workspace/cargo-home/bin/cargo" "+1.75.0" "metadata" "--manifest-path" "Cargo.toml" "--no-deps", kill_on_drop: false }`
[INFO] started tweaking crates.io crate rerun 0.11.0
[INFO] finished tweaking crates.io crate rerun 0.11.0
[INFO] tweaked toml for crates.io crate rerun 0.11.0 written to /workspace/builds/worker-4-tc1/source/Cargo.toml
[INFO] running `Command { std: CARGO_HOME="/workspace/cargo-home" RUSTUP_HOME="/workspace/rustup-home" "/workspace/cargo-home/bin/cargo" "+1.75.0" "generate-lockfile" "--manifest-path" "Cargo.toml", kill_on_drop: false }`
[INFO] [stderr]     Updating crates.io index
[INFO] running `Command { std: CARGO_HOME="/workspace/cargo-home" RUSTUP_HOME="/workspace/rustup-home" "/workspace/cargo-home/bin/cargo" "+1.75.0" "fetch" "--manifest-path" "Cargo.toml", kill_on_drop: false }`
[INFO] [stderr]  Downloading crates ...
[INFO] [stderr]   Downloaded re_data_source v0.11.0
[INFO] [stderr]   Downloaded accesskit_unix v0.5.2
[INFO] [stderr]   Downloaded re_log_encoding v0.11.0
[INFO] [stderr]   Downloaded macaw v0.18.6
[INFO] [stderr]   Downloaded atspi-macros v0.2.0
[INFO] [stderr]   Downloaded re_space_view_text_log v0.11.0
[INFO] [stderr]   Downloaded ehttp v0.3.1
[INFO] [stderr]   Downloaded wasm-bindgen-externref-xform v0.2.89
[INFO] [stderr]   Downloaded atspi v0.10.1
[INFO] [stderr]   Downloaded re_ui v0.11.0
[INFO] [stderr]   Downloaded re_viewer v0.11.0
[INFO] [stderr]   Downloaded re_renderer v0.11.0
[INFO] [stderr]   Downloaded re_web_viewer_server v0.11.0
[INFO] [stderr]   Downloaded egui_glow v0.23.0
[INFO] [stderr]   Downloaded re_viewer_context v0.11.0
[INFO] [stderr]   Downloaded wasm-encoder v0.29.0
[INFO] [stderr]   Downloaded wasmparser v0.80.2
[INFO] [stderr]   Downloaded zune-jpeg v0.3.17
[INFO] [stderr]   Downloaded wasm-bindgen-cli-support v0.2.89
[INFO] [stderr]   Downloaded walrus v0.20.3
[INFO] [stderr]   Downloaded eframe v0.23.0
[INFO] [stderr]   Downloaded egui_plot v0.23.0
[INFO] [stderr]   Downloaded re_space_view_spatial v0.11.0
[INFO] [stderr]   Downloaded egui_commonmark v0.9.2
[INFO] [stderr]   Downloaded re_time_panel v0.11.0
[INFO] [stderr]   Downloaded egui_tiles v0.3.1
[INFO] [stderr]   Downloaded wasm-bindgen-threads-xform v0.2.89
[INFO] [stderr]   Downloaded walrus-macro v0.19.0
[INFO] [stderr]   Downloaded wasm-bindgen-wasm-conventions v0.2.89
[INFO] [stderr]   Downloaded re_sdk_comms v0.11.0
[INFO] [stderr]   Downloaded re_space_view_text_document v0.11.0
[INFO] [stderr]   Downloaded vec1 v1.10.1
[INFO] [stderr]   Downloaded re_space_view_time_series v0.11.0
[INFO] [stderr]   Downloaded re_query v0.11.0
[INFO] [stderr]   Downloaded clean-path v0.2.1
[INFO] [stderr]   Downloaded tobj v4.0.0
[INFO] [stderr]   Downloaded zune-core v0.2.14
[INFO] [stderr]   Downloaded re_ws_comms v0.11.0
[INFO] [stderr]   Downloaded wasm-bindgen-wasm-interpreter v0.2.89
[INFO] [stderr]   Downloaded re_build_web_viewer v0.11.0
[INFO] [stderr]   Downloaded re_build_info v0.11.0
[INFO] [stderr]   Downloaded re_analytics v0.11.0
[INFO] [stderr]   Downloaded wasm-bindgen-multi-value-xform v0.2.89
[INFO] [stderr]   Downloaded re_data_ui v0.11.0
[INFO] [stderr]   Downloaded never v0.1.0
[INFO] [stderr]   Downloaded egui-wgpu v0.23.0
[INFO] [stderr]   Downloaded re_crash_handler v0.11.0
[INFO] [stderr]   Downloaded re_sdk v0.11.0
[INFO] [stderr]   Downloaded poll-promise v0.3.0
[INFO] [stderr]   Downloaded memory-stats v1.1.0
[INFO] [stderr]   Downloaded re_memory v0.11.0
[INFO] [stderr]   Downloaded re_space_view_bar_chart v0.11.0
[INFO] [stderr]   Downloaded re_tensor_ops v0.11.0
[INFO] [stderr]   Downloaded re_space_view_tensor v0.11.0
[INFO] [stderr]   Downloaded re_space_view v0.11.0
[INFO] [stderr]   Downloaded egui_extras v0.23.0
[INFO] [stderr]   Downloaded re_viewport v0.11.0
[INFO] [stderr]   Downloaded ewebsock v0.4.0
[INFO] [stderr]   Downloaded egui-winit v0.23.0
[INFO] running `Command { std: "docker" "create" "-v" "/var/lib/crater-agent-workspace/builds/worker-4-tc1/target:/opt/rustwide/target:rw,Z" "-v" "/var/lib/crater-agent-workspace/builds/worker-4-tc1/source:/opt/rustwide/workdir:ro,Z" "-v" "/var/lib/crater-agent-workspace/cargo-home:/opt/rustwide/cargo-home:ro,Z" "-v" "/var/lib/crater-agent-workspace/rustup-home:/opt/rustwide/rustup-home:ro,Z" "-e" "SOURCE_DIR=/opt/rustwide/workdir" "-e" "CARGO_TARGET_DIR=/opt/rustwide/target" "-e" "CARGO_HOME=/opt/rustwide/cargo-home" "-e" "RUSTUP_HOME=/opt/rustwide/rustup-home" "-w" "/opt/rustwide/workdir" "-m" "1610612736" "--user" "0:0" "--network" "none" "ghcr.io/rust-lang/crates-build-env/linux@sha256:2788e3201cd34a07e3172128adcd8b3090168a8e3bcc40d7c032b9dda1df7d1c" "/opt/rustwide/cargo-home/bin/cargo" "+1.75.0" "metadata" "--no-deps" "--format-version=1", kill_on_drop: false }`
[INFO] [stdout] bc2ab5805c430fb298d11cf08752a71b734952c2dde2eb27a3c6c67c1436da2a
[INFO] running `Command { std: "docker" "start" "-a" "bc2ab5805c430fb298d11cf08752a71b734952c2dde2eb27a3c6c67c1436da2a", kill_on_drop: false }`
[INFO] running `Command { std: "docker" "inspect" "bc2ab5805c430fb298d11cf08752a71b734952c2dde2eb27a3c6c67c1436da2a", kill_on_drop: false }`
[INFO] running `Command { std: "docker" "rm" "-f" "bc2ab5805c430fb298d11cf08752a71b734952c2dde2eb27a3c6c67c1436da2a", kill_on_drop: false }`
[INFO] [stdout] bc2ab5805c430fb298d11cf08752a71b734952c2dde2eb27a3c6c67c1436da2a
[INFO] running `Command { std: "docker" "create" "-v" "/var/lib/crater-agent-workspace/builds/worker-4-tc1/target:/opt/rustwide/target:rw,Z" "-v" "/var/lib/crater-agent-workspace/builds/worker-4-tc1/source:/opt/rustwide/workdir:ro,Z" "-v" "/var/lib/crater-agent-workspace/cargo-home:/opt/rustwide/cargo-home:ro,Z" "-v" "/var/lib/crater-agent-workspace/rustup-home:/opt/rustwide/rustup-home:ro,Z" "-e" "SOURCE_DIR=/opt/rustwide/workdir" "-e" "CARGO_TARGET_DIR=/opt/rustwide/target" "-e" "CARGO_INCREMENTAL=0" "-e" "RUST_BACKTRACE=full" "-e" "RUSTFLAGS=--cap-lints=warn" "-e" "RUSTDOCFLAGS=--cap-lints=warn" "-e" "CARGO_HOME=/opt/rustwide/cargo-home" "-e" "RUSTUP_HOME=/opt/rustwide/rustup-home" "-w" "/opt/rustwide/workdir" "-m" "1610612736" "--user" "0:0" "--network" "none" "ghcr.io/rust-lang/crates-build-env/linux@sha256:2788e3201cd34a07e3172128adcd8b3090168a8e3bcc40d7c032b9dda1df7d1c" "/opt/rustwide/cargo-home/bin/cargo" "+1.75.0" "build" "--frozen" "--message-format=json", kill_on_drop: false }`
[INFO] [stdout] a0816eee880e92accf7b5af4944df5d863f2e31aed90646db1f8f0e3919e9360
[INFO] running `Command { std: "docker" "start" "-a" "a0816eee880e92accf7b5af4944df5d863f2e31aed90646db1f8f0e3919e9360", kill_on_drop: false }`
[INFO] [stderr]    Compiling proc-macro2 v1.0.75
[INFO] [stderr]    Compiling libc v0.2.151
[INFO] [stderr]    Compiling once_cell v1.19.0
[INFO] [stderr]    Compiling serde v1.0.194
[INFO] [stderr]    Compiling semver v1.0.21
[INFO] [stderr]    Compiling typenum v1.17.0
[INFO] [stderr]    Compiling thiserror v1.0.56
[INFO] [stderr]    Compiling anyhow v1.0.79
[INFO] [stderr]    Compiling itoa v1.0.10
[INFO] [stderr]    Compiling num-traits v0.2.17
[INFO] [stderr]    Compiling wasm-bindgen-shared v0.2.89
[INFO] [stderr]    Compiling generic-array v0.14.7
[INFO] [stderr]    Compiling quote v1.0.35
[INFO] [stderr]    Compiling powerfmt v0.2.0
[INFO] [stderr]    Compiling syn v2.0.48
[INFO] [stderr]    Compiling value-bag v1.4.3
[INFO] [stderr]    Compiling byteorder v1.5.0
[INFO] [stderr]    Compiling getrandom v0.2.11
[INFO] [stderr]    Compiling log v0.4.20
[INFO] [stderr]    Compiling time-core v0.1.2
[INFO] [stderr]    Compiling bumpalo v3.14.0
[INFO] [stderr]    Compiling lock_api v0.4.11
[INFO] [stderr]    Compiling smallvec v1.11.2
[INFO] [stderr]    Compiling parking_lot_core v0.9.9
[INFO] [stderr]    Compiling scopeguard v1.2.0
[INFO] [stderr]    Compiling wasm-bindgen v0.2.89
[INFO] [stderr]    Compiling crossbeam-utils v0.8.18
[INFO] [stderr]    Compiling adler v1.0.2
[INFO] [stderr]    Compiling miniz_oxide v0.7.1
[INFO] [stderr]    Compiling syn v1.0.109
[INFO] [stderr]    Compiling cc v1.0.83
[INFO] [stderr]    Compiling parking_lot v0.12.1
[INFO] [stderr]    Compiling block-buffer v0.10.4
[INFO] [stderr]    Compiling crypto-common v0.1.6
[INFO] [stderr]    Compiling bitflags v2.4.1
[INFO] [stderr]    Compiling cpufeatures v0.2.12
[INFO] [stderr]    Compiling digest v0.10.7
[INFO] [stderr]    Compiling litrs v0.4.1
[INFO] [stderr]    Compiling heck v0.4.1
[INFO] [stderr]    Compiling rustversion v1.0.14
[INFO] [stderr]    Compiling ahash v0.8.7
[INFO] [stderr]    Compiling either v1.9.0
[INFO] [stderr]    Compiling rustix v0.38.28
[INFO] [stderr]    Compiling document-features v0.2.8
[INFO] [stderr]    Compiling instant v0.1.12
[INFO] [stderr]    Compiling ryu v1.0.16
[INFO] [stderr]    Compiling linux-raw-sys v0.4.12
[INFO] [stderr]    Compiling array-init-cursor v0.2.0
[INFO] [stderr]    Compiling regex-syntax v0.8.2
[INFO] [stderr]    Compiling serde_json v1.0.111
[INFO] [stderr]    Compiling backtrace v0.3.69
[INFO] [stderr]    Compiling gimli v0.28.1
[INFO] [stderr]    Compiling zerocopy v0.7.32
[INFO] [stderr]    Compiling camino v1.1.6
[INFO] [stderr]    Compiling planus v0.3.1
[INFO] [stderr]    Compiling puffin v0.16.0
[INFO] [stderr]    Compiling crossbeam-epoch v0.9.17
[INFO] [stderr]    Compiling object v0.32.2
[INFO] [stderr]    Compiling unicode-width v0.1.11
[INFO] [stderr]    Compiling tinyvec_macros v0.1.1
[INFO] [stderr]    Compiling regex-automata v0.4.3
[INFO] [stderr]    Compiling rustc-demangle v0.1.23
[INFO] [stderr]    Compiling wasm-bindgen-backend v0.2.89
[INFO] [stderr]    Compiling strum v0.24.1
[INFO] [stderr]    Compiling pin-project-lite v0.2.13
[INFO] [stderr]    Compiling tinyvec v1.6.0
[INFO] [stderr]    Compiling addr2line v0.21.0
[INFO] [stderr]    Compiling wasm-bindgen-macro-support v0.2.89
[INFO] [stderr]    Compiling is-terminal v0.4.10
[INFO] [stderr]    Compiling crossbeam-deque v0.8.4
[INFO] [stderr]    Compiling re_tracing v0.11.0
[INFO] [stderr]    Compiling ring v0.17.7
[INFO] [stderr]    Compiling chrono v0.4.31
[INFO] [stderr]    Compiling regex v1.10.2
[INFO] [stderr]    Compiling deranged v0.3.11
[INFO] [stderr]    Compiling tracing-core v0.1.32
[INFO] [stderr]    Compiling serde_derive v1.0.194
[INFO] [stderr]    Compiling thiserror-impl v1.0.56
[INFO] [stderr]    Compiling wasm-bindgen-macro v0.2.89
[INFO] [stderr]    Compiling bytemuck_derive v1.5.0
[INFO] [stderr]    Compiling tracing-attributes v0.1.27
[INFO] [stderr]    Compiling bytemuck v1.14.0
[INFO] [stderr]    Compiling termcolor v1.4.0
[INFO] [stderr]    Compiling humantime v2.1.0
[INFO] [stderr]    Compiling ethnum v1.5.0
[INFO] [stderr]    Compiling hash_hasher v2.0.3
[INFO] [stderr]    Compiling same-file v1.0.6
[INFO] [stderr]    Compiling foreign_vec v0.1.0
[INFO] [stderr]    Compiling nohash-hasher v0.2.0
[INFO] [stderr]    Compiling dyn-clone v1.0.16
[INFO] [stderr]    Compiling simdutf8 v0.1.4
[INFO] [stderr]    Compiling tracing v0.1.40
[INFO] [stderr]    Compiling walkdir v2.4.0
[INFO] [stderr]    Compiling env_logger v0.10.1
[INFO] [stderr]    Compiling time v0.3.31
[INFO] [stderr]    Compiling strum_macros v0.24.3
[INFO] [stderr]    Compiling unicode-normalization v0.1.22
[INFO] [stderr]    Compiling sha2 v0.10.8
[INFO] [stderr]    Compiling log-once v0.4.1
[INFO] [stderr]    Compiling percent-encoding v2.3.1
[INFO] [stderr]    Compiling re_error v0.11.0
[INFO] [stderr]    Compiling unindent v0.1.11
[INFO] [stderr]    Compiling glob v0.3.1
[INFO] [stderr]    Compiling unicode-bidi v0.3.14
[INFO] [stderr]    Compiling form_urlencoded v1.2.1
[INFO] [stderr]    Compiling idna v0.5.0
[INFO] [stderr]    Compiling re_log v0.11.0
[INFO] [stderr]    Compiling crossbeam-channel v0.5.10
[INFO] [stderr]    Compiling crossbeam-queue v0.3.10
[INFO] [stderr]    Compiling spin v0.9.8
[INFO] [stderr]    Compiling web-time v0.2.4
[INFO] [stderr]    Compiling untrusted v0.9.0
[INFO] [stderr]    Compiling paste v1.0.14
[INFO] [stderr]    Compiling crossbeam v0.8.3
[INFO] [stderr]    Compiling url v2.5.0
[INFO] [stderr]    Compiling itertools v0.11.0
[INFO] [stderr]    Compiling time-macros v0.2.16
[INFO] [stderr]    Compiling az v1.2.1
[INFO] [stderr]    Compiling comfy-table v6.2.0
[INFO] [stderr]    Compiling regex-automata v0.1.10
[INFO] [stderr]    Compiling crc32fast v1.3.2
[INFO] [stderr]    Compiling num_threads v0.1.6
[INFO] [stderr]    Compiling bstr v0.2.17
[INFO] [stderr]    Compiling half v2.3.1
[INFO] [stderr]    Compiling js-sys v0.3.66
[INFO] [stderr]    Compiling rustls v0.21.10
[INFO] [stderr]    Compiling unicode-segmentation v1.10.1
[INFO] [stderr]    Compiling fixed v1.24.0
[INFO] [stderr]    Compiling rmp v0.8.12
[INFO] [stderr]    Compiling rustls-webpki v0.101.7
[INFO] [stderr]    Compiling similar v2.4.0
[INFO] [stderr]    Compiling sct v0.7.1
[INFO] [stderr]    Compiling console v0.15.7
[INFO] [stderr]    Compiling arrow-format v0.8.1
[INFO] [stderr]    Compiling re_string_interner v0.11.0
[INFO] [stderr]    Compiling rustc_version v0.4.0
[INFO] [stderr]    Compiling cargo-platform v0.1.6
[INFO] [stderr]    Compiling uuid v1.6.1
[INFO] [stderr]    Compiling arrow2 v0.17.4
[INFO] [stderr]    Compiling similar-asserts v1.5.0
[INFO] [stderr]    Compiling serde_bytes v0.11.14
[INFO] [stderr]    Compiling rmp-serde v1.1.2
[INFO] [stderr]    Compiling flate2 v1.0.28
[INFO] [stderr]    Compiling cargo_metadata v0.15.4
[INFO] [stderr]    Compiling num-derive v0.3.3
[INFO] [stderr]    Compiling rand_core v0.6.4
[INFO] [stderr]    Compiling bytes v1.5.0
[INFO] [stderr]    Compiling re_build_tools v0.11.0
[INFO] [stderr]    Compiling web-sys v0.3.66
[INFO] [stderr]    Compiling ppv-lite86 v0.2.17
[INFO] [stderr]    Compiling base64 v0.21.5
[INFO] [stderr]    Compiling static_assertions v1.1.0
[INFO] [stderr]    Compiling webpki-roots v0.25.3
[INFO] [stderr]    Compiling rand_chacha v0.3.1
[INFO] [stderr]    Compiling ureq v2.9.1
[INFO] [stderr]    Compiling unicase v2.7.0
[INFO] [stderr]    Compiling num-integer v0.1.45
[INFO] [stderr]    Compiling rand v0.8.5
[INFO] [stderr]    Compiling re_build_info v0.11.0
[INFO] [stderr]    Compiling httparse v1.8.0
[INFO] [stderr]    Compiling ehttp v0.3.1
[INFO] [stderr]    Compiling twox-hash v1.6.3
[INFO] [stderr]    Compiling re_smart_channel v0.11.0
[INFO] [stderr]    Compiling num-rational v0.4.1
[INFO] [stderr]    Compiling matrixmultiply v0.3.8
[INFO] [stderr]    Compiling lz4_flex v0.10.0
[INFO] [stderr]    Compiling mime_guess v2.0.4
[INFO] [stderr]    Compiling http v0.2.11
[INFO] [stderr]    Compiling sha1 v0.10.6
[INFO] [stderr]    Compiling rayon-core v1.12.0
[INFO] [stderr]    Compiling rawpointer v0.2.1
[INFO] [stderr]    Compiling utf8parse v0.2.1
[INFO] [stderr]    Compiling data-encoding v2.5.0
[INFO] [stderr]    Compiling anstyle-parse v0.2.3
[INFO] [stderr]    Compiling cfb v0.7.3
[INFO] [stderr]    Compiling re_types_core v0.11.0
[INFO] [stderr]    Compiling tungstenite v0.20.1
[INFO] [stderr]    Compiling re_analytics v0.11.0
[INFO] [stderr]    Compiling tokio-macros v2.2.0
[INFO] [stderr]    Compiling zune-core v0.2.14
[INFO] [stderr]    Compiling num-complex v0.4.4
[INFO] [stderr]    Compiling re_tuid v0.11.0
[INFO] [stderr]    Compiling re_format v0.11.0
[INFO] [stderr]    Compiling socket2 v0.5.5
[INFO] [stderr]    Compiling dirs-sys-next v0.1.2
[INFO] [stderr]    Compiling mio v0.8.10
[INFO] [stderr]    Compiling num_cpus v1.16.0
[INFO] [stderr]    Compiling anstyle v1.0.4
[INFO] [stderr]    Compiling color_quant v1.1.0
[INFO] [stderr]    Compiling colorchoice v1.0.0
[INFO] [stderr]    Compiling mime v0.3.17
[INFO] [stderr]    Compiling anstyle-query v1.0.2
[INFO] [stderr]    Compiling tokio v1.35.1
[INFO] [stderr]    Compiling anstream v0.6.5
[INFO] [stderr]    Compiling image v0.24.7
[INFO] [stderr]    Compiling directories-next v2.0.0
[INFO] [stderr]    Compiling ndarray v0.15.6
[INFO] [stderr]    Compiling zune-jpeg v0.3.17
[INFO] [stderr]    Compiling ewebsock v0.4.0
[INFO] [stderr]    Compiling infer v0.15.0
[INFO] [stderr]    Compiling re_data_source v0.11.0
[INFO] [stderr]    Compiling re_log_types v0.11.0
[INFO] [stderr]    Compiling re_sdk v0.11.0
[INFO] [stderr]    Compiling bincode v1.3.3
[INFO] [stderr]    Compiling clap_lex v0.6.0
[INFO] [stderr]    Compiling ecolor v0.23.0
[INFO] [stderr]    Compiling array-init v2.1.0
[INFO] [stderr]    Compiling indent v0.1.1
[INFO] [stderr]    Compiling glam v0.22.0
[INFO] [stderr]    Compiling clap_builder v4.4.12
[INFO] [stderr]    Compiling rayon v1.8.0
[INFO] [stderr]    Compiling re_int_histogram v0.11.0
[INFO] [stderr]    Compiling rerun v0.11.0 (/opt/rustwide/workdir)
[INFO] [stderr]    Compiling re_log_encoding v0.11.0
[INFO] [stderr]    Compiling re_types v0.11.0
[INFO] [stderr]    Compiling re_sdk_comms v0.11.0
[INFO] [stderr]    Compiling re_arrow_store v0.11.0
[INFO] [stderr]    Compiling re_ws_comms v0.11.0
[INFO] [stderr]    Compiling clap_derive v4.4.7
[INFO] [stderr]    Compiling sysinfo v0.29.11
[INFO] [stderr]    Compiling memory-stats v1.1.0
[INFO] [stderr]    Compiling emath v0.23.0
[INFO] [stderr]    Compiling re_memory v0.11.0
[INFO] [stderr]    Compiling re_data_store v0.11.0
[INFO] [stderr]    Compiling re_crash_handler v0.11.0
[INFO] [stderr]    Compiling clap v4.4.13
[INFO] [stderr]     Finished dev [unoptimized + debuginfo] target(s) in 3m 54s
[INFO] running `Command { std: "docker" "inspect" "a0816eee880e92accf7b5af4944df5d863f2e31aed90646db1f8f0e3919e9360", kill_on_drop: false }`
[INFO] running `Command { std: "docker" "rm" "-f" "a0816eee880e92accf7b5af4944df5d863f2e31aed90646db1f8f0e3919e9360", kill_on_drop: false }`
[INFO] [stdout] a0816eee880e92accf7b5af4944df5d863f2e31aed90646db1f8f0e3919e9360
[INFO] running `Command { std: "docker" "create" "-v" "/var/lib/crater-agent-workspace/builds/worker-4-tc1/target:/opt/rustwide/target:rw,Z" "-v" "/var/lib/crater-agent-workspace/builds/worker-4-tc1/source:/opt/rustwide/workdir:ro,Z" "-v" "/var/lib/crater-agent-workspace/cargo-home:/opt/rustwide/cargo-home:ro,Z" "-v" "/var/lib/crater-agent-workspace/rustup-home:/opt/rustwide/rustup-home:ro,Z" "-e" "SOURCE_DIR=/opt/rustwide/workdir" "-e" "CARGO_TARGET_DIR=/opt/rustwide/target" "-e" "CARGO_INCREMENTAL=0" "-e" "RUST_BACKTRACE=full" "-e" "RUSTFLAGS=--cap-lints=warn" "-e" "RUSTDOCFLAGS=--cap-lints=warn" "-e" "CARGO_HOME=/opt/rustwide/cargo-home" "-e" "RUSTUP_HOME=/opt/rustwide/rustup-home" "-w" "/opt/rustwide/workdir" "-m" "1610612736" "--user" "0:0" "--network" "none" "ghcr.io/rust-lang/crates-build-env/linux@sha256:2788e3201cd34a07e3172128adcd8b3090168a8e3bcc40d7c032b9dda1df7d1c" "/opt/rustwide/cargo-home/bin/cargo" "+1.75.0" "test" "--frozen" "--no-run" "--message-format=json", kill_on_drop: false }`
[INFO] [stdout] c450f51da809889d5eec1778a4f36b2b9a1250803688ea232a9823cf9f621e9d
[INFO] running `Command { std: "docker" "start" "-a" "c450f51da809889d5eec1778a4f36b2b9a1250803688ea232a9823cf9f621e9d", kill_on_drop: false }`
[INFO] [stderr]    Compiling rerun v0.11.0 (/opt/rustwide/workdir)
[INFO] [stderr]     Finished test [unoptimized + debuginfo] target(s) in 3.09s
[INFO] running `Command { std: "docker" "inspect" "c450f51da809889d5eec1778a4f36b2b9a1250803688ea232a9823cf9f621e9d", kill_on_drop: false }`
[INFO] running `Command { std: "docker" "rm" "-f" "c450f51da809889d5eec1778a4f36b2b9a1250803688ea232a9823cf9f621e9d", kill_on_drop: false }`
[INFO] [stdout] c450f51da809889d5eec1778a4f36b2b9a1250803688ea232a9823cf9f621e9d
[INFO] running `Command { std: "docker" "create" "-v" "/var/lib/crater-agent-workspace/builds/worker-4-tc1/target:/opt/rustwide/target:rw,Z" "-v" "/var/lib/crater-agent-workspace/builds/worker-4-tc1/source:/opt/rustwide/workdir:ro,Z" "-v" "/var/lib/crater-agent-workspace/cargo-home:/opt/rustwide/cargo-home:ro,Z" "-v" "/var/lib/crater-agent-workspace/rustup-home:/opt/rustwide/rustup-home:ro,Z" "-e" "SOURCE_DIR=/opt/rustwide/workdir" "-e" "CARGO_TARGET_DIR=/opt/rustwide/target" "-e" "CARGO_INCREMENTAL=0" "-e" "RUST_BACKTRACE=full" "-e" "RUSTFLAGS=--cap-lints=warn" "-e" "RUSTDOCFLAGS=--cap-lints=warn" "-e" "CARGO_HOME=/opt/rustwide/cargo-home" "-e" "RUSTUP_HOME=/opt/rustwide/rustup-home" "-w" "/opt/rustwide/workdir" "-m" "1610612736" "--user" "0:0" "--network" "none" "ghcr.io/rust-lang/crates-build-env/linux@sha256:2788e3201cd34a07e3172128adcd8b3090168a8e3bcc40d7c032b9dda1df7d1c" "/opt/rustwide/cargo-home/bin/cargo" "+1.75.0" "test" "--frozen", kill_on_drop: false }`
[INFO] [stdout] b380609dc0271e4c49a4a5bce47112beea99e10ed9f92c8e53ad0febdb960817
[INFO] running `Command { std: "docker" "start" "-a" "b380609dc0271e4c49a4a5bce47112beea99e10ed9f92c8e53ad0febdb960817", kill_on_drop: false }`
[INFO] [stderr]     Finished test [unoptimized + debuginfo] target(s) in 0.50s
[INFO] [stderr]      Running unittests src/lib.rs (/opt/rustwide/target/debug/deps/rerun-eb3a8c30a90e816f)
[INFO] [stdout] 
[INFO] [stdout] running 0 tests
[INFO] [stdout] 
[INFO] [stdout] test result: ok. 0 passed; 0 failed; 0 ignored; 0 measured; 0 filtered out; finished in 0.00s
[INFO] [stdout] 
[INFO] [stderr]    Doc-tests rerun
[INFO] [stdout] 
[INFO] [stdout] running 6 tests
[INFO] [stdout] test src/lib.rs - (line 114) ... ignored
[INFO] [stdout] test src/lib.rs - (line 72) - compile ... ok
[INFO] [stdout] test src/lib.rs - (line 94) - compile ... ok
[INFO] [stdout] test src/lib.rs - (line 103) - compile ... FAILED
[INFO] [stdout] test src/clap.rs - clap::RerunArgs (line 26) - compile ... ok
[INFO] [stdout] test src/log_integration.rs - log_integration::Logger (line 12) ... ok
[INFO] [stderr] error: doctest failed, to rerun pass `--doc`
[INFO] [stdout] 
[INFO] [stdout] failures:
[INFO] [stdout] 
[INFO] [stdout] ---- src/lib.rs - (line 103) stdout ----
[INFO] [stdout] error[E0433]: failed to resolve: could not find `native_viewer` in `rerun`
[INFO] [stdout]   --> src/lib.rs:110:8
[INFO] [stdout]    |
[INFO] [stdout] 10 | rerun::native_viewer::show(storage.take());
[INFO] [stdout]    |        ^^^^^^^^^^^^^ could not find `native_viewer` in `rerun`
[INFO] [stdout] 
[INFO] [stdout] error: aborting due to previous error
[INFO] [stdout] 
[INFO] [stdout] For more information about this error, try `rustc --explain E0433`.
[INFO] [stdout] Couldn't compile the test.
[INFO] [stdout] 
[INFO] [stdout] failures:
[INFO] [stdout]     src/lib.rs - (line 103)
[INFO] [stdout] 
[INFO] [stdout] test result: FAILED. 4 passed; 1 failed; 1 ignored; 0 measured; 0 filtered out; finished in 13.62s
[INFO] [stdout] 
[INFO] running `Command { std: "docker" "inspect" "b380609dc0271e4c49a4a5bce47112beea99e10ed9f92c8e53ad0febdb960817", kill_on_drop: false }`
[INFO] running `Command { std: "docker" "rm" "-f" "b380609dc0271e4c49a4a5bce47112beea99e10ed9f92c8e53ad0febdb960817", kill_on_drop: false }`
[INFO] [stdout] b380609dc0271e4c49a4a5bce47112beea99e10ed9f92c8e53ad0febdb960817
