[INFO] fetching crate reqwest-retry 0.3.0...
[INFO] testing reqwest-retry-0.3.0 against 1.75.0 for beta-1.76-1
[INFO] extracting crate reqwest-retry 0.3.0 into /workspace/builds/worker-1-tc1/source
[INFO] validating manifest of crates.io crate reqwest-retry 0.3.0 on toolchain 1.75.0
[INFO] running `Command { std: CARGO_HOME="/workspace/cargo-home" RUSTUP_HOME="/workspace/rustup-home" "/workspace/cargo-home/bin/cargo" "+1.75.0" "metadata" "--manifest-path" "Cargo.toml" "--no-deps", kill_on_drop: false }`
[INFO] started tweaking crates.io crate reqwest-retry 0.3.0
[INFO] finished tweaking crates.io crate reqwest-retry 0.3.0
[INFO] tweaked toml for crates.io crate reqwest-retry 0.3.0 written to /workspace/builds/worker-1-tc1/source/Cargo.toml
[INFO] running `Command { std: CARGO_HOME="/workspace/cargo-home" RUSTUP_HOME="/workspace/rustup-home" "/workspace/cargo-home/bin/cargo" "+1.75.0" "generate-lockfile" "--manifest-path" "Cargo.toml", kill_on_drop: false }`
[INFO] [stderr]     Updating crates.io index
[INFO] running `Command { std: CARGO_HOME="/workspace/cargo-home" RUSTUP_HOME="/workspace/rustup-home" "/workspace/cargo-home/bin/cargo" "+1.75.0" "fetch" "--manifest-path" "Cargo.toml", kill_on_drop: false }`
[INFO] [stderr]  Downloading crates ...
[INFO] [stderr]   Downloaded reqwest-middleware v0.2.4
[INFO] [stderr]   Downloaded wiremock v0.5.22
[INFO] [stderr]   Downloaded task-local-extensions v0.1.4
[INFO] running `Command { std: "docker" "create" "-v" "/var/lib/crater-agent-workspace/builds/worker-1-tc1/target:/opt/rustwide/target:rw,Z" "-v" "/var/lib/crater-agent-workspace/builds/worker-1-tc1/source:/opt/rustwide/workdir:ro,Z" "-v" "/var/lib/crater-agent-workspace/cargo-home:/opt/rustwide/cargo-home:ro,Z" "-v" "/var/lib/crater-agent-workspace/rustup-home:/opt/rustwide/rustup-home:ro,Z" "-e" "SOURCE_DIR=/opt/rustwide/workdir" "-e" "CARGO_TARGET_DIR=/opt/rustwide/target" "-e" "CARGO_HOME=/opt/rustwide/cargo-home" "-e" "RUSTUP_HOME=/opt/rustwide/rustup-home" "-w" "/opt/rustwide/workdir" "-m" "1610612736" "--user" "0:0" "--network" "none" "ghcr.io/rust-lang/crates-build-env/linux@sha256:2788e3201cd34a07e3172128adcd8b3090168a8e3bcc40d7c032b9dda1df7d1c" "/opt/rustwide/cargo-home/bin/cargo" "+1.75.0" "metadata" "--no-deps" "--format-version=1", kill_on_drop: false }`
[INFO] [stdout] ffa9efe0958e7f2099fedf28a875aaade80873199d47ecd95937faf922a6ace9
[INFO] running `Command { std: "docker" "start" "-a" "ffa9efe0958e7f2099fedf28a875aaade80873199d47ecd95937faf922a6ace9", kill_on_drop: false }`
[INFO] running `Command { std: "docker" "inspect" "ffa9efe0958e7f2099fedf28a875aaade80873199d47ecd95937faf922a6ace9", kill_on_drop: false }`
[INFO] running `Command { std: "docker" "rm" "-f" "ffa9efe0958e7f2099fedf28a875aaade80873199d47ecd95937faf922a6ace9", kill_on_drop: false }`
[INFO] [stdout] ffa9efe0958e7f2099fedf28a875aaade80873199d47ecd95937faf922a6ace9
[INFO] running `Command { std: "docker" "create" "-v" "/var/lib/crater-agent-workspace/builds/worker-1-tc1/target:/opt/rustwide/target:rw,Z" "-v" "/var/lib/crater-agent-workspace/builds/worker-1-tc1/source:/opt/rustwide/workdir:ro,Z" "-v" "/var/lib/crater-agent-workspace/cargo-home:/opt/rustwide/cargo-home:ro,Z" "-v" "/var/lib/crater-agent-workspace/rustup-home:/opt/rustwide/rustup-home:ro,Z" "-e" "SOURCE_DIR=/opt/rustwide/workdir" "-e" "CARGO_TARGET_DIR=/opt/rustwide/target" "-e" "CARGO_INCREMENTAL=0" "-e" "RUST_BACKTRACE=full" "-e" "RUSTFLAGS=--cap-lints=warn" "-e" "RUSTDOCFLAGS=--cap-lints=warn" "-e" "CARGO_HOME=/opt/rustwide/cargo-home" "-e" "RUSTUP_HOME=/opt/rustwide/rustup-home" "-w" "/opt/rustwide/workdir" "-m" "1610612736" "--user" "0:0" "--network" "none" "ghcr.io/rust-lang/crates-build-env/linux@sha256:2788e3201cd34a07e3172128adcd8b3090168a8e3bcc40d7c032b9dda1df7d1c" "/opt/rustwide/cargo-home/bin/cargo" "+1.75.0" "build" "--frozen" "--message-format=json", kill_on_drop: false }`
[INFO] [stdout] 8690f5bc5bd9b35565c1574f8c7a6a5804c89554d495e898f34ec8c60f900ff1
[INFO] running `Command { std: "docker" "start" "-a" "8690f5bc5bd9b35565c1574f8c7a6a5804c89554d495e898f34ec8c60f900ff1", kill_on_drop: false }`
[INFO] [stderr]    Compiling futures-sink v0.3.30
[INFO] [stderr]    Compiling bytes v1.5.0
[INFO] [stderr]    Compiling unicase v2.7.0
[INFO] [stderr]    Compiling futures-io v0.3.30
[INFO] [stderr]    Compiling fnv v1.0.7
[INFO] [stderr]    Compiling tracing-core v0.1.32
[INFO] [stderr]    Compiling equivalent v1.0.1
[INFO] [stderr]    Compiling hashbrown v0.14.3
[INFO] [stderr]    Compiling httparse v1.8.0
[INFO] [stderr]    Compiling syn v2.0.48
[INFO] [stderr]    Compiling signal-hook-registry v1.4.1
[INFO] [stderr]    Compiling num_cpus v1.16.0
[INFO] [stderr]    Compiling mio v0.8.10
[INFO] [stderr]    Compiling socket2 v0.5.5
[INFO] [stderr]    Compiling getrandom v0.2.11
[INFO] [stderr]    Compiling try-lock v0.2.5
[INFO] [stderr]    Compiling futures-channel v0.3.30
[INFO] [stderr]    Compiling anyhow v1.0.79
[INFO] [stderr]    Compiling want v0.3.1
[INFO] [stderr]    Compiling async-trait v0.1.77
[INFO] [stderr]    Compiling rand_core v0.6.4
[INFO] [stderr]    Compiling tower-service v0.3.2
[INFO] [stderr]    Compiling mime v0.3.17
[INFO] [stderr]    Compiling httpdate v1.0.3
[INFO] [stderr]    Compiling rand_chacha v0.3.1
[INFO] [stderr]    Compiling http v0.2.11
[INFO] [stderr]    Compiling base64 v0.21.5
[INFO] [stderr]    Compiling mime_guess v2.0.4
[INFO] [stderr]    Compiling indexmap v2.1.0
[INFO] [stderr]    Compiling ipnet v2.9.0
[INFO] [stderr]    Compiling rand v0.8.5
[INFO] [stderr]    Compiling chrono v0.4.31
[INFO] [stderr]    Compiling task-local-extensions v0.1.4
[INFO] [stderr]    Compiling http-body v0.4.6
[INFO] [stderr]    Compiling retry-policies v0.2.1
[INFO] [stderr]    Compiling futures-macro v0.3.30
[INFO] [stderr]    Compiling serde_derive v1.0.194
[INFO] [stderr]    Compiling tokio-macros v2.2.0
[INFO] [stderr]    Compiling tracing-attributes v0.1.27
[INFO] [stderr]    Compiling thiserror-impl v1.0.56
[INFO] [stderr]    Compiling tokio v1.35.1
[INFO] [stderr]    Compiling futures-util v0.3.30
[INFO] [stderr]    Compiling thiserror v1.0.56
[INFO] [stderr]    Compiling tracing v0.1.40
[INFO] [stderr]    Compiling serde v1.0.194
[INFO] [stderr]    Compiling futures-executor v0.3.30
[INFO] [stderr]    Compiling futures v0.3.30
[INFO] [stderr]    Compiling tokio-util v0.7.10
[INFO] [stderr]    Compiling h2 v0.3.22
[INFO] [stderr]    Compiling serde_json v1.0.111
[INFO] [stderr]    Compiling serde_urlencoded v0.7.1
[INFO] [stderr]    Compiling url v2.5.0
[INFO] [stderr]    Compiling hyper v0.14.28
[INFO] [stderr]    Compiling reqwest v0.11.23
[INFO] [stderr]    Compiling reqwest-middleware v0.2.4
[INFO] [stderr]    Compiling reqwest-retry v0.3.0 (/opt/rustwide/workdir)
[INFO] [stderr]     Finished dev [unoptimized + debuginfo] target(s) in 15.33s
[INFO] running `Command { std: "docker" "inspect" "8690f5bc5bd9b35565c1574f8c7a6a5804c89554d495e898f34ec8c60f900ff1", kill_on_drop: false }`
[INFO] running `Command { std: "docker" "rm" "-f" "8690f5bc5bd9b35565c1574f8c7a6a5804c89554d495e898f34ec8c60f900ff1", kill_on_drop: false }`
[INFO] [stdout] 8690f5bc5bd9b35565c1574f8c7a6a5804c89554d495e898f34ec8c60f900ff1
[INFO] running `Command { std: "docker" "create" "-v" "/var/lib/crater-agent-workspace/builds/worker-1-tc1/target:/opt/rustwide/target:rw,Z" "-v" "/var/lib/crater-agent-workspace/builds/worker-1-tc1/source:/opt/rustwide/workdir:ro,Z" "-v" "/var/lib/crater-agent-workspace/cargo-home:/opt/rustwide/cargo-home:ro,Z" "-v" "/var/lib/crater-agent-workspace/rustup-home:/opt/rustwide/rustup-home:ro,Z" "-e" "SOURCE_DIR=/opt/rustwide/workdir" "-e" "CARGO_TARGET_DIR=/opt/rustwide/target" "-e" "CARGO_INCREMENTAL=0" "-e" "RUST_BACKTRACE=full" "-e" "RUSTFLAGS=--cap-lints=warn" "-e" "RUSTDOCFLAGS=--cap-lints=warn" "-e" "CARGO_HOME=/opt/rustwide/cargo-home" "-e" "RUSTUP_HOME=/opt/rustwide/rustup-home" "-w" "/opt/rustwide/workdir" "-m" "1610612736" "--user" "0:0" "--network" "none" "ghcr.io/rust-lang/crates-build-env/linux@sha256:2788e3201cd34a07e3172128adcd8b3090168a8e3bcc40d7c032b9dda1df7d1c" "/opt/rustwide/cargo-home/bin/cargo" "+1.75.0" "test" "--frozen" "--no-run" "--message-format=json", kill_on_drop: false }`
[INFO] [stdout] e2c4f9caa4dfea1f80dbe811198f32bda99458cfbbfc035fe22c46e5ca99a605
[INFO] running `Command { std: "docker" "start" "-a" "e2c4f9caa4dfea1f80dbe811198f32bda99458cfbbfc035fe22c46e5ca99a605", kill_on_drop: false }`
[INFO] [stderr]    Compiling getrandom v0.1.16
[INFO] [stderr]    Compiling crossbeam-utils v0.8.18
[INFO] [stderr]    Compiling http-types v2.12.0
[INFO] [stderr]    Compiling event-listener v2.5.3
[INFO] [stderr]    Compiling fastrand v1.9.0
[INFO] [stderr]    Compiling waker-fn v1.1.1
[INFO] [stderr]    Compiling parking v2.2.0
[INFO] [stderr]    Compiling serde_qs v0.8.5
[INFO] [stderr]    Compiling deadpool-runtime v0.1.3
[INFO] [stderr]    Compiling infer v0.2.3
[INFO] [stderr]    Compiling paste v1.0.14
[INFO] [stderr]    Compiling retain_mut v0.1.9
[INFO] [stderr]    Compiling assert-json-diff v2.0.2
[INFO] [stderr]    Compiling futures-timer v3.0.2
[INFO] [stderr]    Compiling deadpool v0.9.5
[INFO] [stderr]    Compiling futures-lite v1.13.0
[INFO] [stderr]    Compiling rand_core v0.5.1
[INFO] [stderr]    Compiling rand_chacha v0.2.2
[INFO] [stderr]    Compiling concurrent-queue v2.4.0
[INFO] [stderr]    Compiling rand v0.7.3
[INFO] [stderr]    Compiling async-channel v1.9.0
[INFO] [stderr]    Compiling wiremock v0.5.22
[INFO] [stderr]    Compiling reqwest-retry v0.3.0 (/opt/rustwide/workdir)
[INFO] [stderr]     Finished test [unoptimized + debuginfo] target(s) in 7.57s
[INFO] running `Command { std: "docker" "inspect" "e2c4f9caa4dfea1f80dbe811198f32bda99458cfbbfc035fe22c46e5ca99a605", kill_on_drop: false }`
[INFO] running `Command { std: "docker" "rm" "-f" "e2c4f9caa4dfea1f80dbe811198f32bda99458cfbbfc035fe22c46e5ca99a605", kill_on_drop: false }`
[INFO] [stdout] e2c4f9caa4dfea1f80dbe811198f32bda99458cfbbfc035fe22c46e5ca99a605
[INFO] running `Command { std: "docker" "create" "-v" "/var/lib/crater-agent-workspace/builds/worker-1-tc1/target:/opt/rustwide/target:rw,Z" "-v" "/var/lib/crater-agent-workspace/builds/worker-1-tc1/source:/opt/rustwide/workdir:ro,Z" "-v" "/var/lib/crater-agent-workspace/cargo-home:/opt/rustwide/cargo-home:ro,Z" "-v" "/var/lib/crater-agent-workspace/rustup-home:/opt/rustwide/rustup-home:ro,Z" "-e" "SOURCE_DIR=/opt/rustwide/workdir" "-e" "CARGO_TARGET_DIR=/opt/rustwide/target" "-e" "CARGO_INCREMENTAL=0" "-e" "RUST_BACKTRACE=full" "-e" "RUSTFLAGS=--cap-lints=warn" "-e" "RUSTDOCFLAGS=--cap-lints=warn" "-e" "CARGO_HOME=/opt/rustwide/cargo-home" "-e" "RUSTUP_HOME=/opt/rustwide/rustup-home" "-w" "/opt/rustwide/workdir" "-m" "1610612736" "--user" "0:0" "--network" "none" "ghcr.io/rust-lang/crates-build-env/linux@sha256:2788e3201cd34a07e3172128adcd8b3090168a8e3bcc40d7c032b9dda1df7d1c" "/opt/rustwide/cargo-home/bin/cargo" "+1.75.0" "test" "--frozen", kill_on_drop: false }`
[INFO] [stdout] 35179f762692562fa98d503e52cd5aae1d2ec4b503d7295a24ce2d7e9c8ea060
[INFO] running `Command { std: "docker" "start" "-a" "35179f762692562fa98d503e52cd5aae1d2ec4b503d7295a24ce2d7e9c8ea060", kill_on_drop: false }`
[INFO] [stderr]     Finished test [unoptimized + debuginfo] target(s) in 0.10s
[INFO] [stderr]      Running unittests src/lib.rs (/opt/rustwide/target/debug/deps/reqwest_retry-e9adb1e6e91c2ffd)
[INFO] [stdout] 
[INFO] [stdout] running 0 tests
[INFO] [stdout] 
[INFO] [stdout] test result: ok. 0 passed; 0 failed; 0 ignored; 0 measured; 0 filtered out; finished in 0.00s
[INFO] [stdout] 
[INFO] [stderr]      Running tests/all/main.rs (/opt/rustwide/target/debug/deps/all-dded9fc2447263ef)
[INFO] [stdout] 
[INFO] [stdout] running 59 tests
[INFO] [stdout] test retry::assert_no_retry_on_203 ... ok
[INFO] [stdout] test retry::assert_no_retry_on_303 ... ok
[INFO] [stdout] test retry::assert_no_retry_on_206 ... ok
[INFO] [stdout] test retry::assert_no_retry_on_207 ... ok
[INFO] [stdout] test retry::assert_no_retry_on_200 ... ok
[INFO] [stdout] test retry::assert_no_retry_on_307 ... ok
[INFO] [stdout] test retry::assert_no_retry_on_226 ... ok
[INFO] [stdout] test retry::assert_no_retry_on_301 ... ok
[INFO] [stdout] test retry::assert_no_retry_on_204 ... ok
[INFO] [stdout] test retry::assert_no_retry_on_302 ... ok
[INFO] [stdout] test retry::assert_no_retry_on_201 ... ok
[INFO] [stdout] test retry::assert_no_retry_on_202 ... ok
[INFO] [stdout] test retry::assert_no_retry_on_300 ... ok
[INFO] [stdout] test retry::assert_no_retry_on_304 ... ok
[INFO] [stdout] test retry::assert_no_retry_on_308 ... ok
[INFO] [stdout] test retry::assert_no_retry_on_205 ... ok
[INFO] [stdout] test retry::assert_no_retry_on_403 ... ok
[INFO] [stdout] test retry::assert_no_retry_on_401 ... ok
[INFO] [stdout] test retry::assert_no_retry_on_402 ... ok
[INFO] [stdout] test retry::assert_no_retry_on_400 ... ok
[INFO] [stdout] test retry::assert_no_retry_on_409 ... ok
[INFO] [stdout] test retry::assert_no_retry_on_406 ... ok
[INFO] [stdout] test retry::assert_no_retry_on_405 ... ok
[INFO] [stdout] test retry::assert_no_retry_on_412 ... ok
[INFO] [stdout] test retry::assert_no_retry_on_411 ... ok
[INFO] [stdout] test retry::assert_no_retry_on_404 ... ok
[INFO] [stdout] test retry::assert_no_retry_on_407 ... ok
[INFO] [stdout] test retry::assert_no_retry_on_410 ... ok
[INFO] [stdout] test retry::assert_no_retry_on_413 ... ok
[INFO] [stdout] test retry::assert_retry_on_connection_reset_by_peer ... ok
[INFO] [stdout] test retry::assert_no_retry_on_415 ... ok
[INFO] [stdout] test retry::assert_no_retry_on_423 ... ok
[INFO] [stdout] test retry::assert_no_retry_on_417 ... ok
[INFO] [stdout] test retry::assert_no_retry_on_414 ... ok
[INFO] [stdout] test retry::assert_no_retry_on_416 ... ok
[INFO] [stdout] test retry::assert_no_retry_on_424 ... ok
[INFO] [stdout] test retry::assert_no_retry_on_431 ... ok
[INFO] [stdout] test retry::assert_no_retry_on_421 ... ok
[INFO] [stdout] test retry::assert_no_retry_on_451 ... ok
[INFO] [stdout] test retry::assert_retry_on_hyper_canceled ... ok
[INFO] [stdout] test retry::assert_no_retry_on_426 ... ok
[INFO] [stdout] test retry::assert_no_retry_on_418 ... ok
[INFO] [stdout] test retry::assert_no_retry_on_422 ... ok
[INFO] [stdout] test retry::assert_no_retry_on_428 ... ok
[INFO] [stdout] test retry::assert_retry_succeds_on_501 ... ok
[INFO] [stdout] test retry::assert_retry_succeds_on_502 ... ok
[INFO] [stdout] test retry::assert_retry_succeds_on_429 ... ok
[INFO] [stdout] test retry::assert_retry_succeds_on_503 ... ok
[INFO] [stdout] test retry::assert_retry_succeds_on_505 ... ok
[INFO] [stdout] test retry::assert_retry_succeds_on_504 ... ok
[INFO] [stdout] test retry::assert_retry_succeds_on_500 ... ok
[INFO] [stdout] test retry::assert_retry_succeds_on_507 ... ok
[INFO] [stdout] test retry::assert_retry_succeds_on_506 ... ok
[INFO] [stdout] test retry::assert_retry_succeds_on_511 ... ok
[INFO] [stdout] test retry::assert_retry_succeds_on_408 ... ok
[INFO] [stdout] test retry::assert_retry_succeds_on_508 ... ok
[INFO] [stdout] test retry::assert_retry_succeds_on_510 ... ok
[INFO] [stdout] test retry::assert_retry_on_request_timeout ... ok
[INFO] [stdout] test retry::assert_retry_on_incomplete_message ... ok
[INFO] [stdout] 
[INFO] [stdout] test result: ok. 59 passed; 0 failed; 0 ignored; 0 measured; 0 filtered out; finished in 0.23s
[INFO] [stdout] 
[INFO] [stderr]    Doc-tests reqwest-retry
[INFO] [stdout] 
[INFO] [stdout] running 3 tests
[INFO] [stdout] test src/middleware.rs - middleware::RetryTransientMiddleware (line 17) ... FAILED
[INFO] [stdout] test src/lib.rs - (line 8) ... ok
[INFO] [stdout] test src/retryable_strategy.rs - retryable_strategy::RetryableStrategy (line 17) ... ok
[INFO] [stdout] 
[INFO] [stdout] failures:
[INFO] [stdout] 
[INFO] [stdout] ---- src/middleware.rs - middleware::RetryTransientMiddleware (line 17) stdout ----
[INFO] [stdout] error[E0639]: cannot create non-exhaustive struct using struct expression
[INFO] [stdout]   --> src/middleware.rs:24:25
[INFO] [stdout]    |
[INFO] [stdout] 10 |        let retry_policy = ExponentialBackoff {
[INFO] [stdout]    |  _________________________^
[INFO] [stdout] 11 | |          /// How many times the policy will tell the middleware to retry the request.
[INFO] [stdout] 12 | |          max_n_retries: 3,
[INFO] [stdout] 13 | |          max_retry_interval: std::time::Duration::from_millis(30),
[INFO] [stdout] 14 | |          min_retry_interval: std::time::Duration::from_millis(100),
[INFO] [stdout] 15 | |          backoff_exponent: 2,
[INFO] [stdout] 16 | |      };
[INFO] [stdout]    | |______^
[INFO] [stdout] 
[INFO] [stdout] error[E0308]: mismatched types
[INFO] [stdout]   --> src/middleware.rs:26:25
[INFO] [stdout]    |
[INFO] [stdout] 12 |          max_n_retries: 3,
[INFO] [stdout]    |                         ^ expected `Option<u32>`, found integer
[INFO] [stdout]    |
[INFO] [stdout]    = note: expected enum `Option<u32>`
[INFO] [stdout]               found type `{integer}`
[INFO] [stdout] help: try wrapping the expression in `Some`
[INFO] [stdout]    |
[INFO] [stdout] 12 |          max_n_retries: Some(3),
[INFO] [stdout]    |                         +++++ +
[INFO] [stdout] 
[INFO] [stdout] error[E0560]: struct `ExponentialBackoff` has no field named `backoff_exponent`
[INFO] [stdout]   --> src/middleware.rs:29:10
[INFO] [stdout]    |
[INFO] [stdout] 15 |          backoff_exponent: 2,
[INFO] [stdout]    |          ^^^^^^^^^^^^^^^^ `ExponentialBackoff` does not have this field
[INFO] [stdout]    |
[INFO] [stdout]    = note: available fields are: `jitter`, `base`
[INFO] [stdout] 
[INFO] [stdout] error: aborting due to 3 previous errors
[INFO] [stdout] 
[INFO] [stdout] Some errors have detailed explanations: E0308, E0560, E0639.
[INFO] [stdout] For more information about an error, try `rustc --explain E0308`.
[INFO] [stdout] Couldn't compile the test.
[INFO] [stdout] 
[INFO] [stdout] failures:
[INFO] [stdout]     src/middleware.rs - middleware::RetryTransientMiddleware (line 17)
[INFO] [stdout] 
[INFO] [stdout] test result: FAILED. 2 passed; 1 failed; 0 ignored; 0 measured; 0 filtered out; finished in 5.19s
[INFO] [stdout] 
[INFO] [stderr] error: doctest failed, to rerun pass `--doc`
[INFO] running `Command { std: "docker" "inspect" "35179f762692562fa98d503e52cd5aae1d2ec4b503d7295a24ce2d7e9c8ea060", kill_on_drop: false }`
[INFO] running `Command { std: "docker" "rm" "-f" "35179f762692562fa98d503e52cd5aae1d2ec4b503d7295a24ce2d7e9c8ea060", kill_on_drop: false }`
[INFO] [stdout] 35179f762692562fa98d503e52cd5aae1d2ec4b503d7295a24ce2d7e9c8ea060
[INFO] testing reqwest-retry-0.3.0 against beta-2023-12-22 for beta-1.76-1
[INFO] extracting crate reqwest-retry 0.3.0 into /workspace/builds/worker-1-tc2/source
[INFO] validating manifest of crates.io crate reqwest-retry 0.3.0 on toolchain beta-2023-12-22
[INFO] running `Command { std: CARGO_HOME="/workspace/cargo-home" RUSTUP_HOME="/workspace/rustup-home" "/workspace/cargo-home/bin/cargo" "+beta-2023-12-22" "metadata" "--manifest-path" "Cargo.toml" "--no-deps", kill_on_drop: false }`
[INFO] started tweaking crates.io crate reqwest-retry 0.3.0
[INFO] finished tweaking crates.io crate reqwest-retry 0.3.0
[INFO] tweaked toml for crates.io crate reqwest-retry 0.3.0 written to /workspace/builds/worker-1-tc2/source/Cargo.toml
[INFO] running `Command { std: CARGO_HOME="/workspace/cargo-home" RUSTUP_HOME="/workspace/rustup-home" "/workspace/cargo-home/bin/cargo" "+beta-2023-12-22" "generate-lockfile" "--manifest-path" "Cargo.toml", kill_on_drop: false }`
[INFO] [stderr]     Updating crates.io index
[INFO] running `Command { std: CARGO_HOME="/workspace/cargo-home" RUSTUP_HOME="/workspace/rustup-home" "/workspace/cargo-home/bin/cargo" "+beta-2023-12-22" "fetch" "--manifest-path" "Cargo.toml", kill_on_drop: false }`
[INFO] running `Command { std: "docker" "create" "-v" "/var/lib/crater-agent-workspace/builds/worker-1-tc2/target:/opt/rustwide/target:rw,Z" "-v" "/var/lib/crater-agent-workspace/builds/worker-1-tc2/source:/opt/rustwide/workdir:ro,Z" "-v" "/var/lib/crater-agent-workspace/cargo-home:/opt/rustwide/cargo-home:ro,Z" "-v" "/var/lib/crater-agent-workspace/rustup-home:/opt/rustwide/rustup-home:ro,Z" "-e" "SOURCE_DIR=/opt/rustwide/workdir" "-e" "CARGO_TARGET_DIR=/opt/rustwide/target" "-e" "CARGO_HOME=/opt/rustwide/cargo-home" "-e" "RUSTUP_HOME=/opt/rustwide/rustup-home" "-w" "/opt/rustwide/workdir" "-m" "1610612736" "--user" "0:0" "--network" "none" "ghcr.io/rust-lang/crates-build-env/linux@sha256:2788e3201cd34a07e3172128adcd8b3090168a8e3bcc40d7c032b9dda1df7d1c" "/opt/rustwide/cargo-home/bin/cargo" "+beta-2023-12-22" "metadata" "--no-deps" "--format-version=1", kill_on_drop: false }`
[INFO] [stdout] 6d85515e2a64561ca78b820c1ff3b1ea73512a272de54c18e8e4da0687e0d5ef
[INFO] running `Command { std: "docker" "start" "-a" "6d85515e2a64561ca78b820c1ff3b1ea73512a272de54c18e8e4da0687e0d5ef", kill_on_drop: false }`
[INFO] running `Command { std: "docker" "inspect" "6d85515e2a64561ca78b820c1ff3b1ea73512a272de54c18e8e4da0687e0d5ef", kill_on_drop: false }`
[INFO] running `Command { std: "docker" "rm" "-f" "6d85515e2a64561ca78b820c1ff3b1ea73512a272de54c18e8e4da0687e0d5ef", kill_on_drop: false }`
[INFO] [stdout] 6d85515e2a64561ca78b820c1ff3b1ea73512a272de54c18e8e4da0687e0d5ef
[INFO] running `Command { std: "docker" "create" "-v" "/var/lib/crater-agent-workspace/builds/worker-1-tc2/target:/opt/rustwide/target:rw,Z" "-v" "/var/lib/crater-agent-workspace/builds/worker-1-tc2/source:/opt/rustwide/workdir:ro,Z" "-v" "/var/lib/crater-agent-workspace/cargo-home:/opt/rustwide/cargo-home:ro,Z" "-v" "/var/lib/crater-agent-workspace/rustup-home:/opt/rustwide/rustup-home:ro,Z" "-e" "SOURCE_DIR=/opt/rustwide/workdir" "-e" "CARGO_TARGET_DIR=/opt/rustwide/target" "-e" "CARGO_INCREMENTAL=0" "-e" "RUST_BACKTRACE=full" "-e" "RUSTFLAGS=--cap-lints=warn" "-e" "RUSTDOCFLAGS=--cap-lints=warn" "-e" "CARGO_HOME=/opt/rustwide/cargo-home" "-e" "RUSTUP_HOME=/opt/rustwide/rustup-home" "-w" "/opt/rustwide/workdir" "-m" "1610612736" "--user" "0:0" "--network" "none" "ghcr.io/rust-lang/crates-build-env/linux@sha256:2788e3201cd34a07e3172128adcd8b3090168a8e3bcc40d7c032b9dda1df7d1c" "/opt/rustwide/cargo-home/bin/cargo" "+beta-2023-12-22" "build" "--frozen" "--message-format=json", kill_on_drop: false }`
[INFO] [stdout] 734fae32432dc49addb471db6254413509b9713057fa66ad7749c55ed48150c1
[INFO] running `Command { std: "docker" "start" "-a" "734fae32432dc49addb471db6254413509b9713057fa66ad7749c55ed48150c1", kill_on_drop: false }`
[INFO] [stderr]    Compiling futures-sink v0.3.30
[INFO] [stderr]    Compiling bytes v1.5.0
[INFO] [stderr]    Compiling unicase v2.7.0
[INFO] [stderr]    Compiling futures-io v0.3.30
[INFO] [stderr]    Compiling fnv v1.0.7
[INFO] [stderr]    Compiling equivalent v1.0.1
[INFO] [stderr]    Compiling httparse v1.8.0
[INFO] [stderr]    Compiling tracing-core v0.1.32
[INFO] [stderr]    Compiling hashbrown v0.14.3
[INFO] [stderr]    Compiling syn v2.0.48
[INFO] [stderr]    Compiling signal-hook-registry v1.4.1
[INFO] [stderr]    Compiling mio v0.8.10
[INFO] [stderr]    Compiling num_cpus v1.16.0
[INFO] [stderr]    Compiling socket2 v0.5.5
[INFO] [stderr]    Compiling getrandom v0.2.11
[INFO] [stderr]    Compiling anyhow v1.0.79
[INFO] [stderr]    Compiling futures-channel v0.3.30
[INFO] [stderr]    Compiling try-lock v0.2.5
[INFO] [stderr]    Compiling async-trait v0.1.77
[INFO] [stderr]    Compiling want v0.3.1
[INFO] [stderr]    Compiling mime v0.3.17
[INFO] [stderr]    Compiling rand_core v0.6.4
[INFO] [stderr]    Compiling httpdate v1.0.3
[INFO] [stderr]    Compiling tower-service v0.3.2
[INFO] [stderr]    Compiling ipnet v2.9.0
[INFO] [stderr]    Compiling http v0.2.11
[INFO] [stderr]    Compiling rand_chacha v0.3.1
[INFO] [stderr]    Compiling base64 v0.21.5
[INFO] [stderr]    Compiling chrono v0.4.31
[INFO] [stderr]    Compiling task-local-extensions v0.1.4
[INFO] [stderr]    Compiling indexmap v2.1.0
[INFO] [stderr]    Compiling mime_guess v2.0.4
[INFO] [stderr]    Compiling rand v0.8.5
[INFO] [stderr]    Compiling http-body v0.4.6
[INFO] [stderr]    Compiling retry-policies v0.2.1
[INFO] [stderr]    Compiling futures-macro v0.3.30
[INFO] [stderr]    Compiling serde_derive v1.0.194
[INFO] [stderr]    Compiling tracing-attributes v0.1.27
[INFO] [stderr]    Compiling tokio-macros v2.2.0
[INFO] [stderr]    Compiling thiserror-impl v1.0.56
[INFO] [stderr]    Compiling tokio v1.35.1
[INFO] [stderr]    Compiling futures-util v0.3.30
[INFO] [stderr]    Compiling thiserror v1.0.56
[INFO] [stderr]    Compiling tracing v0.1.40
[INFO] [stderr]    Compiling serde v1.0.194
[INFO] [stderr]    Compiling futures-executor v0.3.30
[INFO] [stderr]    Compiling futures v0.3.30
[INFO] [stderr]    Compiling tokio-util v0.7.10
[INFO] [stderr]    Compiling h2 v0.3.22
[INFO] [stderr]    Compiling serde_urlencoded v0.7.1
[INFO] [stderr]    Compiling serde_json v1.0.111
[INFO] [stderr]    Compiling url v2.5.0
[INFO] [stderr]    Compiling hyper v0.14.28
[INFO] [stderr]    Compiling reqwest v0.11.23
[INFO] [stderr]    Compiling reqwest-middleware v0.2.4
[INFO] [stderr]    Compiling reqwest-retry v0.3.0 (/opt/rustwide/workdir)
[INFO] [stderr]     Finished dev [unoptimized + debuginfo] target(s) in 15.18s
[INFO] running `Command { std: "docker" "inspect" "734fae32432dc49addb471db6254413509b9713057fa66ad7749c55ed48150c1", kill_on_drop: false }`
[INFO] running `Command { std: "docker" "rm" "-f" "734fae32432dc49addb471db6254413509b9713057fa66ad7749c55ed48150c1", kill_on_drop: false }`
[INFO] [stdout] 734fae32432dc49addb471db6254413509b9713057fa66ad7749c55ed48150c1
[INFO] running `Command { std: "docker" "create" "-v" "/var/lib/crater-agent-workspace/builds/worker-1-tc2/target:/opt/rustwide/target:rw,Z" "-v" "/var/lib/crater-agent-workspace/builds/worker-1-tc2/source:/opt/rustwide/workdir:ro,Z" "-v" "/var/lib/crater-agent-workspace/cargo-home:/opt/rustwide/cargo-home:ro,Z" "-v" "/var/lib/crater-agent-workspace/rustup-home:/opt/rustwide/rustup-home:ro,Z" "-e" "SOURCE_DIR=/opt/rustwide/workdir" "-e" "CARGO_TARGET_DIR=/opt/rustwide/target" "-e" "CARGO_INCREMENTAL=0" "-e" "RUST_BACKTRACE=full" "-e" "RUSTFLAGS=--cap-lints=warn" "-e" "RUSTDOCFLAGS=--cap-lints=warn" "-e" "CARGO_HOME=/opt/rustwide/cargo-home" "-e" "RUSTUP_HOME=/opt/rustwide/rustup-home" "-w" "/opt/rustwide/workdir" "-m" "1610612736" "--user" "0:0" "--network" "none" "ghcr.io/rust-lang/crates-build-env/linux@sha256:2788e3201cd34a07e3172128adcd8b3090168a8e3bcc40d7c032b9dda1df7d1c" "/opt/rustwide/cargo-home/bin/cargo" "+beta-2023-12-22" "test" "--frozen" "--no-run" "--message-format=json", kill_on_drop: false }`
[INFO] [stdout] dd95f6f82cbe18cd5554709b7eed40d348472df31ebd2988b12dde7c33760748
[INFO] running `Command { std: "docker" "start" "-a" "dd95f6f82cbe18cd5554709b7eed40d348472df31ebd2988b12dde7c33760748", kill_on_drop: false }`
[INFO] [stderr]    Compiling getrandom v0.1.16
[INFO] [stderr]    Compiling crossbeam-utils v0.8.18
[INFO] [stderr]    Compiling waker-fn v1.1.1
[INFO] [stderr]    Compiling fastrand v1.9.0
[INFO] [stderr]    Compiling parking v2.2.0
[INFO] [stderr]    Compiling http-types v2.12.0
[INFO] [stderr]    Compiling event-listener v2.5.3
[INFO] [stderr]    Compiling serde_qs v0.8.5
[INFO] [stderr]    Compiling infer v0.2.3
[INFO] [stderr]    Compiling paste v1.0.14
[INFO] [stderr]    Compiling retain_mut v0.1.9
[INFO] [stderr]    Compiling deadpool-runtime v0.1.3
[INFO] [stderr]    Compiling assert-json-diff v2.0.2
[INFO] [stderr]    Compiling futures-timer v3.0.2
[INFO] [stderr]    Compiling deadpool v0.9.5
[INFO] [stderr]    Compiling futures-lite v1.13.0
[INFO] [stderr]    Compiling rand_core v0.5.1
[INFO] [stderr]    Compiling rand_chacha v0.2.2
[INFO] [stderr]    Compiling concurrent-queue v2.4.0
[INFO] [stderr]    Compiling rand v0.7.3
[INFO] [stderr]    Compiling async-channel v1.9.0
[INFO] [stderr]    Compiling wiremock v0.5.22
[INFO] [stderr]    Compiling reqwest-retry v0.3.0 (/opt/rustwide/workdir)
[INFO] [stderr]     Finished test [unoptimized + debuginfo] target(s) in 8.92s
[INFO] running `Command { std: "docker" "inspect" "dd95f6f82cbe18cd5554709b7eed40d348472df31ebd2988b12dde7c33760748", kill_on_drop: false }`
[INFO] running `Command { std: "docker" "rm" "-f" "dd95f6f82cbe18cd5554709b7eed40d348472df31ebd2988b12dde7c33760748", kill_on_drop: false }`
[INFO] [stdout] dd95f6f82cbe18cd5554709b7eed40d348472df31ebd2988b12dde7c33760748
[INFO] running `Command { std: "docker" "create" "-v" "/var/lib/crater-agent-workspace/builds/worker-1-tc2/target:/opt/rustwide/target:rw,Z" "-v" "/var/lib/crater-agent-workspace/builds/worker-1-tc2/source:/opt/rustwide/workdir:ro,Z" "-v" "/var/lib/crater-agent-workspace/cargo-home:/opt/rustwide/cargo-home:ro,Z" "-v" "/var/lib/crater-agent-workspace/rustup-home:/opt/rustwide/rustup-home:ro,Z" "-e" "SOURCE_DIR=/opt/rustwide/workdir" "-e" "CARGO_TARGET_DIR=/opt/rustwide/target" "-e" "CARGO_INCREMENTAL=0" "-e" "RUST_BACKTRACE=full" "-e" "RUSTFLAGS=--cap-lints=warn" "-e" "RUSTDOCFLAGS=--cap-lints=warn" "-e" "CARGO_HOME=/opt/rustwide/cargo-home" "-e" "RUSTUP_HOME=/opt/rustwide/rustup-home" "-w" "/opt/rustwide/workdir" "-m" "1610612736" "--user" "0:0" "--network" "none" "ghcr.io/rust-lang/crates-build-env/linux@sha256:2788e3201cd34a07e3172128adcd8b3090168a8e3bcc40d7c032b9dda1df7d1c" "/opt/rustwide/cargo-home/bin/cargo" "+beta-2023-12-22" "test" "--frozen", kill_on_drop: false }`
[INFO] [stdout] 6ef6a3aa442fdcbd5b2b098352fb35da7328923a67c8c2a000f69b7cb47529fb
[INFO] running `Command { std: "docker" "start" "-a" "6ef6a3aa442fdcbd5b2b098352fb35da7328923a67c8c2a000f69b7cb47529fb", kill_on_drop: false }`
[INFO] [stderr]     Finished test [unoptimized + debuginfo] target(s) in 0.12s
[INFO] [stderr]      Running unittests src/lib.rs (/opt/rustwide/target/debug/deps/reqwest_retry-f135c06c3d5f5971)
[INFO] [stdout] 
[INFO] [stdout] running 0 tests
[INFO] [stdout] 
[INFO] [stdout] test result: ok. 0 passed; 0 failed; 0 ignored; 0 measured; 0 filtered out; finished in 0.00s
[INFO] [stdout] 
[INFO] [stderr]      Running tests/all/main.rs (/opt/rustwide/target/debug/deps/all-6054b77b654c382b)
[INFO] [stdout] 
[INFO] [stdout] running 59 tests
[INFO] [stdout] test retry::assert_no_retry_on_200 ... ok
[INFO] [stdout] test retry::assert_no_retry_on_308 ... ok
[INFO] [stdout] test retry::assert_no_retry_on_204 ... ok
[INFO] [stdout] test retry::assert_no_retry_on_400 ... ok
[INFO] [stdout] test retry::assert_no_retry_on_201 ... ok
[INFO] [stdout] test retry::assert_no_retry_on_205 ... ok
[INFO] [stdout] test retry::assert_no_retry_on_202 ... ok
[INFO] [stdout] test retry::assert_no_retry_on_207 ... ok
[INFO] [stdout] test retry::assert_no_retry_on_226 ... ok
[INFO] [stdout] test retry::assert_no_retry_on_300 ... ok
[INFO] [stdout] test retry::assert_no_retry_on_203 ... ok
[INFO] [stdout] test retry::assert_no_retry_on_304 ... ok
[INFO] [stdout] test retry::assert_no_retry_on_303 ... ok
[INFO] [stdout] test retry::assert_no_retry_on_206 ... ok
[INFO] [stdout] test retry::assert_no_retry_on_401 ... ok
[INFO] [stdout] test retry::assert_no_retry_on_404 ... ok
[INFO] [stdout] test retry::assert_no_retry_on_307 ... ok
[INFO] [stdout] test retry::assert_no_retry_on_301 ... ok
[INFO] [stdout] test retry::assert_no_retry_on_302 ... ok
[INFO] [stdout] test retry::assert_no_retry_on_402 ... ok
[INFO] [stdout] test retry::assert_no_retry_on_405 ... ok
[INFO] [stdout] test retry::assert_no_retry_on_417 ... ok
[INFO] [stdout] test retry::assert_no_retry_on_406 ... ok
[INFO] [stdout] test retry::assert_no_retry_on_403 ... ok
[INFO] [stdout] test retry::assert_no_retry_on_413 ... ok
[INFO] [stdout] test retry::assert_no_retry_on_409 ... ok
[INFO] [stdout] test retry::assert_no_retry_on_411 ... ok
[INFO] [stdout] test retry::assert_no_retry_on_407 ... ok
[INFO] [stdout] test retry::assert_no_retry_on_416 ... ok
[INFO] [stdout] test retry::assert_no_retry_on_422 ... ok
[INFO] [stdout] test retry::assert_no_retry_on_414 ... ok
[INFO] [stdout] test retry::assert_no_retry_on_424 ... ok
[INFO] [stdout] test retry::assert_retry_on_connection_reset_by_peer ... ok
[INFO] [stdout] test retry::assert_no_retry_on_415 ... ok
[INFO] [stdout] test retry::assert_no_retry_on_426 ... ok
[INFO] [stdout] test retry::assert_no_retry_on_410 ... ok
[INFO] [stdout] test retry::assert_no_retry_on_423 ... ok
[INFO] [stdout] test retry::assert_no_retry_on_431 ... ok
[INFO] [stdout] test retry::assert_no_retry_on_418 ... ok
[INFO] [stdout] test retry::assert_no_retry_on_428 ... ok
[INFO] [stdout] test retry::assert_no_retry_on_421 ... ok
[INFO] [stdout] test retry::assert_no_retry_on_451 ... ok
[INFO] [stdout] test retry::assert_retry_on_hyper_canceled ... ok
[INFO] [stdout] test retry::assert_no_retry_on_412 ... ok
[INFO] [stdout] test retry::assert_retry_succeds_on_507 ... ok
[INFO] [stdout] test retry::assert_retry_succeds_on_511 ... ok
[INFO] [stdout] test retry::assert_retry_succeds_on_500 ... ok
[INFO] [stdout] test retry::assert_retry_succeds_on_408 ... ok
[INFO] [stdout] test retry::assert_retry_succeds_on_503 ... ok
[INFO] [stdout] test retry::assert_retry_succeds_on_502 ... ok
[INFO] [stdout] test retry::assert_retry_succeds_on_505 ... ok
[INFO] [stdout] test retry::assert_retry_succeds_on_506 ... ok
[INFO] [stdout] test retry::assert_retry_succeds_on_429 ... ok
[INFO] [stdout] test retry::assert_retry_succeds_on_501 ... ok
[INFO] [stdout] test retry::assert_retry_succeds_on_504 ... ok
[INFO] [stdout] test retry::assert_retry_succeds_on_510 ... ok
[INFO] [stdout] test retry::assert_retry_succeds_on_508 ... ok
[INFO] [stdout] test retry::assert_retry_on_request_timeout ... ok
[INFO] [stdout] test retry::assert_retry_on_incomplete_message ... ok
[INFO] [stdout] 
[INFO] [stdout] test result: ok. 59 passed; 0 failed; 0 ignored; 0 measured; 0 filtered out; finished in 0.33s
[INFO] [stdout] 
[INFO] [stderr]    Doc-tests reqwest-retry
[INFO] [stdout] 
[INFO] [stdout] running 3 tests
[INFO] [stdout] test src/middleware.rs - middleware::RetryTransientMiddleware (line 17) ... FAILED
[INFO] [stdout] test src/lib.rs - (line 8) ... ok
[INFO] [stdout] test src/retryable_strategy.rs - retryable_strategy::RetryableStrategy (line 17) ... ok
[INFO] [stdout] 
[INFO] [stdout] failures:
[INFO] [stdout] 
[INFO] [stdout] ---- src/middleware.rs - middleware::RetryTransientMiddleware (line 17) stdout ----
[INFO] [stdout] error[E0639]: cannot create non-exhaustive struct using struct expression
[INFO] [stdout]   --> src/middleware.rs:24:25
[INFO] [stdout]    |
[INFO] [stdout] 10 |        let retry_policy = ExponentialBackoff {
[INFO] [stdout]    |  _________________________^
[INFO] [stdout] 11 | |          /// How many times the policy will tell the middleware to retry the request.
[INFO] [stdout] 12 | |          max_n_retries: 3,
[INFO] [stdout] 13 | |          max_retry_interval: std::time::Duration::from_millis(30),
[INFO] [stdout] 14 | |          min_retry_interval: std::time::Duration::from_millis(100),
[INFO] [stdout] 15 | |          backoff_exponent: 2,
[INFO] [stdout] 16 | |      };
[INFO] [stdout]    | |______^
[INFO] [stdout] 
[INFO] [stdout] error[E0308]: mismatched types
[INFO] [stdout]   --> src/middleware.rs:26:25
[INFO] [stdout]    |
[INFO] [stdout] 12 |          max_n_retries: 3,
[INFO] [stdout]    |                         ^ expected `Option<u32>`, found integer
[INFO] [stdout]    |
[INFO] [stdout]    = note: expected enum `Option<u32>`
[INFO] [stdout]               found type `{integer}`
[INFO] [stdout] help: try wrapping the expression in `Some`
[INFO] [stdout]    |
[INFO] [stdout] 12 |          max_n_retries: Some(3),
[INFO] [stdout]    |                         +++++ +
[INFO] [stdout] 
[INFO] [stdout] error[E0560]: struct `ExponentialBackoff` has no field named `backoff_exponent`
[INFO] [stdout]   --> src/middleware.rs:29:10
[INFO] [stdout]    |
[INFO] [stdout] 15 |          backoff_exponent: 2,
[INFO] [stdout]    |          ^^^^^^^^^^^^^^^^ `ExponentialBackoff` does not have this field
[INFO] [stdout]    |
[INFO] [stdout]    = note: available fields are: `jitter`, `base`
[INFO] [stdout] 
[INFO] [stdout] error: aborting due to 3 previous errors
[INFO] [stdout] 
[INFO] [stdout] Some errors have detailed explanations: E0308, E0560, E0639.
[INFO] [stdout] For more information about an error, try `rustc --explain E0308`.
[INFO] [stdout] Couldn't compile the test.
[INFO] [stdout] 
[INFO] [stdout] failures:
[INFO] [stdout]     src/middleware.rs - middleware::RetryTransientMiddleware (line 17)
[INFO] [stdout] 
[INFO] [stdout] test result: FAILED. 2 passed; 1 failed; 0 ignored; 0 measured; 0 filtered out; finished in 5.56s
[INFO] [stdout] 
[INFO] [stderr] error: doctest failed, to rerun pass `--doc`
[INFO] running `Command { std: "docker" "inspect" "6ef6a3aa442fdcbd5b2b098352fb35da7328923a67c8c2a000f69b7cb47529fb", kill_on_drop: false }`
[INFO] running `Command { std: "docker" "rm" "-f" "6ef6a3aa442fdcbd5b2b098352fb35da7328923a67c8c2a000f69b7cb47529fb", kill_on_drop: false }`
[INFO] [stdout] 6ef6a3aa442fdcbd5b2b098352fb35da7328923a67c8c2a000f69b7cb47529fb
