[INFO] fetching crate repodb_parser 0.2.2...
[INFO] testing repodb_parser-0.2.2 against 1.75.0 for beta-1.76-1
[INFO] extracting crate repodb_parser 0.2.2 into /workspace/builds/worker-2-tc1/source
[INFO] validating manifest of crates.io crate repodb_parser 0.2.2 on toolchain 1.75.0
[INFO] running `Command { std: CARGO_HOME="/workspace/cargo-home" RUSTUP_HOME="/workspace/rustup-home" "/workspace/cargo-home/bin/cargo" "+1.75.0" "metadata" "--manifest-path" "Cargo.toml" "--no-deps", kill_on_drop: false }`
[INFO] started tweaking crates.io crate repodb_parser 0.2.2
[INFO] finished tweaking crates.io crate repodb_parser 0.2.2
[INFO] tweaked toml for crates.io crate repodb_parser 0.2.2 written to /workspace/builds/worker-2-tc1/source/Cargo.toml
[INFO] running `Command { std: CARGO_HOME="/workspace/cargo-home" RUSTUP_HOME="/workspace/rustup-home" "/workspace/cargo-home/bin/cargo" "+1.75.0" "generate-lockfile" "--manifest-path" "Cargo.toml", kill_on_drop: false }`
[INFO] [stderr]     Updating crates.io index
[INFO] running `Command { std: CARGO_HOME="/workspace/cargo-home" RUSTUP_HOME="/workspace/rustup-home" "/workspace/cargo-home/bin/cargo" "+1.75.0" "fetch" "--manifest-path" "Cargo.toml", kill_on_drop: false }`
[INFO] running `Command { std: "docker" "create" "-v" "/var/lib/crater-agent-workspace/builds/worker-2-tc1/target:/opt/rustwide/target:rw,Z" "-v" "/var/lib/crater-agent-workspace/builds/worker-2-tc1/source:/opt/rustwide/workdir:ro,Z" "-v" "/var/lib/crater-agent-workspace/cargo-home:/opt/rustwide/cargo-home:ro,Z" "-v" "/var/lib/crater-agent-workspace/rustup-home:/opt/rustwide/rustup-home:ro,Z" "-e" "SOURCE_DIR=/opt/rustwide/workdir" "-e" "CARGO_TARGET_DIR=/opt/rustwide/target" "-e" "CARGO_HOME=/opt/rustwide/cargo-home" "-e" "RUSTUP_HOME=/opt/rustwide/rustup-home" "-w" "/opt/rustwide/workdir" "-m" "1610612736" "--user" "0:0" "--network" "none" "ghcr.io/rust-lang/crates-build-env/linux@sha256:2788e3201cd34a07e3172128adcd8b3090168a8e3bcc40d7c032b9dda1df7d1c" "/opt/rustwide/cargo-home/bin/cargo" "+1.75.0" "metadata" "--no-deps" "--format-version=1", kill_on_drop: false }`
[INFO] [stdout] 592b4618dc461f88943f6cf4669ae9e72b3679cad437f30239989eb2dbc3af17
[INFO] running `Command { std: "docker" "start" "-a" "592b4618dc461f88943f6cf4669ae9e72b3679cad437f30239989eb2dbc3af17", kill_on_drop: false }`
[INFO] running `Command { std: "docker" "inspect" "592b4618dc461f88943f6cf4669ae9e72b3679cad437f30239989eb2dbc3af17", kill_on_drop: false }`
[INFO] running `Command { std: "docker" "rm" "-f" "592b4618dc461f88943f6cf4669ae9e72b3679cad437f30239989eb2dbc3af17", kill_on_drop: false }`
[INFO] [stdout] 592b4618dc461f88943f6cf4669ae9e72b3679cad437f30239989eb2dbc3af17
[INFO] running `Command { std: "docker" "create" "-v" "/var/lib/crater-agent-workspace/builds/worker-2-tc1/target:/opt/rustwide/target:rw,Z" "-v" "/var/lib/crater-agent-workspace/builds/worker-2-tc1/source:/opt/rustwide/workdir:ro,Z" "-v" "/var/lib/crater-agent-workspace/cargo-home:/opt/rustwide/cargo-home:ro,Z" "-v" "/var/lib/crater-agent-workspace/rustup-home:/opt/rustwide/rustup-home:ro,Z" "-e" "SOURCE_DIR=/opt/rustwide/workdir" "-e" "CARGO_TARGET_DIR=/opt/rustwide/target" "-e" "CARGO_INCREMENTAL=0" "-e" "RUST_BACKTRACE=full" "-e" "RUSTFLAGS=--cap-lints=warn" "-e" "RUSTDOCFLAGS=--cap-lints=warn" "-e" "CARGO_HOME=/opt/rustwide/cargo-home" "-e" "RUSTUP_HOME=/opt/rustwide/rustup-home" "-w" "/opt/rustwide/workdir" "-m" "1610612736" "--user" "0:0" "--network" "none" "ghcr.io/rust-lang/crates-build-env/linux@sha256:2788e3201cd34a07e3172128adcd8b3090168a8e3bcc40d7c032b9dda1df7d1c" "/opt/rustwide/cargo-home/bin/cargo" "+1.75.0" "build" "--frozen" "--message-format=json", kill_on_drop: false }`
[INFO] [stdout] b0003afb848a3c994a1af78962172d5dd3b2d6c3533b3f9ec9d4adca84d9edd7
[INFO] running `Command { std: "docker" "start" "-a" "b0003afb848a3c994a1af78962172d5dd3b2d6c3533b3f9ec9d4adca84d9edd7", kill_on_drop: false }`
[INFO] [stderr]    Compiling pkg-config v0.3.28
[INFO] [stderr]    Compiling rustix v0.38.28
[INFO] [stderr]    Compiling linux-raw-sys v0.4.12
[INFO] [stderr]    Compiling regex-syntax v0.8.2
[INFO] [stderr]    Compiling iana-time-zone v0.1.59
[INFO] [stderr]    Compiling hex v0.4.3
[INFO] [stderr]    Compiling filetime v0.2.23
[INFO] [stderr]    Compiling chrono v0.4.31
[INFO] [stderr]    Compiling lzma-sys v0.1.20
[INFO] [stderr]    Compiling xz2 v0.1.7
[INFO] [stderr]    Compiling regex-automata v0.4.3
[INFO] [stderr]    Compiling xattr v1.2.0
[INFO] [stderr]    Compiling tar v0.4.40
[INFO] [stderr]    Compiling regex v1.10.2
[INFO] [stderr]    Compiling repodb_parser v0.2.2 (/opt/rustwide/workdir)
[INFO] [stdout] warning: use of deprecated associated function `chrono::DateTime::<Tz>::from_utc`: Use TimeZone::from_utc_datetime() or DateTime::from_naive_utc_and_offset instead
[INFO] [stdout]    --> src/parser.rs:75:48
[INFO] [stdout]     |
[INFO] [stdout] 75  |                 Some(t) => Ok(DateTime::<Utc>::from_utc(t, Utc)),
[INFO] [stdout]     |                                                ^^^^^^^^
[INFO] [stdout] ...
[INFO] [stdout] 257 |                 pkg.build_date = parse_datetime!(vals, pkg.name, key)?;
[INFO] [stdout]     |                                  ------------------------------------ in this macro invocation
[INFO] [stdout]     |
[INFO] [stdout]     = note: `#[warn(deprecated)]` on by default
[INFO] [stdout]     = note: this warning originates in the macro `parse_datetime` (in Nightly builds, run with -Z macro-backtrace for more info)
[INFO] [stdout] 
[INFO] [stdout] 
[INFO] [stdout] warning: 1 warning emitted
[INFO] [stdout] 
[INFO] [stdout] 
[INFO] [stderr]     Finished dev [unoptimized + debuginfo] target(s) in 3.57s
[INFO] running `Command { std: "docker" "inspect" "b0003afb848a3c994a1af78962172d5dd3b2d6c3533b3f9ec9d4adca84d9edd7", kill_on_drop: false }`
[INFO] running `Command { std: "docker" "rm" "-f" "b0003afb848a3c994a1af78962172d5dd3b2d6c3533b3f9ec9d4adca84d9edd7", kill_on_drop: false }`
[INFO] [stdout] b0003afb848a3c994a1af78962172d5dd3b2d6c3533b3f9ec9d4adca84d9edd7
[INFO] running `Command { std: "docker" "create" "-v" "/var/lib/crater-agent-workspace/builds/worker-2-tc1/target:/opt/rustwide/target:rw,Z" "-v" "/var/lib/crater-agent-workspace/builds/worker-2-tc1/source:/opt/rustwide/workdir:ro,Z" "-v" "/var/lib/crater-agent-workspace/cargo-home:/opt/rustwide/cargo-home:ro,Z" "-v" "/var/lib/crater-agent-workspace/rustup-home:/opt/rustwide/rustup-home:ro,Z" "-e" "SOURCE_DIR=/opt/rustwide/workdir" "-e" "CARGO_TARGET_DIR=/opt/rustwide/target" "-e" "CARGO_INCREMENTAL=0" "-e" "RUST_BACKTRACE=full" "-e" "RUSTFLAGS=--cap-lints=warn" "-e" "RUSTDOCFLAGS=--cap-lints=warn" "-e" "CARGO_HOME=/opt/rustwide/cargo-home" "-e" "RUSTUP_HOME=/opt/rustwide/rustup-home" "-w" "/opt/rustwide/workdir" "-m" "1610612736" "--user" "0:0" "--network" "none" "ghcr.io/rust-lang/crates-build-env/linux@sha256:2788e3201cd34a07e3172128adcd8b3090168a8e3bcc40d7c032b9dda1df7d1c" "/opt/rustwide/cargo-home/bin/cargo" "+1.75.0" "test" "--frozen" "--no-run" "--message-format=json", kill_on_drop: false }`
[INFO] [stdout] fab453a21cdf2d8f086b0194daadc28aa9fbfde898c30118f05a4b43a00106ef
[INFO] running `Command { std: "docker" "start" "-a" "fab453a21cdf2d8f086b0194daadc28aa9fbfde898c30118f05a4b43a00106ef", kill_on_drop: false }`
[INFO] [stderr]    Compiling repodb_parser v0.2.2 (/opt/rustwide/workdir)
[INFO] [stdout] warning: use of deprecated associated function `chrono::DateTime::<Tz>::from_utc`: Use TimeZone::from_utc_datetime() or DateTime::from_naive_utc_and_offset instead
[INFO] [stdout]    --> src/parser.rs:75:48
[INFO] [stdout]     |
[INFO] [stdout] 75  |                 Some(t) => Ok(DateTime::<Utc>::from_utc(t, Utc)),
[INFO] [stdout]     |                                                ^^^^^^^^
[INFO] [stdout] ...
[INFO] [stdout] 257 |                 pkg.build_date = parse_datetime!(vals, pkg.name, key)?;
[INFO] [stdout]     |                                  ------------------------------------ in this macro invocation
[INFO] [stdout]     |
[INFO] [stdout]     = note: `#[warn(deprecated)]` on by default
[INFO] [stdout]     = note: this warning originates in the macro `parse_datetime` (in Nightly builds, run with -Z macro-backtrace for more info)
[INFO] [stdout] 
[INFO] [stdout] 
[INFO] [stdout] warning: 1 warning emitted
[INFO] [stdout] 
[INFO] [stdout] 
[INFO] [stdout] warning: use of deprecated associated function `chrono::DateTime::<Tz>::from_utc`: Use TimeZone::from_utc_datetime() or DateTime::from_naive_utc_and_offset instead
[INFO] [stdout]    --> src/parser.rs:75:48
[INFO] [stdout]     |
[INFO] [stdout] 75  |                 Some(t) => Ok(DateTime::<Utc>::from_utc(t, Utc)),
[INFO] [stdout]     |                                                ^^^^^^^^
[INFO] [stdout] ...
[INFO] [stdout] 257 |                 pkg.build_date = parse_datetime!(vals, pkg.name, key)?;
[INFO] [stdout]     |                                  ------------------------------------ in this macro invocation
[INFO] [stdout]     |
[INFO] [stdout]     = note: `#[warn(deprecated)]` on by default
[INFO] [stdout]     = note: this warning originates in the macro `parse_datetime` (in Nightly builds, run with -Z macro-backtrace for more info)
[INFO] [stdout] 
[INFO] [stdout] 
[INFO] [stdout] warning: 1 warning emitted
[INFO] [stdout] 
[INFO] [stdout] 
[INFO] [stderr]     Finished test [unoptimized + debuginfo] target(s) in 0.96s
[INFO] running `Command { std: "docker" "inspect" "fab453a21cdf2d8f086b0194daadc28aa9fbfde898c30118f05a4b43a00106ef", kill_on_drop: false }`
[INFO] running `Command { std: "docker" "rm" "-f" "fab453a21cdf2d8f086b0194daadc28aa9fbfde898c30118f05a4b43a00106ef", kill_on_drop: false }`
[INFO] [stdout] fab453a21cdf2d8f086b0194daadc28aa9fbfde898c30118f05a4b43a00106ef
[INFO] running `Command { std: "docker" "create" "-v" "/var/lib/crater-agent-workspace/builds/worker-2-tc1/target:/opt/rustwide/target:rw,Z" "-v" "/var/lib/crater-agent-workspace/builds/worker-2-tc1/source:/opt/rustwide/workdir:ro,Z" "-v" "/var/lib/crater-agent-workspace/cargo-home:/opt/rustwide/cargo-home:ro,Z" "-v" "/var/lib/crater-agent-workspace/rustup-home:/opt/rustwide/rustup-home:ro,Z" "-e" "SOURCE_DIR=/opt/rustwide/workdir" "-e" "CARGO_TARGET_DIR=/opt/rustwide/target" "-e" "CARGO_INCREMENTAL=0" "-e" "RUST_BACKTRACE=full" "-e" "RUSTFLAGS=--cap-lints=warn" "-e" "RUSTDOCFLAGS=--cap-lints=warn" "-e" "CARGO_HOME=/opt/rustwide/cargo-home" "-e" "RUSTUP_HOME=/opt/rustwide/rustup-home" "-w" "/opt/rustwide/workdir" "-m" "1610612736" "--user" "0:0" "--network" "none" "ghcr.io/rust-lang/crates-build-env/linux@sha256:2788e3201cd34a07e3172128adcd8b3090168a8e3bcc40d7c032b9dda1df7d1c" "/opt/rustwide/cargo-home/bin/cargo" "+1.75.0" "test" "--frozen", kill_on_drop: false }`
[INFO] [stdout] 0bb6f2eb27f5e046c33cf90fa8ef1ab619b609ffa2852d17c98dac7445a58602
[INFO] running `Command { std: "docker" "start" "-a" "0bb6f2eb27f5e046c33cf90fa8ef1ab619b609ffa2852d17c98dac7445a58602", kill_on_drop: false }`
[INFO] [stderr] warning: use of deprecated associated function `chrono::DateTime::<Tz>::from_utc`: Use TimeZone::from_utc_datetime() or DateTime::from_naive_utc_and_offset instead
[INFO] [stderr]    --> src/parser.rs:75:48
[INFO] [stderr]     |
[INFO] [stderr] 75  |                 Some(t) => Ok(DateTime::<Utc>::from_utc(t, Utc)),
[INFO] [stderr]     |                                                ^^^^^^^^
[INFO] [stderr] ...
[INFO] [stderr] 257 |                 pkg.build_date = parse_datetime!(vals, pkg.name, key)?;
[INFO] [stderr]     |                                  ------------------------------------ in this macro invocation
[INFO] [stderr]     |
[INFO] [stderr]     = note: `#[warn(deprecated)]` on by default
[INFO] [stderr]     = note: this warning originates in the macro `parse_datetime` (in Nightly builds, run with -Z macro-backtrace for more info)
[INFO] [stderr] 
[INFO] [stderr] warning: `repodb_parser` (lib) generated 1 warning
[INFO] [stderr] warning: `repodb_parser` (lib test) generated 1 warning (1 duplicate)
[INFO] [stderr]     Finished test [unoptimized + debuginfo] target(s) in 0.05s
[INFO] [stderr]      Running unittests src/lib.rs (/opt/rustwide/target/debug/deps/repodb_parser-70708699fdc1b782)
[INFO] [stdout] 
[INFO] [stdout] running 0 tests
[INFO] [stdout] 
[INFO] [stdout] test result: ok. 0 passed; 0 failed; 0 ignored; 0 measured; 0 filtered out; finished in 0.00s
[INFO] [stdout] 
[INFO] [stderr]    Doc-tests repodb_parser
[INFO] [stdout] 
[INFO] [stdout] running 1 test
[INFO] [stdout] test src/lib.rs - parse (line 27) ... FAILED
[INFO] [stdout] 
[INFO] [stdout] failures:
[INFO] [stdout] 
[INFO] [stdout] ---- src/lib.rs - parse (line 27) stdout ----
[INFO] [stdout] error: expected one of `!`, `(`, `+`, `::`, `<`, `>`, or `as`, found `-`
[INFO] [stdout]  --> src/lib.rs:30:16
[INFO] [stdout]   |
[INFO] [stdout] 6 | path.push(<PATH-TO-REPOSITORY-DB>);
[INFO] [stdout]   |                ^ expected one of 7 possible tokens
[INFO] [stdout] 
[INFO] [stdout] error: aborting due to previous error
[INFO] [stdout] 
[INFO] [stdout] Couldn't compile the test.
[INFO] [stdout] 
[INFO] [stdout] failures:
[INFO] [stdout]     src/lib.rs - parse (line 27)
[INFO] [stdout] 
[INFO] [stdout] test result: FAILED. 0 passed; 1 failed; 0 ignored; 0 measured; 0 filtered out; finished in 0.08s
[INFO] [stdout] 
[INFO] [stderr] error: doctest failed, to rerun pass `--doc`
[INFO] running `Command { std: "docker" "inspect" "0bb6f2eb27f5e046c33cf90fa8ef1ab619b609ffa2852d17c98dac7445a58602", kill_on_drop: false }`
[INFO] running `Command { std: "docker" "rm" "-f" "0bb6f2eb27f5e046c33cf90fa8ef1ab619b609ffa2852d17c98dac7445a58602", kill_on_drop: false }`
[INFO] [stdout] 0bb6f2eb27f5e046c33cf90fa8ef1ab619b609ffa2852d17c98dac7445a58602
[INFO] testing repodb_parser-0.2.2 against beta-2023-12-22 for beta-1.76-1
[INFO] extracting crate repodb_parser 0.2.2 into /workspace/builds/worker-2-tc2/source
[INFO] validating manifest of crates.io crate repodb_parser 0.2.2 on toolchain beta-2023-12-22
[INFO] running `Command { std: CARGO_HOME="/workspace/cargo-home" RUSTUP_HOME="/workspace/rustup-home" "/workspace/cargo-home/bin/cargo" "+beta-2023-12-22" "metadata" "--manifest-path" "Cargo.toml" "--no-deps", kill_on_drop: false }`
[INFO] started tweaking crates.io crate repodb_parser 0.2.2
[INFO] finished tweaking crates.io crate repodb_parser 0.2.2
[INFO] tweaked toml for crates.io crate repodb_parser 0.2.2 written to /workspace/builds/worker-2-tc2/source/Cargo.toml
[INFO] running `Command { std: CARGO_HOME="/workspace/cargo-home" RUSTUP_HOME="/workspace/rustup-home" "/workspace/cargo-home/bin/cargo" "+beta-2023-12-22" "generate-lockfile" "--manifest-path" "Cargo.toml", kill_on_drop: false }`
[INFO] [stderr]     Updating crates.io index
[INFO] running `Command { std: CARGO_HOME="/workspace/cargo-home" RUSTUP_HOME="/workspace/rustup-home" "/workspace/cargo-home/bin/cargo" "+beta-2023-12-22" "fetch" "--manifest-path" "Cargo.toml", kill_on_drop: false }`
[INFO] running `Command { std: "docker" "create" "-v" "/var/lib/crater-agent-workspace/builds/worker-2-tc2/target:/opt/rustwide/target:rw,Z" "-v" "/var/lib/crater-agent-workspace/builds/worker-2-tc2/source:/opt/rustwide/workdir:ro,Z" "-v" "/var/lib/crater-agent-workspace/cargo-home:/opt/rustwide/cargo-home:ro,Z" "-v" "/var/lib/crater-agent-workspace/rustup-home:/opt/rustwide/rustup-home:ro,Z" "-e" "SOURCE_DIR=/opt/rustwide/workdir" "-e" "CARGO_TARGET_DIR=/opt/rustwide/target" "-e" "CARGO_HOME=/opt/rustwide/cargo-home" "-e" "RUSTUP_HOME=/opt/rustwide/rustup-home" "-w" "/opt/rustwide/workdir" "-m" "1610612736" "--user" "0:0" "--network" "none" "ghcr.io/rust-lang/crates-build-env/linux@sha256:2788e3201cd34a07e3172128adcd8b3090168a8e3bcc40d7c032b9dda1df7d1c" "/opt/rustwide/cargo-home/bin/cargo" "+beta-2023-12-22" "metadata" "--no-deps" "--format-version=1", kill_on_drop: false }`
[INFO] [stdout] 357f2a0a1ff976027314a50fd2242fdf0859087ee179b537390147d6abb5a919
[INFO] running `Command { std: "docker" "start" "-a" "357f2a0a1ff976027314a50fd2242fdf0859087ee179b537390147d6abb5a919", kill_on_drop: false }`
[INFO] running `Command { std: "docker" "inspect" "357f2a0a1ff976027314a50fd2242fdf0859087ee179b537390147d6abb5a919", kill_on_drop: false }`
[INFO] running `Command { std: "docker" "rm" "-f" "357f2a0a1ff976027314a50fd2242fdf0859087ee179b537390147d6abb5a919", kill_on_drop: false }`
[INFO] [stdout] 357f2a0a1ff976027314a50fd2242fdf0859087ee179b537390147d6abb5a919
[INFO] running `Command { std: "docker" "create" "-v" "/var/lib/crater-agent-workspace/builds/worker-2-tc2/target:/opt/rustwide/target:rw,Z" "-v" "/var/lib/crater-agent-workspace/builds/worker-2-tc2/source:/opt/rustwide/workdir:ro,Z" "-v" "/var/lib/crater-agent-workspace/cargo-home:/opt/rustwide/cargo-home:ro,Z" "-v" "/var/lib/crater-agent-workspace/rustup-home:/opt/rustwide/rustup-home:ro,Z" "-e" "SOURCE_DIR=/opt/rustwide/workdir" "-e" "CARGO_TARGET_DIR=/opt/rustwide/target" "-e" "CARGO_INCREMENTAL=0" "-e" "RUST_BACKTRACE=full" "-e" "RUSTFLAGS=--cap-lints=warn" "-e" "RUSTDOCFLAGS=--cap-lints=warn" "-e" "CARGO_HOME=/opt/rustwide/cargo-home" "-e" "RUSTUP_HOME=/opt/rustwide/rustup-home" "-w" "/opt/rustwide/workdir" "-m" "1610612736" "--user" "0:0" "--network" "none" "ghcr.io/rust-lang/crates-build-env/linux@sha256:2788e3201cd34a07e3172128adcd8b3090168a8e3bcc40d7c032b9dda1df7d1c" "/opt/rustwide/cargo-home/bin/cargo" "+beta-2023-12-22" "build" "--frozen" "--message-format=json", kill_on_drop: false }`
[INFO] [stdout] 729964c9cb100acc29365e6b151bbb81b80dd763ab1b6fec842f6ddd214ad8f3
[INFO] running `Command { std: "docker" "start" "-a" "729964c9cb100acc29365e6b151bbb81b80dd763ab1b6fec842f6ddd214ad8f3", kill_on_drop: false }`
[INFO] [stderr]    Compiling rustix v0.38.28
[INFO] [stderr]    Compiling pkg-config v0.3.28
[INFO] [stderr]    Compiling linux-raw-sys v0.4.12
[INFO] [stderr]    Compiling regex-syntax v0.8.2
[INFO] [stderr]    Compiling iana-time-zone v0.1.59
[INFO] [stderr]    Compiling hex v0.4.3
[INFO] [stderr]    Compiling filetime v0.2.23
[INFO] [stderr]    Compiling chrono v0.4.31
[INFO] [stderr]    Compiling lzma-sys v0.1.20
[INFO] [stderr]    Compiling xz2 v0.1.7
[INFO] [stderr]    Compiling regex-automata v0.4.3
[INFO] [stderr]    Compiling xattr v1.2.0
[INFO] [stderr]    Compiling tar v0.4.40
[INFO] [stderr]    Compiling regex v1.10.2
[INFO] [stderr]    Compiling repodb_parser v0.2.2 (/opt/rustwide/workdir)
[INFO] [stdout] warning: use of deprecated associated function `chrono::DateTime::<Tz>::from_utc`: Use TimeZone::from_utc_datetime() or DateTime::from_naive_utc_and_offset instead
[INFO] [stdout]    --> src/parser.rs:75:48
[INFO] [stdout]     |
[INFO] [stdout] 75  |                 Some(t) => Ok(DateTime::<Utc>::from_utc(t, Utc)),
[INFO] [stdout]     |                                                ^^^^^^^^
[INFO] [stdout] ...
[INFO] [stdout] 257 |                 pkg.build_date = parse_datetime!(vals, pkg.name, key)?;
[INFO] [stdout]     |                                  ------------------------------------ in this macro invocation
[INFO] [stdout]     |
[INFO] [stdout]     = note: `#[warn(deprecated)]` on by default
[INFO] [stdout]     = note: this warning originates in the macro `parse_datetime` (in Nightly builds, run with -Z macro-backtrace for more info)
[INFO] [stdout] 
[INFO] [stdout] 
[INFO] [stdout] warning: 1 warning emitted
[INFO] [stdout] 
[INFO] [stdout] 
[INFO] [stderr]     Finished dev [unoptimized + debuginfo] target(s) in 4.19s
[INFO] running `Command { std: "docker" "inspect" "729964c9cb100acc29365e6b151bbb81b80dd763ab1b6fec842f6ddd214ad8f3", kill_on_drop: false }`
[INFO] running `Command { std: "docker" "rm" "-f" "729964c9cb100acc29365e6b151bbb81b80dd763ab1b6fec842f6ddd214ad8f3", kill_on_drop: false }`
[INFO] [stdout] 729964c9cb100acc29365e6b151bbb81b80dd763ab1b6fec842f6ddd214ad8f3
[INFO] running `Command { std: "docker" "create" "-v" "/var/lib/crater-agent-workspace/builds/worker-2-tc2/target:/opt/rustwide/target:rw,Z" "-v" "/var/lib/crater-agent-workspace/builds/worker-2-tc2/source:/opt/rustwide/workdir:ro,Z" "-v" "/var/lib/crater-agent-workspace/cargo-home:/opt/rustwide/cargo-home:ro,Z" "-v" "/var/lib/crater-agent-workspace/rustup-home:/opt/rustwide/rustup-home:ro,Z" "-e" "SOURCE_DIR=/opt/rustwide/workdir" "-e" "CARGO_TARGET_DIR=/opt/rustwide/target" "-e" "CARGO_INCREMENTAL=0" "-e" "RUST_BACKTRACE=full" "-e" "RUSTFLAGS=--cap-lints=warn" "-e" "RUSTDOCFLAGS=--cap-lints=warn" "-e" "CARGO_HOME=/opt/rustwide/cargo-home" "-e" "RUSTUP_HOME=/opt/rustwide/rustup-home" "-w" "/opt/rustwide/workdir" "-m" "1610612736" "--user" "0:0" "--network" "none" "ghcr.io/rust-lang/crates-build-env/linux@sha256:2788e3201cd34a07e3172128adcd8b3090168a8e3bcc40d7c032b9dda1df7d1c" "/opt/rustwide/cargo-home/bin/cargo" "+beta-2023-12-22" "test" "--frozen" "--no-run" "--message-format=json", kill_on_drop: false }`
[INFO] [stdout] 7c18fe44d2b7f7e1106ec54b29e078c765c142e740b730ce6b75641dd70ab9c9
[INFO] running `Command { std: "docker" "start" "-a" "7c18fe44d2b7f7e1106ec54b29e078c765c142e740b730ce6b75641dd70ab9c9", kill_on_drop: false }`
[INFO] [stdout] warning: use of deprecated associated function `chrono::DateTime::<Tz>::from_utc`: Use TimeZone::from_utc_datetime() or DateTime::from_naive_utc_and_offset instead
[INFO] [stdout]    --> src/parser.rs:75:48
[INFO] [stdout]     |
[INFO] [stdout] 75  |                 Some(t) => Ok(DateTime::<Utc>::from_utc(t, Utc)),
[INFO] [stdout]     |                                                ^^^^^^^^
[INFO] [stdout] ...
[INFO] [stdout] 257 |                 pkg.build_date = parse_datetime!(vals, pkg.name, key)?;
[INFO] [stdout]     |                                  ------------------------------------ in this macro invocation
[INFO] [stdout]     |
[INFO] [stdout]     = note: `#[warn(deprecated)]` on by default
[INFO] [stdout]     = note: this warning originates in the macro `parse_datetime` (in Nightly builds, run with -Z macro-backtrace for more info)
[INFO] [stdout] 
[INFO] [stdout] 
[INFO] [stderr]    Compiling repodb_parser v0.2.2 (/opt/rustwide/workdir)
[INFO] [stdout] warning: 1 warning emitted
[INFO] [stdout] 
[INFO] [stdout] 
[INFO] [stdout] warning: use of deprecated associated function `chrono::DateTime::<Tz>::from_utc`: Use TimeZone::from_utc_datetime() or DateTime::from_naive_utc_and_offset instead
[INFO] [stdout]    --> src/parser.rs:75:48
[INFO] [stdout]     |
[INFO] [stdout] 75  |                 Some(t) => Ok(DateTime::<Utc>::from_utc(t, Utc)),
[INFO] [stdout]     |                                                ^^^^^^^^
[INFO] [stdout] ...
[INFO] [stdout] 257 |                 pkg.build_date = parse_datetime!(vals, pkg.name, key)?;
[INFO] [stdout]     |                                  ------------------------------------ in this macro invocation
[INFO] [stdout]     |
[INFO] [stdout]     = note: `#[warn(deprecated)]` on by default
[INFO] [stdout]     = note: this warning originates in the macro `parse_datetime` (in Nightly builds, run with -Z macro-backtrace for more info)
[INFO] [stdout] 
[INFO] [stdout] 
[INFO] [stdout] warning: 1 warning emitted
[INFO] [stdout] 
[INFO] [stdout] 
[INFO] [stderr]     Finished test [unoptimized + debuginfo] target(s) in 0.83s
[INFO] running `Command { std: "docker" "inspect" "7c18fe44d2b7f7e1106ec54b29e078c765c142e740b730ce6b75641dd70ab9c9", kill_on_drop: false }`
[INFO] running `Command { std: "docker" "rm" "-f" "7c18fe44d2b7f7e1106ec54b29e078c765c142e740b730ce6b75641dd70ab9c9", kill_on_drop: false }`
[INFO] [stdout] 7c18fe44d2b7f7e1106ec54b29e078c765c142e740b730ce6b75641dd70ab9c9
[INFO] running `Command { std: "docker" "create" "-v" "/var/lib/crater-agent-workspace/builds/worker-2-tc2/target:/opt/rustwide/target:rw,Z" "-v" "/var/lib/crater-agent-workspace/builds/worker-2-tc2/source:/opt/rustwide/workdir:ro,Z" "-v" "/var/lib/crater-agent-workspace/cargo-home:/opt/rustwide/cargo-home:ro,Z" "-v" "/var/lib/crater-agent-workspace/rustup-home:/opt/rustwide/rustup-home:ro,Z" "-e" "SOURCE_DIR=/opt/rustwide/workdir" "-e" "CARGO_TARGET_DIR=/opt/rustwide/target" "-e" "CARGO_INCREMENTAL=0" "-e" "RUST_BACKTRACE=full" "-e" "RUSTFLAGS=--cap-lints=warn" "-e" "RUSTDOCFLAGS=--cap-lints=warn" "-e" "CARGO_HOME=/opt/rustwide/cargo-home" "-e" "RUSTUP_HOME=/opt/rustwide/rustup-home" "-w" "/opt/rustwide/workdir" "-m" "1610612736" "--user" "0:0" "--network" "none" "ghcr.io/rust-lang/crates-build-env/linux@sha256:2788e3201cd34a07e3172128adcd8b3090168a8e3bcc40d7c032b9dda1df7d1c" "/opt/rustwide/cargo-home/bin/cargo" "+beta-2023-12-22" "test" "--frozen", kill_on_drop: false }`
[INFO] [stdout] 3bd761b2d7ec1a73326ae4d2f1b9e0465290500f70e5ae52691d74b96fe2c34f
[INFO] running `Command { std: "docker" "start" "-a" "3bd761b2d7ec1a73326ae4d2f1b9e0465290500f70e5ae52691d74b96fe2c34f", kill_on_drop: false }`
[INFO] [stderr] warning: use of deprecated associated function `chrono::DateTime::<Tz>::from_utc`: Use TimeZone::from_utc_datetime() or DateTime::from_naive_utc_and_offset instead
[INFO] [stderr]    --> src/parser.rs:75:48
[INFO] [stderr]     |
[INFO] [stderr] 75  |                 Some(t) => Ok(DateTime::<Utc>::from_utc(t, Utc)),
[INFO] [stderr]     |                                                ^^^^^^^^
[INFO] [stderr] ...
[INFO] [stderr] 257 |                 pkg.build_date = parse_datetime!(vals, pkg.name, key)?;
[INFO] [stderr]     |                                  ------------------------------------ in this macro invocation
[INFO] [stderr]     |
[INFO] [stderr]     = note: `#[warn(deprecated)]` on by default
[INFO] [stderr]     = note: this warning originates in the macro `parse_datetime` (in Nightly builds, run with -Z macro-backtrace for more info)
[INFO] [stderr] 
[INFO] [stderr] warning: `repodb_parser` (lib) generated 1 warning
[INFO] [stderr] warning: `repodb_parser` (lib test) generated 1 warning (1 duplicate)
[INFO] [stderr]     Finished test [unoptimized + debuginfo] target(s) in 0.03s
[INFO] [stderr]      Running unittests src/lib.rs (/opt/rustwide/target/debug/deps/repodb_parser-b3793c6d6d9119bb)
[INFO] [stdout] 
[INFO] [stdout] running 0 tests
[INFO] [stdout] 
[INFO] [stdout] test result: ok. 0 passed; 0 failed; 0 ignored; 0 measured; 0 filtered out; finished in 0.00s
[INFO] [stdout] 
[INFO] [stderr]    Doc-tests repodb_parser
[INFO] [stdout] 
[INFO] [stdout] running 1 test
[INFO] [stdout] test src/lib.rs - parse (line 27) ... FAILED
[INFO] [stdout] 
[INFO] [stdout] failures:
[INFO] [stdout] 
[INFO] [stdout] ---- src/lib.rs - parse (line 27) stdout ----
[INFO] [stdout] error: expected one of `!`, `(`, `+`, `::`, `<`, `>`, or `as`, found `-`
[INFO] [stdout]  --> src/lib.rs:30:16
[INFO] [stdout]   |
[INFO] [stdout] 6 | path.push(<PATH-TO-REPOSITORY-DB>);
[INFO] [stdout]   |                ^ expected one of 7 possible tokens
[INFO] [stdout] 
[INFO] [stdout] error: aborting due to 1 previous error
[INFO] [stdout] 
[INFO] [stdout] Couldn't compile the test.
[INFO] [stdout] 
[INFO] [stdout] failures:
[INFO] [stdout]     src/lib.rs - parse (line 27)
[INFO] [stdout] 
[INFO] [stdout] test result: FAILED. 0 passed; 1 failed; 0 ignored; 0 measured; 0 filtered out; finished in 0.05s
[INFO] [stdout] 
[INFO] [stderr] error: doctest failed, to rerun pass `--doc`
[INFO] running `Command { std: "docker" "inspect" "3bd761b2d7ec1a73326ae4d2f1b9e0465290500f70e5ae52691d74b96fe2c34f", kill_on_drop: false }`
[INFO] running `Command { std: "docker" "rm" "-f" "3bd761b2d7ec1a73326ae4d2f1b9e0465290500f70e5ae52691d74b96fe2c34f", kill_on_drop: false }`
[INFO] [stdout] 3bd761b2d7ec1a73326ae4d2f1b9e0465290500f70e5ae52691d74b96fe2c34f
