[INFO] fetching crate renovate 0.2.23...
[INFO] testing renovate-0.2.23 against 1.75.0 for beta-1.76-1
[INFO] extracting crate renovate 0.2.23 into /workspace/builds/worker-3-tc1/source
[INFO] validating manifest of crates.io crate renovate 0.2.23 on toolchain 1.75.0
[INFO] running `Command { std: CARGO_HOME="/workspace/cargo-home" RUSTUP_HOME="/workspace/rustup-home" "/workspace/cargo-home/bin/cargo" "+1.75.0" "metadata" "--manifest-path" "Cargo.toml" "--no-deps", kill_on_drop: false }`
[INFO] started tweaking crates.io crate renovate 0.2.23
[INFO] finished tweaking crates.io crate renovate 0.2.23
[INFO] tweaked toml for crates.io crate renovate 0.2.23 written to /workspace/builds/worker-3-tc1/source/Cargo.toml
[INFO] crate crates.io crate renovate 0.2.23 already has a lockfile, it will not be regenerated
[INFO] running `Command { std: CARGO_HOME="/workspace/cargo-home" RUSTUP_HOME="/workspace/rustup-home" "/workspace/cargo-home/bin/cargo" "+1.75.0" "fetch" "--manifest-path" "Cargo.toml", kill_on_drop: false }`
[INFO] [stderr]     Updating crates.io index
[INFO] [stderr]  Downloading crates ...
[INFO] [stderr]   Downloaded concolor-query v0.1.0
[INFO] [stderr]   Downloaded async-trait v0.1.60
[INFO] [stderr]   Downloaded snapbox-macros v0.3.1
[INFO] [stderr]   Downloaded snapbox v0.4.4
[INFO] [stderr]   Downloaded prost-derive v0.10.1
[INFO] [stderr]   Downloaded whoami v1.3.0
[INFO] [stderr]   Downloaded enum_dispatch v0.3.9
[INFO] [stderr]   Downloaded prost v0.10.4
[INFO] [stderr]   Downloaded serde_yaml v0.9.16
[INFO] [stderr]   Downloaded nom v7.1.2
[INFO] [stderr]   Downloaded prost-types v0.10.1
[INFO] [stderr]   Downloaded trycmd v0.14.10
[INFO] [stderr]   Downloaded os_pipe v1.1.2
[INFO] [stderr]   Downloaded sqlformat v0.2.0
[INFO] [stderr]   Downloaded tokio v1.23.1
[INFO] [stderr]   Downloaded concolor v0.0.11
[INFO] [stderr]   Downloaded crc-catalog v2.1.0
[INFO] [stderr]   Downloaded dunce v1.0.3
[INFO] [stderr]   Downloaded pg_query v0.7.0
[INFO] [stderr]   Downloaded toml_edit v0.17.1
[INFO] [stderr]   Downloaded prost-build v0.10.4
[INFO] [stderr]   Downloaded clap-utils v0.3.0
[INFO] [stderr]   Downloaded crc v3.0.0
[INFO] [stderr]   Downloaded filetime v0.2.19
[INFO] [stderr]   Downloaded console v0.15.4
[INFO] [stderr]   Downloaded toml_datetime v0.5.0
[INFO] running `Command { std: "docker" "create" "-v" "/var/lib/crater-agent-workspace/builds/worker-3-tc1/target:/opt/rustwide/target:rw,Z" "-v" "/var/lib/crater-agent-workspace/builds/worker-3-tc1/source:/opt/rustwide/workdir:ro,Z" "-v" "/var/lib/crater-agent-workspace/cargo-home:/opt/rustwide/cargo-home:ro,Z" "-v" "/var/lib/crater-agent-workspace/rustup-home:/opt/rustwide/rustup-home:ro,Z" "-e" "SOURCE_DIR=/opt/rustwide/workdir" "-e" "CARGO_TARGET_DIR=/opt/rustwide/target" "-e" "CARGO_HOME=/opt/rustwide/cargo-home" "-e" "RUSTUP_HOME=/opt/rustwide/rustup-home" "-w" "/opt/rustwide/workdir" "-m" "1610612736" "--user" "0:0" "--network" "none" "ghcr.io/rust-lang/crates-build-env/linux@sha256:2788e3201cd34a07e3172128adcd8b3090168a8e3bcc40d7c032b9dda1df7d1c" "/opt/rustwide/cargo-home/bin/cargo" "+1.75.0" "metadata" "--no-deps" "--format-version=1", kill_on_drop: false }`
[INFO] [stdout] 08ea53ff7fd6cb449730e62e1235f1cb0420700b79248482e676555bc40c9e41
[INFO] running `Command { std: "docker" "start" "-a" "08ea53ff7fd6cb449730e62e1235f1cb0420700b79248482e676555bc40c9e41", kill_on_drop: false }`
[INFO] running `Command { std: "docker" "inspect" "08ea53ff7fd6cb449730e62e1235f1cb0420700b79248482e676555bc40c9e41", kill_on_drop: false }`
[INFO] running `Command { std: "docker" "rm" "-f" "08ea53ff7fd6cb449730e62e1235f1cb0420700b79248482e676555bc40c9e41", kill_on_drop: false }`
[INFO] [stdout] 08ea53ff7fd6cb449730e62e1235f1cb0420700b79248482e676555bc40c9e41
[INFO] running `Command { std: "docker" "create" "-v" "/var/lib/crater-agent-workspace/builds/worker-3-tc1/target:/opt/rustwide/target:rw,Z" "-v" "/var/lib/crater-agent-workspace/builds/worker-3-tc1/source:/opt/rustwide/workdir:ro,Z" "-v" "/var/lib/crater-agent-workspace/cargo-home:/opt/rustwide/cargo-home:ro,Z" "-v" "/var/lib/crater-agent-workspace/rustup-home:/opt/rustwide/rustup-home:ro,Z" "-e" "SOURCE_DIR=/opt/rustwide/workdir" "-e" "CARGO_TARGET_DIR=/opt/rustwide/target" "-e" "CARGO_INCREMENTAL=0" "-e" "RUST_BACKTRACE=full" "-e" "RUSTFLAGS=--cap-lints=warn" "-e" "RUSTDOCFLAGS=--cap-lints=warn" "-e" "CARGO_HOME=/opt/rustwide/cargo-home" "-e" "RUSTUP_HOME=/opt/rustwide/rustup-home" "-w" "/opt/rustwide/workdir" "-m" "1610612736" "--user" "0:0" "--network" "none" "ghcr.io/rust-lang/crates-build-env/linux@sha256:2788e3201cd34a07e3172128adcd8b3090168a8e3bcc40d7c032b9dda1df7d1c" "/opt/rustwide/cargo-home/bin/cargo" "+1.75.0" "build" "--frozen" "--message-format=json", kill_on_drop: false }`
[INFO] [stdout] d90f022ae8f804faab184f428ccfcfe717c8317f47bc9df20f861a13f78f6e14
[INFO] running `Command { std: "docker" "start" "-a" "d90f022ae8f804faab184f428ccfcfe717c8317f47bc9df20f861a13f78f6e14", kill_on_drop: false }`
[INFO] [stderr]    Compiling libc v0.2.139
[INFO] [stderr]    Compiling cfg-if v1.0.0
[INFO] [stderr]    Compiling autocfg v1.1.0
[INFO] [stderr]    Compiling version_check v0.9.4
[INFO] [stderr]    Compiling proc-macro2 v1.0.46
[INFO] [stderr]    Compiling quote v1.0.21
[INFO] [stderr]    Compiling unicode-ident v1.0.4
[INFO] [stderr]    Compiling once_cell v1.15.0
[INFO] [stderr]    Compiling syn v1.0.105
[INFO] [stderr]    Compiling memchr v2.5.0
[INFO] [stderr]    Compiling log v0.4.17
[INFO] [stderr]    Compiling typenum v1.16.0
[INFO] [stderr]    Compiling bytes v1.2.1
[INFO] [stderr]    Compiling either v1.8.0
[INFO] [stderr]    Compiling pin-project-lite v0.2.9
[INFO] [stderr]    Compiling subtle v2.4.1
[INFO] [stderr]    Compiling bitflags v1.3.2
[INFO] [stderr]    Compiling futures-core v0.3.25
[INFO] [stderr]    Compiling serde_derive v1.0.152
[INFO] [stderr]    Compiling serde v1.0.152
[INFO] [stderr]    Compiling spin v0.5.2
[INFO] [stderr]    Compiling itertools v0.10.5
[INFO] [stderr]    Compiling untrusted v0.7.1
[INFO] [stderr]    Compiling unicode-segmentation v1.10.0
[INFO] [stderr]    Compiling pkg-config v0.3.25
[INFO] [stderr]    Compiling lazy_static v1.4.0
[INFO] [stderr]    Compiling ahash v0.7.6
[INFO] [stderr]    Compiling generic-array v0.14.6
[INFO] [stderr]    Compiling indexmap v1.9.2
[INFO] [stderr]    Compiling tinyvec_macros v0.1.0
[INFO] [stderr]    Compiling itoa v1.0.3
[INFO] [stderr]    Compiling fastrand v1.8.0
[INFO] [stderr]    Compiling minimal-lexical v0.2.1
[INFO] [stderr]    Compiling anyhow v1.0.68
[INFO] [stderr]    Compiling tinyvec v1.6.0
[INFO] [stderr]    Compiling rustls v0.20.7
[INFO] [stderr]    Compiling heck v0.4.0
[INFO] [stderr]    Compiling os_str_bytes v6.3.0
[INFO] [stderr]    Compiling thiserror v1.0.37
[INFO] [stderr]    Compiling ryu v1.0.11
[INFO] [stderr]    Compiling termcolor v1.1.3
[INFO] [stderr]    Compiling serde_json v1.0.85
[INFO] [stderr]    Compiling unicode-bidi v0.3.8
[INFO] [stderr]    Compiling nom v7.1.2
[INFO] [stderr]    Compiling clap_lex v0.2.4
[INFO] [stderr]    Compiling lock_api v0.4.9
[INFO] [stderr]    Compiling tokio v1.23.1
[INFO] [stderr]    Compiling jobserver v0.1.25
[INFO] [stderr]    Compiling getrandom v0.2.8
[INFO] [stderr]    Compiling socket2 v0.4.7
[INFO] [stderr]    Compiling mio v0.8.5
[INFO] [stderr]    Compiling num_cpus v1.13.1
[INFO] [stderr]    Compiling atty v0.2.14
[INFO] [stderr]    Compiling cc v1.0.73
[INFO] [stderr]    Compiling smallvec v1.9.0
[INFO] [stderr]    Compiling base64 v0.13.1
[INFO] [stderr]    Compiling percent-encoding v2.2.0
[INFO] [stderr]    Compiling glob v0.3.0
[INFO] [stderr]    Compiling parking_lot_core v0.8.6
[INFO] [stderr]    Compiling hashbrown v0.12.3
[INFO] [stderr]    Compiling unicode-normalization v0.1.22
[INFO] [stderr]    Compiling cpufeatures v0.2.5
[INFO] [stderr]    Compiling strsim v0.10.0
[INFO] [stderr]    Compiling textwrap v0.16.0
[INFO] [stderr]    Compiling form_urlencoded v1.1.0
[INFO] [stderr]    Compiling which v4.3.0
[INFO] [stderr]    Compiling aho-corasick v0.7.19
[INFO] [stderr]    Compiling num-traits v0.2.15
[INFO] [stderr]    Compiling proc-macro-error-attr v1.0.4
[INFO] [stderr]    Compiling instant v0.1.12
[INFO] [stderr]    Compiling regex-syntax v0.6.27
[INFO] [stderr]    Compiling remove_dir_all v0.5.3
[INFO] [stderr]    Compiling futures-task v0.3.25
[INFO] [stderr]    Compiling crossbeam-utils v0.8.14
[INFO] [stderr]    Compiling scopeguard v1.1.0
[INFO] [stderr]    Compiling idna v0.3.0
[INFO] [stderr]    Compiling paste v1.0.11
[INFO] [stderr]    Compiling clang-sys v1.4.0
[INFO] [stderr]    Compiling tempfile v3.3.0
[INFO] [stderr]    Compiling block-buffer v0.10.3
[INFO] [stderr]    Compiling crypto-common v0.1.6
[INFO] [stderr]    Compiling digest v0.10.6
[INFO] [stderr]    Compiling ring v0.16.20
[INFO] [stderr]    Compiling cmake v0.1.48
[INFO] [stderr]    Compiling rand_core v0.6.4
[INFO] [stderr]    Compiling proc-macro-error v1.0.4
[INFO] [stderr]    Compiling crossbeam-queue v0.3.8
[INFO] [stderr]    Compiling futures-channel v0.3.25
[INFO] [stderr]    Compiling event-listener v2.5.3
[INFO] [stderr]    Compiling futures-util v0.3.25
[INFO] [stderr]    Compiling futures-sink v0.3.25
[INFO] [stderr]    Compiling ppv-lite86 v0.2.17
[INFO] [stderr]    Compiling parking_lot v0.11.2
[INFO] [stderr]    Compiling onig_sys v69.8.1
[INFO] [stderr]    Compiling libz-sys v1.1.8
[INFO] [stderr]    Compiling prost-build v0.10.4
[INFO] [stderr]    Compiling rand_chacha v0.3.1
[INFO] [stderr]    Compiling dirs-sys v0.3.7
[INFO] [stderr]    Compiling libloading v0.7.3
[INFO] [stderr]    Compiling pin-utils v0.1.0
[INFO] [stderr]    Compiling crc-catalog v2.1.0
[INFO] [stderr]    Compiling rustversion v1.0.11
[INFO] [stderr]    Compiling fixedbitset v0.4.2
[INFO] [stderr]    Compiling crc32fast v1.3.2
[INFO] [stderr]    Compiling bindgen v0.60.1
[INFO] [stderr]    Compiling humantime v2.1.0
[INFO] [stderr]    Compiling unicode_categories v0.1.1
[INFO] [stderr]    Compiling atoi v1.0.0
[INFO] [stderr]    Compiling petgraph v0.6.2
[INFO] [stderr]    Compiling crc v3.0.0
[INFO] [stderr]    Compiling rand v0.8.5
[INFO] [stderr]    Compiling dirs v4.0.0
[INFO] [stderr]    Compiling sqlformat v0.2.0
[INFO] [stderr]    Compiling futures-intrusive v0.4.2
[INFO] [stderr]    Compiling cexpr v0.6.0
[INFO] [stderr]    Compiling hmac v0.12.1
[INFO] [stderr]    Compiling clap v3.2.23
[INFO] [stderr]    Compiling hashlink v0.8.1
[INFO] [stderr]    Compiling regex v1.6.0
[INFO] [stderr]    Compiling stringprep v0.1.2
[INFO] [stderr]    Compiling rustls-pemfile v1.0.1
[INFO] [stderr]    Compiling slab v0.4.7
[INFO] [stderr]    Compiling polling v2.3.0
[INFO] [stderr]    Compiling thread_local v1.1.4
[INFO] [stderr]    Compiling waker-fn v1.1.0
[INFO] [stderr]    Compiling safemem v0.3.3
[INFO] [stderr]    Compiling multimap v0.8.3
[INFO] [stderr]    Compiling parking v2.0.0
[INFO] [stderr]    Compiling shlex v1.1.0
[INFO] [stderr]    Compiling hex v0.4.3
[INFO] [stderr]    Compiling time-core v0.1.0
[INFO] [stderr]    Compiling whoami v1.3.0
[INFO] [stderr]    Compiling adler v1.0.2
[INFO] [stderr]    Compiling rustc-hash v1.1.0
[INFO] [stderr]    Compiling futures-io v0.3.24
[INFO] [stderr]    Compiling peeking_take_while v0.1.2
[INFO] [stderr]    Compiling byteorder v1.4.3
[INFO] [stderr]    Compiling dotenvy v0.15.6
[INFO] [stderr]    Compiling lazycell v1.3.0
[INFO] [stderr]    Compiling env_logger v0.9.1
[INFO] [stderr]    Compiling futures-lite v1.12.0
[INFO] [stderr]    Compiling miniz_oxide v0.6.2
[INFO] [stderr]    Compiling time v0.3.17
[INFO] [stderr]    Compiling line-wrap v0.1.1
[INFO] [stderr]    Compiling hkdf v0.12.3
[INFO] [stderr]    Compiling sha2 v0.10.6
[INFO] [stderr]    Compiling sha1 v0.10.5
[INFO] [stderr]    Compiling md-5 v0.10.5
[INFO] [stderr]    Compiling url v2.3.1
[INFO] [stderr]    Compiling libgit2-sys v0.14.0+1.5.0
[INFO] [stderr]    Compiling async-io v1.9.0
[INFO] [stderr]    Compiling tracing-core v0.1.30
[INFO] [stderr]    Compiling cache-padded v1.2.0
[INFO] [stderr]    Compiling async-trait v0.1.60
[INFO] [stderr]    Compiling xml-rs v0.8.4
[INFO] [stderr]    Compiling same-file v1.0.6
[INFO] [stderr]    Compiling tokio-stream v0.1.11
[INFO] [stderr]    Compiling linked-hash-map v0.5.6
[INFO] [stderr]    Compiling fs_extra v1.2.0
[INFO] [stderr]    Compiling signal-hook v0.3.14
[INFO] [stderr]    Compiling unicode-width v0.1.10
[INFO] [stderr]    Compiling yaml-rust v0.4.5
[INFO] [stderr]    Compiling console v0.15.4
[INFO] [stderr]    Compiling walkdir v2.3.2
[INFO] [stderr]    Compiling concurrent-queue v1.2.4
[INFO] [stderr]    Compiling flate2 v1.0.25
[INFO] [stderr]    Compiling fuzzy-matcher v0.3.7
[INFO] [stderr]    Compiling webpki v0.22.0
[INFO] [stderr]    Compiling sct v0.7.0
[INFO] [stderr]    Compiling webpki-roots v0.22.6
[INFO] [stderr]    Compiling signal-hook-registry v1.4.0
[INFO] [stderr]    Compiling async-process v1.6.0
[INFO] [stderr]    Compiling fnv v1.0.7
[INFO] [stderr]    Compiling zeroize v1.5.7
[INFO] [stderr]    Compiling overload v0.1.1
[INFO] [stderr]    Compiling nu-ansi-term v0.46.0
[INFO] [stderr]    Compiling dialoguer v0.10.2
[INFO] [stderr]    Compiling tracing-log v0.1.3
[INFO] [stderr]    Compiling async-lock v2.6.0
[INFO] [stderr]    Compiling sharded-slab v0.1.4
[INFO] [stderr]    Compiling unsafe-libyaml v0.2.4
[INFO] [stderr]    Compiling uuid v1.2.2
[INFO] [stderr]    Compiling similar v2.2.1
[INFO] [stderr]    Compiling thiserror-impl v1.0.37
[INFO] [stderr]    Compiling prost-derive v0.10.1
[INFO] [stderr]    Compiling tokio-macros v1.8.0
[INFO] [stderr]    Compiling clap_derive v3.2.18
[INFO] [stderr]    Compiling strum_macros v0.24.3
[INFO] [stderr]    Compiling enum_dispatch v0.3.9
[INFO] [stderr]    Compiling tracing-attributes v0.1.23
[INFO] [stderr]    Compiling tracing-subscriber v0.3.16
[INFO] [stderr]    Compiling derivative v2.2.0
[INFO] [stderr]    Compiling tokio-rustls v0.23.4
[INFO] [stderr]    Compiling sqlx-rt v0.6.2
[INFO] [stderr]    Compiling tracing v0.1.37
[INFO] [stderr]    Compiling strum v0.24.1
[INFO] [stderr]    Compiling prost v0.10.4
[INFO] [stderr]    Compiling prost-types v0.10.1
[INFO] [stderr]    Compiling onig v6.4.0
[INFO] [stderr]    Compiling pg_query v0.7.0
[INFO] [stderr]    Compiling clap_complete v3.2.5
[INFO] [stderr]    Compiling git2 v0.15.0
[INFO] [stderr]    Compiling plist v1.3.1
[INFO] [stderr]    Compiling bincode v1.3.3
[INFO] [stderr]    Compiling serde_yaml v0.9.16
[INFO] [stderr]    Compiling sqlx-core v0.6.2
[INFO] [stderr]    Compiling syntect v5.0.0
[INFO] [stderr]    Compiling clap-utils v0.3.0
[INFO] [stderr]    Compiling sqlx-macros v0.6.2
[INFO] [stderr]    Compiling sqlx v0.6.2
[INFO] [stderr]    Compiling renovate v0.2.23 (/opt/rustwide/workdir)
[INFO] [stdout] warning: unused import: `node_enum_to_string`
[INFO] [stdout]  --> src/parser/utils/mod.rs:6:5
[INFO] [stdout]   |
[INFO] [stdout] 6 |     node_enum_to_string, node_to_embed_constraint, node_to_string, type_name_to_string,
[INFO] [stdout]   |     ^^^^^^^^^^^^^^^^^^^
[INFO] [stdout]   |
[INFO] [stdout]   = note: `#[warn(unused_imports)]` on by default
[INFO] [stdout] 
[INFO] [stdout] 
[INFO] [stdout] warning: 1 warning emitted
[INFO] [stdout] 
[INFO] [stdout] 
[INFO] [stderr]     Finished dev [unoptimized + debuginfo] target(s) in 1m 05s
[INFO] [stderr] warning: the following packages contain code that will be rejected by a future version of Rust: fs_extra v1.2.0
[INFO] [stderr] note: to see what the problems were, use the option `--future-incompat-report`, or run `cargo report future-incompatibilities --id 1`
[INFO] running `Command { std: "docker" "inspect" "d90f022ae8f804faab184f428ccfcfe717c8317f47bc9df20f861a13f78f6e14", kill_on_drop: false }`
[INFO] running `Command { std: "docker" "rm" "-f" "d90f022ae8f804faab184f428ccfcfe717c8317f47bc9df20f861a13f78f6e14", kill_on_drop: false }`
[INFO] [stdout] d90f022ae8f804faab184f428ccfcfe717c8317f47bc9df20f861a13f78f6e14
[INFO] running `Command { std: "docker" "create" "-v" "/var/lib/crater-agent-workspace/builds/worker-3-tc1/target:/opt/rustwide/target:rw,Z" "-v" "/var/lib/crater-agent-workspace/builds/worker-3-tc1/source:/opt/rustwide/workdir:ro,Z" "-v" "/var/lib/crater-agent-workspace/cargo-home:/opt/rustwide/cargo-home:ro,Z" "-v" "/var/lib/crater-agent-workspace/rustup-home:/opt/rustwide/rustup-home:ro,Z" "-e" "SOURCE_DIR=/opt/rustwide/workdir" "-e" "CARGO_TARGET_DIR=/opt/rustwide/target" "-e" "CARGO_INCREMENTAL=0" "-e" "RUST_BACKTRACE=full" "-e" "RUSTFLAGS=--cap-lints=warn" "-e" "RUSTDOCFLAGS=--cap-lints=warn" "-e" "CARGO_HOME=/opt/rustwide/cargo-home" "-e" "RUSTUP_HOME=/opt/rustwide/rustup-home" "-w" "/opt/rustwide/workdir" "-m" "1610612736" "--user" "0:0" "--network" "none" "ghcr.io/rust-lang/crates-build-env/linux@sha256:2788e3201cd34a07e3172128adcd8b3090168a8e3bcc40d7c032b9dda1df7d1c" "/opt/rustwide/cargo-home/bin/cargo" "+1.75.0" "test" "--frozen" "--no-run" "--message-format=json", kill_on_drop: false }`
[INFO] [stdout] 16727553503dc1e381d352b974b036c60fcd1e65769a54aa9c05dab01b518482
[INFO] running `Command { std: "docker" "start" "-a" "16727553503dc1e381d352b974b036c60fcd1e65769a54aa9c05dab01b518482", kill_on_drop: false }`
[INFO] [stderr]    Compiling libc v0.2.139
[INFO] [stderr]    Compiling crossbeam-utils v0.8.14
[INFO] [stderr]    Compiling humantime v2.1.0
[INFO] [stderr]    Compiling memoffset v0.7.1
[INFO] [stderr]    Compiling io-lifetimes v1.0.3
[INFO] [stderr]    Compiling shlex v1.1.0
[INFO] [stderr]    Compiling crossbeam-epoch v0.9.13
[INFO] [stderr]    Compiling rustix v0.36.6
[INFO] [stderr]    Compiling linux-raw-sys v0.1.4
[INFO] [stderr]    Compiling rayon-core v1.10.1
[INFO] [stderr]    Compiling concolor-query v0.1.0
[INFO] [stderr]    Compiling toml_datetime v0.5.0
[INFO] [stderr]    Compiling content_inspector v0.2.4
[INFO] [stderr]    Compiling nom8 v0.2.0
[INFO] [stderr]    Compiling dunce v1.0.3
[INFO] [stderr]    Compiling normalize-line-endings v0.3.0
[INFO] [stderr]    Compiling snapbox-macros v0.3.1
[INFO] [stderr]    Compiling windows-sys v0.42.0
[INFO] [stderr]    Compiling yansi v0.5.1
[INFO] [stderr]    Compiling humantime-serde v1.1.1
[INFO] [stderr]    Compiling crossbeam-queue v0.3.8
[INFO] [stderr]    Compiling crossbeam-channel v0.5.6
[INFO] [stderr]    Compiling jobserver v0.1.25
[INFO] [stderr]    Compiling getrandom v0.2.8
[INFO] [stderr]    Compiling which v4.3.0
[INFO] [stderr]    Compiling num_cpus v1.13.1
[INFO] [stderr]    Compiling mio v0.8.5
[INFO] [stderr]    Compiling socket2 v0.4.7
[INFO] [stderr]    Compiling atty v0.2.14
[INFO] [stderr]    Compiling parking_lot_core v0.8.6
[INFO] [stderr]    Compiling env_logger v0.9.1
[INFO] [stderr]    Compiling tempfile v3.3.0
[INFO] [stderr]    Compiling clang-sys v1.4.0
[INFO] [stderr]    Compiling ahash v0.7.6
[INFO] [stderr]    Compiling cc v1.0.73
[INFO] [stderr]    Compiling rand_core v0.6.4
[INFO] [stderr]    Compiling parking_lot v0.11.2
[INFO] [stderr]    Compiling hashbrown v0.12.3
[INFO] [stderr]    Compiling rand_chacha v0.3.1
[INFO] [stderr]    Compiling tokio v1.23.1
[INFO] [stderr]    Compiling dirs-sys v0.3.7
[INFO] [stderr]    Compiling crossbeam-deque v0.8.2
[INFO] [stderr]    Compiling futures-intrusive v0.4.2
[INFO] [stderr]    Compiling dirs v4.0.0
[INFO] [stderr]    Compiling rand v0.8.5
[INFO] [stderr]    Compiling cmake v0.1.48
[INFO] [stderr]    Compiling indexmap v1.9.2
[INFO] [stderr]    Compiling hashlink v0.8.1
[INFO] [stderr]    Compiling ring v0.16.20
[INFO] [stderr]    Compiling libz-sys v1.1.8
[INFO] [stderr]    Compiling onig_sys v69.8.1
[INFO] [stderr]    Compiling prost-build v0.10.4
[INFO] [stderr]    Compiling clap v3.2.23
[INFO] [stderr]    Compiling petgraph v0.6.2
[INFO] [stderr]    Compiling libgit2-sys v0.14.0+1.5.0
[INFO] [stderr]    Compiling console v0.15.4
[INFO] [stderr]    Compiling signal-hook-registry v1.4.0
[INFO] [stderr]    Compiling polling v2.3.0
[INFO] [stderr]    Compiling dialoguer v0.10.2
[INFO] [stderr]    Compiling async-io v1.9.0
[INFO] [stderr]    Compiling signal-hook v0.3.14
[INFO] [stderr]    Compiling uuid v1.2.2
[INFO] [stderr]    Compiling plist v1.3.1
[INFO] [stderr]    Compiling async-process v1.6.0
[INFO] [stderr]    Compiling serde_yaml v0.9.16
[INFO] [stderr]    Compiling is-terminal v0.4.2
[INFO] [stderr]    Compiling concolor v0.0.11
[INFO] [stderr]    Compiling os_pipe v1.1.2
[INFO] [stderr]    Compiling filetime v0.2.19
[INFO] [stderr]    Compiling wait-timeout v0.2.0
[INFO] [stderr]    Compiling snapbox v0.4.4
[INFO] [stderr]    Compiling toml_edit v0.17.1
[INFO] [stderr]    Compiling rayon v1.6.1
[INFO] [stderr]    Compiling bindgen v0.60.1
[INFO] [stderr]    Compiling tokio-stream v0.1.11
[INFO] [stderr]    Compiling rustls v0.20.7
[INFO] [stderr]    Compiling clap_complete v3.2.5
[INFO] [stderr]    Compiling webpki v0.22.0
[INFO] [stderr]    Compiling sct v0.7.0
[INFO] [stderr]    Compiling webpki-roots v0.22.6
[INFO] [stderr]    Compiling trycmd v0.14.10
[INFO] [stderr]    Compiling onig v6.4.0
[INFO] [stderr]    Compiling syntect v5.0.0
[INFO] [stderr]    Compiling tokio-rustls v0.23.4
[INFO] [stderr]    Compiling sqlx-rt v0.6.2
[INFO] [stderr]    Compiling sqlx-core v0.6.2
[INFO] [stderr]    Compiling pg_query v0.7.0
[INFO] [stderr]    Compiling clap-utils v0.3.0
[INFO] [stderr]    Compiling git2 v0.15.0
[INFO] [stderr]    Compiling sqlx-macros v0.6.2
[INFO] [stderr]    Compiling sqlx v0.6.2
[INFO] [stderr]    Compiling renovate v0.2.23 (/opt/rustwide/workdir)
[INFO] [stdout] warning: unused import: `node_enum_to_string`
[INFO] [stdout]  --> src/parser/utils/mod.rs:6:5
[INFO] [stdout]   |
[INFO] [stdout] 6 |     node_enum_to_string, node_to_embed_constraint, node_to_string, type_name_to_string,
[INFO] [stdout]   |     ^^^^^^^^^^^^^^^^^^^
[INFO] [stdout]   |
[INFO] [stdout]   = note: `#[warn(unused_imports)]` on by default
[INFO] [stdout] 
[INFO] [stdout] 
[INFO] [stdout] warning: unused import: `node_enum_to_string`
[INFO] [stdout]  --> src/parser/utils/mod.rs:6:5
[INFO] [stdout]   |
[INFO] [stdout] 6 |     node_enum_to_string, node_to_embed_constraint, node_to_string, type_name_to_string,
[INFO] [stdout]   |     ^^^^^^^^^^^^^^^^^^^
[INFO] [stdout]   |
[INFO] [stdout]   = note: `#[warn(unused_imports)]` on by default
[INFO] [stdout] 
[INFO] [stdout] 
[INFO] [stdout] warning: 1 warning emitted
[INFO] [stdout] 
[INFO] [stdout] 
[INFO] [stdout] warning: 1 warning emitted
[INFO] [stdout] 
[INFO] [stdout] 
[INFO] [stderr]     Finished test [unoptimized + debuginfo] target(s) in 50.52s
[INFO] [stderr] warning: the following packages contain code that will be rejected by a future version of Rust: fs_extra v1.2.0
[INFO] [stderr] note: to see what the problems were, use the option `--future-incompat-report`, or run `cargo report future-incompatibilities --id 1`
[INFO] running `Command { std: "docker" "inspect" "16727553503dc1e381d352b974b036c60fcd1e65769a54aa9c05dab01b518482", kill_on_drop: false }`
[INFO] running `Command { std: "docker" "rm" "-f" "16727553503dc1e381d352b974b036c60fcd1e65769a54aa9c05dab01b518482", kill_on_drop: false }`
[INFO] [stdout] 16727553503dc1e381d352b974b036c60fcd1e65769a54aa9c05dab01b518482
[INFO] running `Command { std: "docker" "create" "-v" "/var/lib/crater-agent-workspace/builds/worker-3-tc1/target:/opt/rustwide/target:rw,Z" "-v" "/var/lib/crater-agent-workspace/builds/worker-3-tc1/source:/opt/rustwide/workdir:ro,Z" "-v" "/var/lib/crater-agent-workspace/cargo-home:/opt/rustwide/cargo-home:ro,Z" "-v" "/var/lib/crater-agent-workspace/rustup-home:/opt/rustwide/rustup-home:ro,Z" "-e" "SOURCE_DIR=/opt/rustwide/workdir" "-e" "CARGO_TARGET_DIR=/opt/rustwide/target" "-e" "CARGO_INCREMENTAL=0" "-e" "RUST_BACKTRACE=full" "-e" "RUSTFLAGS=--cap-lints=warn" "-e" "RUSTDOCFLAGS=--cap-lints=warn" "-e" "CARGO_HOME=/opt/rustwide/cargo-home" "-e" "RUSTUP_HOME=/opt/rustwide/rustup-home" "-w" "/opt/rustwide/workdir" "-m" "1610612736" "--user" "0:0" "--network" "none" "ghcr.io/rust-lang/crates-build-env/linux@sha256:2788e3201cd34a07e3172128adcd8b3090168a8e3bcc40d7c032b9dda1df7d1c" "/opt/rustwide/cargo-home/bin/cargo" "+1.75.0" "test" "--frozen", kill_on_drop: false }`
[INFO] [stdout] 07d198c9113d732d55c0f89bf3839a38a657fd15a246fcb30c1773619c2c06e5
[INFO] running `Command { std: "docker" "start" "-a" "07d198c9113d732d55c0f89bf3839a38a657fd15a246fcb30c1773619c2c06e5", kill_on_drop: false }`
[INFO] [stderr] warning: unused import: `node_enum_to_string`
[INFO] [stderr]  --> src/parser/utils/mod.rs:6:5
[INFO] [stderr]   |
[INFO] [stderr] 6 |     node_enum_to_string, node_to_embed_constraint, node_to_string, type_name_to_string,
[INFO] [stderr]   |     ^^^^^^^^^^^^^^^^^^^
[INFO] [stderr]   |
[INFO] [stderr]   = note: `#[warn(unused_imports)]` on by default
[INFO] [stderr] 
[INFO] [stderr] warning: `renovate` (lib) generated 1 warning (run `cargo fix --lib -p renovate` to apply 1 suggestion)
[INFO] [stderr] warning: `renovate` (lib test) generated 1 warning (1 duplicate)
[INFO] [stderr]     Finished test [unoptimized + debuginfo] target(s) in 0.57s
[INFO] [stderr] warning: the following packages contain code that will be rejected by a future version of Rust: fs_extra v1.2.0
[INFO] [stderr] note: to see what the problems were, use the option `--future-incompat-report`, or run `cargo report future-incompatibilities --id 1`
[INFO] [stderr]      Running unittests src/lib.rs (/opt/rustwide/target/debug/deps/renovate-d82a11bcc4916a14)
[INFO] [stdout] 
[INFO] [stdout] running 61 tests
[INFO] [stdout] test config::tests::remote_url_should_generate_equivalent_local_url ... ok
[INFO] [stdout] test parser::mview::tests::mview_should_parse ... ok
[INFO] [stdout] test parser::composite_type::tests::composite_type_should_parse ... ok
[INFO] [stdout] test parser::function::tests::valid_create_function_sql_should_parse ... ok
[INFO] [stdout] test parser::privilege::tests::grant_all_should_parse ... ok
[INFO] [stdout] test parser::sequence::tests::sequence_should_parse ... ok
[INFO] [stdout] test parser::enum_type::tests::enum_type_should_parse ... ok
[INFO] [stdout] test parser::function::tests::unchanged_function_should_return_none ... ok
[INFO] [stdout] test parser::table::column::constraint_info::tests::test_constraint_info_for_default_function ... ok
[INFO] [stdout] test parser::table::column::constraint_info::tests::test_constraint_info_for_default_value ... ok
[INFO] [stdout] test parser::privilege::tests::grand_diff_change_owner_should_work ... ok
[INFO] [stdout] test parser::privilege::tests::grant_partial_should_parse ... ok
[INFO] [stdout] test parser::enum_type::tests::composite_type_should_generate_drop_create_plan ... ok
[INFO] [stdout] test parser::mview::tests::test_mview_migration ... ok
[INFO] [stdout] test parser::composite_type::tests::composite_type_should_generate_drop_create_plan ... ok
[INFO] [stdout] test parser::privilege::tests::grant_diff_drop_should_work ... ok
[INFO] [stdout] test parser::privilege::tests::grand_diff_change_to_all_should_work ... ok
[INFO] [stdout] test parser::sequence::tests::test_sequence_migration ... ok
[INFO] [stdout] test parser::function::tests::function_add_new_args_should_be_treated_as_new_function ... ok
[INFO] [stdout] test parser::table::column::constraint_info::tests::table_rename_constraint_should_work ... ok
[INFO] [stdout] test parser::table::column::tests::table_add_column_with_default_function_should_work ... ok
[INFO] [stdout] test parser::function::tests::function_change_content_should_generate_migration ... ok
[INFO] [stdout] test parser::privilege::tests::grant_diff_create_should_work ... ok
[INFO] [stdout] test parser::function::tests::function_change_arg_type_should_generate_migration ... ok
[INFO] [stdout] test parser::table::column::tests::table_add_column_array_type_should_work ... ok
[INFO] [stdout] test parser::privilege::tests::grant_diff_alter_should_work ... ok
[INFO] [stdout] test parser::table::table_owner::tests::table_owner_to_should_parse ... ok
[INFO] [stdout] test parser::table::column::tests::table_add_column_with_default_value_should_work ... ok
[INFO] [stdout] test parser::table::table_index::tests::index_should_parse ... ok
[INFO] [stdout] test parser::table::column::tests::table_change_column_type_should_work ... ok
[INFO] [stdout] test parser::table::column::tests::simple_table_rename_column_should_work ... ok
[INFO] [stdout] test parser::table::table_index::tests::unchanged_index_should_return_none ... ok
[INFO] [stdout] test parser::table::table_constraint::tests::alter_table_constraint_should_parse ... ok
[INFO] [stdout] test parser::table::table_constraint::tests::alter_table_constraint_should_revert ... ok
[INFO] [stdout] test parser::table::table_owner::tests::table_owner_to_should_revert ... ok
[INFO] [stdout] test parser::table::table_rls::tests::table_rls_should_revert ... ok
[INFO] [stdout] test parser::table::table_rls::tests::table_rls_should_parse ... ok
[INFO] [stdout] test parser::table::table_policy::tests::policy_should_parse ... ok
[INFO] [stdout] test parser::table::table_policy::tests::unchanged_policy_should_return_none ... ok
[INFO] [stdout] test parser::table::table_constraint::tests::alter_table_constraint_migration_should_drop_and_create ... ok
[INFO] [stdout] test parser::table::column::tests::table_change_column_array_type_should_work ... ok
[INFO] [stdout] test parser::table::table_sequence::tests::alter_table_set_default_sequence_should_parse ... ok
[INFO] [stdout] test parser::table::table_rls::tests::table_rls_should_generate_drop_create_migration ... ok
[INFO] [stdout] test parser::table::table_index::tests::changed_index_should_generate_migration ... ok
[INFO] [stdout] test parser::table::table_owner::tests::table_owner_to_should_generate_drop_create_migration ... ok
[INFO] [stdout] test parser::table::table_trigger::tests::trigger_should_parse ... ok
[INFO] [stdout] test parser::table::table_constraint::tests::alter_table_unique_constraint_migration_should_drop_and_create ... ok
[INFO] [stdout] test parser::table::table_sequence::tests::alter_table_set_default_sequence_should_revert ... ok
[INFO] [stdout] test parser::table::tests::test_parse_and_to_string ... ok
[INFO] [stdout] test parser::view::tests::view_should_parse ... ok
[INFO] [stdout] test parser::table::tests::same_table_should_generate_valid_plan ... ok
[INFO] [stdout] test parser::table::tests::table_should_be_parsed_correctly ... ok
[INFO] [stdout] test parser::table::table_sequence::tests::alter_table_set_default_sequence_migration_should_drop_and_create ... ok
[INFO] [stdout] test parser::view::tests::test_view_migration ... ok
[INFO] [stdout] test parser::table::table_trigger::tests::trigger_diff_should_work ... ok
[INFO] [stdout] test parser::table::table_policy::tests::changed_policy_should_generate_migration ... ok
[INFO] [stdout] test parser::table::tests::table_should_generate_valid_plan ... ok
[INFO] [stdout] test parser::table::column::tests::table_rename_column_should_work ... ok
[INFO] [stdout] test parser::table::tests::table_level_constraint_should_generate_correct_migration ... ok
[INFO] [stdout] test schema::tests::database_schema_plan_should_work ... ok
[INFO] [stdout] test repo::git::tests::git_repo_should_work ... ok
[INFO] [stdout] 
[INFO] [stdout] test result: ok. 61 passed; 0 failed; 0 ignored; 0 measured; 0 filtered out; finished in 0.34s
[INFO] [stdout] 
[INFO] [stderr]      Running unittests src/main.rs (/opt/rustwide/target/debug/deps/renovate-ece1cb64dce9877e)
[INFO] [stdout] 
[INFO] [stdout] running 0 tests
[INFO] [stdout] 
[INFO] [stdout] test result: ok. 0 passed; 0 failed; 0 ignored; 0 measured; 0 filtered out; finished in 0.00s
[INFO] [stdout] 
[INFO] [stderr]      Running tests/cli_tests.rs (/opt/rustwide/target/debug/deps/cli_tests-41b4de6522e5609e)
[INFO] [stdout] 
[INFO] [stdout] running 1 test
[INFO] [stderr] Testing tests/cmd/help.toml ... failed
[INFO] [stderr] Exit: success
[INFO] [stderr] 
[INFO] [stderr] ---- expected: stdout
[INFO] [stderr] ++++ actual:   stdout
[INFO] [stderr]    1    1 | renovate [..]
[INFO] [stderr]    2    2 | A new way to handle Postgres schema migration.
[INFO] [stderr]    3    3 | 
[INFO] [stderr]    4    4 | USAGE:
[INFO] [stderr]    5      -     renovate [OPTIONS] <SUBCOMMAND>
[INFO] [stderr]         5 +     renovate <SUBCOMMAND>
[INFO] [stderr]    6    6 | 
[INFO] [stderr]    7    7 | OPTIONS:
[INFO] [stderr]    8      -         --drop-on-exit    drop database on exit (for testing purpose only)
[INFO] [stderr]    9      -     -h, --help            Print help information
[INFO] [stderr]   10      -     -V, --version         Print version information
[INFO] [stderr]         8 +     -h, --help       Print help information
[INFO] [stderr]         9 +     -V, --version    Print version information
[INFO] [stderr]   11   10 | 
[INFO] [stderr]   12   11 | SUBCOMMANDS:
[INFO] [stderr]   13   12 |     generate    generate something
[INFO] [stderr]   14   13 |     help        Print this message or the help of the given subcommand(s)
[INFO] [stderr]   15   14 |     schema      Schema migration
[INFO] [stderr] stderr:
[INFO] [stderr] 
[INFO] [stderr] Testing README.md:89 ... failed
[INFO] [stderr] Exit: 2
[INFO] [stderr] 
[INFO] [stderr] ---- expected: stdout
[INFO] [stderr] ++++ actual:   stdout
[INFO] [stderr]    1    1 | renovate-schema[..]
[INFO] [stderr]    2    2 | Schema migration
[INFO] [stderr]    3    3 | 
[INFO] [stderr]    4    4 | USAGE:
[INFO] [stderr]    5      -     renovate schema [OPTIONS] <SUBCOMMAND>
[INFO] [stderr]         5 +     renovate schema <SUBCOMMAND>
[INFO] [stderr]    6    6 | 
[INFO] [stderr]    7    7 | OPTIONS:
[INFO] [stderr]    8      -         --drop-on-exit    drop database on exit (for testing purpose only)
[INFO] [stderr]    9      -     -h, --help            Print help information
[INFO] [stderr]         8 +     -h, --help    Print help information
[INFO] [stderr]   10    9 | 
[INFO] [stderr]   11   10 | SUBCOMMANDS:
[INFO] [stderr]   12   11 |     apply        apply the migration plan to the remote database server
[INFO] [stderr]   13   12 |     fetch        fetch the most recent schema from the remote database server
[INFO] [stderr]   14   13 |     help         Print this message or the help of the given subcommand(s)
[INFO] [stderr]   15   14 |     init         init a database migration repo
[INFO] [stderr]   16   15 |     normalize    normalize local schema via a temp local database
[INFO] [stderr]   17   16 |     plan         diff the local change and remote state, then make a migration plan
[INFO] [stderr] stderr:
[INFO] [stderr] 
[INFO] [stderr] Testing tests/cmd/help_schema.toml ... failed
[INFO] [stderr] Exit: success
[INFO] [stderr] 
[INFO] [stderr] ---- expected: stdout
[INFO] [stderr] ++++ actual:   stdout
[INFO] [stderr]    1    1 | renovate-schema[..]
[INFO] [stderr]    2    2 | Schema migration
[INFO] [stderr]    3    3 | 
[INFO] [stderr]    4    4 | USAGE:
[INFO] [stderr]    5      -     renovate schema [OPTIONS] <SUBCOMMAND>
[INFO] [stderr]         5 +     renovate schema <SUBCOMMAND>
[INFO] [stderr]    6    6 | 
[INFO] [stderr]    7    7 | OPTIONS:
[INFO] [stderr]    8      -         --drop-on-exit    drop database on exit (for testing purpose only)
[INFO] [stderr]    9      -     -h, --help            Print help information
[INFO] [stderr]         8 +     -h, --help    Print help information
[INFO] [stderr]   10    9 | 
[INFO] [stderr]   11   10 | SUBCOMMANDS:
[INFO] [stderr]   12   11 |     apply        apply the migration plan to the remote database server
[INFO] [stderr]   13   12 |     fetch        fetch the most recent schema from the remote database server
[INFO] [stderr]   14   13 |     help         Print this message or the help of the given subcommand(s)
[INFO] [stderr]   15   14 |     init         init a database migration repo
[INFO] [stderr]   16   15 |     normalize    normalize local schema via a temp local database
[INFO] [stderr]   17   16 |     plan         diff the local change and remote state, then make a migration plan
[INFO] [stderr] stderr:
[INFO] [stderr] 
[INFO] [stderr] Testing tests/cmd/normalize.toml ... failed
[INFO] [stderr] Expected success, was 2
[INFO] [stderr] stdout:
[INFO] [stderr] 
[INFO] [stderr] 
[INFO] [stderr] ---- expected: stderr
[INFO] [stderr] ++++ actual:   stderr
[INFO] [stderr]         1 + error: Found argument '--drop-on-exit' which wasn't expected, or isn't valid in this context
[INFO] [stderr]         2 + 
[INFO] [stderr]         3 + 	If you tried to supply `--drop-on-exit` as a value rather than a flag, use `-- --drop-on-exit`
[INFO] [stderr]         4 + 
[INFO] [stderr]         5 + USAGE:
[INFO] [stderr]         6 +     renovate schema normalize
[INFO] [stderr]         7 + 
[INFO] [stderr]         8 + For more information try --help
[INFO] [stderr] Testing tests/cmd/normalize.toml:teardown ... failed
[INFO] [stderr] Failed: Files left in unexpected state
[INFO] [stderr] 
[INFO] [stderr] tests/cmd/normalize.out: is good
[INFO] [stderr] tests/cmd/normalize.out/renovate.yml: is good
[INFO] [stderr] tests/cmd/normalize.out/public: Expected dir, was missing
[INFO] [stderr] tests/cmd/normalize.out/public/04_tables.sql: Expected file, was missing
[INFO] [stderr] Testing tests/cmd/init.toml ... failed
[INFO] [stderr] Expected success, was 2
[INFO] [stderr] 
[INFO] [stderr] ---- expected: stdout
[INFO] [stderr] ++++ actual:   stdout
[INFO] [stderr]    1      - Database schema for postgres://postgres:postgres@localhost:5432/_test1234 has successfully dumped into ./_test1234.
[INFO] [stderr] 
[INFO] [stderr] ---- expected: stderr
[INFO] [stderr] ++++ actual:   stderr
[INFO] [stderr]         1 + error: Found argument '--drop-on-exit' which wasn't expected, or isn't valid in this context
[INFO] [stderr]         2 + 
[INFO] [stderr]         3 + 	If you tried to supply `--drop-on-exit` as a value rather than a flag, use `-- --drop-on-exit`
[INFO] [stderr]         4 + 
[INFO] [stderr]         5 + USAGE:
[INFO] [stderr]         6 +     renovate schema init <URL>
[INFO] [stderr]         7 + 
[INFO] [stderr]         8 + For more information try --help
[INFO] [stderr] Testing tests/cmd/init.toml:teardown ... ok
[INFO] [stderr] Testing tests/cmd/plan.toml ... failed
[INFO] [stderr] Expected success, was 1
[INFO] [stderr] 
[INFO] [stderr] ---- expected: stdout
[INFO] [stderr] ++++ actual:   stdout
[INFO] [stderr]    1      - The following SQLs will be applied:
[INFO] [stderr]    2      - 
[INFO] [stderr]    3      - CREATE SCHEMA IF NOT EXISTS public;
[INFO] [stderr]    4      - CREATE SEQUENCE public.todos_id_seq START 1 INCREMENT 1 NO MINVALUE NO MAXVALUE CACHE 1;
[INFO] [stderr]    5      - CREATE TABLE public.todos (
[INFO] [stderr]    6      -     id bigint NOT NULL,
[INFO] [stderr]    7      -     title text,
[INFO] [stderr]    8      -     completed boolean
[INFO] [stderr]    9      - );
[INFO] [stderr]   10      - ALTER TABLE
[INFO] [stderr]   11      -     ONLY public.todos
[INFO] [stderr]   12      - ALTER COLUMN
[INFO] [stderr]   13      -     id
[INFO] [stderr]   14      - SET
[INFO] [stderr]   15      -     DEFAULT nextval('public.todos_id_seq' :: regclass);
[INFO] [stderr]   16      - ALTER TABLE
[INFO] [stderr]   17      -     ONLY public.todos
[INFO] [stderr]   18      - ADD
[INFO] [stderr]   19      -     CONSTRAINT todos_pkey PRIMARY KEY (id);
[INFO] [stderr]   20      - ALTER TABLE
[INFO] [stderr]   21      -     public.todos OWNER TO postgres;
[INFO] [stderr]   22      - ALTER TABLE
[INFO] [stderr]   23      -     public.todos_id_seq OWNER TO postgres;
[INFO] [stderr] 
[INFO] [stderr] ---- expected: stderr
[INFO] [stderr] ++++ actual:   stderr
[INFO] [stderr]         1 + Error: error communicating with database: Cannot assign requested address (os error 99)
[INFO] [stderr]         2 + 
[INFO] [stderr]         3 + Caused by:
[INFO] [stderr]         4 +     Cannot assign requested address (os error 99)
[INFO] [stderr] Update snapshots with `TRYCMD=overwrite`
[INFO] [stderr] Debug output with `TRYCMD=dump`
[INFO] [stdout] test cli_tests ... FAILED
[INFO] [stdout] 
[INFO] [stdout] failures:
[INFO] [stdout] 
[INFO] [stdout] ---- cli_tests stdout ----
[INFO] [stdout] thread 'cli_tests' panicked at /opt/rustwide/cargo-home/registry/src/index.crates.io-6f17d22bba15001f/trycmd-0.14.10/src/runner.rs:93:17:
[INFO] [stdout] 7 of 6 tests failed
[INFO] [stdout] stack backtrace:
[INFO] [stdout]    0:     0x55710d8c5f8c - std::backtrace_rs::backtrace::libunwind::trace::ha637c64ce894333a
[INFO] [stdout]                                at /rustc/82e1608dfa6e0b5569232559e3d385fea5a93112/library/std/src/../../backtrace/src/backtrace/libunwind.rs:104:5
[INFO] [stdout]    1:     0x55710d8c5f8c - std::backtrace_rs::backtrace::trace_unsynchronized::h47f62dea28e0c88d
[INFO] [stdout]                                at /rustc/82e1608dfa6e0b5569232559e3d385fea5a93112/library/std/src/../../backtrace/src/backtrace/mod.rs:66:5
[INFO] [stdout]    2:     0x55710d8c5f8c - std::sys_common::backtrace::_print_fmt::h9eef0abe20ede486
[INFO] [stdout]                                at /rustc/82e1608dfa6e0b5569232559e3d385fea5a93112/library/std/src/sys_common/backtrace.rs:67:5
[INFO] [stdout]    3:     0x55710d8c5f8c - <std::sys_common::backtrace::_print::DisplayBacktrace as core::fmt::Display>::fmt::hed7f999df88cc644
[INFO] [stdout]                                at /rustc/82e1608dfa6e0b5569232559e3d385fea5a93112/library/std/src/sys_common/backtrace.rs:44:22
[INFO] [stdout]    4:     0x55710d8f32c0 - core::fmt::rt::Argument::fmt::h1539a9308b8d058d
[INFO] [stdout]                                at /rustc/82e1608dfa6e0b5569232559e3d385fea5a93112/library/core/src/fmt/rt.rs:142:9
[INFO] [stdout]    5:     0x55710d8f32c0 - core::fmt::write::h3a39390d8560d9c9
[INFO] [stdout]                                at /rustc/82e1608dfa6e0b5569232559e3d385fea5a93112/library/core/src/fmt/mod.rs:1120:17
[INFO] [stdout]    6:     0x55710d8c2aaf - std::io::Write::write_fmt::h040b369f3a0f9cbc
[INFO] [stdout]                                at /rustc/82e1608dfa6e0b5569232559e3d385fea5a93112/library/std/src/io/mod.rs:1762:15
[INFO] [stdout]    7:     0x55710d8c5d74 - std::sys_common::backtrace::_print::h894006fb5c6f3d45
[INFO] [stdout]                                at /rustc/82e1608dfa6e0b5569232559e3d385fea5a93112/library/std/src/sys_common/backtrace.rs:47:5
[INFO] [stdout]    8:     0x55710d8c5d74 - std::sys_common::backtrace::print::h23a2d212c6fff936
[INFO] [stdout]                                at /rustc/82e1608dfa6e0b5569232559e3d385fea5a93112/library/std/src/sys_common/backtrace.rs:34:9
[INFO] [stdout]    9:     0x55710d8c8057 - std::panicking::default_hook::{{closure}}::h8a1d2ee00185001a
[INFO] [stdout]   10:     0x55710d8c7d43 - std::panicking::default_hook::h6038f2eba384e475
[INFO] [stdout]                                at /rustc/82e1608dfa6e0b5569232559e3d385fea5a93112/library/std/src/panicking.rs:289:9
[INFO] [stdout]   11:     0x55710d894a67 - <alloc::boxed::Box<F,A> as core::ops::function::Fn<Args>>::call::h0ad024c9bdc6d768
[INFO] [stdout]                                at /rustc/82e1608dfa6e0b5569232559e3d385fea5a93112/library/alloc/src/boxed.rs:2021:9
[INFO] [stdout]   12:     0x55710d894a67 - test::test_main::{{closure}}::h7500b54257359db6
[INFO] [stdout]                                at /rustc/82e1608dfa6e0b5569232559e3d385fea5a93112/library/test/src/lib.rs:138:21
[INFO] [stdout]   13:     0x55710d8c8668 - <alloc::boxed::Box<F,A> as core::ops::function::Fn<Args>>::call::h1f8f335eaa9cfaee
[INFO] [stdout]                                at /rustc/82e1608dfa6e0b5569232559e3d385fea5a93112/library/alloc/src/boxed.rs:2021:9
[INFO] [stdout]   14:     0x55710d8c8668 - std::panicking::rust_panic_with_hook::h2b5517d590cab22e
[INFO] [stdout]                                at /rustc/82e1608dfa6e0b5569232559e3d385fea5a93112/library/std/src/panicking.rs:783:13
[INFO] [stdout]   15:     0x55710d8c83be - std::panicking::begin_panic_handler::{{closure}}::h233112c06e0ef43e
[INFO] [stdout]                                at /rustc/82e1608dfa6e0b5569232559e3d385fea5a93112/library/std/src/panicking.rs:657:13
[INFO] [stdout]   16:     0x55710d8c6456 - std::sys_common::backtrace::__rust_end_short_backtrace::h6e893f24d7ebbff8
[INFO] [stdout]                                at /rustc/82e1608dfa6e0b5569232559e3d385fea5a93112/library/std/src/sys_common/backtrace.rs:170:18
[INFO] [stdout]   17:     0x55710d8c8122 - rust_begin_unwind
[INFO] [stdout]                                at /rustc/82e1608dfa6e0b5569232559e3d385fea5a93112/library/std/src/panicking.rs:645:5
[INFO] [stdout]   18:     0x55710d57e8b5 - core::panicking::panic_fmt::hbf0e066aabfa482c
[INFO] [stdout]                                at /rustc/82e1608dfa6e0b5569232559e3d385fea5a93112/library/core/src/panicking.rs:72:14
[INFO] [stdout]   19:     0x55710d5a48eb - trycmd::runner::Runner::run::h75303c9c9492ea62
[INFO] [stdout]                                at /opt/rustwide/cargo-home/registry/src/index.crates.io-6f17d22bba15001f/trycmd-0.14.10/src/runner.rs:93:17
[INFO] [stdout]   20:     0x55710d5d5d23 - trycmd::cases::TestCases::run::h9fd192612dc620f0
[INFO] [stdout]                                at /opt/rustwide/cargo-home/registry/src/index.crates.io-6f17d22bba15001f/trycmd-0.14.10/src/cases.rs:165:9
[INFO] [stdout]   21:     0x55710d5d5dca - <trycmd::cases::TestCases as core::ops::drop::Drop>::drop::ha1a5c23f83c0cc6e
[INFO] [stdout]                                at /opt/rustwide/cargo-home/registry/src/index.crates.io-6f17d22bba15001f/trycmd-0.14.10/src/cases.rs:175:13
[INFO] [stdout]   22:     0x55710d5b7b47 - core::ptr::drop_in_place<trycmd::cases::TestCases>::hffbfa3fac981dcb6
[INFO] [stdout]                                at /rustc/82e1608dfa6e0b5569232559e3d385fea5a93112/library/core/src/ptr/mod.rs:498:1
[INFO] [stdout]   23:     0x55710d57f82e - cli_tests::cli_tests::h1b3a2b2afc6dc07e
[INFO] [stdout]                                at /opt/rustwide/workdir/tests/cli_tests.rs:5:27
[INFO] [stdout]   24:     0x55710d57f797 - cli_tests::cli_tests::{{closure}}::ha6410a5893fac959
[INFO] [stdout]                                at /opt/rustwide/workdir/tests/cli_tests.rs:2:15
[INFO] [stdout]   25:     0x55710d57f416 - core::ops::function::FnOnce::call_once::h5bedc7c5919e8453
[INFO] [stdout]                                at /rustc/82e1608dfa6e0b5569232559e3d385fea5a93112/library/core/src/ops/function.rs:250:5
[INFO] [stdout]   26:     0x55710d89a0bf - core::ops::function::FnOnce::call_once::h2b5d431d5046312d
[INFO] [stdout]                                at /rustc/82e1608dfa6e0b5569232559e3d385fea5a93112/library/core/src/ops/function.rs:250:5
[INFO] [stdout]   27:     0x55710d89a0bf - test::__rust_begin_short_backtrace::h7714669af176e207
[INFO] [stdout]                                at /rustc/82e1608dfa6e0b5569232559e3d385fea5a93112/library/test/src/lib.rs:628:18
[INFO] [stdout]   28:     0x55710d8990d5 - test::run_test_in_process::{{closure}}::h85218797dcbcec12
[INFO] [stdout]                                at /rustc/82e1608dfa6e0b5569232559e3d385fea5a93112/library/test/src/lib.rs:651:60
[INFO] [stdout]   29:     0x55710d8990d5 - <core::panic::unwind_safe::AssertUnwindSafe<F> as core::ops::function::FnOnce<()>>::call_once::h76c106ea31c14d7b
[INFO] [stdout]                                at /rustc/82e1608dfa6e0b5569232559e3d385fea5a93112/library/core/src/panic/unwind_safe.rs:272:9
[INFO] [stdout]   30:     0x55710d8990d5 - std::panicking::try::do_call::h3bd5d0f6620ee946
[INFO] [stdout]                                at /rustc/82e1608dfa6e0b5569232559e3d385fea5a93112/library/std/src/panicking.rs:552:40
[INFO] [stdout]   31:     0x55710d8990d5 - std::panicking::try::h232e535e4744fe31
[INFO] [stdout]                                at /rustc/82e1608dfa6e0b5569232559e3d385fea5a93112/library/std/src/panicking.rs:516:19
[INFO] [stdout]   32:     0x55710d8990d5 - std::panic::catch_unwind::h3ce3bd6ca8dbac68
[INFO] [stdout]                                at /rustc/82e1608dfa6e0b5569232559e3d385fea5a93112/library/std/src/panic.rs:142:14
[INFO] [stdout]   33:     0x55710d8990d5 - test::run_test_in_process::hc97b257c9621286a
[INFO] [stdout]                                at /rustc/82e1608dfa6e0b5569232559e3d385fea5a93112/library/test/src/lib.rs:651:27
[INFO] [stdout]   34:     0x55710d8990d5 - test::run_test::{{closure}}::h2aa798823a438d38
[INFO] [stdout]                                at /rustc/82e1608dfa6e0b5569232559e3d385fea5a93112/library/test/src/lib.rs:574:43
[INFO] [stdout]   35:     0x55710d861396 - test::run_test::{{closure}}::h87d231c78fb59832
[INFO] [stdout]                                at /rustc/82e1608dfa6e0b5569232559e3d385fea5a93112/library/test/src/lib.rs:602:41
[INFO] [stdout]   36:     0x55710d861396 - std::sys_common::backtrace::__rust_begin_short_backtrace::he6df152596625789
[INFO] [stdout]                                at /rustc/82e1608dfa6e0b5569232559e3d385fea5a93112/library/std/src/sys_common/backtrace.rs:154:18
[INFO] [stdout]   37:     0x55710d866447 - std::thread::Builder::spawn_unchecked_::{{closure}}::{{closure}}::ha94be15d1e0acf36
[INFO] [stdout]                                at /rustc/82e1608dfa6e0b5569232559e3d385fea5a93112/library/std/src/thread/mod.rs:529:17
[INFO] [stdout]   38:     0x55710d866447 - <core::panic::unwind_safe::AssertUnwindSafe<F> as core::ops::function::FnOnce<()>>::call_once::h9dc6bd6372f16606
[INFO] [stdout]                                at /rustc/82e1608dfa6e0b5569232559e3d385fea5a93112/library/core/src/panic/unwind_safe.rs:272:9
[INFO] [stdout]   39:     0x55710d866447 - std::panicking::try::do_call::h9057517f80303cd4
[INFO] [stdout]                                at /rustc/82e1608dfa6e0b5569232559e3d385fea5a93112/library/std/src/panicking.rs:552:40
[INFO] [stdout]   40:     0x55710d866447 - std::panicking::try::he3a30b11ee45340c
[INFO] [stdout]                                at /rustc/82e1608dfa6e0b5569232559e3d385fea5a93112/library/std/src/panicking.rs:516:19
[INFO] [stdout]   41:     0x55710d866447 - std::panic::catch_unwind::h410458cfd3528b8b
[INFO] [stdout]                                at /rustc/82e1608dfa6e0b5569232559e3d385fea5a93112/library/std/src/panic.rs:142:14
[INFO] [stdout]   42:     0x55710d866447 - std::thread::Builder::spawn_unchecked_::{{closure}}::h72ac3bdb567b737b
[INFO] [stdout]                                at /rustc/82e1608dfa6e0b5569232559e3d385fea5a93112/library/std/src/thread/mod.rs:528:30
[INFO] [stdout]   43:     0x55710d866447 - core::ops::function::FnOnce::call_once{{vtable.shim}}::h38f34da3654a8344
[INFO] [stdout]                                at /rustc/82e1608dfa6e0b5569232559e3d385fea5a93112/library/core/src/ops/function.rs:250:5
[INFO] [stdout]   44:     0x55710d8ceb25 - <alloc::boxed::Box<F,A> as core::ops::function::FnOnce<Args>>::call_once::hc7eafaff61e32df9
[INFO] [stdout]                                at /rustc/82e1608dfa6e0b5569232559e3d385fea5a93112/library/alloc/src/boxed.rs:2007:9
[INFO] [stdout]   45:     0x55710d8ceb25 - <alloc::boxed::Box<F,A> as core::ops::function::FnOnce<Args>>::call_once::h6ba4a5de48dd2304
[INFO] [stdout]                                at /rustc/82e1608dfa6e0b5569232559e3d385fea5a93112/library/alloc/src/boxed.rs:2007:9
[INFO] [stdout]   46:     0x55710d8ceb25 - std::sys::unix::thread::Thread::new::thread_start::he469335aef763e45
[INFO] [stdout]                                at /rustc/82e1608dfa6e0b5569232559e3d385fea5a93112/library/std/src/sys/unix/thread.rs:108:17
[INFO] [stdout]   47:     0x7f7e887b8ac3 - <unknown>
[INFO] [stdout]   48:     0x7f7e88849bf4 - __clone
[INFO] [stdout]   49:                0x0 - <unknown>
[INFO] [stdout] 
[INFO] [stdout] 
[INFO] [stdout] failures:
[INFO] [stdout]     cli_tests
[INFO] [stdout] 
[INFO] [stdout] test result: FAILED. 0 passed; 1 failed; 0 ignored; 0 measured; 0 filtered out; finished in 0.19s
[INFO] [stdout] 
[INFO] [stderr] error: test failed, to rerun pass `--test cli_tests`
[INFO] running `Command { std: "docker" "inspect" "07d198c9113d732d55c0f89bf3839a38a657fd15a246fcb30c1773619c2c06e5", kill_on_drop: false }`
[INFO] running `Command { std: "docker" "rm" "-f" "07d198c9113d732d55c0f89bf3839a38a657fd15a246fcb30c1773619c2c06e5", kill_on_drop: false }`
[INFO] [stdout] 07d198c9113d732d55c0f89bf3839a38a657fd15a246fcb30c1773619c2c06e5
[INFO] testing renovate-0.2.23 against beta-2023-12-22 for beta-1.76-1
[INFO] extracting crate renovate 0.2.23 into /workspace/builds/worker-3-tc2/source
[INFO] validating manifest of crates.io crate renovate 0.2.23 on toolchain beta-2023-12-22
[INFO] running `Command { std: CARGO_HOME="/workspace/cargo-home" RUSTUP_HOME="/workspace/rustup-home" "/workspace/cargo-home/bin/cargo" "+beta-2023-12-22" "metadata" "--manifest-path" "Cargo.toml" "--no-deps", kill_on_drop: false }`
[INFO] started tweaking crates.io crate renovate 0.2.23
[INFO] finished tweaking crates.io crate renovate 0.2.23
[INFO] tweaked toml for crates.io crate renovate 0.2.23 written to /workspace/builds/worker-3-tc2/source/Cargo.toml
[INFO] crate crates.io crate renovate 0.2.23 already has a lockfile, it will not be regenerated
[INFO] running `Command { std: CARGO_HOME="/workspace/cargo-home" RUSTUP_HOME="/workspace/rustup-home" "/workspace/cargo-home/bin/cargo" "+beta-2023-12-22" "fetch" "--manifest-path" "Cargo.toml", kill_on_drop: false }`
[INFO] running `Command { std: "docker" "create" "-v" "/var/lib/crater-agent-workspace/builds/worker-3-tc2/target:/opt/rustwide/target:rw,Z" "-v" "/var/lib/crater-agent-workspace/builds/worker-3-tc2/source:/opt/rustwide/workdir:ro,Z" "-v" "/var/lib/crater-agent-workspace/cargo-home:/opt/rustwide/cargo-home:ro,Z" "-v" "/var/lib/crater-agent-workspace/rustup-home:/opt/rustwide/rustup-home:ro,Z" "-e" "SOURCE_DIR=/opt/rustwide/workdir" "-e" "CARGO_TARGET_DIR=/opt/rustwide/target" "-e" "CARGO_HOME=/opt/rustwide/cargo-home" "-e" "RUSTUP_HOME=/opt/rustwide/rustup-home" "-w" "/opt/rustwide/workdir" "-m" "1610612736" "--user" "0:0" "--network" "none" "ghcr.io/rust-lang/crates-build-env/linux@sha256:2788e3201cd34a07e3172128adcd8b3090168a8e3bcc40d7c032b9dda1df7d1c" "/opt/rustwide/cargo-home/bin/cargo" "+beta-2023-12-22" "metadata" "--no-deps" "--format-version=1", kill_on_drop: false }`
[INFO] [stdout] 76ca95da5cb53ea211fdc8bfa3cc31de49ac493e2cffa7aba68d47a48e2ef536
[INFO] running `Command { std: "docker" "start" "-a" "76ca95da5cb53ea211fdc8bfa3cc31de49ac493e2cffa7aba68d47a48e2ef536", kill_on_drop: false }`
[INFO] running `Command { std: "docker" "inspect" "76ca95da5cb53ea211fdc8bfa3cc31de49ac493e2cffa7aba68d47a48e2ef536", kill_on_drop: false }`
[INFO] running `Command { std: "docker" "rm" "-f" "76ca95da5cb53ea211fdc8bfa3cc31de49ac493e2cffa7aba68d47a48e2ef536", kill_on_drop: false }`
[INFO] [stdout] 76ca95da5cb53ea211fdc8bfa3cc31de49ac493e2cffa7aba68d47a48e2ef536
[INFO] running `Command { std: "docker" "create" "-v" "/var/lib/crater-agent-workspace/builds/worker-3-tc2/target:/opt/rustwide/target:rw,Z" "-v" "/var/lib/crater-agent-workspace/builds/worker-3-tc2/source:/opt/rustwide/workdir:ro,Z" "-v" "/var/lib/crater-agent-workspace/cargo-home:/opt/rustwide/cargo-home:ro,Z" "-v" "/var/lib/crater-agent-workspace/rustup-home:/opt/rustwide/rustup-home:ro,Z" "-e" "SOURCE_DIR=/opt/rustwide/workdir" "-e" "CARGO_TARGET_DIR=/opt/rustwide/target" "-e" "CARGO_INCREMENTAL=0" "-e" "RUST_BACKTRACE=full" "-e" "RUSTFLAGS=--cap-lints=warn" "-e" "RUSTDOCFLAGS=--cap-lints=warn" "-e" "CARGO_HOME=/opt/rustwide/cargo-home" "-e" "RUSTUP_HOME=/opt/rustwide/rustup-home" "-w" "/opt/rustwide/workdir" "-m" "1610612736" "--user" "0:0" "--network" "none" "ghcr.io/rust-lang/crates-build-env/linux@sha256:2788e3201cd34a07e3172128adcd8b3090168a8e3bcc40d7c032b9dda1df7d1c" "/opt/rustwide/cargo-home/bin/cargo" "+beta-2023-12-22" "build" "--frozen" "--message-format=json", kill_on_drop: false }`
[INFO] [stdout] a18d4972a3f4af50fae714a248789641edbf6197b807745585c31df6a5c92dc8
[INFO] running `Command { std: "docker" "start" "-a" "a18d4972a3f4af50fae714a248789641edbf6197b807745585c31df6a5c92dc8", kill_on_drop: false }`
[INFO] [stderr]    Compiling libc v0.2.139
[INFO] [stderr]    Compiling cfg-if v1.0.0
[INFO] [stderr]    Compiling autocfg v1.1.0
[INFO] [stderr]    Compiling version_check v0.9.4
[INFO] [stderr]    Compiling proc-macro2 v1.0.46
[INFO] [stderr]    Compiling unicode-ident v1.0.4
[INFO] [stderr]    Compiling quote v1.0.21
[INFO] [stderr]    Compiling once_cell v1.15.0
[INFO] [stderr]    Compiling syn v1.0.105
[INFO] [stderr]    Compiling memchr v2.5.0
[INFO] [stderr]    Compiling log v0.4.17
[INFO] [stderr]    Compiling typenum v1.16.0
[INFO] [stderr]    Compiling bytes v1.2.1
[INFO] [stderr]    Compiling either v1.8.0
[INFO] [stderr]    Compiling pin-project-lite v0.2.9
[INFO] [stderr]    Compiling subtle v2.4.1
[INFO] [stderr]    Compiling bitflags v1.3.2
[INFO] [stderr]    Compiling futures-core v0.3.25
[INFO] [stderr]    Compiling serde_derive v1.0.152
[INFO] [stderr]    Compiling unicode-segmentation v1.10.0
[INFO] [stderr]    Compiling serde v1.0.152
[INFO] [stderr]    Compiling itertools v0.10.5
[INFO] [stderr]    Compiling pkg-config v0.3.25
[INFO] [stderr]    Compiling ahash v0.7.6
[INFO] [stderr]    Compiling generic-array v0.14.6
[INFO] [stderr]    Compiling spin v0.5.2
[INFO] [stderr]    Compiling untrusted v0.7.1
[INFO] [stderr]    Compiling heck v0.4.0
[INFO] [stderr]    Compiling lazy_static v1.4.0
[INFO] [stderr]    Compiling indexmap v1.9.2
[INFO] [stderr]    Compiling anyhow v1.0.68
[INFO] [stderr]    Compiling minimal-lexical v0.2.1
[INFO] [stderr]    Compiling tinyvec_macros v0.1.0
[INFO] [stderr]    Compiling itoa v1.0.3
[INFO] [stderr]    Compiling fastrand v1.8.0
[INFO] [stderr]    Compiling tinyvec v1.6.0
[INFO] [stderr]    Compiling rustls v0.20.7
[INFO] [stderr]    Compiling thiserror v1.0.37
[INFO] [stderr]    Compiling unicode-bidi v0.3.8
[INFO] [stderr]    Compiling serde_json v1.0.85
[INFO] [stderr]    Compiling os_str_bytes v6.3.0
[INFO] [stderr]    Compiling ryu v1.0.11
[INFO] [stderr]    Compiling termcolor v1.1.3
[INFO] [stderr]    Compiling jobserver v0.1.25
[INFO] [stderr]    Compiling getrandom v0.2.8
[INFO] [stderr]    Compiling socket2 v0.4.7
[INFO] [stderr]    Compiling num_cpus v1.13.1
[INFO] [stderr]    Compiling mio v0.8.5
[INFO] [stderr]    Compiling cc v1.0.73
[INFO] [stderr]    Compiling nom v7.1.2
[INFO] [stderr]    Compiling atty v0.2.14
[INFO] [stderr]    Compiling clap_lex v0.2.4
[INFO] [stderr]    Compiling hashbrown v0.12.3
[INFO] [stderr]    Compiling tokio v1.23.1
[INFO] [stderr]    Compiling lock_api v0.4.9
[INFO] [stderr]    Compiling percent-encoding v2.2.0
[INFO] [stderr]    Compiling parking_lot_core v0.8.6
[INFO] [stderr]    Compiling glob v0.3.0
[INFO] [stderr]    Compiling base64 v0.13.1
[INFO] [stderr]    Compiling smallvec v1.9.0
[INFO] [stderr]    Compiling textwrap v0.16.0
[INFO] [stderr]    Compiling strsim v0.10.0
[INFO] [stderr]    Compiling cpufeatures v0.2.5
[INFO] [stderr]    Compiling form_urlencoded v1.1.0
[INFO] [stderr]    Compiling aho-corasick v0.7.19
[INFO] [stderr]    Compiling which v4.3.0
[INFO] [stderr]    Compiling unicode-normalization v0.1.22
[INFO] [stderr]    Compiling num-traits v0.2.15
[INFO] [stderr]    Compiling proc-macro-error-attr v1.0.4
[INFO] [stderr]    Compiling instant v0.1.12
[INFO] [stderr]    Compiling crossbeam-utils v0.8.14
[INFO] [stderr]    Compiling remove_dir_all v0.5.3
[INFO] [stderr]    Compiling paste v1.0.11
[INFO] [stderr]    Compiling regex-syntax v0.6.27
[INFO] [stderr]    Compiling futures-task v0.3.25
[INFO] [stderr]    Compiling scopeguard v1.1.0
[INFO] [stderr]    Compiling clang-sys v1.4.0
[INFO] [stderr]    Compiling ring v0.16.20
[INFO] [stderr]    Compiling tempfile v3.3.0
[INFO] [stderr]    Compiling idna v0.3.0
[INFO] [stderr]    Compiling cmake v0.1.48
[INFO] [stderr]    Compiling rand_core v0.6.4
[INFO] [stderr]    Compiling block-buffer v0.10.3
[INFO] [stderr]    Compiling crypto-common v0.1.6
[INFO] [stderr]    Compiling proc-macro-error v1.0.4
[INFO] [stderr]    Compiling digest v0.10.6
[INFO] [stderr]    Compiling futures-util v0.3.25
[INFO] [stderr]    Compiling event-listener v2.5.3
[INFO] [stderr]    Compiling futures-channel v0.3.25
[INFO] [stderr]    Compiling crossbeam-queue v0.3.8
[INFO] [stderr]    Compiling ppv-lite86 v0.2.17
[INFO] [stderr]    Compiling futures-sink v0.3.25
[INFO] [stderr]    Compiling parking_lot v0.11.2
[INFO] [stderr]    Compiling libz-sys v1.1.8
[INFO] [stderr]    Compiling prost-build v0.10.4
[INFO] [stderr]    Compiling onig_sys v69.8.1
[INFO] [stderr]    Compiling rand_chacha v0.3.1
[INFO] [stderr]    Compiling dirs-sys v0.3.7
[INFO] [stderr]    Compiling libloading v0.7.3
[INFO] [stderr]    Compiling humantime v2.1.0
[INFO] [stderr]    Compiling crc-catalog v2.1.0
[INFO] [stderr]    Compiling pin-utils v0.1.0
[INFO] [stderr]    Compiling fixedbitset v0.4.2
[INFO] [stderr]    Compiling bindgen v0.60.1
[INFO] [stderr]    Compiling crc32fast v1.3.2
[INFO] [stderr]    Compiling unicode_categories v0.1.1
[INFO] [stderr]    Compiling rustversion v1.0.11
[INFO] [stderr]    Compiling crc v3.0.0
[INFO] [stderr]    Compiling petgraph v0.6.2
[INFO] [stderr]    Compiling atoi v1.0.0
[INFO] [stderr]    Compiling sqlformat v0.2.0
[INFO] [stderr]    Compiling rand v0.8.5
[INFO] [stderr]    Compiling dirs v4.0.0
[INFO] [stderr]    Compiling cexpr v0.6.0
[INFO] [stderr]    Compiling futures-intrusive v0.4.2
[INFO] [stderr]    Compiling hmac v0.12.1
[INFO] [stderr]    Compiling stringprep v0.1.2
[INFO] [stderr]    Compiling clap v3.2.23
[INFO] [stderr]    Compiling hashlink v0.8.1
[INFO] [stderr]    Compiling rustls-pemfile v1.0.1
[INFO] [stderr]    Compiling slab v0.4.7
[INFO] [stderr]    Compiling polling v2.3.0
[INFO] [stderr]    Compiling thread_local v1.1.4
[INFO] [stderr]    Compiling lazycell v1.3.0
[INFO] [stderr]    Compiling regex v1.6.0
[INFO] [stderr]    Compiling multimap v0.8.3
[INFO] [stderr]    Compiling adler v1.0.2
[INFO] [stderr]    Compiling futures-io v0.3.24
[INFO] [stderr]    Compiling hex v0.4.3
[INFO] [stderr]    Compiling safemem v0.3.3
[INFO] [stderr]    Compiling rustc-hash v1.1.0
[INFO] [stderr]    Compiling parking v2.0.0
[INFO] [stderr]    Compiling byteorder v1.4.3
[INFO] [stderr]    Compiling waker-fn v1.1.0
[INFO] [stderr]    Compiling whoami v1.3.0
[INFO] [stderr]    Compiling dotenvy v0.15.6
[INFO] [stderr]    Compiling shlex v1.1.0
[INFO] [stderr]    Compiling time-core v0.1.0
[INFO] [stderr]    Compiling peeking_take_while v0.1.2
[INFO] [stderr]    Compiling time v0.3.17
[INFO] [stderr]    Compiling futures-lite v1.12.0
[INFO] [stderr]    Compiling line-wrap v0.1.1
[INFO] [stderr]    Compiling miniz_oxide v0.6.2
[INFO] [stderr]    Compiling hkdf v0.12.3
[INFO] [stderr]    Compiling url v2.3.1
[INFO] [stderr]    Compiling env_logger v0.9.1
[INFO] [stderr]    Compiling sha2 v0.10.6
[INFO] [stderr]    Compiling md-5 v0.10.5
[INFO] [stderr]    Compiling sha1 v0.10.5
[INFO] [stderr]    Compiling libgit2-sys v0.14.0+1.5.0
[INFO] [stderr]    Compiling async-io v1.9.0
[INFO] [stderr]    Compiling tracing-core v0.1.30
[INFO] [stderr]    Compiling fs_extra v1.2.0
[INFO] [stderr]    Compiling async-trait v0.1.60
[INFO] [stderr]    Compiling unicode-width v0.1.10
[INFO] [stderr]    Compiling xml-rs v0.8.4
[INFO] [stderr]    Compiling cache-padded v1.2.0
[INFO] [stderr]    Compiling linked-hash-map v0.5.6
[INFO] [stderr]    Compiling same-file v1.0.6
[INFO] [stderr]    Compiling signal-hook v0.3.14
[INFO] [stderr]    Compiling concurrent-queue v1.2.4
[INFO] [stderr]    Compiling walkdir v2.3.2
[INFO] [stderr]    Compiling yaml-rust v0.4.5
[INFO] [stderr]    Compiling console v0.15.4
[INFO] [stderr]    Compiling tokio-stream v0.1.11
[INFO] [stderr]    Compiling flate2 v1.0.25
[INFO] [stderr]    Compiling webpki v0.22.0
[INFO] [stderr]    Compiling sct v0.7.0
[INFO] [stderr]    Compiling fuzzy-matcher v0.3.7
[INFO] [stderr]    Compiling webpki-roots v0.22.6
[INFO] [stderr]    Compiling signal-hook-registry v1.4.0
[INFO] [stderr]    Compiling async-process v1.6.0
[INFO] [stderr]    Compiling fnv v1.0.7
[INFO] [stderr]    Compiling overload v0.1.1
[INFO] [stderr]    Compiling zeroize v1.5.7
[INFO] [stderr]    Compiling nu-ansi-term v0.46.0
[INFO] [stderr]    Compiling dialoguer v0.10.2
[INFO] [stderr]    Compiling tracing-log v0.1.3
[INFO] [stderr]    Compiling async-lock v2.6.0
[INFO] [stderr]    Compiling sharded-slab v0.1.4
[INFO] [stderr]    Compiling unsafe-libyaml v0.2.4
[INFO] [stderr]    Compiling uuid v1.2.2
[INFO] [stderr]    Compiling similar v2.2.1
[INFO] [stderr]    Compiling tracing-subscriber v0.3.16
[INFO] [stderr]    Compiling thiserror-impl v1.0.37
[INFO] [stderr]    Compiling prost-derive v0.10.1
[INFO] [stderr]    Compiling tokio-macros v1.8.0
[INFO] [stderr]    Compiling clap_derive v3.2.18
[INFO] [stderr]    Compiling strum_macros v0.24.3
[INFO] [stderr]    Compiling enum_dispatch v0.3.9
[INFO] [stderr]    Compiling tracing-attributes v0.1.23
[INFO] [stderr]    Compiling derivative v2.2.0
[INFO] [stderr]    Compiling tokio-rustls v0.23.4
[INFO] [stderr]    Compiling sqlx-rt v0.6.2
[INFO] [stderr]    Compiling tracing v0.1.37
[INFO] [stderr]    Compiling prost v0.10.4
[INFO] [stderr]    Compiling strum v0.24.1
[INFO] [stderr]    Compiling prost-types v0.10.1
[INFO] [stderr]    Compiling onig v6.4.0
[INFO] [stderr]    Compiling pg_query v0.7.0
[INFO] [stderr]    Compiling clap_complete v3.2.5
[INFO] [stderr]    Compiling bincode v1.3.3
[INFO] [stderr]    Compiling plist v1.3.1
[INFO] [stderr]    Compiling serde_yaml v0.9.16
[INFO] [stderr]    Compiling git2 v0.15.0
[INFO] [stderr]    Compiling sqlx-core v0.6.2
[INFO] [stderr]    Compiling syntect v5.0.0
[INFO] [stderr]    Compiling clap-utils v0.3.0
[INFO] [stderr]    Compiling sqlx-macros v0.6.2
[INFO] [stderr]    Compiling sqlx v0.6.2
[INFO] [stderr]    Compiling renovate v0.2.23 (/opt/rustwide/workdir)
[INFO] [stdout] warning: unused import: `node_enum_to_string`
[INFO] [stdout]  --> src/parser/utils/mod.rs:6:5
[INFO] [stdout]   |
[INFO] [stdout] 6 |     node_enum_to_string, node_to_embed_constraint, node_to_string, type_name_to_string,
[INFO] [stdout]   |     ^^^^^^^^^^^^^^^^^^^
[INFO] [stdout]   |
[INFO] [stdout]   = note: `#[warn(unused_imports)]` on by default
[INFO] [stdout] 
[INFO] [stdout] 
[INFO] [stdout] warning: 1 warning emitted
[INFO] [stdout] 
[INFO] [stdout] 
[INFO] [stderr]     Finished dev [unoptimized + debuginfo] target(s) in 52.28s
[INFO] [stderr] warning: the following packages contain code that will be rejected by a future version of Rust: fs_extra v1.2.0
[INFO] [stderr] note: to see what the problems were, use the option `--future-incompat-report`, or run `cargo report future-incompatibilities --id 1`
[INFO] running `Command { std: "docker" "inspect" "a18d4972a3f4af50fae714a248789641edbf6197b807745585c31df6a5c92dc8", kill_on_drop: false }`
[INFO] running `Command { std: "docker" "rm" "-f" "a18d4972a3f4af50fae714a248789641edbf6197b807745585c31df6a5c92dc8", kill_on_drop: false }`
[INFO] [stdout] a18d4972a3f4af50fae714a248789641edbf6197b807745585c31df6a5c92dc8
[INFO] running `Command { std: "docker" "create" "-v" "/var/lib/crater-agent-workspace/builds/worker-3-tc2/target:/opt/rustwide/target:rw,Z" "-v" "/var/lib/crater-agent-workspace/builds/worker-3-tc2/source:/opt/rustwide/workdir:ro,Z" "-v" "/var/lib/crater-agent-workspace/cargo-home:/opt/rustwide/cargo-home:ro,Z" "-v" "/var/lib/crater-agent-workspace/rustup-home:/opt/rustwide/rustup-home:ro,Z" "-e" "SOURCE_DIR=/opt/rustwide/workdir" "-e" "CARGO_TARGET_DIR=/opt/rustwide/target" "-e" "CARGO_INCREMENTAL=0" "-e" "RUST_BACKTRACE=full" "-e" "RUSTFLAGS=--cap-lints=warn" "-e" "RUSTDOCFLAGS=--cap-lints=warn" "-e" "CARGO_HOME=/opt/rustwide/cargo-home" "-e" "RUSTUP_HOME=/opt/rustwide/rustup-home" "-w" "/opt/rustwide/workdir" "-m" "1610612736" "--user" "0:0" "--network" "none" "ghcr.io/rust-lang/crates-build-env/linux@sha256:2788e3201cd34a07e3172128adcd8b3090168a8e3bcc40d7c032b9dda1df7d1c" "/opt/rustwide/cargo-home/bin/cargo" "+beta-2023-12-22" "test" "--frozen" "--no-run" "--message-format=json", kill_on_drop: false }`
[INFO] [stdout] efead8e58a325e2ed974c88502eef5108f5dd6a9a35448422b584affdb273875
[INFO] running `Command { std: "docker" "start" "-a" "efead8e58a325e2ed974c88502eef5108f5dd6a9a35448422b584affdb273875", kill_on_drop: false }`
[INFO] [stderr]    Compiling libc v0.2.139
[INFO] [stderr]    Compiling crossbeam-utils v0.8.14
[INFO] [stderr]    Compiling humantime v2.1.0
[INFO] [stderr]    Compiling memoffset v0.7.1
[INFO] [stderr]    Compiling io-lifetimes v1.0.3
[INFO] [stderr]    Compiling shlex v1.1.0
[INFO] [stderr]    Compiling crossbeam-epoch v0.9.13
[INFO] [stderr]    Compiling rustix v0.36.6
[INFO] [stderr]    Compiling linux-raw-sys v0.1.4
[INFO] [stderr]    Compiling rayon-core v1.10.1
[INFO] [stderr]    Compiling concolor-query v0.1.0
[INFO] [stderr]    Compiling toml_datetime v0.5.0
[INFO] [stderr]    Compiling nom8 v0.2.0
[INFO] [stderr]    Compiling content_inspector v0.2.4
[INFO] [stderr]    Compiling normalize-line-endings v0.3.0
[INFO] [stderr]    Compiling yansi v0.5.1
[INFO] [stderr]    Compiling dunce v1.0.3
[INFO] [stderr]    Compiling snapbox-macros v0.3.1
[INFO] [stderr]    Compiling windows-sys v0.42.0
[INFO] [stderr]    Compiling humantime-serde v1.1.1
[INFO] [stderr]    Compiling crossbeam-queue v0.3.8
[INFO] [stderr]    Compiling crossbeam-channel v0.5.6
[INFO] [stderr]    Compiling jobserver v0.1.25
[INFO] [stderr]    Compiling getrandom v0.2.8
[INFO] [stderr]    Compiling num_cpus v1.13.1
[INFO] [stderr]    Compiling socket2 v0.4.7
[INFO] [stderr]    Compiling mio v0.8.5
[INFO] [stderr]    Compiling which v4.3.0
[INFO] [stderr]    Compiling atty v0.2.14
[INFO] [stderr]    Compiling parking_lot_core v0.8.6
[INFO] [stderr]    Compiling dirs-sys v0.3.7
[INFO] [stderr]    Compiling env_logger v0.9.1
[INFO] [stderr]    Compiling clang-sys v1.4.0
[INFO] [stderr]    Compiling cc v1.0.73
[INFO] [stderr]    Compiling ahash v0.7.6
[INFO] [stderr]    Compiling rand_core v0.6.4
[INFO] [stderr]    Compiling parking_lot v0.11.2
[INFO] [stderr]    Compiling tokio v1.23.1
[INFO] [stderr]    Compiling hashbrown v0.12.3
[INFO] [stderr]    Compiling rand_chacha v0.3.1
[INFO] [stderr]    Compiling tempfile v3.3.0
[INFO] [stderr]    Compiling dirs v4.0.0
[INFO] [stderr]    Compiling crossbeam-deque v0.8.2
[INFO] [stderr]    Compiling futures-intrusive v0.4.2
[INFO] [stderr]    Compiling cmake v0.1.48
[INFO] [stderr]    Compiling rand v0.8.5
[INFO] [stderr]    Compiling ring v0.16.20
[INFO] [stderr]    Compiling libz-sys v1.1.8
[INFO] [stderr]    Compiling onig_sys v69.8.1
[INFO] [stderr]    Compiling libgit2-sys v0.14.0+1.5.0
[INFO] [stderr]    Compiling indexmap v1.9.2
[INFO] [stderr]    Compiling prost-build v0.10.4
[INFO] [stderr]    Compiling petgraph v0.6.2
[INFO] [stderr]    Compiling clap v3.2.23
[INFO] [stderr]    Compiling hashlink v0.8.1
[INFO] [stderr]    Compiling polling v2.3.0
[INFO] [stderr]    Compiling console v0.15.4
[INFO] [stderr]    Compiling signal-hook-registry v1.4.0
[INFO] [stderr]    Compiling async-io v1.9.0
[INFO] [stderr]    Compiling signal-hook v0.3.14
[INFO] [stderr]    Compiling dialoguer v0.10.2
[INFO] [stderr]    Compiling async-process v1.6.0
[INFO] [stderr]    Compiling plist v1.3.1
[INFO] [stderr]    Compiling serde_yaml v0.9.16
[INFO] [stderr]    Compiling uuid v1.2.2
[INFO] [stderr]    Compiling wait-timeout v0.2.0
[INFO] [stderr]    Compiling is-terminal v0.4.2
[INFO] [stderr]    Compiling concolor v0.0.11
[INFO] [stderr]    Compiling os_pipe v1.1.2
[INFO] [stderr]    Compiling filetime v0.2.19
[INFO] [stderr]    Compiling rayon v1.6.1
[INFO] [stderr]    Compiling toml_edit v0.17.1
[INFO] [stderr]    Compiling snapbox v0.4.4
[INFO] [stderr]    Compiling rustls v0.20.7
[INFO] [stderr]    Compiling bindgen v0.60.1
[INFO] [stderr]    Compiling tokio-stream v0.1.11
[INFO] [stderr]    Compiling webpki v0.22.0
[INFO] [stderr]    Compiling sct v0.7.0
[INFO] [stderr]    Compiling webpki-roots v0.22.6
[INFO] [stderr]    Compiling clap_complete v3.2.5
[INFO] [stderr]    Compiling trycmd v0.14.10
[INFO] [stderr]    Compiling tokio-rustls v0.23.4
[INFO] [stderr]    Compiling sqlx-rt v0.6.2
[INFO] [stderr]    Compiling sqlx-core v0.6.2
[INFO] [stderr]    Compiling onig v6.4.0
[INFO] [stderr]    Compiling syntect v5.0.0
[INFO] [stderr]    Compiling pg_query v0.7.0
[INFO] [stderr]    Compiling clap-utils v0.3.0
[INFO] [stderr]    Compiling git2 v0.15.0
[INFO] [stderr]    Compiling sqlx-macros v0.6.2
[INFO] [stderr]    Compiling sqlx v0.6.2
[INFO] [stderr]    Compiling renovate v0.2.23 (/opt/rustwide/workdir)
[INFO] [stdout] warning: unused import: `node_enum_to_string`
[INFO] [stdout]  --> src/parser/utils/mod.rs:6:5
[INFO] [stdout]   |
[INFO] [stdout] 6 |     node_enum_to_string, node_to_embed_constraint, node_to_string, type_name_to_string,
[INFO] [stdout]   |     ^^^^^^^^^^^^^^^^^^^
[INFO] [stdout]   |
[INFO] [stdout]   = note: `#[warn(unused_imports)]` on by default
[INFO] [stdout] 
[INFO] [stdout] 
[INFO] [stdout] warning: unused import: `node_enum_to_string`
[INFO] [stdout]  --> src/parser/utils/mod.rs:6:5
[INFO] [stdout]   |
[INFO] [stdout] 6 |     node_enum_to_string, node_to_embed_constraint, node_to_string, type_name_to_string,
[INFO] [stdout]   |     ^^^^^^^^^^^^^^^^^^^
[INFO] [stdout]   |
[INFO] [stdout]   = note: `#[warn(unused_imports)]` on by default
[INFO] [stdout] 
[INFO] [stdout] 
[INFO] [stdout] warning: 1 warning emitted
[INFO] [stdout] 
[INFO] [stdout] 
[INFO] [stdout] warning: 1 warning emitted
[INFO] [stdout] 
[INFO] [stdout] 
[INFO] [stderr]     Finished test [unoptimized + debuginfo] target(s) in 53.09s
[INFO] [stderr] warning: the following packages contain code that will be rejected by a future version of Rust: fs_extra v1.2.0
[INFO] [stderr] note: to see what the problems were, use the option `--future-incompat-report`, or run `cargo report future-incompatibilities --id 1`
[INFO] running `Command { std: "docker" "inspect" "efead8e58a325e2ed974c88502eef5108f5dd6a9a35448422b584affdb273875", kill_on_drop: false }`
[INFO] running `Command { std: "docker" "rm" "-f" "efead8e58a325e2ed974c88502eef5108f5dd6a9a35448422b584affdb273875", kill_on_drop: false }`
[INFO] [stdout] efead8e58a325e2ed974c88502eef5108f5dd6a9a35448422b584affdb273875
[INFO] running `Command { std: "docker" "create" "-v" "/var/lib/crater-agent-workspace/builds/worker-3-tc2/target:/opt/rustwide/target:rw,Z" "-v" "/var/lib/crater-agent-workspace/builds/worker-3-tc2/source:/opt/rustwide/workdir:ro,Z" "-v" "/var/lib/crater-agent-workspace/cargo-home:/opt/rustwide/cargo-home:ro,Z" "-v" "/var/lib/crater-agent-workspace/rustup-home:/opt/rustwide/rustup-home:ro,Z" "-e" "SOURCE_DIR=/opt/rustwide/workdir" "-e" "CARGO_TARGET_DIR=/opt/rustwide/target" "-e" "CARGO_INCREMENTAL=0" "-e" "RUST_BACKTRACE=full" "-e" "RUSTFLAGS=--cap-lints=warn" "-e" "RUSTDOCFLAGS=--cap-lints=warn" "-e" "CARGO_HOME=/opt/rustwide/cargo-home" "-e" "RUSTUP_HOME=/opt/rustwide/rustup-home" "-w" "/opt/rustwide/workdir" "-m" "1610612736" "--user" "0:0" "--network" "none" "ghcr.io/rust-lang/crates-build-env/linux@sha256:2788e3201cd34a07e3172128adcd8b3090168a8e3bcc40d7c032b9dda1df7d1c" "/opt/rustwide/cargo-home/bin/cargo" "+beta-2023-12-22" "test" "--frozen", kill_on_drop: false }`
[INFO] [stdout] 5a3c8b0d5bf957202f1cc05130a212c5970a03ccaadc3a6668c62b6167c75802
[INFO] running `Command { std: "docker" "start" "-a" "5a3c8b0d5bf957202f1cc05130a212c5970a03ccaadc3a6668c62b6167c75802", kill_on_drop: false }`
[INFO] [stderr] warning: unused import: `node_enum_to_string`
[INFO] [stderr]  --> src/parser/utils/mod.rs:6:5
[INFO] [stderr]   |
[INFO] [stderr] 6 |     node_enum_to_string, node_to_embed_constraint, node_to_string, type_name_to_string,
[INFO] [stderr]   |     ^^^^^^^^^^^^^^^^^^^
[INFO] [stderr]   |
[INFO] [stderr]   = note: `#[warn(unused_imports)]` on by default
[INFO] [stderr] 
[INFO] [stderr] warning: `renovate` (lib) generated 1 warning (run `cargo fix --lib -p renovate` to apply 1 suggestion)
[INFO] [stderr] warning: `renovate` (lib test) generated 1 warning (1 duplicate)
[INFO] [stderr]     Finished test [unoptimized + debuginfo] target(s) in 0.62s
[INFO] [stderr] warning: the following packages contain code that will be rejected by a future version of Rust: fs_extra v1.2.0
[INFO] [stderr] note: to see what the problems were, use the option `--future-incompat-report`, or run `cargo report future-incompatibilities --id 1`
[INFO] [stderr]      Running unittests src/lib.rs (/opt/rustwide/target/debug/deps/renovate-68de6d98e441a5cf)
[INFO] [stdout] 
[INFO] [stdout] running 61 tests
[INFO] [stdout] test parser::mview::tests::mview_should_parse ... ok
[INFO] [stdout] test config::tests::remote_url_should_generate_equivalent_local_url ... ok
[INFO] [stdout] test parser::function::tests::valid_create_function_sql_should_parse ... ok
[INFO] [stdout] test parser::privilege::tests::grant_all_should_parse ... ok
[INFO] [stdout] test parser::enum_type::tests::enum_type_should_parse ... ok
[INFO] [stdout] test parser::function::tests::unchanged_function_should_return_none ... ok
[INFO] [stdout] test parser::composite_type::tests::composite_type_should_parse ... ok
[INFO] [stdout] test parser::mview::tests::test_mview_migration ... ok
[INFO] [stdout] test parser::privilege::tests::grand_diff_change_owner_should_work ... ok
[INFO] [stdout] test parser::privilege::tests::grant_partial_should_parse ... ok
[INFO] [stdout] test parser::composite_type::tests::composite_type_should_generate_drop_create_plan ... ok
[INFO] [stdout] test parser::function::tests::function_add_new_args_should_be_treated_as_new_function ... ok
[INFO] [stdout] test parser::function::tests::function_change_arg_type_should_generate_migration ... ok
[INFO] [stdout] test parser::table::column::constraint_info::tests::test_constraint_info_for_default_value ... ok
[INFO] [stdout] test parser::privilege::tests::grant_diff_create_should_work ... ok
[INFO] [stdout] test parser::sequence::tests::test_sequence_migration ... ok
[INFO] [stdout] test parser::function::tests::function_change_content_should_generate_migration ... ok
[INFO] [stdout] test parser::table::column::tests::simple_table_rename_column_should_work ... ok
[INFO] [stdout] test parser::table::column::tests::table_add_column_with_default_value_should_work ... ok
[INFO] [stdout] test parser::table::column::tests::table_rename_column_should_work ... ok
[INFO] [stdout] test parser::table::column::tests::table_add_column_array_type_should_work ... ok
[INFO] [stdout] test parser::table::column::tests::table_change_column_array_type_should_work ... ok
[INFO] [stdout] test parser::privilege::tests::grand_diff_change_to_all_should_work ... ok
[INFO] [stdout] test parser::privilege::tests::grant_diff_alter_should_work ... ok
[INFO] [stdout] test parser::privilege::tests::grant_diff_drop_should_work ... ok
[INFO] [stdout] test parser::table::column::constraint_info::tests::table_rename_constraint_should_work ... ok
[INFO] [stdout] test parser::table::column::tests::table_change_column_type_should_work ... ok
[INFO] [stdout] test parser::enum_type::tests::composite_type_should_generate_drop_create_plan ... ok
[INFO] [stdout] test parser::table::column::constraint_info::tests::test_constraint_info_for_default_function ... ok
[INFO] [stdout] test parser::sequence::tests::sequence_should_parse ... ok
[INFO] [stdout] test parser::table::table_index::tests::unchanged_index_should_return_none ... ok
[INFO] [stdout] test parser::table::table_constraint::tests::alter_table_constraint_should_revert ... ok
[INFO] [stdout] test parser::table::table_constraint::tests::alter_table_constraint_should_parse ... ok
[INFO] [stdout] test parser::table::table_owner::tests::table_owner_to_should_generate_drop_create_migration ... ok
[INFO] [stdout] test parser::table::table_constraint::tests::alter_table_constraint_migration_should_drop_and_create ... ok
[INFO] [stdout] test parser::table::table_constraint::tests::alter_table_unique_constraint_migration_should_drop_and_create ... ok
[INFO] [stdout] test parser::table::table_policy::tests::changed_policy_should_generate_migration ... ok
[INFO] [stdout] test parser::table::table_trigger::tests::trigger_should_parse ... ok
[INFO] [stdout] test parser::table::column::tests::table_add_column_with_default_function_should_work ... ok
[INFO] [stdout] test parser::table::table_owner::tests::table_owner_to_should_parse ... ok
[INFO] [stdout] test parser::table::table_index::tests::index_should_parse ... ok
[INFO] [stdout] test parser::table::table_rls::tests::table_rls_should_parse ... ok
[INFO] [stdout] test parser::table::table_rls::tests::table_rls_should_revert ... ok
[INFO] [stdout] test parser::table::table_sequence::tests::alter_table_set_default_sequence_migration_should_drop_and_create ... ok
[INFO] [stdout] test parser::table::table_trigger::tests::trigger_diff_should_work ... ok
[INFO] [stdout] test parser::table::tests::same_table_should_generate_valid_plan ... ok
[INFO] [stdout] test parser::table::table_sequence::tests::alter_table_set_default_sequence_should_parse ... ok
[INFO] [stdout] test parser::table::table_sequence::tests::alter_table_set_default_sequence_should_revert ... ok
[INFO] [stdout] test parser::table::tests::table_level_constraint_should_generate_correct_migration ... ok
[INFO] [stdout] test parser::table::table_rls::tests::table_rls_should_generate_drop_create_migration ... ok
[INFO] [stdout] test parser::view::tests::view_should_parse ... ok
[INFO] [stdout] test parser::table::tests::test_parse_and_to_string ... ok
[INFO] [stdout] test parser::table::tests::table_should_be_parsed_correctly ... ok
[INFO] [stdout] test parser::table::tests::table_should_generate_valid_plan ... ok
[INFO] [stdout] test parser::table::table_index::tests::changed_index_should_generate_migration ... ok
[INFO] [stdout] test parser::table::table_policy::tests::unchanged_policy_should_return_none ... ok
[INFO] [stdout] test parser::view::tests::test_view_migration ... ok
[INFO] [stdout] test parser::table::table_policy::tests::policy_should_parse ... ok
[INFO] [stdout] test parser::table::table_owner::tests::table_owner_to_should_revert ... ok
[INFO] [stdout] test schema::tests::database_schema_plan_should_work ... ok
[INFO] [stdout] test repo::git::tests::git_repo_should_work ... ok
[INFO] [stdout] 
[INFO] [stdout] test result: ok. 61 passed; 0 failed; 0 ignored; 0 measured; 0 filtered out; finished in 0.40s
[INFO] [stdout] 
[INFO] [stderr]      Running unittests src/main.rs (/opt/rustwide/target/debug/deps/renovate-fd30429f4776924c)
[INFO] [stdout] 
[INFO] [stdout] running 0 tests
[INFO] [stdout] 
[INFO] [stdout] test result: ok. 0 passed; 0 failed; 0 ignored; 0 measured; 0 filtered out; finished in 0.00s
[INFO] [stdout] 
[INFO] [stderr]      Running tests/cli_tests.rs (/opt/rustwide/target/debug/deps/cli_tests-34a27c9d2f317d7a)
[INFO] [stdout] 
[INFO] [stdout] running 1 test
[INFO] [stderr] Testing README.md:89 ... failed
[INFO] [stderr] Exit: 2
[INFO] [stderr] 
[INFO] [stderr] ---- expected: stdout
[INFO] [stderr] ++++ actual:   stdout
[INFO] [stderr]    1    1 | renovate-schema[..]
[INFO] [stderr]    2    2 | Schema migration
[INFO] [stderr]    3    3 | 
[INFO] [stderr]    4    4 | USAGE:
[INFO] [stderr]    5      -     renovate schema [OPTIONS] <SUBCOMMAND>
[INFO] [stderr]         5 +     renovate schema <SUBCOMMAND>
[INFO] [stderr]    6    6 | 
[INFO] [stderr]    7    7 | OPTIONS:
[INFO] [stderr]    8      -         --drop-on-exit    drop database on exit (for testing purpose only)
[INFO] [stderr]    9      -     -h, --help            Print help information
[INFO] [stderr]         8 +     -h, --help    Print help information
[INFO] [stderr]   10    9 | 
[INFO] [stderr]   11   10 | SUBCOMMANDS:
[INFO] [stderr]   12   11 |     apply        apply the migration plan to the remote database server
[INFO] [stderr]   13   12 |     fetch        fetch the most recent schema from the remote database server
[INFO] [stderr]   14   13 |     help         Print this message or the help of the given subcommand(s)
[INFO] [stderr]   15   14 |     init         init a database migration repo
[INFO] [stderr]   16   15 |     normalize    normalize local schema via a temp local database
[INFO] [stderr]   17   16 |     plan         diff the local change and remote state, then make a migration plan
[INFO] [stderr] stderr:
[INFO] [stderr] 
[INFO] [stderr] Testing tests/cmd/help_schema.toml ... failed
[INFO] [stderr] Exit: success
[INFO] [stderr] 
[INFO] [stderr] ---- expected: stdout
[INFO] [stderr] ++++ actual:   stdout
[INFO] [stderr]    1    1 | renovate-schema[..]
[INFO] [stderr]    2    2 | Schema migration
[INFO] [stderr]    3    3 | 
[INFO] [stderr]    4    4 | USAGE:
[INFO] [stderr]    5      -     renovate schema [OPTIONS] <SUBCOMMAND>
[INFO] [stderr]         5 +     renovate schema <SUBCOMMAND>
[INFO] [stderr]    6    6 | 
[INFO] [stderr]    7    7 | OPTIONS:
[INFO] [stderr]    8      -         --drop-on-exit    drop database on exit (for testing purpose only)
[INFO] [stderr]    9      -     -h, --help            Print help information
[INFO] [stderr]         8 +     -h, --help    Print help information
[INFO] [stderr]   10    9 | 
[INFO] [stderr]   11   10 | SUBCOMMANDS:
[INFO] [stderr]   12   11 |     apply        apply the migration plan to the remote database server
[INFO] [stderr]   13   12 |     fetch        fetch the most recent schema from the remote database server
[INFO] [stderr]   14   13 |     help         Print this message or the help of the given subcommand(s)
[INFO] [stderr]   15   14 |     init         init a database migration repo
[INFO] [stderr]   16   15 |     normalize    normalize local schema via a temp local database
[INFO] [stderr]   17   16 |     plan         diff the local change and remote state, then make a migration plan
[INFO] [stderr] stderr:
[INFO] [stderr] 
[INFO] [stderr] Testing tests/cmd/normalize.toml ... failed
[INFO] [stderr] Expected success, was 2
[INFO] [stderr] stdout:
[INFO] [stderr] 
[INFO] [stderr] 
[INFO] [stderr] ---- expected: stderr
[INFO] [stderr] ++++ actual:   stderr
[INFO] [stderr]         1 + error: Found argument '--drop-on-exit' which wasn't expected, or isn't valid in this context
[INFO] [stderr]         2 + 
[INFO] [stderr]         3 + 	If you tried to supply `--drop-on-exit` as a value rather than a flag, use `-- --drop-on-exit`
[INFO] [stderr]         4 + 
[INFO] [stderr]         5 + USAGE:
[INFO] [stderr]         6 +     renovate schema normalize
[INFO] [stderr]         7 + 
[INFO] [stderr]         8 + For more information try --help
[INFO] [stderr] Testing tests/cmd/normalize.toml:teardown ... failed
[INFO] [stderr] Failed: Files left in unexpected state
[INFO] [stderr] 
[INFO] [stderr] tests/cmd/normalize.out: is good
[INFO] [stderr] tests/cmd/normalize.out/renovate.yml: is good
[INFO] [stderr] tests/cmd/normalize.out/public: Expected dir, was missing
[INFO] [stderr] tests/cmd/normalize.out/public/04_tables.sql: Expected file, was missing
[INFO] [stderr] Testing tests/cmd/help.toml ... failed
[INFO] [stderr] Exit: success
[INFO] [stderr] 
[INFO] [stderr] ---- expected: stdout
[INFO] [stderr] ++++ actual:   stdout
[INFO] [stderr]    1    1 | renovate [..]
[INFO] [stderr]    2    2 | A new way to handle Postgres schema migration.
[INFO] [stderr]    3    3 | 
[INFO] [stderr]    4    4 | USAGE:
[INFO] [stderr]    5      -     renovate [OPTIONS] <SUBCOMMAND>
[INFO] [stderr]         5 +     renovate <SUBCOMMAND>
[INFO] [stderr]    6    6 | 
[INFO] [stderr]    7    7 | OPTIONS:
[INFO] [stderr]    8      -         --drop-on-exit    drop database on exit (for testing purpose only)
[INFO] [stderr]    9      -     -h, --help            Print help information
[INFO] [stderr]   10      -     -V, --version         Print version information
[INFO] [stderr]         8 +     -h, --help       Print help information
[INFO] [stderr]         9 +     -V, --version    Print version information
[INFO] [stderr]   11   10 | 
[INFO] [stderr]   12   11 | SUBCOMMANDS:
[INFO] [stderr]   13   12 |     generate    generate something
[INFO] [stderr]   14   13 |     help        Print this message or the help of the given subcommand(s)
[INFO] [stderr]   15   14 |     schema      Schema migration
[INFO] [stderr] stderr:
[INFO] [stderr] 
[INFO] [stderr] Testing tests/cmd/init.toml ... failed
[INFO] [stderr] Expected success, was 2
[INFO] [stderr] 
[INFO] [stderr] ---- expected: stdout
[INFO] [stderr] ++++ actual:   stdout
[INFO] [stderr]    1      - Database schema for postgres://postgres:postgres@localhost:5432/_test1234 has successfully dumped into ./_test1234.
[INFO] [stderr] 
[INFO] [stderr] ---- expected: stderr
[INFO] [stderr] ++++ actual:   stderr
[INFO] [stderr]         1 + error: Found argument '--drop-on-exit' which wasn't expected, or isn't valid in this context
[INFO] [stderr]         2 + 
[INFO] [stderr]         3 + 	If you tried to supply `--drop-on-exit` as a value rather than a flag, use `-- --drop-on-exit`
[INFO] [stderr]         4 + 
[INFO] [stderr]         5 + USAGE:
[INFO] [stderr]         6 +     renovate schema init <URL>
[INFO] [stderr]         7 + 
[INFO] [stderr]         8 + For more information try --help
[INFO] [stderr] Testing tests/cmd/init.toml:teardown ... ok
[INFO] [stderr] Testing tests/cmd/plan.toml ... failed
[INFO] [stderr] Expected success, was 1
[INFO] [stderr] 
[INFO] [stderr] ---- expected: stdout
[INFO] [stderr] ++++ actual:   stdout
[INFO] [stderr]    1      - The following SQLs will be applied:
[INFO] [stderr]    2      - 
[INFO] [stderr]    3      - CREATE SCHEMA IF NOT EXISTS public;
[INFO] [stderr]    4      - CREATE SEQUENCE public.todos_id_seq START 1 INCREMENT 1 NO MINVALUE NO MAXVALUE CACHE 1;
[INFO] [stderr]    5      - CREATE TABLE public.todos (
[INFO] [stderr]    6      -     id bigint NOT NULL,
[INFO] [stderr]    7      -     title text,
[INFO] [stderr]    8      -     completed boolean
[INFO] [stderr]    9      - );
[INFO] [stderr]   10      - ALTER TABLE
[INFO] [stderr]   11      -     ONLY public.todos
[INFO] [stderr]   12      - ALTER COLUMN
[INFO] [stderr]   13      -     id
[INFO] [stderr]   14      - SET
[INFO] [stderr]   15      -     DEFAULT nextval('public.todos_id_seq' :: regclass);
[INFO] [stderr]   16      - ALTER TABLE
[INFO] [stderr]   17      -     ONLY public.todos
[INFO] [stderr]   18      - ADD
[INFO] [stderr]   19      -     CONSTRAINT todos_pkey PRIMARY KEY (id);
[INFO] [stderr]   20      - ALTER TABLE
[INFO] [stderr]   21      -     public.todos OWNER TO postgres;
[INFO] [stderr]   22      - ALTER TABLE
[INFO] [stderr]   23      -     public.todos_id_seq OWNER TO postgres;
[INFO] [stderr] 
[INFO] [stderr] ---- expected: stderr
[INFO] [stderr] ++++ actual:   stderr
[INFO] [stderr]         1 + Error: error communicating with database: Cannot assign requested address (os error 99)
[INFO] [stderr]         2 + 
[INFO] [stderr]         3 + Caused by:
[INFO] [stderr]         4 +     Cannot assign requested address (os error 99)
[INFO] [stderr] Update snapshots with `TRYCMD=overwrite`
[INFO] [stderr] Debug output with `TRYCMD=dump`
[INFO] [stdout] test cli_tests ... FAILED
[INFO] [stdout] 
[INFO] [stdout] failures:
[INFO] [stdout] 
[INFO] [stdout] ---- cli_tests stdout ----
[INFO] [stdout] thread 'cli_tests' panicked at /opt/rustwide/cargo-home/registry/src/index.crates.io-6f17d22bba15001f/trycmd-0.14.10/src/runner.rs:93:17:
[INFO] [stdout] 7 of 6 tests failed
[INFO] [stdout] stack backtrace:
[INFO] [stdout]    0:     0x56144193bcb6 - std::backtrace_rs::backtrace::libunwind::trace::h261606ad26a499c1
[INFO] [stdout]                                at /rustc/0e09125c6c3c2fd70d7de961bcf0e51575235fad/library/std/src/../../backtrace/src/backtrace/libunwind.rs:104:5
[INFO] [stdout]    1:     0x56144193bcb6 - std::backtrace_rs::backtrace::trace_unsynchronized::hd183f0625477fb28
[INFO] [stdout]                                at /rustc/0e09125c6c3c2fd70d7de961bcf0e51575235fad/library/std/src/../../backtrace/src/backtrace/mod.rs:66:5
[INFO] [stdout]    2:     0x56144193bcb6 - std::sys_common::backtrace::_print_fmt::hd7f8fef21b4eda67
[INFO] [stdout]                                at /rustc/0e09125c6c3c2fd70d7de961bcf0e51575235fad/library/std/src/sys_common/backtrace.rs:68:5
[INFO] [stdout]    3:     0x56144193bcb6 - <std::sys_common::backtrace::_print::DisplayBacktrace as core::fmt::Display>::fmt::h623d9b51f2f453f1
[INFO] [stdout]                                at /rustc/0e09125c6c3c2fd70d7de961bcf0e51575235fad/library/std/src/sys_common/backtrace.rs:44:22
[INFO] [stdout]    4:     0x561441968350 - core::fmt::rt::Argument::fmt::h9f417ac76a86f368
[INFO] [stdout]                                at /rustc/0e09125c6c3c2fd70d7de961bcf0e51575235fad/library/core/src/fmt/rt.rs:142:9
[INFO] [stdout]    5:     0x561441968350 - core::fmt::write::hc9b6faf4ac2aeff7
[INFO] [stdout]                                at /rustc/0e09125c6c3c2fd70d7de961bcf0e51575235fad/library/core/src/fmt/mod.rs:1120:17
[INFO] [stdout]    6:     0x5614419387df - std::io::Write::write_fmt::he04625a3a989fec3
[INFO] [stdout]                                at /rustc/0e09125c6c3c2fd70d7de961bcf0e51575235fad/library/std/src/io/mod.rs:1810:15
[INFO] [stdout]    7:     0x56144193ba94 - std::sys_common::backtrace::_print::hd5d66399c7df88a2
[INFO] [stdout]                                at /rustc/0e09125c6c3c2fd70d7de961bcf0e51575235fad/library/std/src/sys_common/backtrace.rs:47:5
[INFO] [stdout]    8:     0x56144193ba94 - std::sys_common::backtrace::print::he81ed2da642d37e5
[INFO] [stdout]                                at /rustc/0e09125c6c3c2fd70d7de961bcf0e51575235fad/library/std/src/sys_common/backtrace.rs:34:9
[INFO] [stdout]    9:     0x56144193de57 - std::panicking::default_hook::{{closure}}::h85773f4fa117163d
[INFO] [stdout]   10:     0x56144193db3d - std::panicking::default_hook::h6a1694a91d09b278
[INFO] [stdout]                                at /rustc/0e09125c6c3c2fd70d7de961bcf0e51575235fad/library/std/src/panicking.rs:289:9
[INFO] [stdout]   11:     0x561441909e07 - <alloc::boxed::Box<F,A> as core::ops::function::Fn<Args>>::call::h616ac37fa3cd6c8f
[INFO] [stdout]                                at /rustc/0e09125c6c3c2fd70d7de961bcf0e51575235fad/library/alloc/src/boxed.rs:2029:9
[INFO] [stdout]   12:     0x561441909e07 - test::test_main::{{closure}}::h00d84697cefdcbb6
[INFO] [stdout]                                at /rustc/0e09125c6c3c2fd70d7de961bcf0e51575235fad/library/test/src/lib.rs:138:21
[INFO] [stdout]   13:     0x56144193e476 - <alloc::boxed::Box<F,A> as core::ops::function::Fn<Args>>::call::hcb3fe3b9bb537ba8
[INFO] [stdout]                                at /rustc/0e09125c6c3c2fd70d7de961bcf0e51575235fad/library/alloc/src/boxed.rs:2029:9
[INFO] [stdout]   14:     0x56144193e476 - std::panicking::rust_panic_with_hook::h0a7ad96e90f7145b
[INFO] [stdout]                                at /rustc/0e09125c6c3c2fd70d7de961bcf0e51575235fad/library/std/src/panicking.rs:783:13
[INFO] [stdout]   15:     0x56144193e1c2 - std::panicking::begin_panic_handler::{{closure}}::h7919090525c6485e
[INFO] [stdout]                                at /rustc/0e09125c6c3c2fd70d7de961bcf0e51575235fad/library/std/src/panicking.rs:657:13
[INFO] [stdout]   16:     0x56144193c1b6 - std::sys_common::backtrace::__rust_end_short_backtrace::hf3289479464f7dfe
[INFO] [stdout]                                at /rustc/0e09125c6c3c2fd70d7de961bcf0e51575235fad/library/std/src/sys_common/backtrace.rs:171:18
[INFO] [stdout]   17:     0x56144193df20 - rust_begin_unwind
[INFO] [stdout]                                at /rustc/0e09125c6c3c2fd70d7de961bcf0e51575235fad/library/std/src/panicking.rs:645:5
[INFO] [stdout]   18:     0x5614415ef8e5 - core::panicking::panic_fmt::hcc9f77c5c132af55
[INFO] [stdout]                                at /rustc/0e09125c6c3c2fd70d7de961bcf0e51575235fad/library/core/src/panicking.rs:72:14
[INFO] [stdout]   19:     0x56144162185b - trycmd::runner::Runner::run::h50071ba213cb02d9
[INFO] [stdout]                                at /opt/rustwide/cargo-home/registry/src/index.crates.io-6f17d22bba15001f/trycmd-0.14.10/src/runner.rs:93:17
[INFO] [stdout]   20:     0x5614415f7745 - trycmd::cases::TestCases::run::h4eff81aca1c2eafa
[INFO] [stdout]                                at /opt/rustwide/cargo-home/registry/src/index.crates.io-6f17d22bba15001f/trycmd-0.14.10/src/cases.rs:165:9
[INFO] [stdout]   21:     0x5614415f77ea - <trycmd::cases::TestCases as core::ops::drop::Drop>::drop::h31dcde0bd35a6227
[INFO] [stdout]                                at /opt/rustwide/cargo-home/registry/src/index.crates.io-6f17d22bba15001f/trycmd-0.14.10/src/cases.rs:175:13
[INFO] [stdout]   22:     0x56144161bd07 - core::ptr::drop_in_place<trycmd::cases::TestCases>::h15f73eee2678b4fa
[INFO] [stdout]                                at /rustc/0e09125c6c3c2fd70d7de961bcf0e51575235fad/library/core/src/ptr/mod.rs:507:1
[INFO] [stdout]   23:     0x5614415f086e - cli_tests::cli_tests::he5e4deeaf3e7d412
[INFO] [stdout]                                at /opt/rustwide/workdir/tests/cli_tests.rs:5:27
[INFO] [stdout]   24:     0x5614415f07d7 - cli_tests::cli_tests::{{closure}}::hdab36170433da648
[INFO] [stdout]                                at /opt/rustwide/workdir/tests/cli_tests.rs:2:15
[INFO] [stdout]   25:     0x5614415f0456 - core::ops::function::FnOnce::call_once::h322220a6384faadd
[INFO] [stdout]                                at /rustc/0e09125c6c3c2fd70d7de961bcf0e51575235fad/library/core/src/ops/function.rs:250:5
[INFO] [stdout]   26:     0x56144190f6df - core::ops::function::FnOnce::call_once::hd64d26f405258157
[INFO] [stdout]                                at /rustc/0e09125c6c3c2fd70d7de961bcf0e51575235fad/library/core/src/ops/function.rs:250:5
[INFO] [stdout]   27:     0x56144190f6df - test::__rust_begin_short_backtrace::he21b0b7a6d731bf9
[INFO] [stdout]                                at /rustc/0e09125c6c3c2fd70d7de961bcf0e51575235fad/library/test/src/lib.rs:627:18
[INFO] [stdout]   28:     0x56144190e461 - test::run_test_in_process::{{closure}}::hf5c73986d7bdfde2
[INFO] [stdout]                                at /rustc/0e09125c6c3c2fd70d7de961bcf0e51575235fad/library/test/src/lib.rs:650:60
[INFO] [stdout]   29:     0x56144190e461 - <core::panic::unwind_safe::AssertUnwindSafe<F> as core::ops::function::FnOnce<()>>::call_once::h330011ad032aadc0
[INFO] [stdout]                                at /rustc/0e09125c6c3c2fd70d7de961bcf0e51575235fad/library/core/src/panic/unwind_safe.rs:272:9
[INFO] [stdout]   30:     0x56144190e461 - std::panicking::try::do_call::he61b0a958b795a41
[INFO] [stdout]                                at /rustc/0e09125c6c3c2fd70d7de961bcf0e51575235fad/library/std/src/panicking.rs:552:40
[INFO] [stdout]   31:     0x56144190e461 - std::panicking::try::h7309da130f906eb7
[INFO] [stdout]                                at /rustc/0e09125c6c3c2fd70d7de961bcf0e51575235fad/library/std/src/panicking.rs:516:19
[INFO] [stdout]   32:     0x56144190e461 - std::panic::catch_unwind::hc5c3a06fdaf0a92a
[INFO] [stdout]                                at /rustc/0e09125c6c3c2fd70d7de961bcf0e51575235fad/library/std/src/panic.rs:142:14
[INFO] [stdout]   33:     0x56144190e461 - test::run_test_in_process::h7e7b7c71c3324e0f
[INFO] [stdout]                                at /rustc/0e09125c6c3c2fd70d7de961bcf0e51575235fad/library/test/src/lib.rs:650:27
[INFO] [stdout]   34:     0x56144190e461 - test::run_test::{{closure}}::h1f509f28f5cf20b1
[INFO] [stdout]                                at /rustc/0e09125c6c3c2fd70d7de961bcf0e51575235fad/library/test/src/lib.rs:573:43
[INFO] [stdout]   35:     0x5614418d5796 - test::run_test::{{closure}}::h1754218abf443f6d
[INFO] [stdout]                                at /rustc/0e09125c6c3c2fd70d7de961bcf0e51575235fad/library/test/src/lib.rs:601:41
[INFO] [stdout]   36:     0x5614418d5796 - std::sys_common::backtrace::__rust_begin_short_backtrace::h2ee174b9d5954948
[INFO] [stdout]                                at /rustc/0e09125c6c3c2fd70d7de961bcf0e51575235fad/library/std/src/sys_common/backtrace.rs:155:18
[INFO] [stdout]   37:     0x5614418da7f7 - std::thread::Builder::spawn_unchecked_::{{closure}}::{{closure}}::hf60bee9c1a17ef09
[INFO] [stdout]                                at /rustc/0e09125c6c3c2fd70d7de961bcf0e51575235fad/library/std/src/thread/mod.rs:529:17
[INFO] [stdout]   38:     0x5614418da7f7 - <core::panic::unwind_safe::AssertUnwindSafe<F> as core::ops::function::FnOnce<()>>::call_once::h33d0dddec5216160
[INFO] [stdout]                                at /rustc/0e09125c6c3c2fd70d7de961bcf0e51575235fad/library/core/src/panic/unwind_safe.rs:272:9
[INFO] [stdout]   39:     0x5614418da7f7 - std::panicking::try::do_call::h144b3048b546f835
[INFO] [stdout]                                at /rustc/0e09125c6c3c2fd70d7de961bcf0e51575235fad/library/std/src/panicking.rs:552:40
[INFO] [stdout]   40:     0x5614418da7f7 - std::panicking::try::h978244d04646189f
[INFO] [stdout]                                at /rustc/0e09125c6c3c2fd70d7de961bcf0e51575235fad/library/std/src/panicking.rs:516:19
[INFO] [stdout]   41:     0x5614418da7f7 - std::panic::catch_unwind::hdf436369d188fe86
[INFO] [stdout]                                at /rustc/0e09125c6c3c2fd70d7de961bcf0e51575235fad/library/std/src/panic.rs:142:14
[INFO] [stdout]   42:     0x5614418da7f7 - std::thread::Builder::spawn_unchecked_::{{closure}}::h87329cbdd33c79ec
[INFO] [stdout]                                at /rustc/0e09125c6c3c2fd70d7de961bcf0e51575235fad/library/std/src/thread/mod.rs:528:30
[INFO] [stdout]   43:     0x5614418da7f7 - core::ops::function::FnOnce::call_once{{vtable.shim}}::h401abbe67897d450
[INFO] [stdout]                                at /rustc/0e09125c6c3c2fd70d7de961bcf0e51575235fad/library/core/src/ops/function.rs:250:5
[INFO] [stdout]   44:     0x561441944995 - <alloc::boxed::Box<F,A> as core::ops::function::FnOnce<Args>>::call_once::h5d7c8f150ab9c84c
[INFO] [stdout]                                at /rustc/0e09125c6c3c2fd70d7de961bcf0e51575235fad/library/alloc/src/boxed.rs:2015:9
[INFO] [stdout]   45:     0x561441944995 - <alloc::boxed::Box<F,A> as core::ops::function::FnOnce<Args>>::call_once::h570d5b005c242c15
[INFO] [stdout]                                at /rustc/0e09125c6c3c2fd70d7de961bcf0e51575235fad/library/alloc/src/boxed.rs:2015:9
[INFO] [stdout]   46:     0x561441944995 - std::sys::unix::thread::Thread::new::thread_start::h36b0a20c0b2361ad
[INFO] [stdout]                                at /rustc/0e09125c6c3c2fd70d7de961bcf0e51575235fad/library/std/src/sys/unix/thread.rs:108:17
[INFO] [stdout]   47:     0x7fc3f0e74ac3 - <unknown>
[INFO] [stdout]   48:     0x7fc3f0f05bf4 - __clone
[INFO] [stdout]   49:                0x0 - <unknown>
[INFO] [stdout] 
[INFO] [stdout] 
[INFO] [stdout] failures:
[INFO] [stdout]     cli_tests
[INFO] [stdout] 
[INFO] [stdout] test result: FAILED. 0 passed; 1 failed; 0 ignored; 0 measured; 0 filtered out; finished in 0.46s
[INFO] [stdout] 
[INFO] [stderr] error: test failed, to rerun pass `--test cli_tests`
[INFO] running `Command { std: "docker" "inspect" "5a3c8b0d5bf957202f1cc05130a212c5970a03ccaadc3a6668c62b6167c75802", kill_on_drop: false }`
[INFO] running `Command { std: "docker" "rm" "-f" "5a3c8b0d5bf957202f1cc05130a212c5970a03ccaadc3a6668c62b6167c75802", kill_on_drop: false }`
[INFO] [stdout] 5a3c8b0d5bf957202f1cc05130a212c5970a03ccaadc3a6668c62b6167c75802
