[INFO] fetching crate remi-fs 0.4.3...
[INFO] testing remi-fs-0.4.3 against 1.75.0 for beta-1.76-1
[INFO] extracting crate remi-fs 0.4.3 into /workspace/builds/worker-1-tc1/source
[INFO] validating manifest of crates.io crate remi-fs 0.4.3 on toolchain 1.75.0
[INFO] running `Command { std: CARGO_HOME="/workspace/cargo-home" RUSTUP_HOME="/workspace/rustup-home" "/workspace/cargo-home/bin/cargo" "+1.75.0" "metadata" "--manifest-path" "Cargo.toml" "--no-deps", kill_on_drop: false }`
[INFO] started tweaking crates.io crate remi-fs 0.4.3
[INFO] finished tweaking crates.io crate remi-fs 0.4.3
[INFO] tweaked toml for crates.io crate remi-fs 0.4.3 written to /workspace/builds/worker-1-tc1/source/Cargo.toml
[INFO] running `Command { std: CARGO_HOME="/workspace/cargo-home" RUSTUP_HOME="/workspace/rustup-home" "/workspace/cargo-home/bin/cargo" "+1.75.0" "generate-lockfile" "--manifest-path" "Cargo.toml", kill_on_drop: false }`
[INFO] [stderr]     Updating crates.io index
[INFO] running `Command { std: CARGO_HOME="/workspace/cargo-home" RUSTUP_HOME="/workspace/rustup-home" "/workspace/cargo-home/bin/cargo" "+1.75.0" "fetch" "--manifest-path" "Cargo.toml", kill_on_drop: false }`
[INFO] [stderr]  Downloading crates ...
[INFO] [stderr]   Downloaded file-format v0.22.0
[INFO] [stderr]   Downloaded remi-core v0.4.3
[INFO] running `Command { std: "docker" "create" "-v" "/var/lib/crater-agent-workspace/builds/worker-1-tc1/target:/opt/rustwide/target:rw,Z" "-v" "/var/lib/crater-agent-workspace/builds/worker-1-tc1/source:/opt/rustwide/workdir:ro,Z" "-v" "/var/lib/crater-agent-workspace/cargo-home:/opt/rustwide/cargo-home:ro,Z" "-v" "/var/lib/crater-agent-workspace/rustup-home:/opt/rustwide/rustup-home:ro,Z" "-e" "SOURCE_DIR=/opt/rustwide/workdir" "-e" "CARGO_TARGET_DIR=/opt/rustwide/target" "-e" "CARGO_HOME=/opt/rustwide/cargo-home" "-e" "RUSTUP_HOME=/opt/rustwide/rustup-home" "-w" "/opt/rustwide/workdir" "-m" "1610612736" "--user" "0:0" "--network" "none" "ghcr.io/rust-lang/crates-build-env/linux@sha256:2788e3201cd34a07e3172128adcd8b3090168a8e3bcc40d7c032b9dda1df7d1c" "/opt/rustwide/cargo-home/bin/cargo" "+1.75.0" "metadata" "--no-deps" "--format-version=1", kill_on_drop: false }`
[INFO] [stdout] d16943fcafdfa1a45e42074aeef1b10586783a46ca02572a126319c9256f6f27
[INFO] running `Command { std: "docker" "start" "-a" "d16943fcafdfa1a45e42074aeef1b10586783a46ca02572a126319c9256f6f27", kill_on_drop: false }`
[INFO] running `Command { std: "docker" "inspect" "d16943fcafdfa1a45e42074aeef1b10586783a46ca02572a126319c9256f6f27", kill_on_drop: false }`
[INFO] running `Command { std: "docker" "rm" "-f" "d16943fcafdfa1a45e42074aeef1b10586783a46ca02572a126319c9256f6f27", kill_on_drop: false }`
[INFO] [stdout] d16943fcafdfa1a45e42074aeef1b10586783a46ca02572a126319c9256f6f27
[INFO] running `Command { std: "docker" "create" "-v" "/var/lib/crater-agent-workspace/builds/worker-1-tc1/target:/opt/rustwide/target:rw,Z" "-v" "/var/lib/crater-agent-workspace/builds/worker-1-tc1/source:/opt/rustwide/workdir:ro,Z" "-v" "/var/lib/crater-agent-workspace/cargo-home:/opt/rustwide/cargo-home:ro,Z" "-v" "/var/lib/crater-agent-workspace/rustup-home:/opt/rustwide/rustup-home:ro,Z" "-e" "SOURCE_DIR=/opt/rustwide/workdir" "-e" "CARGO_TARGET_DIR=/opt/rustwide/target" "-e" "CARGO_INCREMENTAL=0" "-e" "RUST_BACKTRACE=full" "-e" "RUSTFLAGS=--cap-lints=warn" "-e" "RUSTDOCFLAGS=--cap-lints=warn" "-e" "CARGO_HOME=/opt/rustwide/cargo-home" "-e" "RUSTUP_HOME=/opt/rustwide/rustup-home" "-w" "/opt/rustwide/workdir" "-m" "1610612736" "--user" "0:0" "--network" "none" "ghcr.io/rust-lang/crates-build-env/linux@sha256:2788e3201cd34a07e3172128adcd8b3090168a8e3bcc40d7c032b9dda1df7d1c" "/opt/rustwide/cargo-home/bin/cargo" "+1.75.0" "build" "--frozen" "--message-format=json", kill_on_drop: false }`
[INFO] [stdout] 81bca32f671825fcfb0077db2b4563f93db77d4799097d3d6a5d1cee3713976f
[INFO] running `Command { std: "docker" "start" "-a" "81bca32f671825fcfb0077db2b4563f93db77d4799097d3d6a5d1cee3713976f", kill_on_drop: false }`
[INFO] [stderr]    Compiling syn v1.0.109
[INFO] [stderr]    Compiling ident_case v1.0.1
[INFO] [stderr]    Compiling fnv v1.0.7
[INFO] [stderr]    Compiling strsim v0.10.0
[INFO] [stderr]    Compiling futures-core v0.3.30
[INFO] [stderr]    Compiling slab v0.4.9
[INFO] [stderr]    Compiling futures-sink v0.3.30
[INFO] [stderr]    Compiling pin-project-lite v0.2.13
[INFO] [stderr]    Compiling pin-utils v0.1.0
[INFO] [stderr]    Compiling futures-task v0.3.30
[INFO] [stderr]    Compiling futures-io v0.3.30
[INFO] [stderr]    Compiling async-trait v0.1.77
[INFO] [stderr]    Compiling bytes v1.5.0
[INFO] [stderr]    Compiling option-ext v0.2.0
[INFO] [stderr]    Compiling syn v2.0.48
[INFO] [stderr]    Compiling infer v0.15.0
[INFO] [stderr]    Compiling file-format v0.22.0
[INFO] [stderr]    Compiling dirs-sys v0.4.1
[INFO] [stderr]    Compiling futures-channel v0.3.30
[INFO] [stderr]    Compiling dirs v5.0.1
[INFO] [stderr]    Compiling tokio v1.35.1
[INFO] [stderr]    Compiling futures-macro v0.3.30
[INFO] [stderr]    Compiling darling_core v0.14.4
[INFO] [stderr]    Compiling futures-util v0.3.30
[INFO] [stderr]    Compiling darling_macro v0.14.4
[INFO] [stderr]    Compiling darling v0.14.4
[INFO] [stderr]    Compiling derive_builder_core v0.12.0
[INFO] [stderr]    Compiling derive_builder_macro v0.12.0
[INFO] [stderr]    Compiling futures-executor v0.3.30
[INFO] [stderr]    Compiling futures v0.3.30
[INFO] [stderr]    Compiling derive_builder v0.12.0
[INFO] [stderr]    Compiling remi-core v0.4.3
[INFO] [stderr]    Compiling remi-fs v0.4.3 (/opt/rustwide/workdir)
[INFO] [stderr]     Finished dev [unoptimized + debuginfo] target(s) in 8.70s
[INFO] running `Command { std: "docker" "inspect" "81bca32f671825fcfb0077db2b4563f93db77d4799097d3d6a5d1cee3713976f", kill_on_drop: false }`
[INFO] running `Command { std: "docker" "rm" "-f" "81bca32f671825fcfb0077db2b4563f93db77d4799097d3d6a5d1cee3713976f", kill_on_drop: false }`
[INFO] [stdout] 81bca32f671825fcfb0077db2b4563f93db77d4799097d3d6a5d1cee3713976f
[INFO] running `Command { std: "docker" "create" "-v" "/var/lib/crater-agent-workspace/builds/worker-1-tc1/target:/opt/rustwide/target:rw,Z" "-v" "/var/lib/crater-agent-workspace/builds/worker-1-tc1/source:/opt/rustwide/workdir:ro,Z" "-v" "/var/lib/crater-agent-workspace/cargo-home:/opt/rustwide/cargo-home:ro,Z" "-v" "/var/lib/crater-agent-workspace/rustup-home:/opt/rustwide/rustup-home:ro,Z" "-e" "SOURCE_DIR=/opt/rustwide/workdir" "-e" "CARGO_TARGET_DIR=/opt/rustwide/target" "-e" "CARGO_INCREMENTAL=0" "-e" "RUST_BACKTRACE=full" "-e" "RUSTFLAGS=--cap-lints=warn" "-e" "RUSTDOCFLAGS=--cap-lints=warn" "-e" "CARGO_HOME=/opt/rustwide/cargo-home" "-e" "RUSTUP_HOME=/opt/rustwide/rustup-home" "-w" "/opt/rustwide/workdir" "-m" "1610612736" "--user" "0:0" "--network" "none" "ghcr.io/rust-lang/crates-build-env/linux@sha256:2788e3201cd34a07e3172128adcd8b3090168a8e3bcc40d7c032b9dda1df7d1c" "/opt/rustwide/cargo-home/bin/cargo" "+1.75.0" "test" "--frozen" "--no-run" "--message-format=json", kill_on_drop: false }`
[INFO] [stdout] 7af568419ff9a2c23ad7c655260c5ebce3a1e4ca2376a4db0e867b23d49db666
[INFO] running `Command { std: "docker" "start" "-a" "7af568419ff9a2c23ad7c655260c5ebce3a1e4ca2376a4db0e867b23d49db666", kill_on_drop: false }`
[INFO] [stderr]    Compiling remi-fs v0.4.3 (/opt/rustwide/workdir)
[INFO] [stderr]     Finished test [unoptimized + debuginfo] target(s) in 0.49s
[INFO] running `Command { std: "docker" "inspect" "7af568419ff9a2c23ad7c655260c5ebce3a1e4ca2376a4db0e867b23d49db666", kill_on_drop: false }`
[INFO] running `Command { std: "docker" "rm" "-f" "7af568419ff9a2c23ad7c655260c5ebce3a1e4ca2376a4db0e867b23d49db666", kill_on_drop: false }`
[INFO] [stdout] 7af568419ff9a2c23ad7c655260c5ebce3a1e4ca2376a4db0e867b23d49db666
[INFO] running `Command { std: "docker" "create" "-v" "/var/lib/crater-agent-workspace/builds/worker-1-tc1/target:/opt/rustwide/target:rw,Z" "-v" "/var/lib/crater-agent-workspace/builds/worker-1-tc1/source:/opt/rustwide/workdir:ro,Z" "-v" "/var/lib/crater-agent-workspace/cargo-home:/opt/rustwide/cargo-home:ro,Z" "-v" "/var/lib/crater-agent-workspace/rustup-home:/opt/rustwide/rustup-home:ro,Z" "-e" "SOURCE_DIR=/opt/rustwide/workdir" "-e" "CARGO_TARGET_DIR=/opt/rustwide/target" "-e" "CARGO_INCREMENTAL=0" "-e" "RUST_BACKTRACE=full" "-e" "RUSTFLAGS=--cap-lints=warn" "-e" "RUSTDOCFLAGS=--cap-lints=warn" "-e" "CARGO_HOME=/opt/rustwide/cargo-home" "-e" "RUSTUP_HOME=/opt/rustwide/rustup-home" "-w" "/opt/rustwide/workdir" "-m" "1610612736" "--user" "0:0" "--network" "none" "ghcr.io/rust-lang/crates-build-env/linux@sha256:2788e3201cd34a07e3172128adcd8b3090168a8e3bcc40d7c032b9dda1df7d1c" "/opt/rustwide/cargo-home/bin/cargo" "+1.75.0" "test" "--frozen", kill_on_drop: false }`
[INFO] [stdout] 222816aca62072d55982ac682438a45f5ef3628f44522cab39aa4133a762100a
[INFO] running `Command { std: "docker" "start" "-a" "222816aca62072d55982ac682438a45f5ef3628f44522cab39aa4133a762100a", kill_on_drop: false }`
[INFO] [stderr]     Finished test [unoptimized + debuginfo] target(s) in 0.05s
[INFO] [stderr]      Running unittests src/lib.rs (/opt/rustwide/target/debug/deps/remi_fs-0229eb867c8d9028)
[INFO] [stdout] 
[INFO] [stdout] running 0 tests
[INFO] [stdout] 
[INFO] [stdout] test result: ok. 0 passed; 0 failed; 0 ignored; 0 measured; 0 filtered out; finished in 0.00s
[INFO] [stdout] 
[INFO] [stderr]    Doc-tests remi-fs
[INFO] [stdout] 
[INFO] [stdout] running 1 test
[INFO] [stdout] test src/lib.rs - (line 48) - compile ... FAILED
[INFO] [stdout] 
[INFO] [stdout] failures:
[INFO] [stdout] 
[INFO] [stdout] ---- src/lib.rs - (line 48) stdout ----
[INFO] [stdout] error[E0433]: failed to resolve: use of undeclared crate or module `remi`
[INFO] [stdout]  --> src/lib.rs:49:5
[INFO] [stdout]   |
[INFO] [stdout] 2 | use remi::filesystem::FilesystemStorageService;
[INFO] [stdout]   |     ^^^^ use of undeclared crate or module `remi`
[INFO] [stdout] 
[INFO] [stdout] error[E0433]: failed to resolve: use of undeclared crate or module `remi`
[INFO] [stdout]  --> src/lib.rs:50:5
[INFO] [stdout]   |
[INFO] [stdout] 3 | use remi::builders::UploadRequest;
[INFO] [stdout]   |     ^^^^ use of undeclared crate or module `remi`
[INFO] [stdout] 
[INFO] [stdout] error[E0308]: mismatched types
[INFO] [stdout]   --> src/lib.rs:53:59
[INFO] [stdout]    |
[INFO] [stdout] 6  |   async fn main() -> Result<(), Box<dyn std::error::Error>> {
[INFO] [stdout]    |  ___________________________________________________________^
[INFO] [stdout] 7  | |    let fs = FilesystemStorageService::new("./.data");
[INFO] [stdout] 8  | |
[INFO] [stdout] 9  | |    // init() will create the directory that was passed above
[INFO] [stdout] ...  |
[INFO] [stdout] 26 | |    // "file" is now Some(Blob::File).
[INFO] [stdout] 27 | | }
[INFO] [stdout]    | |_^ expected `Result<(), Box<dyn Error>>`, found `()`
[INFO] [stdout]    |
[INFO] [stdout]    = note:   expected enum `Result<(), Box<(dyn std::error::Error + 'static)>>`
[INFO] [stdout]            found unit type `()`
[INFO] [stdout] help: consider returning the local binding `file`
[INFO] [stdout]    |
[INFO] [stdout] 25 ~    let file = fs.open("./owo.txt").await?;
[INFO] [stdout] 26 +    file
[INFO] [stdout]    |
[INFO] [stdout] 
[INFO] [stdout] error[E0752]: `main` function is not allowed to be `async`
[INFO] [stdout]  --> src/lib.rs:53:1
[INFO] [stdout]   |
[INFO] [stdout] 6 | async fn main() -> Result<(), Box<dyn std::error::Error>> {
[INFO] [stdout]   | ^^^^^^^^^^^^^^^^^^^^^^^^^^^^^^^^^^^^^^^^^^^^^^^^^^^^^^^^^ `main` function is not allowed to be `async`
[INFO] [stdout] 
[INFO] [stdout] error: aborting due to 4 previous errors
[INFO] [stdout] 
[INFO] [stdout] Some errors have detailed explanations: E0308, E0433, E0752.
[INFO] [stdout] For more information about an error, try `rustc --explain E0308`.
[INFO] [stdout] Couldn't compile the test.
[INFO] [stdout] 
[INFO] [stdout] failures:
[INFO] [stdout]     src/lib.rs - (line 48)
[INFO] [stdout] 
[INFO] [stdout] test result: FAILED. 0 passed; 1 failed; 0 ignored; 0 measured; 0 filtered out; finished in 0.06s
[INFO] [stdout] 
[INFO] [stderr] error: doctest failed, to rerun pass `--doc`
[INFO] running `Command { std: "docker" "inspect" "222816aca62072d55982ac682438a45f5ef3628f44522cab39aa4133a762100a", kill_on_drop: false }`
[INFO] running `Command { std: "docker" "rm" "-f" "222816aca62072d55982ac682438a45f5ef3628f44522cab39aa4133a762100a", kill_on_drop: false }`
[INFO] [stdout] 222816aca62072d55982ac682438a45f5ef3628f44522cab39aa4133a762100a
[INFO] testing remi-fs-0.4.3 against beta-2023-12-22 for beta-1.76-1
[INFO] extracting crate remi-fs 0.4.3 into /workspace/builds/worker-1-tc2/source
[INFO] validating manifest of crates.io crate remi-fs 0.4.3 on toolchain beta-2023-12-22
[INFO] running `Command { std: CARGO_HOME="/workspace/cargo-home" RUSTUP_HOME="/workspace/rustup-home" "/workspace/cargo-home/bin/cargo" "+beta-2023-12-22" "metadata" "--manifest-path" "Cargo.toml" "--no-deps", kill_on_drop: false }`
[INFO] started tweaking crates.io crate remi-fs 0.4.3
[INFO] finished tweaking crates.io crate remi-fs 0.4.3
[INFO] tweaked toml for crates.io crate remi-fs 0.4.3 written to /workspace/builds/worker-1-tc2/source/Cargo.toml
[INFO] running `Command { std: CARGO_HOME="/workspace/cargo-home" RUSTUP_HOME="/workspace/rustup-home" "/workspace/cargo-home/bin/cargo" "+beta-2023-12-22" "generate-lockfile" "--manifest-path" "Cargo.toml", kill_on_drop: false }`
[INFO] [stderr]     Updating crates.io index
[INFO] running `Command { std: CARGO_HOME="/workspace/cargo-home" RUSTUP_HOME="/workspace/rustup-home" "/workspace/cargo-home/bin/cargo" "+beta-2023-12-22" "fetch" "--manifest-path" "Cargo.toml", kill_on_drop: false }`
[INFO] running `Command { std: "docker" "create" "-v" "/var/lib/crater-agent-workspace/builds/worker-1-tc2/target:/opt/rustwide/target:rw,Z" "-v" "/var/lib/crater-agent-workspace/builds/worker-1-tc2/source:/opt/rustwide/workdir:ro,Z" "-v" "/var/lib/crater-agent-workspace/cargo-home:/opt/rustwide/cargo-home:ro,Z" "-v" "/var/lib/crater-agent-workspace/rustup-home:/opt/rustwide/rustup-home:ro,Z" "-e" "SOURCE_DIR=/opt/rustwide/workdir" "-e" "CARGO_TARGET_DIR=/opt/rustwide/target" "-e" "CARGO_HOME=/opt/rustwide/cargo-home" "-e" "RUSTUP_HOME=/opt/rustwide/rustup-home" "-w" "/opt/rustwide/workdir" "-m" "1610612736" "--user" "0:0" "--network" "none" "ghcr.io/rust-lang/crates-build-env/linux@sha256:2788e3201cd34a07e3172128adcd8b3090168a8e3bcc40d7c032b9dda1df7d1c" "/opt/rustwide/cargo-home/bin/cargo" "+beta-2023-12-22" "metadata" "--no-deps" "--format-version=1", kill_on_drop: false }`
[INFO] [stdout] 420d8a85f39c808902bc3d18a1a7b3559bc8b9ecc49927f93a311e7ccc37a130
[INFO] running `Command { std: "docker" "start" "-a" "420d8a85f39c808902bc3d18a1a7b3559bc8b9ecc49927f93a311e7ccc37a130", kill_on_drop: false }`
[INFO] running `Command { std: "docker" "inspect" "420d8a85f39c808902bc3d18a1a7b3559bc8b9ecc49927f93a311e7ccc37a130", kill_on_drop: false }`
[INFO] running `Command { std: "docker" "rm" "-f" "420d8a85f39c808902bc3d18a1a7b3559bc8b9ecc49927f93a311e7ccc37a130", kill_on_drop: false }`
[INFO] [stdout] 420d8a85f39c808902bc3d18a1a7b3559bc8b9ecc49927f93a311e7ccc37a130
[INFO] running `Command { std: "docker" "create" "-v" "/var/lib/crater-agent-workspace/builds/worker-1-tc2/target:/opt/rustwide/target:rw,Z" "-v" "/var/lib/crater-agent-workspace/builds/worker-1-tc2/source:/opt/rustwide/workdir:ro,Z" "-v" "/var/lib/crater-agent-workspace/cargo-home:/opt/rustwide/cargo-home:ro,Z" "-v" "/var/lib/crater-agent-workspace/rustup-home:/opt/rustwide/rustup-home:ro,Z" "-e" "SOURCE_DIR=/opt/rustwide/workdir" "-e" "CARGO_TARGET_DIR=/opt/rustwide/target" "-e" "CARGO_INCREMENTAL=0" "-e" "RUST_BACKTRACE=full" "-e" "RUSTFLAGS=--cap-lints=warn" "-e" "RUSTDOCFLAGS=--cap-lints=warn" "-e" "CARGO_HOME=/opt/rustwide/cargo-home" "-e" "RUSTUP_HOME=/opt/rustwide/rustup-home" "-w" "/opt/rustwide/workdir" "-m" "1610612736" "--user" "0:0" "--network" "none" "ghcr.io/rust-lang/crates-build-env/linux@sha256:2788e3201cd34a07e3172128adcd8b3090168a8e3bcc40d7c032b9dda1df7d1c" "/opt/rustwide/cargo-home/bin/cargo" "+beta-2023-12-22" "build" "--frozen" "--message-format=json", kill_on_drop: false }`
[INFO] [stdout] 71e3f33a989ec8d0d1a9d7f771b292ed5e74e67e566ccfb427a984110871c151
[INFO] running `Command { std: "docker" "start" "-a" "71e3f33a989ec8d0d1a9d7f771b292ed5e74e67e566ccfb427a984110871c151", kill_on_drop: false }`
[INFO] [stderr]    Compiling syn v1.0.109
[INFO] [stderr]    Compiling ident_case v1.0.1
[INFO] [stderr]    Compiling strsim v0.10.0
[INFO] [stderr]    Compiling fnv v1.0.7
[INFO] [stderr]    Compiling slab v0.4.9
[INFO] [stderr]    Compiling pin-project-lite v0.2.13
[INFO] [stderr]    Compiling futures-core v0.3.30
[INFO] [stderr]    Compiling futures-sink v0.3.30
[INFO] [stderr]    Compiling futures-io v0.3.30
[INFO] [stderr]    Compiling pin-utils v0.1.0
[INFO] [stderr]    Compiling futures-task v0.3.30
[INFO] [stderr]    Compiling async-trait v0.1.77
[INFO] [stderr]    Compiling option-ext v0.2.0
[INFO] [stderr]    Compiling syn v2.0.48
[INFO] [stderr]    Compiling bytes v1.5.0
[INFO] [stderr]    Compiling file-format v0.22.0
[INFO] [stderr]    Compiling infer v0.15.0
[INFO] [stderr]    Compiling futures-channel v0.3.30
[INFO] [stderr]    Compiling dirs-sys v0.4.1
[INFO] [stderr]    Compiling dirs v5.0.1
[INFO] [stderr]    Compiling tokio v1.35.1
[INFO] [stderr]    Compiling futures-macro v0.3.30
[INFO] [stderr]    Compiling darling_core v0.14.4
[INFO] [stderr]    Compiling futures-util v0.3.30
[INFO] [stderr]    Compiling darling_macro v0.14.4
[INFO] [stderr]    Compiling darling v0.14.4
[INFO] [stderr]    Compiling derive_builder_core v0.12.0
[INFO] [stderr]    Compiling derive_builder_macro v0.12.0
[INFO] [stderr]    Compiling futures-executor v0.3.30
[INFO] [stderr]    Compiling derive_builder v0.12.0
[INFO] [stderr]    Compiling futures v0.3.30
[INFO] [stderr]    Compiling remi-core v0.4.3
[INFO] [stderr]    Compiling remi-fs v0.4.3 (/opt/rustwide/workdir)
[INFO] [stderr]     Finished dev [unoptimized + debuginfo] target(s) in 6.77s
[INFO] running `Command { std: "docker" "inspect" "71e3f33a989ec8d0d1a9d7f771b292ed5e74e67e566ccfb427a984110871c151", kill_on_drop: false }`
[INFO] running `Command { std: "docker" "rm" "-f" "71e3f33a989ec8d0d1a9d7f771b292ed5e74e67e566ccfb427a984110871c151", kill_on_drop: false }`
[INFO] [stdout] 71e3f33a989ec8d0d1a9d7f771b292ed5e74e67e566ccfb427a984110871c151
[INFO] running `Command { std: "docker" "create" "-v" "/var/lib/crater-agent-workspace/builds/worker-1-tc2/target:/opt/rustwide/target:rw,Z" "-v" "/var/lib/crater-agent-workspace/builds/worker-1-tc2/source:/opt/rustwide/workdir:ro,Z" "-v" "/var/lib/crater-agent-workspace/cargo-home:/opt/rustwide/cargo-home:ro,Z" "-v" "/var/lib/crater-agent-workspace/rustup-home:/opt/rustwide/rustup-home:ro,Z" "-e" "SOURCE_DIR=/opt/rustwide/workdir" "-e" "CARGO_TARGET_DIR=/opt/rustwide/target" "-e" "CARGO_INCREMENTAL=0" "-e" "RUST_BACKTRACE=full" "-e" "RUSTFLAGS=--cap-lints=warn" "-e" "RUSTDOCFLAGS=--cap-lints=warn" "-e" "CARGO_HOME=/opt/rustwide/cargo-home" "-e" "RUSTUP_HOME=/opt/rustwide/rustup-home" "-w" "/opt/rustwide/workdir" "-m" "1610612736" "--user" "0:0" "--network" "none" "ghcr.io/rust-lang/crates-build-env/linux@sha256:2788e3201cd34a07e3172128adcd8b3090168a8e3bcc40d7c032b9dda1df7d1c" "/opt/rustwide/cargo-home/bin/cargo" "+beta-2023-12-22" "test" "--frozen" "--no-run" "--message-format=json", kill_on_drop: false }`
[INFO] [stdout] 5961640c7f618c5203680a05475748d8a6fdd7739499b84dbfeba0c004210238
[INFO] running `Command { std: "docker" "start" "-a" "5961640c7f618c5203680a05475748d8a6fdd7739499b84dbfeba0c004210238", kill_on_drop: false }`
[INFO] [stderr]    Compiling remi-fs v0.4.3 (/opt/rustwide/workdir)
[INFO] [stderr]     Finished test [unoptimized + debuginfo] target(s) in 0.37s
[INFO] running `Command { std: "docker" "inspect" "5961640c7f618c5203680a05475748d8a6fdd7739499b84dbfeba0c004210238", kill_on_drop: false }`
[INFO] running `Command { std: "docker" "rm" "-f" "5961640c7f618c5203680a05475748d8a6fdd7739499b84dbfeba0c004210238", kill_on_drop: false }`
[INFO] [stdout] 5961640c7f618c5203680a05475748d8a6fdd7739499b84dbfeba0c004210238
[INFO] running `Command { std: "docker" "create" "-v" "/var/lib/crater-agent-workspace/builds/worker-1-tc2/target:/opt/rustwide/target:rw,Z" "-v" "/var/lib/crater-agent-workspace/builds/worker-1-tc2/source:/opt/rustwide/workdir:ro,Z" "-v" "/var/lib/crater-agent-workspace/cargo-home:/opt/rustwide/cargo-home:ro,Z" "-v" "/var/lib/crater-agent-workspace/rustup-home:/opt/rustwide/rustup-home:ro,Z" "-e" "SOURCE_DIR=/opt/rustwide/workdir" "-e" "CARGO_TARGET_DIR=/opt/rustwide/target" "-e" "CARGO_INCREMENTAL=0" "-e" "RUST_BACKTRACE=full" "-e" "RUSTFLAGS=--cap-lints=warn" "-e" "RUSTDOCFLAGS=--cap-lints=warn" "-e" "CARGO_HOME=/opt/rustwide/cargo-home" "-e" "RUSTUP_HOME=/opt/rustwide/rustup-home" "-w" "/opt/rustwide/workdir" "-m" "1610612736" "--user" "0:0" "--network" "none" "ghcr.io/rust-lang/crates-build-env/linux@sha256:2788e3201cd34a07e3172128adcd8b3090168a8e3bcc40d7c032b9dda1df7d1c" "/opt/rustwide/cargo-home/bin/cargo" "+beta-2023-12-22" "test" "--frozen", kill_on_drop: false }`
[INFO] [stdout] 69a062c1f1d233243d360b657663c6faf500ecf01ea9b1aa02ad263bcb5226e5
[INFO] running `Command { std: "docker" "start" "-a" "69a062c1f1d233243d360b657663c6faf500ecf01ea9b1aa02ad263bcb5226e5", kill_on_drop: false }`
[INFO] [stderr]     Finished test [unoptimized + debuginfo] target(s) in 0.06s
[INFO] [stderr]      Running unittests src/lib.rs (/opt/rustwide/target/debug/deps/remi_fs-01e5840a0d471cc4)
[INFO] [stdout] 
[INFO] [stdout] running 0 tests
[INFO] [stdout] 
[INFO] [stdout] test result: ok. 0 passed; 0 failed; 0 ignored; 0 measured; 0 filtered out; finished in 0.00s
[INFO] [stdout] 
[INFO] [stderr]    Doc-tests remi-fs
[INFO] [stdout] 
[INFO] [stdout] running 1 test
[INFO] [stdout] test src/lib.rs - (line 48) - compile ... FAILED
[INFO] [stdout] 
[INFO] [stdout] failures:
[INFO] [stdout] 
[INFO] [stdout] ---- src/lib.rs - (line 48) stdout ----
[INFO] [stdout] error[E0433]: failed to resolve: use of undeclared crate or module `remi`
[INFO] [stdout]  --> src/lib.rs:49:5
[INFO] [stdout]   |
[INFO] [stdout] 2 | use remi::filesystem::FilesystemStorageService;
[INFO] [stdout]   |     ^^^^ use of undeclared crate or module `remi`
[INFO] [stdout] 
[INFO] [stdout] error[E0433]: failed to resolve: use of undeclared crate or module `remi`
[INFO] [stdout]  --> src/lib.rs:50:5
[INFO] [stdout]   |
[INFO] [stdout] 3 | use remi::builders::UploadRequest;
[INFO] [stdout]   |     ^^^^ use of undeclared crate or module `remi`
[INFO] [stdout] 
[INFO] [stdout] error[E0308]: mismatched types
[INFO] [stdout]   --> src/lib.rs:53:59
[INFO] [stdout]    |
[INFO] [stdout] 6  |   async fn main() -> Result<(), Box<dyn std::error::Error>> {
[INFO] [stdout]    |  ___________________________________________________________^
[INFO] [stdout] 7  | |    let fs = FilesystemStorageService::new("./.data");
[INFO] [stdout] 8  | |
[INFO] [stdout] 9  | |    // init() will create the directory that was passed above
[INFO] [stdout] ...  |
[INFO] [stdout] 26 | |    // "file" is now Some(Blob::File).
[INFO] [stdout] 27 | | }
[INFO] [stdout]    | |_^ expected `Result<(), Box<dyn Error>>`, found `()`
[INFO] [stdout]    |
[INFO] [stdout]    = note:   expected enum `Result<(), Box<(dyn std::error::Error + 'static)>>`
[INFO] [stdout]            found unit type `()`
[INFO] [stdout] help: consider returning the local binding `file`
[INFO] [stdout]    |
[INFO] [stdout] 25 ~    let file = fs.open("./owo.txt").await?;
[INFO] [stdout] 26 +    file
[INFO] [stdout]    |
[INFO] [stdout] 
[INFO] [stdout] error[E0752]: `main` function is not allowed to be `async`
[INFO] [stdout]  --> src/lib.rs:53:1
[INFO] [stdout]   |
[INFO] [stdout] 6 | async fn main() -> Result<(), Box<dyn std::error::Error>> {
[INFO] [stdout]   | ^^^^^^^^^^^^^^^^^^^^^^^^^^^^^^^^^^^^^^^^^^^^^^^^^^^^^^^^^ `main` function is not allowed to be `async`
[INFO] [stdout] 
[INFO] [stdout] error: aborting due to 4 previous errors
[INFO] [stdout] 
[INFO] [stdout] Some errors have detailed explanations: E0308, E0433, E0752.
[INFO] [stdout] For more information about an error, try `rustc --explain E0308`.
[INFO] [stdout] Couldn't compile the test.
[INFO] [stdout] 
[INFO] [stdout] failures:
[INFO] [stdout]     src/lib.rs - (line 48)
[INFO] [stdout] 
[INFO] [stdout] test result: FAILED. 0 passed; 1 failed; 0 ignored; 0 measured; 0 filtered out; finished in 0.05s
[INFO] [stdout] 
[INFO] [stderr] error: doctest failed, to rerun pass `--doc`
[INFO] running `Command { std: "docker" "inspect" "69a062c1f1d233243d360b657663c6faf500ecf01ea9b1aa02ad263bcb5226e5", kill_on_drop: false }`
[INFO] running `Command { std: "docker" "rm" "-f" "69a062c1f1d233243d360b657663c6faf500ecf01ea9b1aa02ad263bcb5226e5", kill_on_drop: false }`
[INFO] [stdout] 69a062c1f1d233243d360b657663c6faf500ecf01ea9b1aa02ad263bcb5226e5
