[INFO] fetching crate remi-core 0.4.3...
[INFO] testing remi-core-0.4.3 against 1.75.0 for beta-1.76-1
[INFO] extracting crate remi-core 0.4.3 into /workspace/builds/worker-2-tc1/source
[INFO] validating manifest of crates.io crate remi-core 0.4.3 on toolchain 1.75.0
[INFO] running `Command { std: CARGO_HOME="/workspace/cargo-home" RUSTUP_HOME="/workspace/rustup-home" "/workspace/cargo-home/bin/cargo" "+1.75.0" "metadata" "--manifest-path" "Cargo.toml" "--no-deps", kill_on_drop: false }`
[INFO] started tweaking crates.io crate remi-core 0.4.3
[INFO] finished tweaking crates.io crate remi-core 0.4.3
[INFO] tweaked toml for crates.io crate remi-core 0.4.3 written to /workspace/builds/worker-2-tc1/source/Cargo.toml
[INFO] running `Command { std: CARGO_HOME="/workspace/cargo-home" RUSTUP_HOME="/workspace/rustup-home" "/workspace/cargo-home/bin/cargo" "+1.75.0" "generate-lockfile" "--manifest-path" "Cargo.toml", kill_on_drop: false }`
[INFO] [stderr]     Updating crates.io index
[INFO] running `Command { std: CARGO_HOME="/workspace/cargo-home" RUSTUP_HOME="/workspace/rustup-home" "/workspace/cargo-home/bin/cargo" "+1.75.0" "fetch" "--manifest-path" "Cargo.toml", kill_on_drop: false }`
[INFO] running `Command { std: "docker" "create" "-v" "/var/lib/crater-agent-workspace/builds/worker-2-tc1/target:/opt/rustwide/target:rw,Z" "-v" "/var/lib/crater-agent-workspace/builds/worker-2-tc1/source:/opt/rustwide/workdir:ro,Z" "-v" "/var/lib/crater-agent-workspace/cargo-home:/opt/rustwide/cargo-home:ro,Z" "-v" "/var/lib/crater-agent-workspace/rustup-home:/opt/rustwide/rustup-home:ro,Z" "-e" "SOURCE_DIR=/opt/rustwide/workdir" "-e" "CARGO_TARGET_DIR=/opt/rustwide/target" "-e" "CARGO_HOME=/opt/rustwide/cargo-home" "-e" "RUSTUP_HOME=/opt/rustwide/rustup-home" "-w" "/opt/rustwide/workdir" "-m" "1610612736" "--user" "0:0" "--network" "none" "ghcr.io/rust-lang/crates-build-env/linux@sha256:2788e3201cd34a07e3172128adcd8b3090168a8e3bcc40d7c032b9dda1df7d1c" "/opt/rustwide/cargo-home/bin/cargo" "+1.75.0" "metadata" "--no-deps" "--format-version=1", kill_on_drop: false }`
[INFO] [stdout] b3f834df41ec327dba1c431af24c34a4a518789dd8aeaa5dc25f071b1dfe55f5
[INFO] running `Command { std: "docker" "start" "-a" "b3f834df41ec327dba1c431af24c34a4a518789dd8aeaa5dc25f071b1dfe55f5", kill_on_drop: false }`
[INFO] running `Command { std: "docker" "inspect" "b3f834df41ec327dba1c431af24c34a4a518789dd8aeaa5dc25f071b1dfe55f5", kill_on_drop: false }`
[INFO] running `Command { std: "docker" "rm" "-f" "b3f834df41ec327dba1c431af24c34a4a518789dd8aeaa5dc25f071b1dfe55f5", kill_on_drop: false }`
[INFO] [stdout] b3f834df41ec327dba1c431af24c34a4a518789dd8aeaa5dc25f071b1dfe55f5
[INFO] running `Command { std: "docker" "create" "-v" "/var/lib/crater-agent-workspace/builds/worker-2-tc1/target:/opt/rustwide/target:rw,Z" "-v" "/var/lib/crater-agent-workspace/builds/worker-2-tc1/source:/opt/rustwide/workdir:ro,Z" "-v" "/var/lib/crater-agent-workspace/cargo-home:/opt/rustwide/cargo-home:ro,Z" "-v" "/var/lib/crater-agent-workspace/rustup-home:/opt/rustwide/rustup-home:ro,Z" "-e" "SOURCE_DIR=/opt/rustwide/workdir" "-e" "CARGO_TARGET_DIR=/opt/rustwide/target" "-e" "CARGO_INCREMENTAL=0" "-e" "RUST_BACKTRACE=full" "-e" "RUSTFLAGS=--cap-lints=warn" "-e" "RUSTDOCFLAGS=--cap-lints=warn" "-e" "CARGO_HOME=/opt/rustwide/cargo-home" "-e" "RUSTUP_HOME=/opt/rustwide/rustup-home" "-w" "/opt/rustwide/workdir" "-m" "1610612736" "--user" "0:0" "--network" "none" "ghcr.io/rust-lang/crates-build-env/linux@sha256:2788e3201cd34a07e3172128adcd8b3090168a8e3bcc40d7c032b9dda1df7d1c" "/opt/rustwide/cargo-home/bin/cargo" "+1.75.0" "build" "--frozen" "--message-format=json", kill_on_drop: false }`
[INFO] [stdout] f3467e90c2996cc3c29cb36052ad2911b966badbb1b85fb999fe9541f980b1e1
[INFO] running `Command { std: "docker" "start" "-a" "f3467e90c2996cc3c29cb36052ad2911b966badbb1b85fb999fe9541f980b1e1", kill_on_drop: false }`
[INFO] [stderr]    Compiling syn v1.0.109
[INFO] [stderr]    Compiling fnv v1.0.7
[INFO] [stderr]    Compiling strsim v0.10.0
[INFO] [stderr]    Compiling ident_case v1.0.1
[INFO] [stderr]    Compiling futures-sink v0.3.30
[INFO] [stderr]    Compiling futures-core v0.3.30
[INFO] [stderr]    Compiling futures-task v0.3.30
[INFO] [stderr]    Compiling futures-io v0.3.30
[INFO] [stderr]    Compiling async-trait v0.1.77
[INFO] [stderr]    Compiling bytes v1.5.0
[INFO] [stderr]    Compiling slab v0.4.9
[INFO] [stderr]    Compiling syn v2.0.48
[INFO] [stderr]    Compiling futures-channel v0.3.30
[INFO] [stderr]    Compiling darling_core v0.14.4
[INFO] [stderr]    Compiling futures-macro v0.3.30
[INFO] [stderr]    Compiling futures-util v0.3.30
[INFO] [stderr]    Compiling darling_macro v0.14.4
[INFO] [stderr]    Compiling darling v0.14.4
[INFO] [stderr]    Compiling derive_builder_core v0.12.0
[INFO] [stderr]    Compiling derive_builder_macro v0.12.0
[INFO] [stderr]    Compiling derive_builder v0.12.0
[INFO] [stderr]    Compiling futures-executor v0.3.30
[INFO] [stderr]    Compiling futures v0.3.30
[INFO] [stderr]    Compiling remi-core v0.4.3 (/opt/rustwide/workdir)
[INFO] [stderr]     Finished dev [unoptimized + debuginfo] target(s) in 5.39s
[INFO] running `Command { std: "docker" "inspect" "f3467e90c2996cc3c29cb36052ad2911b966badbb1b85fb999fe9541f980b1e1", kill_on_drop: false }`
[INFO] running `Command { std: "docker" "rm" "-f" "f3467e90c2996cc3c29cb36052ad2911b966badbb1b85fb999fe9541f980b1e1", kill_on_drop: false }`
[INFO] [stdout] f3467e90c2996cc3c29cb36052ad2911b966badbb1b85fb999fe9541f980b1e1
[INFO] running `Command { std: "docker" "create" "-v" "/var/lib/crater-agent-workspace/builds/worker-2-tc1/target:/opt/rustwide/target:rw,Z" "-v" "/var/lib/crater-agent-workspace/builds/worker-2-tc1/source:/opt/rustwide/workdir:ro,Z" "-v" "/var/lib/crater-agent-workspace/cargo-home:/opt/rustwide/cargo-home:ro,Z" "-v" "/var/lib/crater-agent-workspace/rustup-home:/opt/rustwide/rustup-home:ro,Z" "-e" "SOURCE_DIR=/opt/rustwide/workdir" "-e" "CARGO_TARGET_DIR=/opt/rustwide/target" "-e" "CARGO_INCREMENTAL=0" "-e" "RUST_BACKTRACE=full" "-e" "RUSTFLAGS=--cap-lints=warn" "-e" "RUSTDOCFLAGS=--cap-lints=warn" "-e" "CARGO_HOME=/opt/rustwide/cargo-home" "-e" "RUSTUP_HOME=/opt/rustwide/rustup-home" "-w" "/opt/rustwide/workdir" "-m" "1610612736" "--user" "0:0" "--network" "none" "ghcr.io/rust-lang/crates-build-env/linux@sha256:2788e3201cd34a07e3172128adcd8b3090168a8e3bcc40d7c032b9dda1df7d1c" "/opt/rustwide/cargo-home/bin/cargo" "+1.75.0" "test" "--frozen" "--no-run" "--message-format=json", kill_on_drop: false }`
[INFO] [stdout] 1755ff2a92ad7ab6f567b26a3f5272b4b0e9996406898c2471c1eb622857e55d
[INFO] running `Command { std: "docker" "start" "-a" "1755ff2a92ad7ab6f567b26a3f5272b4b0e9996406898c2471c1eb622857e55d", kill_on_drop: false }`
[INFO] [stderr]    Compiling remi-core v0.4.3 (/opt/rustwide/workdir)
[INFO] [stderr]     Finished test [unoptimized + debuginfo] target(s) in 0.24s
[INFO] running `Command { std: "docker" "inspect" "1755ff2a92ad7ab6f567b26a3f5272b4b0e9996406898c2471c1eb622857e55d", kill_on_drop: false }`
[INFO] running `Command { std: "docker" "rm" "-f" "1755ff2a92ad7ab6f567b26a3f5272b4b0e9996406898c2471c1eb622857e55d", kill_on_drop: false }`
[INFO] [stdout] 1755ff2a92ad7ab6f567b26a3f5272b4b0e9996406898c2471c1eb622857e55d
[INFO] running `Command { std: "docker" "create" "-v" "/var/lib/crater-agent-workspace/builds/worker-2-tc1/target:/opt/rustwide/target:rw,Z" "-v" "/var/lib/crater-agent-workspace/builds/worker-2-tc1/source:/opt/rustwide/workdir:ro,Z" "-v" "/var/lib/crater-agent-workspace/cargo-home:/opt/rustwide/cargo-home:ro,Z" "-v" "/var/lib/crater-agent-workspace/rustup-home:/opt/rustwide/rustup-home:ro,Z" "-e" "SOURCE_DIR=/opt/rustwide/workdir" "-e" "CARGO_TARGET_DIR=/opt/rustwide/target" "-e" "CARGO_INCREMENTAL=0" "-e" "RUST_BACKTRACE=full" "-e" "RUSTFLAGS=--cap-lints=warn" "-e" "RUSTDOCFLAGS=--cap-lints=warn" "-e" "CARGO_HOME=/opt/rustwide/cargo-home" "-e" "RUSTUP_HOME=/opt/rustwide/rustup-home" "-w" "/opt/rustwide/workdir" "-m" "1610612736" "--user" "0:0" "--network" "none" "ghcr.io/rust-lang/crates-build-env/linux@sha256:2788e3201cd34a07e3172128adcd8b3090168a8e3bcc40d7c032b9dda1df7d1c" "/opt/rustwide/cargo-home/bin/cargo" "+1.75.0" "test" "--frozen", kill_on_drop: false }`
[INFO] [stdout] 486d14a0ac77023ef3b932dd3cb0638250d3fc963d1d066ea861d44e4a67db34
[INFO] running `Command { std: "docker" "start" "-a" "486d14a0ac77023ef3b932dd3cb0638250d3fc963d1d066ea861d44e4a67db34", kill_on_drop: false }`
[INFO] [stderr]     Finished test [unoptimized + debuginfo] target(s) in 0.02s
[INFO] [stderr]      Running unittests src/lib.rs (/opt/rustwide/target/debug/deps/remi_core-cf3c3654c34db403)
[INFO] [stdout] 
[INFO] [stdout] running 0 tests
[INFO] [stdout] 
[INFO] [stdout] test result: ok. 0 passed; 0 failed; 0 ignored; 0 measured; 0 filtered out; finished in 0.00s
[INFO] [stdout] 
[INFO] [stderr]    Doc-tests remi-core
[INFO] [stdout] 
[INFO] [stdout] running 7 tests
[INFO] [stdout] test src/lib.rs - (line 27) - compile ... FAILED
[INFO] [stdout] test src/lib.rs - StorageService::blob (line 73) - compile ... FAILED
[INFO] [stdout] test src/lib.rs - StorageService::blobs (line 89) - compile ... FAILED
[INFO] [stdout] test src/builders.rs - builders::ListBlobsRequest::is_ext_allowed (line 150) ... FAILED
[INFO] [stdout] test src/builders.rs - builders::ListBlobsRequest::is_excluded (line 132) ... ok
[INFO] [stdout] test src/builders.rs - builders::UploadRequest::with_data (line 240) ... ok
[INFO] [stdout] test src/builders.rs - builders::UploadRequest::with_content_type (line 202) ... ok
[INFO] [stdout] 
[INFO] [stdout] failures:
[INFO] [stdout] 
[INFO] [stdout] ---- src/lib.rs - (line 27) stdout ----
[INFO] [stdout] error[E0432]: unresolved import `remi_core::EmptyConfig`
[INFO] [stdout]  --> src/lib.rs:29:33
[INFO] [stdout]   |
[INFO] [stdout] 5 | use remi_core::{StorageService, EmptyConfig};
[INFO] [stdout]   |                                 ^^^^^^^^^^^ no `EmptyConfig` in the root
[INFO] [stdout] 
[INFO] [stdout] error[E0107]: trait takes 0 generic arguments but 1 generic argument was supplied
[INFO] [stdout]   --> src/lib.rs:35:6
[INFO] [stdout]    |
[INFO] [stdout] 11 | impl StorageService<EmptyConfig> for MyStorageService {
[INFO] [stdout]    |      ^^^^^^^^^^^^^^------------- help: remove these generics
[INFO] [stdout]    |      |
[INFO] [stdout]    |      expected 0 generic arguments
[INFO] [stdout]    |
[INFO] [stdout] note: trait defined here, with 0 generic parameters
[INFO] [stdout]   --> /opt/rustwide/workdir/src/lib.rs:54:11
[INFO] [stdout]    |
[INFO] [stdout] 54 | pub trait StorageService: Send {
[INFO] [stdout]    |           ^^^^^^^^^^^^^^
[INFO] [stdout] 
[INFO] [stdout] error: aborting due to 2 previous errors
[INFO] [stdout] 
[INFO] [stdout] Some errors have detailed explanations: E0107, E0432.
[INFO] [stdout] For more information about an error, try `rustc --explain E0107`.
[INFO] [stdout] Couldn't compile the test.
[INFO] [stdout] ---- src/lib.rs - StorageService::blob (line 73) stdout ----
[INFO] [stdout] error[E0433]: failed to resolve: use of undeclared crate or module `remi`
[INFO] [stdout]  --> src/lib.rs:74:5
[INFO] [stdout]   |
[INFO] [stdout] 2 | use remi::filesystem::FilesystemStorageService;
[INFO] [stdout]   |     ^^^^ use of undeclared crate or module `remi`
[INFO] [stdout] 
[INFO] [stdout] error[E0433]: failed to resolve: use of undeclared crate or module `tokio`
[INFO] [stdout]  --> src/lib.rs:76:3
[INFO] [stdout]   |
[INFO] [stdout] 4 | #[tokio::main]
[INFO] [stdout]   |   ^^^^^ use of undeclared crate or module `tokio`
[INFO] [stdout] 
[INFO] [stdout] error[E0308]: mismatched types
[INFO] [stdout]   --> src/lib.rs:77:59
[INFO] [stdout]    |
[INFO] [stdout] 5  |   async fn main() -> Result<(), Box<dyn std::error::Error>> {
[INFO] [stdout]    |  ___________________________________________________________^
[INFO] [stdout] 6  | |   let service = FilesystemStorageService::new("./.data");
[INFO] [stdout] 7  | |   service.init().await?;
[INFO] [stdout] 8  | |
[INFO] [stdout] 9  | | service.blob("./path");
[INFO] [stdout] 10 | | // => Ok(Some(...))
[INFO] [stdout] 11 | | }
[INFO] [stdout]    | |_^ expected `Result<(), Box<dyn Error>>`, found `()`
[INFO] [stdout]    |
[INFO] [stdout]    = note:   expected enum `Result<(), Box<(dyn std::error::Error + 'static)>>`
[INFO] [stdout]            found unit type `()`
[INFO] [stdout] 
[INFO] [stdout] error[E0752]: `main` function is not allowed to be `async`
[INFO] [stdout]  --> src/lib.rs:77:1
[INFO] [stdout]   |
[INFO] [stdout] 5 | async fn main() -> Result<(), Box<dyn std::error::Error>> {
[INFO] [stdout]   | ^^^^^^^^^^^^^^^^^^^^^^^^^^^^^^^^^^^^^^^^^^^^^^^^^^^^^^^^^ `main` function is not allowed to be `async`
[INFO] [stdout] 
[INFO] [stdout] error: aborting due to 4 previous errors
[INFO] [stdout] 
[INFO] [stdout] Some errors have detailed explanations: E0308, E0433, E0752.
[INFO] [stdout] For more information about an error, try `rustc --explain E0308`.
[INFO] [stdout] Couldn't compile the test.
[INFO] [stdout] ---- src/lib.rs - StorageService::blobs (line 89) stdout ----
[INFO] [stdout] error[E0433]: failed to resolve: use of undeclared crate or module `remi`
[INFO] [stdout]  --> src/lib.rs:90:5
[INFO] [stdout]   |
[INFO] [stdout] 2 | use remi::filesystem::FilesystemStorageService;
[INFO] [stdout]   |     ^^^^ use of undeclared crate or module `remi`
[INFO] [stdout] 
[INFO] [stdout] error[E0433]: failed to resolve: use of undeclared crate or module `tokio`
[INFO] [stdout]  --> src/lib.rs:92:3
[INFO] [stdout]   |
[INFO] [stdout] 4 | #[tokio::main]
[INFO] [stdout]   |   ^^^^^ use of undeclared crate or module `tokio`
[INFO] [stdout] 
[INFO] [stdout] error[E0308]: mismatched types
[INFO] [stdout]   --> src/lib.rs:93:59
[INFO] [stdout]    |
[INFO] [stdout] 5  |   async fn main() -> Result<(), Box<dyn std::error::Error>> {
[INFO] [stdout]    |  ___________________________________________________________^
[INFO] [stdout] 6  | |   let service = FilesystemStorageService::new("./.data");
[INFO] [stdout] 7  | |   service.init().await?;
[INFO] [stdout] 8  | |
[INFO] [stdout] 9  | | service.blobs(None, None);
[INFO] [stdout] 10 | | // => Ok(vec![Blob {}, Blob{}])
[INFO] [stdout] 11 | | }
[INFO] [stdout]    | |_^ expected `Result<(), Box<dyn Error>>`, found `()`
[INFO] [stdout]    |
[INFO] [stdout]    = note:   expected enum `Result<(), Box<(dyn std::error::Error + 'static)>>`
[INFO] [stdout]            found unit type `()`
[INFO] [stdout] 
[INFO] [stdout] error[E0752]: `main` function is not allowed to be `async`
[INFO] [stdout]  --> src/lib.rs:93:1
[INFO] [stdout]   |
[INFO] [stdout] 5 | async fn main() -> Result<(), Box<dyn std::error::Error>> {
[INFO] [stdout]   | ^^^^^^^^^^^^^^^^^^^^^^^^^^^^^^^^^^^^^^^^^^^^^^^^^^^^^^^^^ `main` function is not allowed to be `async`
[INFO] [stdout] 
[INFO] [stdout] error: aborting due to 4 previous errors
[INFO] [stdout] 
[INFO] [stdout] Some errors have detailed explanations: E0308, E0433, E0752.
[INFO] [stdout] For more information about an error, try `rustc --explain E0308`.
[INFO] [stdout] Couldn't compile the test.
[INFO] [stdout] ---- src/builders.rs - builders::ListBlobsRequest::is_ext_allowed (line 150) stdout ----
[INFO] [stdout] error[E0599]: no method named `extensions` found for struct `ListBlobsRequest` in the current scope
[INFO] [stdout]  --> src/builders.rs:155:13
[INFO] [stdout]   |
[INFO] [stdout] 8 | let _ = req.extensions(&[".txt"]);
[INFO] [stdout]   |             ^^^^^^^^^^ field, not a method
[INFO] [stdout]   |
[INFO] [stdout] help: remove the arguments
[INFO] [stdout]   |
[INFO] [stdout] 8 - let _ = req.extensions(&[".txt"]);
[INFO] [stdout] 8 + let _ = req.extensions;
[INFO] [stdout]   |
[INFO] [stdout] help: there is a method with a similar name
[INFO] [stdout]   |
[INFO] [stdout] 8 | let _ = req.with_extensions(&[".txt"]);
[INFO] [stdout]   |             ~~~~~~~~~~~~~~~
[INFO] [stdout] 
[INFO] [stdout] error: aborting due to previous error
[INFO] [stdout] 
[INFO] [stdout] For more information about this error, try `rustc --explain E0599`.
[INFO] [stdout] Couldn't compile the test.
[INFO] [stdout] 
[INFO] [stdout] failures:
[INFO] [stdout]     src/builders.rs - builders::ListBlobsRequest::is_ext_allowed (line 150)
[INFO] [stdout]     src/lib.rs - (line 27)
[INFO] [stdout]     src/lib.rs - StorageService::blob (line 73)
[INFO] [stdout]     src/lib.rs - StorageService::blobs (line 89)
[INFO] [stdout] 
[INFO] [stdout] test result: FAILED. 3 passed; 4 failed; 0 ignored; 0 measured; 0 filtered out; finished in 0.20s
[INFO] [stdout] 
[INFO] [stderr] error: doctest failed, to rerun pass `--doc`
[INFO] running `Command { std: "docker" "inspect" "486d14a0ac77023ef3b932dd3cb0638250d3fc963d1d066ea861d44e4a67db34", kill_on_drop: false }`
[INFO] running `Command { std: "docker" "rm" "-f" "486d14a0ac77023ef3b932dd3cb0638250d3fc963d1d066ea861d44e4a67db34", kill_on_drop: false }`
[INFO] [stdout] 486d14a0ac77023ef3b932dd3cb0638250d3fc963d1d066ea861d44e4a67db34
