[INFO] fetching crate rejson 0.4.1...
[INFO] testing rejson-0.4.1 against 1.75.0 for beta-1.76-1
[INFO] extracting crate rejson 0.4.1 into /workspace/builds/worker-7-tc1/source
[INFO] validating manifest of crates.io crate rejson 0.4.1 on toolchain 1.75.0
[INFO] running `Command { std: CARGO_HOME="/workspace/cargo-home" RUSTUP_HOME="/workspace/rustup-home" "/workspace/cargo-home/bin/cargo" "+1.75.0" "metadata" "--manifest-path" "Cargo.toml" "--no-deps", kill_on_drop: false }`
[INFO] started tweaking crates.io crate rejson 0.4.1
[INFO] finished tweaking crates.io crate rejson 0.4.1
[INFO] tweaked toml for crates.io crate rejson 0.4.1 written to /workspace/builds/worker-7-tc1/source/Cargo.toml
[INFO] crate crates.io crate rejson 0.4.1 already has a lockfile, it will not be regenerated
[INFO] running `Command { std: CARGO_HOME="/workspace/cargo-home" RUSTUP_HOME="/workspace/rustup-home" "/workspace/cargo-home/bin/cargo" "+1.75.0" "fetch" "--manifest-path" "Cargo.toml", kill_on_drop: false }`
[INFO] [stderr]     Updating crates.io index
[INFO] [stderr]  Downloading crates ...
[INFO] [stderr]   Downloaded clap v4.4.4
[INFO] [stderr]   Downloaded clap_builder v4.4.4
[INFO] [stderr]   Downloaded nacl v0.5.3
[INFO] running `Command { std: "docker" "create" "-v" "/var/lib/crater-agent-workspace/builds/worker-7-tc1/target:/opt/rustwide/target:rw,Z" "-v" "/var/lib/crater-agent-workspace/builds/worker-7-tc1/source:/opt/rustwide/workdir:ro,Z" "-v" "/var/lib/crater-agent-workspace/cargo-home:/opt/rustwide/cargo-home:ro,Z" "-v" "/var/lib/crater-agent-workspace/rustup-home:/opt/rustwide/rustup-home:ro,Z" "-e" "SOURCE_DIR=/opt/rustwide/workdir" "-e" "CARGO_TARGET_DIR=/opt/rustwide/target" "-e" "CARGO_HOME=/opt/rustwide/cargo-home" "-e" "RUSTUP_HOME=/opt/rustwide/rustup-home" "-w" "/opt/rustwide/workdir" "-m" "1610612736" "--user" "0:0" "--network" "none" "ghcr.io/rust-lang/crates-build-env/linux@sha256:2788e3201cd34a07e3172128adcd8b3090168a8e3bcc40d7c032b9dda1df7d1c" "/opt/rustwide/cargo-home/bin/cargo" "+1.75.0" "metadata" "--no-deps" "--format-version=1", kill_on_drop: false }`
[INFO] [stdout] bf9b9a19101edf8b9eb2905d9e6308e46b25152f3152ebcaa8c014826a4150c5
[INFO] running `Command { std: "docker" "start" "-a" "bf9b9a19101edf8b9eb2905d9e6308e46b25152f3152ebcaa8c014826a4150c5", kill_on_drop: false }`
[INFO] running `Command { std: "docker" "inspect" "bf9b9a19101edf8b9eb2905d9e6308e46b25152f3152ebcaa8c014826a4150c5", kill_on_drop: false }`
[INFO] running `Command { std: "docker" "rm" "-f" "bf9b9a19101edf8b9eb2905d9e6308e46b25152f3152ebcaa8c014826a4150c5", kill_on_drop: false }`
[INFO] [stdout] bf9b9a19101edf8b9eb2905d9e6308e46b25152f3152ebcaa8c014826a4150c5
[INFO] running `Command { std: "docker" "create" "-v" "/var/lib/crater-agent-workspace/builds/worker-7-tc1/target:/opt/rustwide/target:rw,Z" "-v" "/var/lib/crater-agent-workspace/builds/worker-7-tc1/source:/opt/rustwide/workdir:ro,Z" "-v" "/var/lib/crater-agent-workspace/cargo-home:/opt/rustwide/cargo-home:ro,Z" "-v" "/var/lib/crater-agent-workspace/rustup-home:/opt/rustwide/rustup-home:ro,Z" "-e" "SOURCE_DIR=/opt/rustwide/workdir" "-e" "CARGO_TARGET_DIR=/opt/rustwide/target" "-e" "CARGO_INCREMENTAL=0" "-e" "RUST_BACKTRACE=full" "-e" "RUSTFLAGS=--cap-lints=warn" "-e" "RUSTDOCFLAGS=--cap-lints=warn" "-e" "CARGO_HOME=/opt/rustwide/cargo-home" "-e" "RUSTUP_HOME=/opt/rustwide/rustup-home" "-w" "/opt/rustwide/workdir" "-m" "1610612736" "--user" "0:0" "--network" "none" "ghcr.io/rust-lang/crates-build-env/linux@sha256:2788e3201cd34a07e3172128adcd8b3090168a8e3bcc40d7c032b9dda1df7d1c" "/opt/rustwide/cargo-home/bin/cargo" "+1.75.0" "build" "--frozen" "--message-format=json", kill_on_drop: false }`
[INFO] [stdout] 3f8d7a24762bdef70b74a5ba68b2716ad1b440ffe206da4fb861ccae9caf87dd
[INFO] running `Command { std: "docker" "start" "-a" "3f8d7a24762bdef70b74a5ba68b2716ad1b440ffe206da4fb861ccae9caf87dd", kill_on_drop: false }`
[INFO] [stderr]    Compiling proc-macro2 v1.0.67
[INFO] [stderr]    Compiling libc v0.2.148
[INFO] [stderr]    Compiling utf8parse v0.2.1
[INFO] [stderr]    Compiling anstyle-query v1.0.0
[INFO] [stderr]    Compiling anstyle v1.0.3
[INFO] [stderr]    Compiling memchr v2.6.3
[INFO] [stderr]    Compiling serde v1.0.188
[INFO] [stderr]    Compiling colorchoice v1.0.0
[INFO] [stderr]    Compiling anstyle-parse v0.2.1
[INFO] [stderr]    Compiling regex-syntax v0.7.5
[INFO] [stderr]    Compiling hashbrown v0.14.0
[INFO] [stderr]    Compiling anstream v0.5.0
[INFO] [stderr]    Compiling serde_json v1.0.107
[INFO] [stderr]    Compiling clap_lex v0.5.1
[INFO] [stderr]    Compiling strsim v0.10.0
[INFO] [stderr]    Compiling anyhow v1.0.75
[INFO] [stderr]    Compiling aho-corasick v1.1.1
[INFO] [stderr]    Compiling indexmap v2.0.0
[INFO] [stderr]    Compiling getrandom v0.2.10
[INFO] [stderr]    Compiling quote v1.0.33
[INFO] [stderr]    Compiling rand_core v0.6.4
[INFO] [stderr]    Compiling clap_builder v4.4.4
[INFO] [stderr]    Compiling ryu v1.0.15
[INFO] [stderr]    Compiling itoa v1.0.9
[INFO] [stderr]    Compiling syn v2.0.37
[INFO] [stderr]    Compiling rand_chacha v0.3.1
[INFO] [stderr]    Compiling shell-escape v0.1.5
[INFO] [stderr]    Compiling rand v0.8.5
[INFO] [stderr]    Compiling base64 v0.21.4
[INFO] [stderr]    Compiling regex-automata v0.3.8
[INFO] [stderr]    Compiling nacl v0.5.3
[INFO] [stderr]    Compiling regex v1.9.5
[INFO] [stderr]    Compiling clap_derive v4.4.2
[INFO] [stderr]    Compiling clap v4.4.4
[INFO] [stderr]    Compiling rejson v0.4.1 (/opt/rustwide/workdir)
[INFO] [stderr]     Finished dev [unoptimized + debuginfo] target(s) in 10.37s
[INFO] running `Command { std: "docker" "inspect" "3f8d7a24762bdef70b74a5ba68b2716ad1b440ffe206da4fb861ccae9caf87dd", kill_on_drop: false }`
[INFO] running `Command { std: "docker" "rm" "-f" "3f8d7a24762bdef70b74a5ba68b2716ad1b440ffe206da4fb861ccae9caf87dd", kill_on_drop: false }`
[INFO] [stdout] 3f8d7a24762bdef70b74a5ba68b2716ad1b440ffe206da4fb861ccae9caf87dd
[INFO] running `Command { std: "docker" "create" "-v" "/var/lib/crater-agent-workspace/builds/worker-7-tc1/target:/opt/rustwide/target:rw,Z" "-v" "/var/lib/crater-agent-workspace/builds/worker-7-tc1/source:/opt/rustwide/workdir:ro,Z" "-v" "/var/lib/crater-agent-workspace/cargo-home:/opt/rustwide/cargo-home:ro,Z" "-v" "/var/lib/crater-agent-workspace/rustup-home:/opt/rustwide/rustup-home:ro,Z" "-e" "SOURCE_DIR=/opt/rustwide/workdir" "-e" "CARGO_TARGET_DIR=/opt/rustwide/target" "-e" "CARGO_INCREMENTAL=0" "-e" "RUST_BACKTRACE=full" "-e" "RUSTFLAGS=--cap-lints=warn" "-e" "RUSTDOCFLAGS=--cap-lints=warn" "-e" "CARGO_HOME=/opt/rustwide/cargo-home" "-e" "RUSTUP_HOME=/opt/rustwide/rustup-home" "-w" "/opt/rustwide/workdir" "-m" "1610612736" "--user" "0:0" "--network" "none" "ghcr.io/rust-lang/crates-build-env/linux@sha256:2788e3201cd34a07e3172128adcd8b3090168a8e3bcc40d7c032b9dda1df7d1c" "/opt/rustwide/cargo-home/bin/cargo" "+1.75.0" "test" "--frozen" "--no-run" "--message-format=json", kill_on_drop: false }`
[INFO] [stdout] 82c59e6b35ff5b1ce7829c7d920bb6ba381705dbae7e66f052184c5bf097222b
[INFO] running `Command { std: "docker" "start" "-a" "82c59e6b35ff5b1ce7829c7d920bb6ba381705dbae7e66f052184c5bf097222b", kill_on_drop: false }`
[INFO] [stderr]    Compiling libc v0.2.148
[INFO] [stderr]    Compiling regex-automata v0.3.8
[INFO] [stderr]    Compiling num-traits v0.2.16
[INFO] [stderr]    Compiling rustix v0.38.14
[INFO] [stderr]    Compiling predicates-core v1.0.6
[INFO] [stderr]    Compiling doc-comment v0.3.3
[INFO] [stderr]    Compiling thread_local v1.1.7
[INFO] [stderr]    Compiling difflib v0.4.0
[INFO] [stderr]    Compiling bitflags v2.4.0
[INFO] [stderr]    Compiling linux-raw-sys v0.4.7
[INFO] [stderr]    Compiling termtree v0.4.1
[INFO] [stderr]    Compiling normalize-line-endings v0.3.0
[INFO] [stderr]    Compiling predicates-tree v1.0.9
[INFO] [stderr]    Compiling fastrand v2.0.0
[INFO] [stderr]    Compiling getrandom v0.2.10
[INFO] [stderr]    Compiling wait-timeout v0.2.0
[INFO] [stderr]    Compiling rand_core v0.6.4
[INFO] [stderr]    Compiling rand_chacha v0.3.1
[INFO] [stderr]    Compiling float-cmp v0.9.0
[INFO] [stderr]    Compiling rand v0.8.5
[INFO] [stderr]    Compiling regex v1.9.5
[INFO] [stderr]    Compiling bstr v1.6.2
[INFO] [stderr]    Compiling tempfile v3.8.0
[INFO] [stderr]    Compiling predicates v3.0.4
[INFO] [stderr]    Compiling rejson v0.4.1 (/opt/rustwide/workdir)
[INFO] [stderr]    Compiling globset v0.4.13
[INFO] [stderr]    Compiling ignore v0.4.20
[INFO] [stderr]    Compiling assert_cmd v2.0.12
[INFO] [stderr]    Compiling globwalk v0.8.1
[INFO] [stderr]    Compiling assert_fs v1.0.13
[INFO] [stderr]     Finished test [unoptimized + debuginfo] target(s) in 6.30s
[INFO] running `Command { std: "docker" "inspect" "82c59e6b35ff5b1ce7829c7d920bb6ba381705dbae7e66f052184c5bf097222b", kill_on_drop: false }`
[INFO] running `Command { std: "docker" "rm" "-f" "82c59e6b35ff5b1ce7829c7d920bb6ba381705dbae7e66f052184c5bf097222b", kill_on_drop: false }`
[INFO] [stdout] 82c59e6b35ff5b1ce7829c7d920bb6ba381705dbae7e66f052184c5bf097222b
[INFO] running `Command { std: "docker" "create" "-v" "/var/lib/crater-agent-workspace/builds/worker-7-tc1/target:/opt/rustwide/target:rw,Z" "-v" "/var/lib/crater-agent-workspace/builds/worker-7-tc1/source:/opt/rustwide/workdir:ro,Z" "-v" "/var/lib/crater-agent-workspace/cargo-home:/opt/rustwide/cargo-home:ro,Z" "-v" "/var/lib/crater-agent-workspace/rustup-home:/opt/rustwide/rustup-home:ro,Z" "-e" "SOURCE_DIR=/opt/rustwide/workdir" "-e" "CARGO_TARGET_DIR=/opt/rustwide/target" "-e" "CARGO_INCREMENTAL=0" "-e" "RUST_BACKTRACE=full" "-e" "RUSTFLAGS=--cap-lints=warn" "-e" "RUSTDOCFLAGS=--cap-lints=warn" "-e" "CARGO_HOME=/opt/rustwide/cargo-home" "-e" "RUSTUP_HOME=/opt/rustwide/rustup-home" "-w" "/opt/rustwide/workdir" "-m" "1610612736" "--user" "0:0" "--network" "none" "ghcr.io/rust-lang/crates-build-env/linux@sha256:2788e3201cd34a07e3172128adcd8b3090168a8e3bcc40d7c032b9dda1df7d1c" "/opt/rustwide/cargo-home/bin/cargo" "+1.75.0" "test" "--frozen", kill_on_drop: false }`
[INFO] [stdout] c9ebb76a8717f91cddfe02c2733ed226004152942ed00af067b273f9a31993ae
[INFO] running `Command { std: "docker" "start" "-a" "c9ebb76a8717f91cddfe02c2733ed226004152942ed00af067b273f9a31993ae", kill_on_drop: false }`
[INFO] [stderr]     Finished test [unoptimized + debuginfo] target(s) in 0.06s
[INFO] [stderr]      Running unittests src/lib.rs (/opt/rustwide/target/debug/deps/rejson-4d7b872e2662549b)
[INFO] [stdout] 
[INFO] [stdout] running 22 tests
[INFO] [stdout] test crypto::keys::tests::key_serde ... ok
[INFO] [stdout] test crypto::keys::tests::key_from_file ... ok
[INFO] [stdout] test crypto::keys::tests::new ... ok
[INFO] [stdout] test crypto::message::test::display ... ok
[INFO] [stdout] test json::test::children ... ok
[INFO] [stdout] test json::test::public_key ... ok
[INFO] [stdout] test json::test::transform ... ok
[INFO] [stdout] test json::test::from_str ... ok
[INFO] [stdout] test json::test::without_public_key ... ok
[INFO] [stdout] test kube::tests::basic_secrets ... ok
[INFO] [stdout] test map::tests::fetch ... ok
[INFO] [stdout] test map::tests::key_wrapping ... ok
[INFO] [stdout] test map::tests::load ... ok
[INFO] [stdout] test map::tests::non_string_scalars ... ok
[INFO] [stdout] test tests::compact_transform ... ok
[INFO] [stdout] test crypto::message::test::from_str ... ok
[INFO] [stdout] test crypto::message::test::is_valid ... ok
[INFO] [stdout] test crypto::keys::tests::generate ... ok
[INFO] [stdout] test crypto::encryptor::tests::encrypt ... ok
[INFO] [stdout] test crypto::encryptor::tests::create ... ok
[INFO] [stdout] test crypto::decryptor::tests::decrypt ... ok
[INFO] [stdout] test map::tests::load_and_decrypt ... ok
[INFO] [stdout] 
[INFO] [stdout] test result: ok. 22 passed; 0 failed; 0 ignored; 0 measured; 0 filtered out; finished in 0.15s
[INFO] [stdout] 
[INFO] [stderr]      Running unittests src/bin/rejson.rs (/opt/rustwide/target/debug/deps/rejson-97713620f9e6c8f4)
[INFO] [stdout] 
[INFO] [stdout] running 1 test
[INFO] [stdout] test verify_cli ... ok
[INFO] [stdout] 
[INFO] [stdout] test result: ok. 1 passed; 0 failed; 0 ignored; 0 measured; 0 filtered out; finished in 0.00s
[INFO] [stdout] 
[INFO] [stderr]      Running tests/decrypt.rs (/opt/rustwide/target/debug/deps/decrypt-e83fa5ac88d5f025)
[INFO] [stdout] 
[INFO] [stdout] running 4 tests
[INFO] [stdout] test decrypt ... ok
[INFO] [stdout] test decrypt_key_from_stdin ... ok
[INFO] [stdout] test decrypt_to_file ... ok
[INFO] [stdout] test decrypt_ejson_keydir ... ok
[INFO] [stdout] 
[INFO] [stdout] test result: ok. 4 passed; 0 failed; 0 ignored; 0 measured; 0 filtered out; finished in 0.02s
[INFO] [stdout] 
[INFO] [stderr]      Running tests/encrypt.rs (/opt/rustwide/target/debug/deps/encrypt-6f58fe2b9e9b93a1)
[INFO] [stdout] 
[INFO] [stdout] running 3 tests
[INFO] [stdout] test encrypt_file ... ok
[INFO] [stdout] test encrypt_file_existing_secrets ... ok
[INFO] [stdout] test encrypt_multiple_files ... ok
[INFO] [stdout] 
[INFO] [stdout] test result: ok. 3 passed; 0 failed; 0 ignored; 0 measured; 0 filtered out; finished in 0.11s
[INFO] [stdout] 
[INFO] [stderr]      Running tests/env.rs (/opt/rustwide/target/debug/deps/env-4278a621eecc3068)
[INFO] [stdout] 
[INFO] [stdout] running 3 tests
[INFO] [stdout] test env_shell_escape ... ok
[INFO] [stdout] test env ... ok
[INFO] [stdout] test env_to_file ... ok
[INFO] [stdout] 
[INFO] [stdout] test result: ok. 3 passed; 0 failed; 0 ignored; 0 measured; 0 filtered out; finished in 0.02s
[INFO] [stdout] 
[INFO] [stderr]      Running tests/keygen.rs (/opt/rustwide/target/debug/deps/keygen-1f16003958d8eec8)
[INFO] [stdout] 
[INFO] [stdout] running 3 tests
[INFO] [stdout] test generate_without_writing ... ok
[INFO] [stdout] test generate_and_write_file_to_ejson_keydir ... ok
[INFO] [stdout] test generate_and_write_file_to_keydir ... ok
[INFO] [stdout] 
[INFO] [stdout] test result: ok. 3 passed; 0 failed; 0 ignored; 0 measured; 0 filtered out; finished in 0.02s
[INFO] [stdout] 
[INFO] [stderr]      Running tests/kube_secrets.rs (/opt/rustwide/target/debug/deps/kube_secrets-396c4af6c42c08d1)
[INFO] [stdout] 
[INFO] [stdout] running 2 tests
[INFO] [stdout] test kube_secrets_key_from_stdin ... ok
[INFO] [stdout] test kube_secrets ... ok
[INFO] [stdout] 
[INFO] [stdout] test result: ok. 2 passed; 0 failed; 0 ignored; 0 measured; 0 filtered out; finished in 0.06s
[INFO] [stdout] 
[INFO] [stderr]    Doc-tests rejson
[INFO] [stdout] 
[INFO] [stdout] running 8 tests
[INFO] [stdout] test src/lib.rs - (line 133) ... ignored
[INFO] [stdout] test src/lib.rs - (line 149) ... ignored
[INFO] [stdout] test src/lib.rs - (line 29) ... ignored
[INFO] [stdout] test src/lib.rs - (line 53) ... ignored
[INFO] [stdout] test src/lib.rs - (line 72) ... ignored
[INFO] [stdout] test src/lib.rs - (line 86) ... ignored
[INFO] [stdout] test src/map.rs - map::SecretsMap (line 16) ... ok
[INFO] [stdout] test src/lib.rs - (line 105) ... FAILED
[INFO] [stdout] 
[INFO] [stdout] failures:
[INFO] [stdout] 
[INFO] [stdout] ---- src/lib.rs - (line 105) stdout ----
[INFO] [stdout] Test executable failed (exit status: 1).
[INFO] [stdout] 
[INFO] [stdout] stderr:
[INFO] [stdout] Error: Os { code: 30, kind: ReadOnlyFilesystem, message: "Read-only file system" }
[INFO] [stdout] 
[INFO] [stdout] 
[INFO] [stdout] 
[INFO] [stdout] failures:
[INFO] [stdout]     src/lib.rs - (line 105)
[INFO] [stdout] 
[INFO] [stdout] test result: FAILED. 1 passed; 1 failed; 6 ignored; 0 measured; 0 filtered out; finished in 0.70s
[INFO] [stdout] 
[INFO] [stderr] error: doctest failed, to rerun pass `--doc`
[INFO] running `Command { std: "docker" "inspect" "c9ebb76a8717f91cddfe02c2733ed226004152942ed00af067b273f9a31993ae", kill_on_drop: false }`
[INFO] running `Command { std: "docker" "rm" "-f" "c9ebb76a8717f91cddfe02c2733ed226004152942ed00af067b273f9a31993ae", kill_on_drop: false }`
[INFO] [stdout] c9ebb76a8717f91cddfe02c2733ed226004152942ed00af067b273f9a31993ae
[INFO] testing rejson-0.4.1 against beta-2023-12-22 for beta-1.76-1
[INFO] extracting crate rejson 0.4.1 into /workspace/builds/worker-7-tc2/source
[INFO] validating manifest of crates.io crate rejson 0.4.1 on toolchain beta-2023-12-22
[INFO] running `Command { std: CARGO_HOME="/workspace/cargo-home" RUSTUP_HOME="/workspace/rustup-home" "/workspace/cargo-home/bin/cargo" "+beta-2023-12-22" "metadata" "--manifest-path" "Cargo.toml" "--no-deps", kill_on_drop: false }`
[INFO] started tweaking crates.io crate rejson 0.4.1
[INFO] finished tweaking crates.io crate rejson 0.4.1
[INFO] tweaked toml for crates.io crate rejson 0.4.1 written to /workspace/builds/worker-7-tc2/source/Cargo.toml
[INFO] crate crates.io crate rejson 0.4.1 already has a lockfile, it will not be regenerated
[INFO] running `Command { std: CARGO_HOME="/workspace/cargo-home" RUSTUP_HOME="/workspace/rustup-home" "/workspace/cargo-home/bin/cargo" "+beta-2023-12-22" "fetch" "--manifest-path" "Cargo.toml", kill_on_drop: false }`
[INFO] running `Command { std: "docker" "create" "-v" "/var/lib/crater-agent-workspace/builds/worker-7-tc2/target:/opt/rustwide/target:rw,Z" "-v" "/var/lib/crater-agent-workspace/builds/worker-7-tc2/source:/opt/rustwide/workdir:ro,Z" "-v" "/var/lib/crater-agent-workspace/cargo-home:/opt/rustwide/cargo-home:ro,Z" "-v" "/var/lib/crater-agent-workspace/rustup-home:/opt/rustwide/rustup-home:ro,Z" "-e" "SOURCE_DIR=/opt/rustwide/workdir" "-e" "CARGO_TARGET_DIR=/opt/rustwide/target" "-e" "CARGO_HOME=/opt/rustwide/cargo-home" "-e" "RUSTUP_HOME=/opt/rustwide/rustup-home" "-w" "/opt/rustwide/workdir" "-m" "1610612736" "--user" "0:0" "--network" "none" "ghcr.io/rust-lang/crates-build-env/linux@sha256:2788e3201cd34a07e3172128adcd8b3090168a8e3bcc40d7c032b9dda1df7d1c" "/opt/rustwide/cargo-home/bin/cargo" "+beta-2023-12-22" "metadata" "--no-deps" "--format-version=1", kill_on_drop: false }`
[INFO] [stdout] caa2e4e363028409c868ab7b23a4cc81a10ca1d123cd1ca29b97b989cff14118
[INFO] running `Command { std: "docker" "start" "-a" "caa2e4e363028409c868ab7b23a4cc81a10ca1d123cd1ca29b97b989cff14118", kill_on_drop: false }`
[INFO] running `Command { std: "docker" "inspect" "caa2e4e363028409c868ab7b23a4cc81a10ca1d123cd1ca29b97b989cff14118", kill_on_drop: false }`
[INFO] running `Command { std: "docker" "rm" "-f" "caa2e4e363028409c868ab7b23a4cc81a10ca1d123cd1ca29b97b989cff14118", kill_on_drop: false }`
[INFO] [stdout] caa2e4e363028409c868ab7b23a4cc81a10ca1d123cd1ca29b97b989cff14118
[INFO] running `Command { std: "docker" "create" "-v" "/var/lib/crater-agent-workspace/builds/worker-7-tc2/target:/opt/rustwide/target:rw,Z" "-v" "/var/lib/crater-agent-workspace/builds/worker-7-tc2/source:/opt/rustwide/workdir:ro,Z" "-v" "/var/lib/crater-agent-workspace/cargo-home:/opt/rustwide/cargo-home:ro,Z" "-v" "/var/lib/crater-agent-workspace/rustup-home:/opt/rustwide/rustup-home:ro,Z" "-e" "SOURCE_DIR=/opt/rustwide/workdir" "-e" "CARGO_TARGET_DIR=/opt/rustwide/target" "-e" "CARGO_INCREMENTAL=0" "-e" "RUST_BACKTRACE=full" "-e" "RUSTFLAGS=--cap-lints=warn" "-e" "RUSTDOCFLAGS=--cap-lints=warn" "-e" "CARGO_HOME=/opt/rustwide/cargo-home" "-e" "RUSTUP_HOME=/opt/rustwide/rustup-home" "-w" "/opt/rustwide/workdir" "-m" "1610612736" "--user" "0:0" "--network" "none" "ghcr.io/rust-lang/crates-build-env/linux@sha256:2788e3201cd34a07e3172128adcd8b3090168a8e3bcc40d7c032b9dda1df7d1c" "/opt/rustwide/cargo-home/bin/cargo" "+beta-2023-12-22" "build" "--frozen" "--message-format=json", kill_on_drop: false }`
[INFO] [stdout] 24bd13f07601c5ca0a4b486e53dd97100b0f747f31d734084d61ce6281a2dd0b
[INFO] running `Command { std: "docker" "start" "-a" "24bd13f07601c5ca0a4b486e53dd97100b0f747f31d734084d61ce6281a2dd0b", kill_on_drop: false }`
[INFO] [stderr]    Compiling proc-macro2 v1.0.67
[INFO] [stderr]    Compiling libc v0.2.148
[INFO] [stderr]    Compiling utf8parse v0.2.1
[INFO] [stderr]    Compiling anstyle v1.0.3
[INFO] [stderr]    Compiling memchr v2.6.3
[INFO] [stderr]    Compiling serde v1.0.188
[INFO] [stderr]    Compiling colorchoice v1.0.0
[INFO] [stderr]    Compiling anstyle-query v1.0.0
[INFO] [stderr]    Compiling anstyle-parse v0.2.1
[INFO] [stderr]    Compiling serde_json v1.0.107
[INFO] [stderr]    Compiling regex-syntax v0.7.5
[INFO] [stderr]    Compiling anstream v0.5.0
[INFO] [stderr]    Compiling strsim v0.10.0
[INFO] [stderr]    Compiling clap_lex v0.5.1
[INFO] [stderr]    Compiling anyhow v1.0.75
[INFO] [stderr]    Compiling aho-corasick v1.1.1
[INFO] [stderr]    Compiling hashbrown v0.14.0
[INFO] [stderr]    Compiling clap_builder v4.4.4
[INFO] [stderr]    Compiling getrandom v0.2.10
[INFO] [stderr]    Compiling quote v1.0.33
[INFO] [stderr]    Compiling indexmap v2.0.0
[INFO] [stderr]    Compiling itoa v1.0.9
[INFO] [stderr]    Compiling rand_core v0.6.4
[INFO] [stderr]    Compiling ryu v1.0.15
[INFO] [stderr]    Compiling syn v2.0.37
[INFO] [stderr]    Compiling rand_chacha v0.3.1
[INFO] [stderr]    Compiling rand v0.8.5
[INFO] [stderr]    Compiling shell-escape v0.1.5
[INFO] [stderr]    Compiling base64 v0.21.4
[INFO] [stderr]    Compiling nacl v0.5.3
[INFO] [stderr]    Compiling regex-automata v0.3.8
[INFO] [stderr]    Compiling regex v1.9.5
[INFO] [stderr]    Compiling clap_derive v4.4.2
[INFO] [stderr]    Compiling clap v4.4.4
[INFO] [stderr]    Compiling rejson v0.4.1 (/opt/rustwide/workdir)
[INFO] [stderr]     Finished dev [unoptimized + debuginfo] target(s) in 7.01s
[INFO] running `Command { std: "docker" "inspect" "24bd13f07601c5ca0a4b486e53dd97100b0f747f31d734084d61ce6281a2dd0b", kill_on_drop: false }`
[INFO] running `Command { std: "docker" "rm" "-f" "24bd13f07601c5ca0a4b486e53dd97100b0f747f31d734084d61ce6281a2dd0b", kill_on_drop: false }`
[INFO] [stdout] 24bd13f07601c5ca0a4b486e53dd97100b0f747f31d734084d61ce6281a2dd0b
[INFO] running `Command { std: "docker" "create" "-v" "/var/lib/crater-agent-workspace/builds/worker-7-tc2/target:/opt/rustwide/target:rw,Z" "-v" "/var/lib/crater-agent-workspace/builds/worker-7-tc2/source:/opt/rustwide/workdir:ro,Z" "-v" "/var/lib/crater-agent-workspace/cargo-home:/opt/rustwide/cargo-home:ro,Z" "-v" "/var/lib/crater-agent-workspace/rustup-home:/opt/rustwide/rustup-home:ro,Z" "-e" "SOURCE_DIR=/opt/rustwide/workdir" "-e" "CARGO_TARGET_DIR=/opt/rustwide/target" "-e" "CARGO_INCREMENTAL=0" "-e" "RUST_BACKTRACE=full" "-e" "RUSTFLAGS=--cap-lints=warn" "-e" "RUSTDOCFLAGS=--cap-lints=warn" "-e" "CARGO_HOME=/opt/rustwide/cargo-home" "-e" "RUSTUP_HOME=/opt/rustwide/rustup-home" "-w" "/opt/rustwide/workdir" "-m" "1610612736" "--user" "0:0" "--network" "none" "ghcr.io/rust-lang/crates-build-env/linux@sha256:2788e3201cd34a07e3172128adcd8b3090168a8e3bcc40d7c032b9dda1df7d1c" "/opt/rustwide/cargo-home/bin/cargo" "+beta-2023-12-22" "test" "--frozen" "--no-run" "--message-format=json", kill_on_drop: false }`
[INFO] [stdout] dc5ea61de28d047aa54632c4170d3b8a1482dfce605e3cabcb10ebddfefa7ce7
[INFO] running `Command { std: "docker" "start" "-a" "dc5ea61de28d047aa54632c4170d3b8a1482dfce605e3cabcb10ebddfefa7ce7", kill_on_drop: false }`
[INFO] [stderr]    Compiling libc v0.2.148
[INFO] [stderr]    Compiling regex-automata v0.3.8
[INFO] [stderr]    Compiling num-traits v0.2.16
[INFO] [stderr]    Compiling doc-comment v0.3.3
[INFO] [stderr]    Compiling predicates-core v1.0.6
[INFO] [stderr]    Compiling rustix v0.38.14
[INFO] [stderr]    Compiling thread_local v1.1.7
[INFO] [stderr]    Compiling normalize-line-endings v0.3.0
[INFO] [stderr]    Compiling termtree v0.4.1
[INFO] [stderr]    Compiling difflib v0.4.0
[INFO] [stderr]    Compiling linux-raw-sys v0.4.7
[INFO] [stderr]    Compiling bitflags v2.4.0
[INFO] [stderr]    Compiling predicates-tree v1.0.9
[INFO] [stderr]    Compiling fastrand v2.0.0
[INFO] [stderr]    Compiling getrandom v0.2.10
[INFO] [stderr]    Compiling wait-timeout v0.2.0
[INFO] [stderr]    Compiling rand_core v0.6.4
[INFO] [stderr]    Compiling rand_chacha v0.3.1
[INFO] [stderr]    Compiling float-cmp v0.9.0
[INFO] [stderr]    Compiling rand v0.8.5
[INFO] [stderr]    Compiling tempfile v3.8.0
[INFO] [stderr]    Compiling regex v1.9.5
[INFO] [stderr]    Compiling bstr v1.6.2
[INFO] [stderr]    Compiling predicates v3.0.4
[INFO] [stderr]    Compiling rejson v0.4.1 (/opt/rustwide/workdir)
[INFO] [stderr]    Compiling globset v0.4.13
[INFO] [stderr]    Compiling assert_cmd v2.0.12
[INFO] [stderr]    Compiling ignore v0.4.20
[INFO] [stderr]    Compiling globwalk v0.8.1
[INFO] [stderr]    Compiling assert_fs v1.0.13
[INFO] [stderr]     Finished test [unoptimized + debuginfo] target(s) in 8.93s
[INFO] running `Command { std: "docker" "inspect" "dc5ea61de28d047aa54632c4170d3b8a1482dfce605e3cabcb10ebddfefa7ce7", kill_on_drop: false }`
[INFO] running `Command { std: "docker" "rm" "-f" "dc5ea61de28d047aa54632c4170d3b8a1482dfce605e3cabcb10ebddfefa7ce7", kill_on_drop: false }`
[INFO] [stdout] dc5ea61de28d047aa54632c4170d3b8a1482dfce605e3cabcb10ebddfefa7ce7
[INFO] running `Command { std: "docker" "create" "-v" "/var/lib/crater-agent-workspace/builds/worker-7-tc2/target:/opt/rustwide/target:rw,Z" "-v" "/var/lib/crater-agent-workspace/builds/worker-7-tc2/source:/opt/rustwide/workdir:ro,Z" "-v" "/var/lib/crater-agent-workspace/cargo-home:/opt/rustwide/cargo-home:ro,Z" "-v" "/var/lib/crater-agent-workspace/rustup-home:/opt/rustwide/rustup-home:ro,Z" "-e" "SOURCE_DIR=/opt/rustwide/workdir" "-e" "CARGO_TARGET_DIR=/opt/rustwide/target" "-e" "CARGO_INCREMENTAL=0" "-e" "RUST_BACKTRACE=full" "-e" "RUSTFLAGS=--cap-lints=warn" "-e" "RUSTDOCFLAGS=--cap-lints=warn" "-e" "CARGO_HOME=/opt/rustwide/cargo-home" "-e" "RUSTUP_HOME=/opt/rustwide/rustup-home" "-w" "/opt/rustwide/workdir" "-m" "1610612736" "--user" "0:0" "--network" "none" "ghcr.io/rust-lang/crates-build-env/linux@sha256:2788e3201cd34a07e3172128adcd8b3090168a8e3bcc40d7c032b9dda1df7d1c" "/opt/rustwide/cargo-home/bin/cargo" "+beta-2023-12-22" "test" "--frozen", kill_on_drop: false }`
[INFO] [stdout] 49a665b9a7c974dd7c2d21fb8db2079a5b365d01cb0f84295502a498e0a1b6d5
[INFO] running `Command { std: "docker" "start" "-a" "49a665b9a7c974dd7c2d21fb8db2079a5b365d01cb0f84295502a498e0a1b6d5", kill_on_drop: false }`
[INFO] [stderr]     Finished test [unoptimized + debuginfo] target(s) in 0.07s
[INFO] [stderr]      Running unittests src/lib.rs (/opt/rustwide/target/debug/deps/rejson-042b323e9c5da5e7)
[INFO] [stdout] 
[INFO] [stdout] running 22 tests
[INFO] [stdout] test crypto::keys::tests::key_from_file ... ok
[INFO] [stdout] test crypto::keys::tests::new ... ok
[INFO] [stdout] test crypto::keys::tests::key_serde ... ok
[INFO] [stdout] test json::test::children ... ok
[INFO] [stdout] test json::test::from_str ... ok
[INFO] [stdout] test json::test::public_key ... ok
[INFO] [stdout] test crypto::message::test::display ... ok
[INFO] [stdout] test crypto::message::test::from_str ... ok
[INFO] [stdout] test kube::tests::basic_secrets ... ok
[INFO] [stdout] test map::tests::fetch ... ok
[INFO] [stdout] test map::tests::key_wrapping ... ok
[INFO] [stdout] test map::tests::load ... ok
[INFO] [stdout] test json::test::without_public_key ... ok
[INFO] [stdout] test json::test::transform ... ok
[INFO] [stdout] test map::tests::non_string_scalars ... ok
[INFO] [stdout] test crypto::keys::tests::generate ... ok
[INFO] [stdout] test crypto::message::test::is_valid ... ok
[INFO] [stdout] test tests::compact_transform ... ok
[INFO] [stdout] test crypto::encryptor::tests::create ... ok
[INFO] [stdout] test crypto::encryptor::tests::encrypt ... ok
[INFO] [stdout] test crypto::decryptor::tests::decrypt ... ok
[INFO] [stdout] test map::tests::load_and_decrypt ... ok
[INFO] [stdout] 
[INFO] [stdout] test result: ok. 22 passed; 0 failed; 0 ignored; 0 measured; 0 filtered out; finished in 0.27s
[INFO] [stdout] 
[INFO] [stderr]      Running unittests src/bin/rejson.rs (/opt/rustwide/target/debug/deps/rejson-0a43acc54c20fc41)
[INFO] [stdout] 
[INFO] [stdout] running 1 test
[INFO] [stdout] test verify_cli ... ok
[INFO] [stdout] 
[INFO] [stdout] test result: ok. 1 passed; 0 failed; 0 ignored; 0 measured; 0 filtered out; finished in 0.00s
[INFO] [stdout] 
[INFO] [stderr]      Running tests/decrypt.rs (/opt/rustwide/target/debug/deps/decrypt-81405d8a253131e2)
[INFO] [stdout] 
[INFO] [stdout] running 4 tests
[INFO] [stdout] test decrypt ... ok
[INFO] [stdout] test decrypt_to_file ... ok
[INFO] [stdout] test decrypt_ejson_keydir ... ok
[INFO] [stdout] test decrypt_key_from_stdin ... ok
[INFO] [stdout] 
[INFO] [stdout] test result: ok. 4 passed; 0 failed; 0 ignored; 0 measured; 0 filtered out; finished in 0.07s
[INFO] [stdout] 
[INFO] [stderr]      Running tests/encrypt.rs (/opt/rustwide/target/debug/deps/encrypt-82d9a6da4c0b780b)
[INFO] [stdout] 
[INFO] [stdout] running 3 tests
[INFO] [stdout] test encrypt_file ... ok
[INFO] [stdout] test encrypt_file_existing_secrets ... ok
[INFO] [stdout] test encrypt_multiple_files ... ok
[INFO] [stdout] 
[INFO] [stdout] test result: ok. 3 passed; 0 failed; 0 ignored; 0 measured; 0 filtered out; finished in 0.13s
[INFO] [stdout] 
[INFO] [stderr]      Running tests/env.rs (/opt/rustwide/target/debug/deps/env-541ca2ab61db6277)
[INFO] [stdout] 
[INFO] [stdout] running 3 tests
[INFO] [stdout] test env ... ok
[INFO] [stdout] test env_to_file ... ok
[INFO] [stdout] test env_shell_escape ... ok
[INFO] [stdout] 
[INFO] [stdout] test result: ok. 3 passed; 0 failed; 0 ignored; 0 measured; 0 filtered out; finished in 0.03s
[INFO] [stdout] 
[INFO] [stderr]      Running tests/keygen.rs (/opt/rustwide/target/debug/deps/keygen-302f71244c938741)
[INFO] [stdout] 
[INFO] [stdout] running 3 tests
[INFO] [stdout] test generate_without_writing ... ok
[INFO] [stdout] test generate_and_write_file_to_ejson_keydir ... ok
[INFO] [stdout] test generate_and_write_file_to_keydir ... ok
[INFO] [stdout] 
[INFO] [stdout] test result: ok. 3 passed; 0 failed; 0 ignored; 0 measured; 0 filtered out; finished in 0.04s
[INFO] [stdout] 
[INFO] [stderr]      Running tests/kube_secrets.rs (/opt/rustwide/target/debug/deps/kube_secrets-fc473cfe6f7f5a88)
[INFO] [stdout] 
[INFO] [stdout] running 2 tests
[INFO] [stdout] test kube_secrets_key_from_stdin ... ok
[INFO] [stdout] test kube_secrets ... ok
[INFO] [stdout] 
[INFO] [stdout] test result: ok. 2 passed; 0 failed; 0 ignored; 0 measured; 0 filtered out; finished in 0.06s
[INFO] [stdout] 
[INFO] [stderr]    Doc-tests rejson
[INFO] [stdout] 
[INFO] [stdout] running 8 tests
[INFO] [stdout] test src/lib.rs - (line 133) ... ignored
[INFO] [stdout] test src/lib.rs - (line 149) ... ignored
[INFO] [stdout] test src/lib.rs - (line 29) ... ignored
[INFO] [stdout] test src/lib.rs - (line 53) ... ignored
[INFO] [stdout] test src/lib.rs - (line 72) ... ignored
[INFO] [stdout] test src/lib.rs - (line 86) ... ignored
[INFO] [stdout] test src/map.rs - map::SecretsMap (line 16) ... ok
[INFO] [stdout] test src/lib.rs - (line 105) ... FAILED
[INFO] [stdout] 
[INFO] [stdout] failures:
[INFO] [stdout] 
[INFO] [stdout] ---- src/lib.rs - (line 105) stdout ----
[INFO] [stdout] Test executable failed (exit status: 1).
[INFO] [stdout] 
[INFO] [stdout] stderr:
[INFO] [stdout] Error: Os { code: 30, kind: ReadOnlyFilesystem, message: "Read-only file system" }
[INFO] [stdout] 
[INFO] [stdout] 
[INFO] [stdout] 
[INFO] [stdout] failures:
[INFO] [stdout]     src/lib.rs - (line 105)
[INFO] [stdout] 
[INFO] [stdout] test result: FAILED. 1 passed; 1 failed; 6 ignored; 0 measured; 0 filtered out; finished in 0.77s
[INFO] [stdout] 
[INFO] [stderr] error: doctest failed, to rerun pass `--doc`
[INFO] running `Command { std: "docker" "inspect" "49a665b9a7c974dd7c2d21fb8db2079a5b365d01cb0f84295502a498e0a1b6d5", kill_on_drop: false }`
[INFO] running `Command { std: "docker" "rm" "-f" "49a665b9a7c974dd7c2d21fb8db2079a5b365d01cb0f84295502a498e0a1b6d5", kill_on_drop: false }`
[INFO] [stdout] 49a665b9a7c974dd7c2d21fb8db2079a5b365d01cb0f84295502a498e0a1b6d5
