[INFO] fetching crate refer 0.1.3...
[INFO] testing refer-0.1.3 against 1.75.0 for beta-1.76-1
[INFO] extracting crate refer 0.1.3 into /workspace/builds/worker-7-tc1/source
[INFO] validating manifest of crates.io crate refer 0.1.3 on toolchain 1.75.0
[INFO] running `Command { std: CARGO_HOME="/workspace/cargo-home" RUSTUP_HOME="/workspace/rustup-home" "/workspace/cargo-home/bin/cargo" "+1.75.0" "metadata" "--manifest-path" "Cargo.toml" "--no-deps", kill_on_drop: false }`
[INFO] started tweaking crates.io crate refer 0.1.3
[INFO] finished tweaking crates.io crate refer 0.1.3
[INFO] tweaked toml for crates.io crate refer 0.1.3 written to /workspace/builds/worker-7-tc1/source/Cargo.toml
[INFO] running `Command { std: CARGO_HOME="/workspace/cargo-home" RUSTUP_HOME="/workspace/rustup-home" "/workspace/cargo-home/bin/cargo" "+1.75.0" "generate-lockfile" "--manifest-path" "Cargo.toml", kill_on_drop: false }`
[INFO] [stderr]     Updating crates.io index
[INFO] running `Command { std: CARGO_HOME="/workspace/cargo-home" RUSTUP_HOME="/workspace/rustup-home" "/workspace/cargo-home/bin/cargo" "+1.75.0" "fetch" "--manifest-path" "Cargo.toml", kill_on_drop: false }`
[INFO] running `Command { std: "docker" "create" "-v" "/var/lib/crater-agent-workspace/builds/worker-7-tc1/target:/opt/rustwide/target:rw,Z" "-v" "/var/lib/crater-agent-workspace/builds/worker-7-tc1/source:/opt/rustwide/workdir:ro,Z" "-v" "/var/lib/crater-agent-workspace/cargo-home:/opt/rustwide/cargo-home:ro,Z" "-v" "/var/lib/crater-agent-workspace/rustup-home:/opt/rustwide/rustup-home:ro,Z" "-e" "SOURCE_DIR=/opt/rustwide/workdir" "-e" "CARGO_TARGET_DIR=/opt/rustwide/target" "-e" "CARGO_HOME=/opt/rustwide/cargo-home" "-e" "RUSTUP_HOME=/opt/rustwide/rustup-home" "-w" "/opt/rustwide/workdir" "-m" "1610612736" "--user" "0:0" "--network" "none" "ghcr.io/rust-lang/crates-build-env/linux@sha256:2788e3201cd34a07e3172128adcd8b3090168a8e3bcc40d7c032b9dda1df7d1c" "/opt/rustwide/cargo-home/bin/cargo" "+1.75.0" "metadata" "--no-deps" "--format-version=1", kill_on_drop: false }`
[INFO] [stdout] e96155b0293dec4089d34884c8263b5c07f1e7032f98780959ceadd9a15cf25c
[INFO] running `Command { std: "docker" "start" "-a" "e96155b0293dec4089d34884c8263b5c07f1e7032f98780959ceadd9a15cf25c", kill_on_drop: false }`
[INFO] running `Command { std: "docker" "inspect" "e96155b0293dec4089d34884c8263b5c07f1e7032f98780959ceadd9a15cf25c", kill_on_drop: false }`
[INFO] running `Command { std: "docker" "rm" "-f" "e96155b0293dec4089d34884c8263b5c07f1e7032f98780959ceadd9a15cf25c", kill_on_drop: false }`
[INFO] [stdout] e96155b0293dec4089d34884c8263b5c07f1e7032f98780959ceadd9a15cf25c
[INFO] running `Command { std: "docker" "create" "-v" "/var/lib/crater-agent-workspace/builds/worker-7-tc1/target:/opt/rustwide/target:rw,Z" "-v" "/var/lib/crater-agent-workspace/builds/worker-7-tc1/source:/opt/rustwide/workdir:ro,Z" "-v" "/var/lib/crater-agent-workspace/cargo-home:/opt/rustwide/cargo-home:ro,Z" "-v" "/var/lib/crater-agent-workspace/rustup-home:/opt/rustwide/rustup-home:ro,Z" "-e" "SOURCE_DIR=/opt/rustwide/workdir" "-e" "CARGO_TARGET_DIR=/opt/rustwide/target" "-e" "CARGO_INCREMENTAL=0" "-e" "RUST_BACKTRACE=full" "-e" "RUSTFLAGS=--cap-lints=warn" "-e" "RUSTDOCFLAGS=--cap-lints=warn" "-e" "CARGO_HOME=/opt/rustwide/cargo-home" "-e" "RUSTUP_HOME=/opt/rustwide/rustup-home" "-w" "/opt/rustwide/workdir" "-m" "1610612736" "--user" "0:0" "--network" "none" "ghcr.io/rust-lang/crates-build-env/linux@sha256:2788e3201cd34a07e3172128adcd8b3090168a8e3bcc40d7c032b9dda1df7d1c" "/opt/rustwide/cargo-home/bin/cargo" "+1.75.0" "build" "--frozen" "--message-format=json", kill_on_drop: false }`
[INFO] [stdout] 5e2849a3f6fffac8c3c096ebe2e3f845e893581cc6f4c029f18bdd4ffbfb34b1
[INFO] running `Command { std: "docker" "start" "-a" "5e2849a3f6fffac8c3c096ebe2e3f845e893581cc6f4c029f18bdd4ffbfb34b1", kill_on_drop: false }`
[INFO] [stderr]    Compiling memchr v2.7.1
[INFO] [stderr]    Compiling nom v7.1.3
[INFO] [stderr]    Compiling refer v0.1.3 (/opt/rustwide/workdir)
[INFO] [stdout] warning: unreachable pattern
[INFO] [stdout]    --> src/reader.rs:422:9
[INFO] [stdout]     |
[INFO] [stdout] 422 |         e => {
[INFO] [stdout]     |         ^
[INFO] [stdout]     |
[INFO] [stdout]     = note: `#[warn(unreachable_patterns)]` on by default
[INFO] [stdout] 
[INFO] [stdout] 
[INFO] [stdout] warning: 1 warning emitted
[INFO] [stdout] 
[INFO] [stdout] 
[INFO] [stderr]     Finished dev [unoptimized + debuginfo] target(s) in 1.54s
[INFO] running `Command { std: "docker" "inspect" "5e2849a3f6fffac8c3c096ebe2e3f845e893581cc6f4c029f18bdd4ffbfb34b1", kill_on_drop: false }`
[INFO] running `Command { std: "docker" "rm" "-f" "5e2849a3f6fffac8c3c096ebe2e3f845e893581cc6f4c029f18bdd4ffbfb34b1", kill_on_drop: false }`
[INFO] [stdout] 5e2849a3f6fffac8c3c096ebe2e3f845e893581cc6f4c029f18bdd4ffbfb34b1
[INFO] running `Command { std: "docker" "create" "-v" "/var/lib/crater-agent-workspace/builds/worker-7-tc1/target:/opt/rustwide/target:rw,Z" "-v" "/var/lib/crater-agent-workspace/builds/worker-7-tc1/source:/opt/rustwide/workdir:ro,Z" "-v" "/var/lib/crater-agent-workspace/cargo-home:/opt/rustwide/cargo-home:ro,Z" "-v" "/var/lib/crater-agent-workspace/rustup-home:/opt/rustwide/rustup-home:ro,Z" "-e" "SOURCE_DIR=/opt/rustwide/workdir" "-e" "CARGO_TARGET_DIR=/opt/rustwide/target" "-e" "CARGO_INCREMENTAL=0" "-e" "RUST_BACKTRACE=full" "-e" "RUSTFLAGS=--cap-lints=warn" "-e" "RUSTDOCFLAGS=--cap-lints=warn" "-e" "CARGO_HOME=/opt/rustwide/cargo-home" "-e" "RUSTUP_HOME=/opt/rustwide/rustup-home" "-w" "/opt/rustwide/workdir" "-m" "1610612736" "--user" "0:0" "--network" "none" "ghcr.io/rust-lang/crates-build-env/linux@sha256:2788e3201cd34a07e3172128adcd8b3090168a8e3bcc40d7c032b9dda1df7d1c" "/opt/rustwide/cargo-home/bin/cargo" "+1.75.0" "test" "--frozen" "--no-run" "--message-format=json", kill_on_drop: false }`
[INFO] [stdout] 77738070cee112d047ba71bf1f7a9a55694bbd12ddebc437d8cc93f31d1b8cc2
[INFO] running `Command { std: "docker" "start" "-a" "77738070cee112d047ba71bf1f7a9a55694bbd12ddebc437d8cc93f31d1b8cc2", kill_on_drop: false }`
[INFO] [stderr]    Compiling refer v0.1.3 (/opt/rustwide/workdir)
[INFO] [stdout] warning: unreachable pattern
[INFO] [stdout]    --> src/reader.rs:422:9
[INFO] [stdout]     |
[INFO] [stdout] 422 |         e => {
[INFO] [stdout]     |         ^
[INFO] [stdout]     |
[INFO] [stdout]     = note: `#[warn(unreachable_patterns)]` on by default
[INFO] [stdout] 
[INFO] [stdout] 
[INFO] [stdout] warning: 1 warning emitted
[INFO] [stdout] 
[INFO] [stdout] 
[INFO] [stdout] warning: unreachable pattern
[INFO] [stdout]    --> src/reader.rs:422:9
[INFO] [stdout]     |
[INFO] [stdout] 422 |         e => {
[INFO] [stdout]     |         ^
[INFO] [stdout]     |
[INFO] [stdout]     = note: `#[warn(unreachable_patterns)]` on by default
[INFO] [stdout] 
[INFO] [stdout] 
[INFO] [stdout] warning: 1 warning emitted
[INFO] [stdout] 
[INFO] [stdout] 
[INFO] [stderr]     Finished test [unoptimized + debuginfo] target(s) in 0.43s
[INFO] running `Command { std: "docker" "inspect" "77738070cee112d047ba71bf1f7a9a55694bbd12ddebc437d8cc93f31d1b8cc2", kill_on_drop: false }`
[INFO] running `Command { std: "docker" "rm" "-f" "77738070cee112d047ba71bf1f7a9a55694bbd12ddebc437d8cc93f31d1b8cc2", kill_on_drop: false }`
[INFO] [stdout] 77738070cee112d047ba71bf1f7a9a55694bbd12ddebc437d8cc93f31d1b8cc2
[INFO] running `Command { std: "docker" "create" "-v" "/var/lib/crater-agent-workspace/builds/worker-7-tc1/target:/opt/rustwide/target:rw,Z" "-v" "/var/lib/crater-agent-workspace/builds/worker-7-tc1/source:/opt/rustwide/workdir:ro,Z" "-v" "/var/lib/crater-agent-workspace/cargo-home:/opt/rustwide/cargo-home:ro,Z" "-v" "/var/lib/crater-agent-workspace/rustup-home:/opt/rustwide/rustup-home:ro,Z" "-e" "SOURCE_DIR=/opt/rustwide/workdir" "-e" "CARGO_TARGET_DIR=/opt/rustwide/target" "-e" "CARGO_INCREMENTAL=0" "-e" "RUST_BACKTRACE=full" "-e" "RUSTFLAGS=--cap-lints=warn" "-e" "RUSTDOCFLAGS=--cap-lints=warn" "-e" "CARGO_HOME=/opt/rustwide/cargo-home" "-e" "RUSTUP_HOME=/opt/rustwide/rustup-home" "-w" "/opt/rustwide/workdir" "-m" "1610612736" "--user" "0:0" "--network" "none" "ghcr.io/rust-lang/crates-build-env/linux@sha256:2788e3201cd34a07e3172128adcd8b3090168a8e3bcc40d7c032b9dda1df7d1c" "/opt/rustwide/cargo-home/bin/cargo" "+1.75.0" "test" "--frozen", kill_on_drop: false }`
[INFO] [stdout] 23becf7a9b2864ea6b0ba2ef4c5159a368a97b6039cf415813b69b090e40f7cf
[INFO] running `Command { std: "docker" "start" "-a" "23becf7a9b2864ea6b0ba2ef4c5159a368a97b6039cf415813b69b090e40f7cf", kill_on_drop: false }`
[INFO] [stderr] warning: unreachable pattern
[INFO] [stderr]    --> src/reader.rs:422:9
[INFO] [stderr]     |
[INFO] [stderr] 422 |         e => {
[INFO] [stderr]     |         ^
[INFO] [stderr]     |
[INFO] [stderr]     = note: `#[warn(unreachable_patterns)]` on by default
[INFO] [stderr] 
[INFO] [stderr] warning: `refer` (lib) generated 1 warning
[INFO] [stderr] warning: `refer` (lib test) generated 1 warning (1 duplicate)
[INFO] [stderr]     Finished test [unoptimized + debuginfo] target(s) in 0.00s
[INFO] [stderr]      Running unittests src/lib.rs (/opt/rustwide/target/debug/deps/refer-b015522338ca8022)
[INFO] [stdout] 
[INFO] [stdout] running 9 tests
[INFO] [stdout] test reader::tests::parse_single_record ... ok
[INFO] [stdout] test reader::tests::test_keywords_line ... ok
[INFO] [stdout] test reader::tests::test_parse_author_line ... ok
[INFO] [stdout] test reader::tests::parse_input_line_1 ... ok
[INFO] [stdout] test reader::tests::test_parse_author_line_one ... ok
[INFO] [stdout] test reader::tests::test_parse_author_name ... ok
[INFO] [stdout] test reader::tests::test_parse_author_tag ... ok
[INFO] [stdout] test reader::tests::test_reader_1 ... ok
[INFO] [stdout] test writer::tests::one_record ... ok
[INFO] [stdout] 
[INFO] [stdout] test result: ok. 9 passed; 0 failed; 0 ignored; 0 measured; 0 filtered out; finished in 0.00s
[INFO] [stdout] 
[INFO] [stderr]    Doc-tests refer
[INFO] [stdout] 
[INFO] [stdout] running 5 tests
[INFO] [stdout] test src/lib.rs - (line 23) - compile ... ok
[INFO] [stdout] test src/reader.rs - reader::Reader<File>::from_path (line 72) - compile ... ok
[INFO] [stdout] test src/writer.rs - writer::Writer<File>::from_path (line 27) - compile ... ok
[INFO] [stdout] test src/reader.rs - reader::Reader (line 28) ... FAILED
[INFO] [stdout] test src/writer.rs - writer::Writer<W>::new (line 50) ... ok
[INFO] [stdout] 
[INFO] [stdout] failures:
[INFO] [stdout] 
[INFO] [stdout] ---- src/reader.rs - reader::Reader (line 28) stdout ----
[INFO] [stdout] error[E0603]: module `record` is private
[INFO] [stdout]   --> src/reader.rs:31:21
[INFO] [stdout]    |
[INFO] [stdout] 5  | use refer::{Reader, record::{Author, Record}};
[INFO] [stdout]    |                     ^^^^^^ private module
[INFO] [stdout]    |
[INFO] [stdout] note: the module `record` is defined here
[INFO] [stdout]   --> /opt/rustwide/workdir/src/lib.rs:48:1
[INFO] [stdout]    |
[INFO] [stdout] 48 | mod record;
[INFO] [stdout]    | ^^^^^^^^^^
[INFO] [stdout] 
[INFO] [stdout] error: aborting due to previous error
[INFO] [stdout] 
[INFO] [stdout] For more information about this error, try `rustc --explain E0603`.
[INFO] [stdout] Couldn't compile the test.
[INFO] [stdout] 
[INFO] [stdout] failures:
[INFO] [stdout]     src/reader.rs - reader::Reader (line 28)
[INFO] [stdout] 
[INFO] [stdout] test result: FAILED. 4 passed; 1 failed; 0 ignored; 0 measured; 0 filtered out; finished in 0.21s
[INFO] [stdout] 
[INFO] [stderr] error: doctest failed, to rerun pass `--doc`
[INFO] running `Command { std: "docker" "inspect" "23becf7a9b2864ea6b0ba2ef4c5159a368a97b6039cf415813b69b090e40f7cf", kill_on_drop: false }`
[INFO] running `Command { std: "docker" "rm" "-f" "23becf7a9b2864ea6b0ba2ef4c5159a368a97b6039cf415813b69b090e40f7cf", kill_on_drop: false }`
[INFO] [stdout] 23becf7a9b2864ea6b0ba2ef4c5159a368a97b6039cf415813b69b090e40f7cf
[INFO] testing refer-0.1.3 against beta-2023-12-22 for beta-1.76-1
[INFO] extracting crate refer 0.1.3 into /workspace/builds/worker-7-tc2/source
[INFO] validating manifest of crates.io crate refer 0.1.3 on toolchain beta-2023-12-22
[INFO] running `Command { std: CARGO_HOME="/workspace/cargo-home" RUSTUP_HOME="/workspace/rustup-home" "/workspace/cargo-home/bin/cargo" "+beta-2023-12-22" "metadata" "--manifest-path" "Cargo.toml" "--no-deps", kill_on_drop: false }`
[INFO] started tweaking crates.io crate refer 0.1.3
[INFO] finished tweaking crates.io crate refer 0.1.3
[INFO] tweaked toml for crates.io crate refer 0.1.3 written to /workspace/builds/worker-7-tc2/source/Cargo.toml
[INFO] running `Command { std: CARGO_HOME="/workspace/cargo-home" RUSTUP_HOME="/workspace/rustup-home" "/workspace/cargo-home/bin/cargo" "+beta-2023-12-22" "generate-lockfile" "--manifest-path" "Cargo.toml", kill_on_drop: false }`
[INFO] [stderr]     Updating crates.io index
[INFO] running `Command { std: CARGO_HOME="/workspace/cargo-home" RUSTUP_HOME="/workspace/rustup-home" "/workspace/cargo-home/bin/cargo" "+beta-2023-12-22" "fetch" "--manifest-path" "Cargo.toml", kill_on_drop: false }`
[INFO] running `Command { std: "docker" "create" "-v" "/var/lib/crater-agent-workspace/builds/worker-7-tc2/target:/opt/rustwide/target:rw,Z" "-v" "/var/lib/crater-agent-workspace/builds/worker-7-tc2/source:/opt/rustwide/workdir:ro,Z" "-v" "/var/lib/crater-agent-workspace/cargo-home:/opt/rustwide/cargo-home:ro,Z" "-v" "/var/lib/crater-agent-workspace/rustup-home:/opt/rustwide/rustup-home:ro,Z" "-e" "SOURCE_DIR=/opt/rustwide/workdir" "-e" "CARGO_TARGET_DIR=/opt/rustwide/target" "-e" "CARGO_HOME=/opt/rustwide/cargo-home" "-e" "RUSTUP_HOME=/opt/rustwide/rustup-home" "-w" "/opt/rustwide/workdir" "-m" "1610612736" "--user" "0:0" "--network" "none" "ghcr.io/rust-lang/crates-build-env/linux@sha256:2788e3201cd34a07e3172128adcd8b3090168a8e3bcc40d7c032b9dda1df7d1c" "/opt/rustwide/cargo-home/bin/cargo" "+beta-2023-12-22" "metadata" "--no-deps" "--format-version=1", kill_on_drop: false }`
[INFO] [stdout] cc23a068e52537c9f2183e8ee39ef244cc244d0124df3f0f94d642f0ab2a8175
[INFO] running `Command { std: "docker" "start" "-a" "cc23a068e52537c9f2183e8ee39ef244cc244d0124df3f0f94d642f0ab2a8175", kill_on_drop: false }`
[INFO] running `Command { std: "docker" "inspect" "cc23a068e52537c9f2183e8ee39ef244cc244d0124df3f0f94d642f0ab2a8175", kill_on_drop: false }`
[INFO] running `Command { std: "docker" "rm" "-f" "cc23a068e52537c9f2183e8ee39ef244cc244d0124df3f0f94d642f0ab2a8175", kill_on_drop: false }`
[INFO] [stdout] cc23a068e52537c9f2183e8ee39ef244cc244d0124df3f0f94d642f0ab2a8175
[INFO] running `Command { std: "docker" "create" "-v" "/var/lib/crater-agent-workspace/builds/worker-7-tc2/target:/opt/rustwide/target:rw,Z" "-v" "/var/lib/crater-agent-workspace/builds/worker-7-tc2/source:/opt/rustwide/workdir:ro,Z" "-v" "/var/lib/crater-agent-workspace/cargo-home:/opt/rustwide/cargo-home:ro,Z" "-v" "/var/lib/crater-agent-workspace/rustup-home:/opt/rustwide/rustup-home:ro,Z" "-e" "SOURCE_DIR=/opt/rustwide/workdir" "-e" "CARGO_TARGET_DIR=/opt/rustwide/target" "-e" "CARGO_INCREMENTAL=0" "-e" "RUST_BACKTRACE=full" "-e" "RUSTFLAGS=--cap-lints=warn" "-e" "RUSTDOCFLAGS=--cap-lints=warn" "-e" "CARGO_HOME=/opt/rustwide/cargo-home" "-e" "RUSTUP_HOME=/opt/rustwide/rustup-home" "-w" "/opt/rustwide/workdir" "-m" "1610612736" "--user" "0:0" "--network" "none" "ghcr.io/rust-lang/crates-build-env/linux@sha256:2788e3201cd34a07e3172128adcd8b3090168a8e3bcc40d7c032b9dda1df7d1c" "/opt/rustwide/cargo-home/bin/cargo" "+beta-2023-12-22" "build" "--frozen" "--message-format=json", kill_on_drop: false }`
[INFO] [stdout] 2cf431ec5c4e9333b7ad419a7697e01bf71d47031595ccdd160ec9e5fba66677
[INFO] running `Command { std: "docker" "start" "-a" "2cf431ec5c4e9333b7ad419a7697e01bf71d47031595ccdd160ec9e5fba66677", kill_on_drop: false }`
[INFO] [stderr]    Compiling memchr v2.7.1
[INFO] [stderr]    Compiling nom v7.1.3
[INFO] [stderr]    Compiling refer v0.1.3 (/opt/rustwide/workdir)
[INFO] [stdout] warning: unreachable pattern
[INFO] [stdout]    --> src/reader.rs:422:9
[INFO] [stdout]     |
[INFO] [stdout] 422 |         e => {
[INFO] [stdout]     |         ^
[INFO] [stdout]     |
[INFO] [stdout]     = note: `#[warn(unreachable_patterns)]` on by default
[INFO] [stdout] 
[INFO] [stdout] 
[INFO] [stdout] warning: 1 warning emitted
[INFO] [stdout] 
[INFO] [stdout] 
[INFO] [stderr]     Finished dev [unoptimized + debuginfo] target(s) in 1.55s
[INFO] running `Command { std: "docker" "inspect" "2cf431ec5c4e9333b7ad419a7697e01bf71d47031595ccdd160ec9e5fba66677", kill_on_drop: false }`
[INFO] running `Command { std: "docker" "rm" "-f" "2cf431ec5c4e9333b7ad419a7697e01bf71d47031595ccdd160ec9e5fba66677", kill_on_drop: false }`
[INFO] [stdout] 2cf431ec5c4e9333b7ad419a7697e01bf71d47031595ccdd160ec9e5fba66677
[INFO] running `Command { std: "docker" "create" "-v" "/var/lib/crater-agent-workspace/builds/worker-7-tc2/target:/opt/rustwide/target:rw,Z" "-v" "/var/lib/crater-agent-workspace/builds/worker-7-tc2/source:/opt/rustwide/workdir:ro,Z" "-v" "/var/lib/crater-agent-workspace/cargo-home:/opt/rustwide/cargo-home:ro,Z" "-v" "/var/lib/crater-agent-workspace/rustup-home:/opt/rustwide/rustup-home:ro,Z" "-e" "SOURCE_DIR=/opt/rustwide/workdir" "-e" "CARGO_TARGET_DIR=/opt/rustwide/target" "-e" "CARGO_INCREMENTAL=0" "-e" "RUST_BACKTRACE=full" "-e" "RUSTFLAGS=--cap-lints=warn" "-e" "RUSTDOCFLAGS=--cap-lints=warn" "-e" "CARGO_HOME=/opt/rustwide/cargo-home" "-e" "RUSTUP_HOME=/opt/rustwide/rustup-home" "-w" "/opt/rustwide/workdir" "-m" "1610612736" "--user" "0:0" "--network" "none" "ghcr.io/rust-lang/crates-build-env/linux@sha256:2788e3201cd34a07e3172128adcd8b3090168a8e3bcc40d7c032b9dda1df7d1c" "/opt/rustwide/cargo-home/bin/cargo" "+beta-2023-12-22" "test" "--frozen" "--no-run" "--message-format=json", kill_on_drop: false }`
[INFO] [stdout] 9b4a3bb3789653513f7a39fc8d533b48f5ad1bbca99e0be2484ce323510ec436
[INFO] running `Command { std: "docker" "start" "-a" "9b4a3bb3789653513f7a39fc8d533b48f5ad1bbca99e0be2484ce323510ec436", kill_on_drop: false }`
[INFO] [stderr]    Compiling refer v0.1.3 (/opt/rustwide/workdir)
[INFO] [stdout] warning: unreachable pattern
[INFO] [stdout]    --> src/reader.rs:422:9
[INFO] [stdout]     |
[INFO] [stdout] 422 |         e => {
[INFO] [stdout]     |         ^
[INFO] [stdout]     |
[INFO] [stdout]     = note: `#[warn(unreachable_patterns)]` on by default
[INFO] [stdout] 
[INFO] [stdout] 
[INFO] [stdout] warning: 1 warning emitted
[INFO] [stdout] 
[INFO] [stdout] 
[INFO] [stdout] warning: unreachable pattern
[INFO] [stdout]    --> src/reader.rs:422:9
[INFO] [stdout]     |
[INFO] [stdout] 422 |         e => {
[INFO] [stdout]     |         ^
[INFO] [stdout]     |
[INFO] [stdout]     = note: `#[warn(unreachable_patterns)]` on by default
[INFO] [stdout] 
[INFO] [stdout] 
[INFO] [stdout] warning: 1 warning emitted
[INFO] [stdout] 
[INFO] [stdout] 
[INFO] [stderr]     Finished test [unoptimized + debuginfo] target(s) in 0.45s
[INFO] running `Command { std: "docker" "inspect" "9b4a3bb3789653513f7a39fc8d533b48f5ad1bbca99e0be2484ce323510ec436", kill_on_drop: false }`
[INFO] running `Command { std: "docker" "rm" "-f" "9b4a3bb3789653513f7a39fc8d533b48f5ad1bbca99e0be2484ce323510ec436", kill_on_drop: false }`
[INFO] [stdout] 9b4a3bb3789653513f7a39fc8d533b48f5ad1bbca99e0be2484ce323510ec436
[INFO] running `Command { std: "docker" "create" "-v" "/var/lib/crater-agent-workspace/builds/worker-7-tc2/target:/opt/rustwide/target:rw,Z" "-v" "/var/lib/crater-agent-workspace/builds/worker-7-tc2/source:/opt/rustwide/workdir:ro,Z" "-v" "/var/lib/crater-agent-workspace/cargo-home:/opt/rustwide/cargo-home:ro,Z" "-v" "/var/lib/crater-agent-workspace/rustup-home:/opt/rustwide/rustup-home:ro,Z" "-e" "SOURCE_DIR=/opt/rustwide/workdir" "-e" "CARGO_TARGET_DIR=/opt/rustwide/target" "-e" "CARGO_INCREMENTAL=0" "-e" "RUST_BACKTRACE=full" "-e" "RUSTFLAGS=--cap-lints=warn" "-e" "RUSTDOCFLAGS=--cap-lints=warn" "-e" "CARGO_HOME=/opt/rustwide/cargo-home" "-e" "RUSTUP_HOME=/opt/rustwide/rustup-home" "-w" "/opt/rustwide/workdir" "-m" "1610612736" "--user" "0:0" "--network" "none" "ghcr.io/rust-lang/crates-build-env/linux@sha256:2788e3201cd34a07e3172128adcd8b3090168a8e3bcc40d7c032b9dda1df7d1c" "/opt/rustwide/cargo-home/bin/cargo" "+beta-2023-12-22" "test" "--frozen", kill_on_drop: false }`
[INFO] [stdout] 5fce23dd8d8de3eb96f80b20bc1f4b885656dfa8491dc208a572121e0f8c0791
[INFO] running `Command { std: "docker" "start" "-a" "5fce23dd8d8de3eb96f80b20bc1f4b885656dfa8491dc208a572121e0f8c0791", kill_on_drop: false }`
[INFO] [stderr] warning: unreachable pattern
[INFO] [stderr]    --> src/reader.rs:422:9
[INFO] [stderr]     |
[INFO] [stderr] 422 |         e => {
[INFO] [stderr]     |         ^
[INFO] [stderr]     |
[INFO] [stderr]     = note: `#[warn(unreachable_patterns)]` on by default
[INFO] [stderr] 
[INFO] [stderr] warning: `refer` (lib) generated 1 warning
[INFO] [stderr] warning: `refer` (lib test) generated 1 warning (1 duplicate)
[INFO] [stderr]     Finished test [unoptimized + debuginfo] target(s) in 0.00s
[INFO] [stderr]      Running unittests src/lib.rs (/opt/rustwide/target/debug/deps/refer-437ea38c82e4e59d)
[INFO] [stdout] 
[INFO] [stdout] running 9 tests
[INFO] [stdout] test reader::tests::parse_single_record ... ok
[INFO] [stdout] test reader::tests::test_keywords_line ... ok
[INFO] [stdout] test reader::tests::test_parse_author_line_one ... ok
[INFO] [stdout] test reader::tests::test_parse_author_name ... ok
[INFO] [stdout] test reader::tests::parse_input_line_1 ... ok
[INFO] [stdout] test reader::tests::test_parse_author_line ... ok
[INFO] [stdout] test reader::tests::test_parse_author_tag ... ok
[INFO] [stdout] test reader::tests::test_reader_1 ... ok
[INFO] [stdout] test writer::tests::one_record ... ok
[INFO] [stdout] 
[INFO] [stdout] test result: ok. 9 passed; 0 failed; 0 ignored; 0 measured; 0 filtered out; finished in 0.00s
[INFO] [stdout] 
[INFO] [stderr]    Doc-tests refer
[INFO] [stdout] 
[INFO] [stdout] running 5 tests
[INFO] [stdout] test src/lib.rs - (line 23) - compile ... ok
[INFO] [stdout] test src/reader.rs - reader::Reader<File>::from_path (line 72) - compile ... ok
[INFO] [stdout] test src/writer.rs - writer::Writer<File>::from_path (line 27) - compile ... ok
[INFO] [stdout] test src/reader.rs - reader::Reader (line 28) ... FAILED
[INFO] [stdout] test src/writer.rs - writer::Writer<W>::new (line 50) ... ok
[INFO] [stdout] 
[INFO] [stdout] failures:
[INFO] [stdout] 
[INFO] [stdout] ---- src/reader.rs - reader::Reader (line 28) stdout ----
[INFO] [stdout] error[E0603]: module `record` is private
[INFO] [stdout]   --> src/reader.rs:31:21
[INFO] [stdout]    |
[INFO] [stdout] 5  | use refer::{Reader, record::{Author, Record}};
[INFO] [stdout]    |                     ^^^^^^ private module
[INFO] [stdout]    |
[INFO] [stdout] note: the module `record` is defined here
[INFO] [stdout]   --> /opt/rustwide/workdir/src/lib.rs:48:1
[INFO] [stdout]    |
[INFO] [stdout] 48 | mod record;
[INFO] [stdout]    | ^^^^^^^^^^
[INFO] [stdout] 
[INFO] [stdout] error: aborting due to 1 previous error
[INFO] [stdout] 
[INFO] [stdout] For more information about this error, try `rustc --explain E0603`.
[INFO] [stdout] Couldn't compile the test.
[INFO] [stdout] 
[INFO] [stdout] failures:
[INFO] [stdout]     src/reader.rs - reader::Reader (line 28)
[INFO] [stdout] 
[INFO] [stdout] test result: FAILED. 4 passed; 1 failed; 0 ignored; 0 measured; 0 filtered out; finished in 0.21s
[INFO] [stdout] 
[INFO] [stderr] error: doctest failed, to rerun pass `--doc`
[INFO] running `Command { std: "docker" "inspect" "5fce23dd8d8de3eb96f80b20bc1f4b885656dfa8491dc208a572121e0f8c0791", kill_on_drop: false }`
[INFO] running `Command { std: "docker" "rm" "-f" "5fce23dd8d8de3eb96f80b20bc1f4b885656dfa8491dc208a572121e0f8c0791", kill_on_drop: false }`
[INFO] [stdout] 5fce23dd8d8de3eb96f80b20bc1f4b885656dfa8491dc208a572121e0f8c0791
