[INFO] fetching crate redust 0.4.0...
[INFO] testing redust-0.4.0 against 1.75.0 for beta-1.76-1
[INFO] extracting crate redust 0.4.0 into /workspace/builds/worker-2-tc1/source
[INFO] validating manifest of crates.io crate redust 0.4.0 on toolchain 1.75.0
[INFO] running `Command { std: CARGO_HOME="/workspace/cargo-home" RUSTUP_HOME="/workspace/rustup-home" "/workspace/cargo-home/bin/cargo" "+1.75.0" "metadata" "--manifest-path" "Cargo.toml" "--no-deps", kill_on_drop: false }`
[INFO] started tweaking crates.io crate redust 0.4.0
[INFO] removed 0 missing tests
[INFO] finished tweaking crates.io crate redust 0.4.0
[INFO] tweaked toml for crates.io crate redust 0.4.0 written to /workspace/builds/worker-2-tc1/source/Cargo.toml
[INFO] running `Command { std: CARGO_HOME="/workspace/cargo-home" RUSTUP_HOME="/workspace/rustup-home" "/workspace/cargo-home/bin/cargo" "+1.75.0" "generate-lockfile" "--manifest-path" "Cargo.toml", kill_on_drop: false }`
[INFO] [stderr]     Blocking waiting for file lock on package cache
[INFO] [stderr]     Updating crates.io index
[INFO] running `Command { std: CARGO_HOME="/workspace/cargo-home" RUSTUP_HOME="/workspace/rustup-home" "/workspace/cargo-home/bin/cargo" "+1.75.0" "fetch" "--manifest-path" "Cargo.toml", kill_on_drop: false }`
[INFO] [stderr]     Blocking waiting for file lock on package cache
[INFO] [stderr]     Blocking waiting for file lock on package cache
[INFO] [stderr]  Downloading crates ...
[INFO] [stderr]   Downloaded redust-resp v0.2.5
[INFO] running `Command { std: "docker" "create" "-v" "/var/lib/crater-agent-workspace/builds/worker-2-tc1/target:/opt/rustwide/target:rw,Z" "-v" "/var/lib/crater-agent-workspace/builds/worker-2-tc1/source:/opt/rustwide/workdir:ro,Z" "-v" "/var/lib/crater-agent-workspace/cargo-home:/opt/rustwide/cargo-home:ro,Z" "-v" "/var/lib/crater-agent-workspace/rustup-home:/opt/rustwide/rustup-home:ro,Z" "-e" "SOURCE_DIR=/opt/rustwide/workdir" "-e" "CARGO_TARGET_DIR=/opt/rustwide/target" "-e" "CARGO_HOME=/opt/rustwide/cargo-home" "-e" "RUSTUP_HOME=/opt/rustwide/rustup-home" "-w" "/opt/rustwide/workdir" "-m" "1610612736" "--user" "0:0" "--network" "none" "ghcr.io/rust-lang/crates-build-env/linux@sha256:2788e3201cd34a07e3172128adcd8b3090168a8e3bcc40d7c032b9dda1df7d1c" "/opt/rustwide/cargo-home/bin/cargo" "+1.75.0" "metadata" "--no-deps" "--format-version=1", kill_on_drop: false }`
[INFO] [stdout] 4557011e1fe9242bc12c7c3822ae2beec0d41fdaf362af81320f4c0a9a4a5f0d
[INFO] running `Command { std: "docker" "start" "-a" "4557011e1fe9242bc12c7c3822ae2beec0d41fdaf362af81320f4c0a9a4a5f0d", kill_on_drop: false }`
[INFO] running `Command { std: "docker" "inspect" "4557011e1fe9242bc12c7c3822ae2beec0d41fdaf362af81320f4c0a9a4a5f0d", kill_on_drop: false }`
[INFO] running `Command { std: "docker" "rm" "-f" "4557011e1fe9242bc12c7c3822ae2beec0d41fdaf362af81320f4c0a9a4a5f0d", kill_on_drop: false }`
[INFO] [stdout] 4557011e1fe9242bc12c7c3822ae2beec0d41fdaf362af81320f4c0a9a4a5f0d
[INFO] running `Command { std: "docker" "create" "-v" "/var/lib/crater-agent-workspace/builds/worker-2-tc1/target:/opt/rustwide/target:rw,Z" "-v" "/var/lib/crater-agent-workspace/builds/worker-2-tc1/source:/opt/rustwide/workdir:ro,Z" "-v" "/var/lib/crater-agent-workspace/cargo-home:/opt/rustwide/cargo-home:ro,Z" "-v" "/var/lib/crater-agent-workspace/rustup-home:/opt/rustwide/rustup-home:ro,Z" "-e" "SOURCE_DIR=/opt/rustwide/workdir" "-e" "CARGO_TARGET_DIR=/opt/rustwide/target" "-e" "CARGO_INCREMENTAL=0" "-e" "RUST_BACKTRACE=full" "-e" "RUSTFLAGS=--cap-lints=warn" "-e" "RUSTDOCFLAGS=--cap-lints=warn" "-e" "CARGO_HOME=/opt/rustwide/cargo-home" "-e" "RUSTUP_HOME=/opt/rustwide/rustup-home" "-w" "/opt/rustwide/workdir" "-m" "1610612736" "--user" "0:0" "--network" "none" "ghcr.io/rust-lang/crates-build-env/linux@sha256:2788e3201cd34a07e3172128adcd8b3090168a8e3bcc40d7c032b9dda1df7d1c" "/opt/rustwide/cargo-home/bin/cargo" "+1.75.0" "build" "--frozen" "--message-format=json", kill_on_drop: false }`
[INFO] [stdout] b30f5a3637a58075ea1bf84afd4603ef85c392fae249ea9cf2277e5e7cd932e2
[INFO] running `Command { std: "docker" "start" "-a" "b30f5a3637a58075ea1bf84afd4603ef85c392fae249ea9cf2277e5e7cd932e2", kill_on_drop: false }`
[INFO] [stderr]    Compiling proc-macro2 v1.0.75
[INFO] [stderr]    Compiling unicode-ident v1.0.12
[INFO] [stderr]    Compiling libc v0.2.151
[INFO] [stderr]    Compiling pin-project-lite v0.2.13
[INFO] [stderr]    Compiling futures-sink v0.3.30
[INFO] [stderr]    Compiling futures-core v0.3.30
[INFO] [stderr]    Compiling memchr v2.7.1
[INFO] [stderr]    Compiling slab v0.4.9
[INFO] [stderr]    Compiling once_cell v1.19.0
[INFO] [stderr]    Compiling serde v1.0.194
[INFO] [stderr]    Compiling futures-channel v0.3.30
[INFO] [stderr]    Compiling futures-io v0.3.30
[INFO] [stderr]    Compiling tracing-core v0.1.32
[INFO] [stderr]    Compiling pin-utils v0.1.0
[INFO] [stderr]    Compiling futures-task v0.3.30
[INFO] [stderr]    Compiling thiserror v1.0.56
[INFO] [stderr]    Compiling bytes v1.5.0
[INFO] [stderr]    Compiling either v1.9.0
[INFO] [stderr]    Compiling nom v7.1.3
[INFO] [stderr]    Compiling itertools v0.10.5
[INFO] [stderr]    Compiling quote v1.0.35
[INFO] [stderr]    Compiling syn v2.0.48
[INFO] [stderr]    Compiling socket2 v0.5.5
[INFO] [stderr]    Compiling mio v0.8.10
[INFO] [stderr]    Compiling tokio v1.35.1
[INFO] [stderr]    Compiling serde_bytes v0.11.14
[INFO] [stderr]    Compiling futures-macro v0.3.30
[INFO] [stderr]    Compiling tracing-attributes v0.1.27
[INFO] [stderr]    Compiling thiserror-impl v1.0.56
[INFO] [stderr]    Compiling futures-util v0.3.30
[INFO] [stderr]    Compiling tracing v0.1.40
[INFO] [stderr]    Compiling tokio-util v0.7.10
[INFO] [stderr]    Compiling redust-resp v0.2.5
[INFO] [stderr]    Compiling futures-executor v0.3.30
[INFO] [stderr]    Compiling futures v0.3.30
[INFO] [stderr]    Compiling redust v0.4.0 (/opt/rustwide/workdir)
[INFO] [stderr]     Finished dev [unoptimized + debuginfo] target(s) in 14.22s
[INFO] running `Command { std: "docker" "inspect" "b30f5a3637a58075ea1bf84afd4603ef85c392fae249ea9cf2277e5e7cd932e2", kill_on_drop: false }`
[INFO] running `Command { std: "docker" "rm" "-f" "b30f5a3637a58075ea1bf84afd4603ef85c392fae249ea9cf2277e5e7cd932e2", kill_on_drop: false }`
[INFO] [stdout] b30f5a3637a58075ea1bf84afd4603ef85c392fae249ea9cf2277e5e7cd932e2
[INFO] running `Command { std: "docker" "create" "-v" "/var/lib/crater-agent-workspace/builds/worker-2-tc1/target:/opt/rustwide/target:rw,Z" "-v" "/var/lib/crater-agent-workspace/builds/worker-2-tc1/source:/opt/rustwide/workdir:ro,Z" "-v" "/var/lib/crater-agent-workspace/cargo-home:/opt/rustwide/cargo-home:ro,Z" "-v" "/var/lib/crater-agent-workspace/rustup-home:/opt/rustwide/rustup-home:ro,Z" "-e" "SOURCE_DIR=/opt/rustwide/workdir" "-e" "CARGO_TARGET_DIR=/opt/rustwide/target" "-e" "CARGO_INCREMENTAL=0" "-e" "RUST_BACKTRACE=full" "-e" "RUSTFLAGS=--cap-lints=warn" "-e" "RUSTDOCFLAGS=--cap-lints=warn" "-e" "CARGO_HOME=/opt/rustwide/cargo-home" "-e" "RUSTUP_HOME=/opt/rustwide/rustup-home" "-w" "/opt/rustwide/workdir" "-m" "1610612736" "--user" "0:0" "--network" "none" "ghcr.io/rust-lang/crates-build-env/linux@sha256:2788e3201cd34a07e3172128adcd8b3090168a8e3bcc40d7c032b9dda1df7d1c" "/opt/rustwide/cargo-home/bin/cargo" "+1.75.0" "test" "--frozen" "--no-run" "--message-format=json", kill_on_drop: false }`
[INFO] [stdout] 9f63464c3bf644406c3c593b6eb36bd4831ebbde42747df1727901173f9ca190
[INFO] running `Command { std: "docker" "start" "-a" "9f63464c3bf644406c3c593b6eb36bd4831ebbde42747df1727901173f9ca190", kill_on_drop: false }`
[INFO] [stderr]    Compiling regex-syntax v0.8.2
[INFO] [stderr]    Compiling regex-syntax v0.6.29
[INFO] [stderr]    Compiling num_cpus v1.16.0
[INFO] [stderr]    Compiling tokio-macros v2.2.0
[INFO] [stderr]    Compiling sharded-slab v0.1.7
[INFO] [stderr]    Compiling thread_local v1.1.7
[INFO] [stderr]    Compiling async-stream-impl v0.3.5
[INFO] [stderr]    Compiling test-log-macros v0.2.14
[INFO] [stderr]    Compiling async-stream v0.3.5
[INFO] [stderr]    Compiling tokio v1.35.1
[INFO] [stderr]    Compiling regex-automata v0.4.3
[INFO] [stderr]    Compiling regex-automata v0.1.10
[INFO] [stderr]    Compiling matchers v0.1.0
[INFO] [stderr]    Compiling regex v1.10.2
[INFO] [stderr]    Compiling tracing-subscriber v0.3.18
[INFO] [stderr]    Compiling tokio-util v0.7.10
[INFO] [stderr]    Compiling tokio-stream v0.1.14
[INFO] [stderr]    Compiling redust-resp v0.2.5
[INFO] [stderr]    Compiling tokio-test v0.4.3
[INFO] [stderr]    Compiling redust v0.4.0 (/opt/rustwide/workdir)
[INFO] [stderr]    Compiling test-log v0.2.14
[INFO] [stderr]     Finished test [unoptimized + debuginfo] target(s) in 9.05s
[INFO] running `Command { std: "docker" "inspect" "9f63464c3bf644406c3c593b6eb36bd4831ebbde42747df1727901173f9ca190", kill_on_drop: false }`
[INFO] running `Command { std: "docker" "rm" "-f" "9f63464c3bf644406c3c593b6eb36bd4831ebbde42747df1727901173f9ca190", kill_on_drop: false }`
[INFO] [stdout] 9f63464c3bf644406c3c593b6eb36bd4831ebbde42747df1727901173f9ca190
[INFO] running `Command { std: "docker" "create" "-v" "/var/lib/crater-agent-workspace/builds/worker-2-tc1/target:/opt/rustwide/target:rw,Z" "-v" "/var/lib/crater-agent-workspace/builds/worker-2-tc1/source:/opt/rustwide/workdir:ro,Z" "-v" "/var/lib/crater-agent-workspace/cargo-home:/opt/rustwide/cargo-home:ro,Z" "-v" "/var/lib/crater-agent-workspace/rustup-home:/opt/rustwide/rustup-home:ro,Z" "-e" "SOURCE_DIR=/opt/rustwide/workdir" "-e" "CARGO_TARGET_DIR=/opt/rustwide/target" "-e" "CARGO_INCREMENTAL=0" "-e" "RUST_BACKTRACE=full" "-e" "RUSTFLAGS=--cap-lints=warn" "-e" "RUSTDOCFLAGS=--cap-lints=warn" "-e" "CARGO_HOME=/opt/rustwide/cargo-home" "-e" "RUSTUP_HOME=/opt/rustwide/rustup-home" "-w" "/opt/rustwide/workdir" "-m" "1610612736" "--user" "0:0" "--network" "none" "ghcr.io/rust-lang/crates-build-env/linux@sha256:2788e3201cd34a07e3172128adcd8b3090168a8e3bcc40d7c032b9dda1df7d1c" "/opt/rustwide/cargo-home/bin/cargo" "+1.75.0" "test" "--frozen", kill_on_drop: false }`
[INFO] [stdout] 3ecd101b5f87062e03be02075d17fec7665f9003fe4a20f05c1a53449f8b8c6c
[INFO] running `Command { std: "docker" "start" "-a" "3ecd101b5f87062e03be02075d17fec7665f9003fe4a20f05c1a53449f8b8c6c", kill_on_drop: false }`
[INFO] [stderr]     Finished test [unoptimized + debuginfo] target(s) in 0.05s
[INFO] [stderr]      Running unittests src/lib.rs (/opt/rustwide/target/debug/deps/redust-b41a79fc799b106e)
[INFO] [stdout] 
[INFO] [stdout] running 0 tests
[INFO] [stdout] 
[INFO] [stdout] test result: ok. 0 passed; 0 failed; 0 ignored; 0 measured; 0 filtered out; finished in 0.00s
[INFO] [stdout] 
[INFO] [stderr]      Running tests/connection.rs (/opt/rustwide/target/debug/deps/connection-1219b6efab9199e9)
[INFO] [stdout] 
[INFO] [stdout] running 7 tests
[INFO] [stdout] test multi_ping ... FAILED
[INFO] [stdout] test many_parallel ... FAILED
[INFO] [stdout] test many_sequential ... FAILED
[INFO] [stdout] test ping ... FAILED
[INFO] [stdout] test ping_stream ... FAILED
[INFO] [stdout] test stream ... FAILED
[INFO] [stdout] test blocking ... FAILED
[INFO] [stdout] 
[INFO] [stdout] failures:
[INFO] [stdout] 
[INFO] [stdout] ---- multi_ping stdout ----
[INFO] [stdout] 2024-01-05T07:49:40.812390Z ERROR redust::connection: error=Cannot assign requested address (os error 99)
[INFO] [stdout] Error: Io(Os { code: 99, kind: AddrNotAvailable, message: "Cannot assign requested address" })
[INFO] [stdout] 
[INFO] [stdout] ---- many_parallel stdout ----
[INFO] [stdout] 2024-01-05T07:49:40.812232Z ERROR redust::connection: error=Cannot assign requested address (os error 99)
[INFO] [stdout] Error: Io(Os { code: 99, kind: AddrNotAvailable, message: "Cannot assign requested address" })
[INFO] [stdout] 
[INFO] [stdout] ---- many_sequential stdout ----
[INFO] [stdout] 2024-01-05T07:49:40.812367Z ERROR redust::connection: error=Cannot assign requested address (os error 99)
[INFO] [stdout] Error: Io(Os { code: 99, kind: AddrNotAvailable, message: "Cannot assign requested address" })
[INFO] [stdout] 
[INFO] [stdout] ---- ping stdout ----
[INFO] [stdout] 2024-01-05T07:49:40.812468Z ERROR redust::connection: error=Cannot assign requested address (os error 99)
[INFO] [stdout] Error: Io(Os { code: 99, kind: AddrNotAvailable, message: "Cannot assign requested address" })
[INFO] [stdout] 
[INFO] [stdout] ---- ping_stream stdout ----
[INFO] [stdout] 2024-01-05T07:49:40.812904Z ERROR redust::connection: error=Cannot assign requested address (os error 99)
[INFO] [stdout] Error: Io(Os { code: 99, kind: AddrNotAvailable, message: "Cannot assign requested address" })
[INFO] [stdout] 
[INFO] [stdout] ---- stream stdout ----
[INFO] [stdout] 2024-01-05T07:49:40.813335Z ERROR redust::connection: error=Cannot assign requested address (os error 99)
[INFO] [stdout] Error: Io(Os { code: 99, kind: AddrNotAvailable, message: "Cannot assign requested address" })
[INFO] [stdout] 
[INFO] [stdout] ---- blocking stdout ----
[INFO] [stdout] 2024-01-05T07:49:40.813360Z ERROR redust::connection: error=Cannot assign requested address (os error 99)
[INFO] [stdout] Error: Io(Os { code: 99, kind: AddrNotAvailable, message: "Cannot assign requested address" })
[INFO] [stdout] 
[INFO] [stdout] 
[INFO] [stdout] failures:
[INFO] [stdout]     blocking
[INFO] [stdout]     many_parallel
[INFO] [stdout]     many_sequential
[INFO] [stdout]     multi_ping
[INFO] [stdout]     ping
[INFO] [stdout]     ping_stream
[INFO] [stdout]     stream
[INFO] [stdout] 
[INFO] [stdout] test result: FAILED. 0 passed; 7 failed; 0 ignored; 0 measured; 0 filtered out; finished in 0.01s
[INFO] [stdout] 
[INFO] [stderr] error: test failed, to rerun pass `--test connection`
[INFO] running `Command { std: "docker" "inspect" "3ecd101b5f87062e03be02075d17fec7665f9003fe4a20f05c1a53449f8b8c6c", kill_on_drop: false }`
[INFO] running `Command { std: "docker" "rm" "-f" "3ecd101b5f87062e03be02075d17fec7665f9003fe4a20f05c1a53449f8b8c6c", kill_on_drop: false }`
[INFO] [stdout] 3ecd101b5f87062e03be02075d17fec7665f9003fe4a20f05c1a53449f8b8c6c
