[INFO] fetching crate redis-derive 0.1.7...
[INFO] testing redis-derive-0.1.7 against 1.75.0 for beta-1.76-1
[INFO] extracting crate redis-derive 0.1.7 into /workspace/builds/worker-1-tc1/source
[INFO] validating manifest of crates.io crate redis-derive 0.1.7 on toolchain 1.75.0
[INFO] running `Command { std: CARGO_HOME="/workspace/cargo-home" RUSTUP_HOME="/workspace/rustup-home" "/workspace/cargo-home/bin/cargo" "+1.75.0" "metadata" "--manifest-path" "Cargo.toml" "--no-deps", kill_on_drop: false }`
[INFO] started tweaking crates.io crate redis-derive 0.1.7
[INFO] finished tweaking crates.io crate redis-derive 0.1.7
[INFO] tweaked toml for crates.io crate redis-derive 0.1.7 written to /workspace/builds/worker-1-tc1/source/Cargo.toml
[INFO] crate crates.io crate redis-derive 0.1.7 already has a lockfile, it will not be regenerated
[INFO] running `Command { std: CARGO_HOME="/workspace/cargo-home" RUSTUP_HOME="/workspace/rustup-home" "/workspace/cargo-home/bin/cargo" "+1.75.0" "fetch" "--manifest-path" "Cargo.toml", kill_on_drop: false }`
[INFO] [stderr]  Downloading crates ...
[INFO] [stderr]   Downloaded combine v4.6.3
[INFO] [stderr]   Downloaded redis v0.21.5
[INFO] running `Command { std: "docker" "create" "-v" "/var/lib/crater-agent-workspace/builds/worker-1-tc1/target:/opt/rustwide/target:rw,Z" "-v" "/var/lib/crater-agent-workspace/builds/worker-1-tc1/source:/opt/rustwide/workdir:ro,Z" "-v" "/var/lib/crater-agent-workspace/cargo-home:/opt/rustwide/cargo-home:ro,Z" "-v" "/var/lib/crater-agent-workspace/rustup-home:/opt/rustwide/rustup-home:ro,Z" "-e" "SOURCE_DIR=/opt/rustwide/workdir" "-e" "CARGO_TARGET_DIR=/opt/rustwide/target" "-e" "CARGO_HOME=/opt/rustwide/cargo-home" "-e" "RUSTUP_HOME=/opt/rustwide/rustup-home" "-w" "/opt/rustwide/workdir" "-m" "1610612736" "--user" "0:0" "--network" "none" "ghcr.io/rust-lang/crates-build-env/linux@sha256:2788e3201cd34a07e3172128adcd8b3090168a8e3bcc40d7c032b9dda1df7d1c" "/opt/rustwide/cargo-home/bin/cargo" "+1.75.0" "metadata" "--no-deps" "--format-version=1", kill_on_drop: false }`
[INFO] [stdout] d2a5c4cd47568dd36c576427439bc386a77b3164f0d5e0b20d65dd5cabf717b2
[INFO] running `Command { std: "docker" "start" "-a" "d2a5c4cd47568dd36c576427439bc386a77b3164f0d5e0b20d65dd5cabf717b2", kill_on_drop: false }`
[INFO] running `Command { std: "docker" "inspect" "d2a5c4cd47568dd36c576427439bc386a77b3164f0d5e0b20d65dd5cabf717b2", kill_on_drop: false }`
[INFO] running `Command { std: "docker" "rm" "-f" "d2a5c4cd47568dd36c576427439bc386a77b3164f0d5e0b20d65dd5cabf717b2", kill_on_drop: false }`
[INFO] [stdout] d2a5c4cd47568dd36c576427439bc386a77b3164f0d5e0b20d65dd5cabf717b2
[INFO] running `Command { std: "docker" "create" "-v" "/var/lib/crater-agent-workspace/builds/worker-1-tc1/target:/opt/rustwide/target:rw,Z" "-v" "/var/lib/crater-agent-workspace/builds/worker-1-tc1/source:/opt/rustwide/workdir:ro,Z" "-v" "/var/lib/crater-agent-workspace/cargo-home:/opt/rustwide/cargo-home:ro,Z" "-v" "/var/lib/crater-agent-workspace/rustup-home:/opt/rustwide/rustup-home:ro,Z" "-e" "SOURCE_DIR=/opt/rustwide/workdir" "-e" "CARGO_TARGET_DIR=/opt/rustwide/target" "-e" "CARGO_INCREMENTAL=0" "-e" "RUST_BACKTRACE=full" "-e" "RUSTFLAGS=--cap-lints=warn" "-e" "RUSTDOCFLAGS=--cap-lints=warn" "-e" "CARGO_HOME=/opt/rustwide/cargo-home" "-e" "RUSTUP_HOME=/opt/rustwide/rustup-home" "-w" "/opt/rustwide/workdir" "-m" "1610612736" "--user" "0:0" "--network" "none" "ghcr.io/rust-lang/crates-build-env/linux@sha256:2788e3201cd34a07e3172128adcd8b3090168a8e3bcc40d7c032b9dda1df7d1c" "/opt/rustwide/cargo-home/bin/cargo" "+1.75.0" "build" "--frozen" "--message-format=json", kill_on_drop: false }`
[INFO] [stdout] 8df9dfc8d1c1eaee7d48ff45d8607b18cdfa3ec7291f66a8bfe8774b9c9be43b
[INFO] running `Command { std: "docker" "start" "-a" "8df9dfc8d1c1eaee7d48ff45d8607b18cdfa3ec7291f66a8bfe8774b9c9be43b", kill_on_drop: false }`
[INFO] [stderr]    Compiling proc-macro2 v1.0.36
[INFO] [stderr]    Compiling tinyvec_macros v0.1.0
[INFO] [stderr]    Compiling unicode-xid v0.2.2
[INFO] [stderr]    Compiling matches v0.1.9
[INFO] [stderr]    Compiling memchr v2.4.1
[INFO] [stderr]    Compiling syn v1.0.86
[INFO] [stderr]    Compiling async-trait v0.1.52
[INFO] [stderr]    Compiling unicode-bidi v0.3.7
[INFO] [stderr]    Compiling percent-encoding v2.1.0
[INFO] [stderr]    Compiling sha1_smol v1.0.0
[INFO] [stderr]    Compiling bytes v1.1.0
[INFO] [stderr]    Compiling dtoa v0.4.8
[INFO] [stderr]    Compiling itoa v0.4.8
[INFO] [stderr]    Compiling tinyvec v1.5.1
[INFO] [stderr]    Compiling form_urlencoded v1.0.1
[INFO] [stderr]    Compiling sha1 v0.6.1
[INFO] [stderr]    Compiling combine v4.6.3
[INFO] [stderr]    Compiling quote v1.0.15
[INFO] [stderr]    Compiling unicode-normalization v0.1.19
[INFO] [stderr]    Compiling idna v0.2.3
[INFO] [stderr]    Compiling url v2.2.2
[INFO] [stderr]    Compiling redis v0.21.5
[INFO] [stderr]    Compiling redis-derive v0.1.7 (/opt/rustwide/workdir)
[INFO] [stderr]     Finished dev [unoptimized + debuginfo] target(s) in 6.35s
[INFO] running `Command { std: "docker" "inspect" "8df9dfc8d1c1eaee7d48ff45d8607b18cdfa3ec7291f66a8bfe8774b9c9be43b", kill_on_drop: false }`
[INFO] running `Command { std: "docker" "rm" "-f" "8df9dfc8d1c1eaee7d48ff45d8607b18cdfa3ec7291f66a8bfe8774b9c9be43b", kill_on_drop: false }`
[INFO] [stdout] 8df9dfc8d1c1eaee7d48ff45d8607b18cdfa3ec7291f66a8bfe8774b9c9be43b
[INFO] running `Command { std: "docker" "create" "-v" "/var/lib/crater-agent-workspace/builds/worker-1-tc1/target:/opt/rustwide/target:rw,Z" "-v" "/var/lib/crater-agent-workspace/builds/worker-1-tc1/source:/opt/rustwide/workdir:ro,Z" "-v" "/var/lib/crater-agent-workspace/cargo-home:/opt/rustwide/cargo-home:ro,Z" "-v" "/var/lib/crater-agent-workspace/rustup-home:/opt/rustwide/rustup-home:ro,Z" "-e" "SOURCE_DIR=/opt/rustwide/workdir" "-e" "CARGO_TARGET_DIR=/opt/rustwide/target" "-e" "CARGO_INCREMENTAL=0" "-e" "RUST_BACKTRACE=full" "-e" "RUSTFLAGS=--cap-lints=warn" "-e" "RUSTDOCFLAGS=--cap-lints=warn" "-e" "CARGO_HOME=/opt/rustwide/cargo-home" "-e" "RUSTUP_HOME=/opt/rustwide/rustup-home" "-w" "/opt/rustwide/workdir" "-m" "1610612736" "--user" "0:0" "--network" "none" "ghcr.io/rust-lang/crates-build-env/linux@sha256:2788e3201cd34a07e3172128adcd8b3090168a8e3bcc40d7c032b9dda1df7d1c" "/opt/rustwide/cargo-home/bin/cargo" "+1.75.0" "test" "--frozen" "--no-run" "--message-format=json", kill_on_drop: false }`
[INFO] [stdout] 9bbadd549b3d21f9d77071e93491459f563b97557c0dc56fa4a06a0dbbcdaaaa
[INFO] running `Command { std: "docker" "start" "-a" "9bbadd549b3d21f9d77071e93491459f563b97557c0dc56fa4a06a0dbbcdaaaa", kill_on_drop: false }`
[INFO] [stderr]    Compiling unicode-xid v0.2.2
[INFO] [stderr]    Compiling tinyvec_macros v0.1.0
[INFO] [stderr]    Compiling matches v0.1.9
[INFO] [stderr]    Compiling percent-encoding v2.1.0
[INFO] [stderr]    Compiling unicode-bidi v0.3.7
[INFO] [stderr]    Compiling bytes v1.1.0
[INFO] [stderr]    Compiling sha1_smol v1.0.0
[INFO] [stderr]    Compiling itoa v0.4.8
[INFO] [stderr]    Compiling proc-macro2 v1.0.36
[INFO] [stderr]    Compiling dtoa v0.4.8
[INFO] [stderr]    Compiling heck v0.4.1
[INFO] [stderr]    Compiling syn v1.0.86
[INFO] [stderr]    Compiling memchr v2.4.1
[INFO] [stderr]    Compiling tinyvec v1.5.1
[INFO] [stderr]    Compiling form_urlencoded v1.0.1
[INFO] [stderr]    Compiling sha1 v0.6.1
[INFO] [stderr]    Compiling combine v4.6.3
[INFO] [stderr]    Compiling quote v1.0.15
[INFO] [stderr]    Compiling unicode-normalization v0.1.19
[INFO] [stderr]    Compiling idna v0.2.3
[INFO] [stderr]    Compiling url v2.2.2
[INFO] [stderr]    Compiling async-trait v0.1.52
[INFO] [stderr]    Compiling redis v0.21.5
[INFO] [stderr]    Compiling redis-derive v0.1.7 (/opt/rustwide/workdir)
[INFO] [stderr]     Finished test [unoptimized + debuginfo] target(s) in 11.09s
[INFO] running `Command { std: "docker" "inspect" "9bbadd549b3d21f9d77071e93491459f563b97557c0dc56fa4a06a0dbbcdaaaa", kill_on_drop: false }`
[INFO] running `Command { std: "docker" "rm" "-f" "9bbadd549b3d21f9d77071e93491459f563b97557c0dc56fa4a06a0dbbcdaaaa", kill_on_drop: false }`
[INFO] [stdout] 9bbadd549b3d21f9d77071e93491459f563b97557c0dc56fa4a06a0dbbcdaaaa
[INFO] running `Command { std: "docker" "create" "-v" "/var/lib/crater-agent-workspace/builds/worker-1-tc1/target:/opt/rustwide/target:rw,Z" "-v" "/var/lib/crater-agent-workspace/builds/worker-1-tc1/source:/opt/rustwide/workdir:ro,Z" "-v" "/var/lib/crater-agent-workspace/cargo-home:/opt/rustwide/cargo-home:ro,Z" "-v" "/var/lib/crater-agent-workspace/rustup-home:/opt/rustwide/rustup-home:ro,Z" "-e" "SOURCE_DIR=/opt/rustwide/workdir" "-e" "CARGO_TARGET_DIR=/opt/rustwide/target" "-e" "CARGO_INCREMENTAL=0" "-e" "RUST_BACKTRACE=full" "-e" "RUSTFLAGS=--cap-lints=warn" "-e" "RUSTDOCFLAGS=--cap-lints=warn" "-e" "CARGO_HOME=/opt/rustwide/cargo-home" "-e" "RUSTUP_HOME=/opt/rustwide/rustup-home" "-w" "/opt/rustwide/workdir" "-m" "1610612736" "--user" "0:0" "--network" "none" "ghcr.io/rust-lang/crates-build-env/linux@sha256:2788e3201cd34a07e3172128adcd8b3090168a8e3bcc40d7c032b9dda1df7d1c" "/opt/rustwide/cargo-home/bin/cargo" "+1.75.0" "test" "--frozen", kill_on_drop: false }`
[INFO] [stdout] 84da2aadfc832640f4664acd7c127e1b688ca0228780daf06ea51d96a05a78eb
[INFO] running `Command { std: "docker" "start" "-a" "84da2aadfc832640f4664acd7c127e1b688ca0228780daf06ea51d96a05a78eb", kill_on_drop: false }`
[INFO] [stderr]     Finished test [unoptimized + debuginfo] target(s) in 0.02s
[INFO] [stderr]      Running unittests src/lib.rs (/opt/rustwide/target/debug/deps/redis_derive-55b8dc020e409e92)
[INFO] [stdout] 
[INFO] [stdout] running 0 tests
[INFO] [stdout] 
[INFO] [stdout] test result: ok. 0 passed; 0 failed; 0 ignored; 0 measured; 0 filtered out; finished in 0.00s
[INFO] [stdout] 
[INFO] [stderr]    Doc-tests redis-derive
[INFO] [stdout] 
[INFO] [stdout] running 5 tests
[INFO] [stdout] test src/lib.rs - (line 19) ... FAILED
[INFO] [stdout] test src/lib.rs - (line 84) ... FAILED
[INFO] [stdout] test src/lib.rs - (line 29) ... FAILED
[INFO] [stdout] test src/lib.rs - (line 13) ... ok
[INFO] [stdout] test src/lib.rs - (line 44) ... FAILED
[INFO] [stdout] 
[INFO] [stdout] failures:
[INFO] [stdout] 
[INFO] [stdout] ---- src/lib.rs - (line 19) stdout ----
[INFO] [stdout] error: cannot find derive macro `ToRedisArgs` in this scope
[INFO] [stdout]  --> src/lib.rs:20:10
[INFO] [stdout]   |
[INFO] [stdout] 3 | #[derive(ToRedisArgs, FromRedisValue)]
[INFO] [stdout]   |          ^^^^^^^^^^^
[INFO] [stdout]   |
[INFO] [stdout] help: consider importing this derive macro
[INFO] [stdout]   |
[INFO] [stdout] 2 + use redis_derive::ToRedisArgs;
[INFO] [stdout]   |
[INFO] [stdout] 
[INFO] [stdout] error: cannot find derive macro `FromRedisValue` in this scope
[INFO] [stdout]  --> src/lib.rs:20:23
[INFO] [stdout]   |
[INFO] [stdout] 3 | #[derive(ToRedisArgs, FromRedisValue)]
[INFO] [stdout]   |                       ^^^^^^^^^^^^^^
[INFO] [stdout]   |
[INFO] [stdout] help: consider importing this derive macro
[INFO] [stdout]   |
[INFO] [stdout] 2 + use redis_derive::FromRedisValue;
[INFO] [stdout]   |
[INFO] [stdout] 
[INFO] [stdout] error: aborting due to 2 previous errors
[INFO] [stdout] 
[INFO] [stdout] Couldn't compile the test.
[INFO] [stdout] ---- src/lib.rs - (line 84) stdout ----
[INFO] [stdout] error: expected expression, found `;`
[INFO] [stdout]   --> src/lib.rs:92:72
[INFO] [stdout]    |
[INFO] [stdout] 10 |         let mut redis_client = /* geting some connection to redis db */;
[INFO] [stdout]    |                                                                        ^ expected expression
[INFO] [stdout] 
[INFO] [stdout] error: cannot find derive macro `RedisGetter` in this scope
[INFO] [stdout]  --> src/lib.rs:85:10
[INFO] [stdout]   |
[INFO] [stdout] 3 | #[derive(RedisGetter, RedisSetter)]
[INFO] [stdout]   |          ^^^^^^^^^^^
[INFO] [stdout] 
[INFO] [stdout] error: cannot find derive macro `RedisSetter` in this scope
[INFO] [stdout]  --> src/lib.rs:85:23
[INFO] [stdout]   |
[INFO] [stdout] 3 | #[derive(RedisGetter, RedisSetter)]
[INFO] [stdout]   |                       ^^^^^^^^^^^
[INFO] [stdout] 
[INFO] [stdout] error: aborting due to 3 previous errors
[INFO] [stdout] 
[INFO] [stdout] Couldn't compile the test.
[INFO] [stdout] ---- src/lib.rs - (line 29) stdout ----
[INFO] [stdout] error: cannot find derive macro `ToRedisArgs` in this scope
[INFO] [stdout]   --> src/lib.rs:37:10
[INFO] [stdout]    |
[INFO] [stdout] 10 | #[derive(ToRedisArgs, FromRedisVaule)]
[INFO] [stdout]    |          ^^^^^^^^^^^
[INFO] [stdout]    |
[INFO] [stdout] help: consider importing this derive macro
[INFO] [stdout]    |
[INFO] [stdout] 2  + use redis_derive::ToRedisArgs;
[INFO] [stdout]    |
[INFO] [stdout] 
[INFO] [stdout] error: cannot find derive macro `FromRedisVaule` in this scope
[INFO] [stdout]   --> src/lib.rs:37:23
[INFO] [stdout]    |
[INFO] [stdout] 10 | #[derive(ToRedisArgs, FromRedisVaule)]
[INFO] [stdout]    |                       ^^^^^^^^^^^^^^
[INFO] [stdout] 
[INFO] [stdout] error: cannot find derive macro `ToRedisArgs` in this scope
[INFO] [stdout]  --> src/lib.rs:30:10
[INFO] [stdout]   |
[INFO] [stdout] 3 | #[derive(ToRedisArgs, FromRedisVaule)]
[INFO] [stdout]   |          ^^^^^^^^^^^
[INFO] [stdout]   |
[INFO] [stdout] help: consider importing this derive macro
[INFO] [stdout]   |
[INFO] [stdout] 2 + use redis_derive::ToRedisArgs;
[INFO] [stdout]   |
[INFO] [stdout] 
[INFO] [stdout] error: cannot find derive macro `FromRedisVaule` in this scope
[INFO] [stdout]  --> src/lib.rs:30:23
[INFO] [stdout]   |
[INFO] [stdout] 3 | #[derive(ToRedisArgs, FromRedisVaule)]
[INFO] [stdout]   |                       ^^^^^^^^^^^^^^
[INFO] [stdout] 
[INFO] [stdout] error: aborting due to 4 previous errors
[INFO] [stdout] 
[INFO] [stdout] Couldn't compile the test.
[INFO] [stdout] ---- src/lib.rs - (line 44) stdout ----
[INFO] [stdout] Test executable failed (exit status: 1).
[INFO] [stdout] 
[INFO] [stdout] stderr:
[INFO] [stdout] Error: Connection refused (os error 111)
[INFO] [stdout] 
[INFO] [stdout] 
[INFO] [stdout] 
[INFO] [stdout] failures:
[INFO] [stdout]     src/lib.rs - (line 19)
[INFO] [stdout]     src/lib.rs - (line 29)
[INFO] [stdout]     src/lib.rs - (line 44)
[INFO] [stdout]     src/lib.rs - (line 84)
[INFO] [stdout] 
[INFO] [stdout] test result: FAILED. 1 passed; 4 failed; 0 ignored; 0 measured; 0 filtered out; finished in 0.62s
[INFO] [stdout] 
[INFO] [stderr] error: doctest failed, to rerun pass `--doc`
[INFO] running `Command { std: "docker" "inspect" "84da2aadfc832640f4664acd7c127e1b688ca0228780daf06ea51d96a05a78eb", kill_on_drop: false }`
[INFO] running `Command { std: "docker" "rm" "-f" "84da2aadfc832640f4664acd7c127e1b688ca0228780daf06ea51d96a05a78eb", kill_on_drop: false }`
[INFO] [stdout] 84da2aadfc832640f4664acd7c127e1b688ca0228780daf06ea51d96a05a78eb
