[INFO] fetching crate redgold-keys 0.1.21...
[INFO] testing redgold-keys-0.1.21 against 1.75.0 for beta-1.76-1
[INFO] extracting crate redgold-keys 0.1.21 into /workspace/builds/worker-4-tc1/source
[INFO] validating manifest of crates.io crate redgold-keys 0.1.21 on toolchain 1.75.0
[INFO] running `Command { std: CARGO_HOME="/workspace/cargo-home" RUSTUP_HOME="/workspace/rustup-home" "/workspace/cargo-home/bin/cargo" "+1.75.0" "metadata" "--manifest-path" "Cargo.toml" "--no-deps", kill_on_drop: false }`
[INFO] started tweaking crates.io crate redgold-keys 0.1.21
[INFO] finished tweaking crates.io crate redgold-keys 0.1.21
[INFO] tweaked toml for crates.io crate redgold-keys 0.1.21 written to /workspace/builds/worker-4-tc1/source/Cargo.toml
[INFO] running `Command { std: CARGO_HOME="/workspace/cargo-home" RUSTUP_HOME="/workspace/rustup-home" "/workspace/cargo-home/bin/cargo" "+1.75.0" "generate-lockfile" "--manifest-path" "Cargo.toml", kill_on_drop: false }`
[INFO] [stderr]     Updating crates.io index
[INFO] running `Command { std: CARGO_HOME="/workspace/cargo-home" RUSTUP_HOME="/workspace/rustup-home" "/workspace/cargo-home/bin/cargo" "+1.75.0" "fetch" "--manifest-path" "Cargo.toml", kill_on_drop: false }`
[INFO] [stderr]  Downloading crates ...
[INFO] [stderr]   Downloaded hdpath v0.6.3
[INFO] [stderr]   Downloaded prost-serde v0.3.0
[INFO] [stderr]   Downloaded prost-helper v0.7.0
[INFO] [stderr]   Downloaded redgold-schema v0.1.21
[INFO] [stderr]   Downloaded electrum-client v0.12.1
[INFO] [stderr]   Downloaded bitcoin_hashes v0.7.6
[INFO] [stderr]   Downloaded bitcoin-wallet v1.1.0
[INFO] [stderr]   Downloaded bitcoin v0.21.0
[INFO] [stderr]   Downloaded secp256k1 v0.15.3
[INFO] [stderr]   Downloaded miniscript-debug v9.0.1-debug
[INFO] [stderr]   Downloaded bitcoinconsensus v0.17.1
[INFO] [stderr]   Downloaded prost-helper v0.2.2
[INFO] [stderr]   Downloaded bdk-debug v0.28.1-debug
[INFO] running `Command { std: "docker" "create" "-v" "/var/lib/crater-agent-workspace/builds/worker-4-tc1/target:/opt/rustwide/target:rw,Z" "-v" "/var/lib/crater-agent-workspace/builds/worker-4-tc1/source:/opt/rustwide/workdir:ro,Z" "-v" "/var/lib/crater-agent-workspace/cargo-home:/opt/rustwide/cargo-home:ro,Z" "-v" "/var/lib/crater-agent-workspace/rustup-home:/opt/rustwide/rustup-home:ro,Z" "-e" "SOURCE_DIR=/opt/rustwide/workdir" "-e" "CARGO_TARGET_DIR=/opt/rustwide/target" "-e" "CARGO_HOME=/opt/rustwide/cargo-home" "-e" "RUSTUP_HOME=/opt/rustwide/rustup-home" "-w" "/opt/rustwide/workdir" "-m" "1610612736" "--user" "0:0" "--network" "none" "ghcr.io/rust-lang/crates-build-env/linux@sha256:2788e3201cd34a07e3172128adcd8b3090168a8e3bcc40d7c032b9dda1df7d1c" "/opt/rustwide/cargo-home/bin/cargo" "+1.75.0" "metadata" "--no-deps" "--format-version=1", kill_on_drop: false }`
[INFO] [stdout] 539d6b85d39116b48ff3ad3f1c459ff64d094c1497eb32d7a1a9e601a996b99a
[INFO] running `Command { std: "docker" "start" "-a" "539d6b85d39116b48ff3ad3f1c459ff64d094c1497eb32d7a1a9e601a996b99a", kill_on_drop: false }`
[INFO] running `Command { std: "docker" "inspect" "539d6b85d39116b48ff3ad3f1c459ff64d094c1497eb32d7a1a9e601a996b99a", kill_on_drop: false }`
[INFO] running `Command { std: "docker" "rm" "-f" "539d6b85d39116b48ff3ad3f1c459ff64d094c1497eb32d7a1a9e601a996b99a", kill_on_drop: false }`
[INFO] [stdout] 539d6b85d39116b48ff3ad3f1c459ff64d094c1497eb32d7a1a9e601a996b99a
[INFO] running `Command { std: "docker" "create" "-v" "/var/lib/crater-agent-workspace/builds/worker-4-tc1/target:/opt/rustwide/target:rw,Z" "-v" "/var/lib/crater-agent-workspace/builds/worker-4-tc1/source:/opt/rustwide/workdir:ro,Z" "-v" "/var/lib/crater-agent-workspace/cargo-home:/opt/rustwide/cargo-home:ro,Z" "-v" "/var/lib/crater-agent-workspace/rustup-home:/opt/rustwide/rustup-home:ro,Z" "-e" "SOURCE_DIR=/opt/rustwide/workdir" "-e" "CARGO_TARGET_DIR=/opt/rustwide/target" "-e" "CARGO_INCREMENTAL=0" "-e" "RUST_BACKTRACE=full" "-e" "RUSTFLAGS=--cap-lints=warn" "-e" "RUSTDOCFLAGS=--cap-lints=warn" "-e" "CARGO_HOME=/opt/rustwide/cargo-home" "-e" "RUSTUP_HOME=/opt/rustwide/rustup-home" "-w" "/opt/rustwide/workdir" "-m" "1610612736" "--user" "0:0" "--network" "none" "ghcr.io/rust-lang/crates-build-env/linux@sha256:2788e3201cd34a07e3172128adcd8b3090168a8e3bcc40d7c032b9dda1df7d1c" "/opt/rustwide/cargo-home/bin/cargo" "+1.75.0" "build" "--frozen" "--message-format=json", kill_on_drop: false }`
[INFO] [stdout] 34a85930f89561c52e47bdb1473d93d00b75fed3dedaf4f862651f70f6afe52b
[INFO] running `Command { std: "docker" "start" "-a" "34a85930f89561c52e47bdb1473d93d00b75fed3dedaf4f862651f70f6afe52b", kill_on_drop: false }`
[INFO] [stderr]    Compiling syn v1.0.109
[INFO] [stderr]    Compiling libc v0.2.151
[INFO] [stderr]    Compiling anyhow v1.0.79
[INFO] [stderr]    Compiling serde v1.0.194
[INFO] [stderr]    Compiling itertools v0.10.5
[INFO] [stderr]    Compiling rustix v0.38.28
[INFO] [stderr]    Compiling syn v2.0.48
[INFO] [stderr]    Compiling bytes v1.5.0
[INFO] [stderr]    Compiling getrandom v0.2.11
[INFO] [stderr]    Compiling memchr v2.7.1
[INFO] [stderr]    Compiling typenum v1.17.0
[INFO] [stderr]    Compiling cc v1.0.83
[INFO] [stderr]    Compiling generic-array v0.14.7
[INFO] [stderr]    Compiling aho-corasick v1.1.2
[INFO] [stderr]    Compiling rand_core v0.6.4
[INFO] [stderr]    Compiling indexmap v1.9.3
[INFO] [stderr]    Compiling regex-syntax v0.8.2
[INFO] [stderr]    Compiling fastrand v2.0.1
[INFO] [stderr]    Compiling spin v0.9.8
[INFO] [stderr]    Compiling equivalent v1.0.1
[INFO] [stderr]    Compiling untrusted v0.9.0
[INFO] [stderr]    Compiling unicode-segmentation v1.10.1
[INFO] [stderr]    Compiling hashbrown v0.14.3
[INFO] [stderr]    Compiling which v4.4.2
[INFO] [stderr]    Compiling ring v0.17.7
[INFO] [stderr]    Compiling secp256k1-sys v0.6.1
[INFO] [stderr]    Compiling indexmap v2.1.0
[INFO] [stderr]    Compiling prost-build v0.9.0
[INFO] [stderr]    Compiling heck v0.3.3
[INFO] [stderr]    Compiling ring v0.16.20
[INFO] [stderr]    Compiling secp256k1 v0.15.3
[INFO] [stderr]    Compiling regex-automata v0.4.3
[INFO] [stderr]    Compiling tempfile v3.9.0
[INFO] [stderr]    Compiling rand_chacha v0.3.1
[INFO] [stderr]    Compiling rand v0.6.5
[INFO] [stderr]    Compiling itertools v0.9.0
[INFO] [stderr]    Compiling strsim v0.10.0
[INFO] [stderr]    Compiling ident_case v1.0.1
[INFO] [stderr]    Compiling hashbrown v0.12.3
[INFO] [stderr]    Compiling fnv v1.0.7
[INFO] [stderr]    Compiling getrandom v0.1.16
[INFO] [stderr]    Compiling fixedbitset v0.4.2
[INFO] [stderr]    Compiling multimap v0.8.3
[INFO] [stderr]    Compiling petgraph v0.6.4
[INFO] [stderr]    Compiling regex v1.10.2
[INFO] [stderr]    Compiling darling_core v0.20.3
[INFO] [stderr]    Compiling rand v0.8.5
[INFO] [stderr]    Compiling serde_derive v1.0.194
[INFO] [stderr]    Compiling prost-derive v0.9.0
[INFO] [stderr]    Compiling prost-derive v0.8.0
[INFO] [stderr]    Compiling prost-derive v0.7.0
[INFO] [stderr]    Compiling prost-build v0.8.0
[INFO] [stderr]    Compiling rand_os v0.1.3
[INFO] [stderr]    Compiling fixedbitset v0.2.0
[INFO] [stderr]    Compiling lazy_static v1.4.0
[INFO] [stderr]    Compiling parking_lot_core v0.8.6
[INFO] [stderr]    Compiling petgraph v0.5.1
[INFO] [stderr]    Compiling darling_macro v0.20.3
[INFO] [stderr]    Compiling prost v0.8.0
[INFO] [stderr]    Compiling webpki v0.22.4
[INFO] [stderr]    Compiling prost v0.9.0
[INFO] [stderr]    Compiling prost v0.7.0
[INFO] [stderr]    Compiling prost-types v0.8.0
[INFO] [stderr]    Compiling prost-types v0.9.0
[INFO] [stderr]    Compiling bitcoinconsensus v0.17.1
[INFO] [stderr]    Compiling instant v0.1.12
[INFO] [stderr]    Compiling bech32 v0.9.1
[INFO] [stderr]    Compiling untrusted v0.7.1
[INFO] [stderr]    Compiling spin v0.5.2
[INFO] [stderr]    Compiling rustls v0.20.9
[INFO] [stderr]    Compiling gcc v0.3.55
[INFO] [stderr]    Compiling once_cell v1.19.0
[INFO] [stderr]    Compiling crc32fast v1.3.2
[INFO] [stderr]    Compiling tinyvec_macros v0.1.1
[INFO] [stderr]    Compiling tinyvec v1.6.0
[INFO] [stderr]    Compiling rust-crypto v0.2.36
[INFO] [stderr]    Compiling darling v0.20.3
[INFO] [stderr]    Compiling rand_core v0.5.1
[INFO] [stderr]    Compiling sct v0.7.1
[INFO] [stderr]    Compiling prost-derive v0.11.9
[INFO] [stderr]    Compiling crypto-common v0.1.6
[INFO] [stderr]    Compiling block-buffer v0.10.4
[INFO] [stderr]    Compiling tokio-macros v2.2.0
[INFO] [stderr]    Compiling backtrace v0.3.69
[INFO] [stderr]    Compiling rand v0.4.6
[INFO] [stderr]    Compiling pin-project-lite v0.2.13
[INFO] [stderr]    Compiling digest v0.10.7
[INFO] [stderr]    Compiling rand_chacha v0.2.2
[INFO] [stderr]    Compiling tokio v1.35.1
[INFO] [stderr]    Compiling rand v0.3.23
[INFO] [stderr]    Compiling crossbeam-epoch v0.9.17
[INFO] [stderr]    Compiling serde_with_macros v3.4.0
[INFO] [stderr]    Compiling parking_lot v0.11.2
[INFO] [stderr]    Compiling unicode-normalization v0.1.22
[INFO] [stderr]    Compiling bitcoin_hashes v0.11.0
[INFO] [stderr]    Compiling serde_json v1.0.111
[INFO] [stderr]    Compiling prost-helper v0.2.2
[INFO] [stderr]    Compiling prost v0.11.9
[INFO] [stderr]    Compiling bitcoin_hashes v0.7.6
[INFO] [stderr]    Compiling prost-serde v0.3.0
[INFO] [stderr]    Compiling secp256k1 v0.24.3
[INFO] [stderr]    Compiling webpki-roots v0.22.6
[INFO] [stderr]    Compiling object v0.32.2
[INFO] [stderr]    Compiling bitcoin v0.29.2
[INFO] [stderr]    Compiling redgold-schema v0.1.21
[INFO] [stderr]    Compiling fxhash v0.2.1
[INFO] [stderr]    Compiling time v0.1.45
[INFO] [stderr]    Compiling fs2 v0.4.3
[INFO] [stderr]    Compiling hex v0.3.2
[INFO] [stderr]    Compiling hex v0.4.3
[INFO] [stderr]    Compiling rustc-serialize v0.3.25
[INFO] [stderr]    Compiling bech32 v0.7.3
[INFO] [stderr]    Compiling keccak v0.1.4
[INFO] [stderr]    Compiling sha3 v0.10.8
[INFO] [stderr]    Compiling strum_macros v0.25.3
[INFO] [stderr]    Compiling serde_with v3.4.0
[INFO] [stderr]    Compiling sled v0.34.7
[INFO] [stderr]    Compiling csv v1.3.0
[INFO] [stderr]    Compiling bip39 v2.0.0
[INFO] [stderr]    Compiling prost-helper v0.7.0
[INFO] [stderr]    Compiling rand v0.7.3
[INFO] [stderr]    Compiling bdk-macros v0.6.0
[INFO] [stderr]    Compiling strum v0.25.0
[INFO] [stderr]    Compiling electrum-client v0.12.1
[INFO] [stderr]    Compiling miniscript-debug v9.0.1-debug
[INFO] [stderr]    Compiling hdpath v0.6.3
[INFO] [stderr]    Compiling bdk-debug v0.28.1-debug
[INFO] [stderr]    Compiling bitcoin v0.21.0
[INFO] [stderr]    Compiling bitcoin-wallet v1.1.0
[INFO] [stderr]    Compiling redgold-keys v0.1.21 (/opt/rustwide/workdir)
[INFO] [stdout] warning: unused import: `TestConstants`
[INFO] [stdout]  --> src/proof_support.rs:4:22
[INFO] [stdout]   |
[INFO] [stdout] 4 | use crate::{KeyPair, TestConstants, util};
[INFO] [stdout]   |                      ^^^^^^^^^^^^^
[INFO] [stdout]   |
[INFO] [stdout]   = note: `#[warn(unused_imports)]` on by default
[INFO] [stdout] 
[INFO] [stdout] 
[INFO] [stdout] warning: unused import: `TestConstants`
[INFO] [stdout]  --> src/request_support.rs:3:22
[INFO] [stdout]   |
[INFO] [stdout] 3 | use crate::{KeyPair, TestConstants};
[INFO] [stdout]   |                      ^^^^^^^^^^^^^
[INFO] [stdout] 
[INFO] [stdout] 
[INFO] [stdout] warning: unused import: `TestConstants`
[INFO] [stdout]   --> src/util/mod.rs:13:13
[INFO] [stdout]    |
[INFO] [stdout] 13 | use crate::{TestConstants, util};
[INFO] [stdout]    |             ^^^^^^^^^^^^^
[INFO] [stdout] 
[INFO] [stdout] 
[INFO] [stdout] warning: unused import: `std::process::Child`
[INFO] [stdout]  --> src/util/mnemonic_words.rs:1:5
[INFO] [stdout]   |
[INFO] [stdout] 1 | use std::process::Child;
[INFO] [stdout]   |     ^^^^^^^^^^^^^^^^^^^
[INFO] [stdout] 
[INFO] [stdout] 
[INFO] [stdout] warning: unused import: `secp256k1`
[INFO] [stdout]  --> src/util/mnemonic_words.rs:6:5
[INFO] [stdout]   |
[INFO] [stdout] 6 |     secp256k1,
[INFO] [stdout]   |     ^^^^^^^^^
[INFO] [stdout] 
[INFO] [stdout] 
[INFO] [stdout] warning: unused import: `bitcoin::hashes::hex::ToHex`
[INFO] [stdout]   --> src/util/mnemonic_words.rs:12:5
[INFO] [stdout]    |
[INFO] [stdout] 12 | use bitcoin::hashes::hex::ToHex;
[INFO] [stdout]    |     ^^^^^^^^^^^^^^^^^^^^^^^^^^^
[INFO] [stdout] 
[INFO] [stdout] 
[INFO] [stdout] warning: unused import: `ErrorInfoContext`
[INFO] [stdout]   --> src/util/mnemonic_words.rs:20:34
[INFO] [stdout]    |
[INFO] [stdout] 20 | use redgold_schema::{error_info, ErrorInfoContext, RgResult};
[INFO] [stdout]    |                                  ^^^^^^^^^^^^^^^^
[INFO] [stdout] 
[INFO] [stdout] 
[INFO] [stdout] warning: unused imports: `PrivateKey`, `XpubIdentifier`
[INFO] [stdout]  --> src/util/mnemonic_support.rs:2:29
[INFO] [stdout]   |
[INFO] [stdout] 2 | use bdk::bitcoin::{Network, PrivateKey, XpubIdentifier};
[INFO] [stdout]   |                             ^^^^^^^^^^  ^^^^^^^^^^^^^^
[INFO] [stdout] 
[INFO] [stdout] 
[INFO] [stdout] warning: unused import: `bitcoin::hashes::hex::ToHex`
[INFO] [stdout]   --> src/util/mnemonic_support.rs:10:5
[INFO] [stdout]    |
[INFO] [stdout] 10 | use bitcoin::hashes::hex::ToHex;
[INFO] [stdout]    |     ^^^^^^^^^^^^^^^^^^^^^^^^^^^
[INFO] [stdout] 
[INFO] [stdout] 
[INFO] [stdout] warning: unused import: `bitcoin_wallet::account::MasterKeyEntropy`
[INFO] [stdout]   --> src/util/mnemonic_support.rs:11:5
[INFO] [stdout]    |
[INFO] [stdout] 11 | use bitcoin_wallet::account::MasterKeyEntropy;
[INFO] [stdout]    |     ^^^^^^^^^^^^^^^^^^^^^^^^^^^^^^^^^^^^^^^^^
[INFO] [stdout] 
[INFO] [stdout] 
[INFO] [stdout] warning: unused import: `REDGOLD_KEY_DERIVATION_PATH`
[INFO] [stdout]   --> src/util/mnemonic_support.rs:15:72
[INFO] [stdout]    |
[INFO] [stdout] 15 | use redgold_schema::constants::{default_node_internal_derivation_path, REDGOLD_KEY_DERIVATION_PATH, redgold_keypair_change_path};
[INFO] [stdout]    |                                                                        ^^^^^^^^^^^^^^^^^^^^^^^^^^^
[INFO] [stdout] 
[INFO] [stdout] 
[INFO] [stdout] warning: unused imports: `SingleKeyBitcoinWallet`, `struct_public_to_address`
[INFO] [stdout]   --> src/util/mnemonic_support.rs:19:31
[INFO] [stdout]    |
[INFO] [stdout] 19 | use crate::util::btc_wallet::{SingleKeyBitcoinWallet, struct_public_to_address};
[INFO] [stdout]    |                               ^^^^^^^^^^^^^^^^^^^^^^  ^^^^^^^^^^^^^^^^^^^^^^^^
[INFO] [stdout] 
[INFO] [stdout] 
[INFO] [stdout] warning: unused import: `crate::util::mnemonic_words::MnemonicWords`
[INFO] [stdout]   --> src/util/mnemonic_support.rs:20:5
[INFO] [stdout]    |
[INFO] [stdout] 20 | use crate::util::mnemonic_words::MnemonicWords;
[INFO] [stdout]    |     ^^^^^^^^^^^^^^^^^^^^^^^^^^^^^^^^^^^^^^^^^^
[INFO] [stdout] 
[INFO] [stdout] 
[INFO] [stdout] warning: unused import: `PublicKey`
[INFO] [stdout]   --> src/util/btc_wallet.rs:20:69
[INFO] [stdout]    |
[INFO] [stdout] 20 | use redgold_schema::structs::{ErrorInfo, NetworkEnvironment, Proof, PublicKey};
[INFO] [stdout]    |                                                                     ^^^^^^^^^
[INFO] [stdout] 
[INFO] [stdout] 
[INFO] [stdout] warning: unused import: `TestConstants`
[INFO] [stdout]   --> src/util/btc_wallet.rs:22:22
[INFO] [stdout]    |
[INFO] [stdout] 22 | use crate::{KeyPair, TestConstants};
[INFO] [stdout]    |                      ^^^^^^^^^^^^^
[INFO] [stdout] 
[INFO] [stdout] 
[INFO] [stdout] warning: unused import: `crate::util::keys::ToPublicKeyFromLib`
[INFO] [stdout]   --> src/util/btc_wallet.rs:25:5
[INFO] [stdout]    |
[INFO] [stdout] 25 | use crate::util::keys::ToPublicKeyFromLib;
[INFO] [stdout]    |     ^^^^^^^^^^^^^^^^^^^^^^^^^^^^^^^^^^^^^
[INFO] [stdout] 
[INFO] [stdout] 
[INFO] [stdout] warning: unused imports: `test_pkey_hex`, `test_pubk`
[INFO] [stdout]   --> src/util/btc_wallet.rs:26:37
[INFO] [stdout]    |
[INFO] [stdout] 26 | use crate::util::mnemonic_support::{test_pkey_hex, test_pubk};
[INFO] [stdout]    |                                     ^^^^^^^^^^^^^  ^^^^^^^^^
[INFO] [stdout] 
[INFO] [stdout] 
[INFO] [stdout] warning: unused import: `redgold_schema::structs::Hash`
[INFO] [stdout]  --> src/debug.rs:1:5
[INFO] [stdout]   |
[INFO] [stdout] 1 | use redgold_schema::structs::Hash;
[INFO] [stdout]   |     ^^^^^^^^^^^^^^^^^^^^^^^^^^^^^
[INFO] [stdout] 
[INFO] [stdout] 
[INFO] [stdout] warning: unused import: `crate::TestConstants`
[INFO] [stdout]  --> src/debug.rs:2:5
[INFO] [stdout]   |
[INFO] [stdout] 2 | use crate::TestConstants;
[INFO] [stdout]   |     ^^^^^^^^^^^^^^^^^^^^
[INFO] [stdout] 
[INFO] [stdout] 
[INFO] [stdout] warning: unused import: `crate::util::mnemonic_support::WordsPass`
[INFO] [stdout]  --> src/debug.rs:3:5
[INFO] [stdout]   |
[INFO] [stdout] 3 | use crate::util::mnemonic_support::WordsPass;
[INFO] [stdout]   |     ^^^^^^^^^^^^^^^^^^^^^^^^^^^^^^^^^^^^^^^^
[INFO] [stdout] 
[INFO] [stdout] 
[INFO] [stdout] warning: unused import: `bdk::miniscript::ToPublicKey`
[INFO] [stdout]  --> src/xpub_wrapper.rs:4:5
[INFO] [stdout]   |
[INFO] [stdout] 4 | use bdk::miniscript::ToPublicKey;
[INFO] [stdout]   |     ^^^^^^^^^^^^^^^^^^^^^^^^^^^^
[INFO] [stdout] 
[INFO] [stdout] 
[INFO] [stdout] warning: unused import: `std::str::FromStr`
[INFO] [stdout]  --> src/address_external.rs:1:5
[INFO] [stdout]   |
[INFO] [stdout] 1 | use std::str::FromStr;
[INFO] [stdout]   |     ^^^^^^^^^^^^^^^^^
[INFO] [stdout] 
[INFO] [stdout] 
[INFO] [stdout] warning: unused import: `hex::ToHex`
[INFO] [stdout]  --> src/address_external.rs:5:5
[INFO] [stdout]   |
[INFO] [stdout] 5 | use hex::ToHex;
[INFO] [stdout]   |     ^^^^^^^^^^
[INFO] [stdout] 
[INFO] [stdout] 
[INFO] [stdout] warning: use of deprecated type alias `bdk_debug::bitcoin::secp256k1::Signature`: Use ecdsa::Signature instead.
[INFO] [stdout]   --> src/util/btc_wallet.rs:11:47
[INFO] [stdout]    |
[INFO] [stdout] 11 | use bdk::bitcoin::secp256k1::{All, Secp256k1, Signature};
[INFO] [stdout]    |                                               ^^^^^^^^^
[INFO] [stdout]    |
[INFO] [stdout]    = note: `#[warn(deprecated)]` on by default
[INFO] [stdout] 
[INFO] [stdout] 
[INFO] [stdout] warning: use of deprecated type alias `bdk_debug::bitcoin::secp256k1::Signature`: Use ecdsa::Signature instead.
[INFO] [stdout]    --> src/util/btc_wallet.rs:161:19
[INFO] [stdout]     |
[INFO] [stdout] 161 |         let sig = Signature::from_compact(&*signature.bytes.safe_bytes()?).error_msg(
[INFO] [stdout]     |                   ^^^^^^^^^
[INFO] [stdout] 
[INFO] [stdout] 
[INFO] [stdout] warning: unused import: `std::io::Read`
[INFO] [stdout]  --> src/util/btc_wallet.rs:2:5
[INFO] [stdout]   |
[INFO] [stdout] 2 | use std::io::Read;
[INFO] [stdout]   |     ^^^^^^^^^^^^^
[INFO] [stdout] 
[INFO] [stdout] 
[INFO] [stdout] warning: unused import: `bdk::miniscript::serde::Serialize`
[INFO] [stdout]  --> src/util/mod.rs:3:5
[INFO] [stdout]   |
[INFO] [stdout] 3 | use bdk::miniscript::serde::Serialize;
[INFO] [stdout]   |     ^^^^^^^^^^^^^^^^^^^^^^^^^^^^^^^^^
[INFO] [stdout] 
[INFO] [stdout] 
[INFO] [stdout] warning: variable `amount_actual` is assigned to, but never used
[INFO] [stdout]   --> src/transaction_support.rs:60:17
[INFO] [stdout]    |
[INFO] [stdout] 60 |         let mut amount_actual = amount;
[INFO] [stdout]    |                 ^^^^^^^^^^^^^
[INFO] [stdout]    |
[INFO] [stdout]    = note: consider using `_amount_actual` instead
[INFO] [stdout]    = note: `#[warn(unused_variables)]` on by default
[INFO] [stdout] 
[INFO] [stdout] 
[INFO] [stdout] warning: value assigned to `amount_actual` is never read
[INFO] [stdout]   --> src/transaction_support.rs:62:13
[INFO] [stdout]    |
[INFO] [stdout] 62 |             amount_actual = amount * (DECIMAL_MULTIPLIER as u64);
[INFO] [stdout]    |             ^^^^^^^^^^^^^
[INFO] [stdout]    |
[INFO] [stdout]    = help: maybe it is overwritten before being read?
[INFO] [stdout]    = note: `#[warn(unused_assignments)]` on by default
[INFO] [stdout] 
[INFO] [stdout] 
[INFO] [stdout] warning: unused variable: `e`
[INFO] [stdout]    --> src/util/mnemonic_words.rs:321:23
[INFO] [stdout]     |
[INFO] [stdout] 321 |             .map_err(|e| error_info("invalid hd path"))?;
[INFO] [stdout]     |                       ^ help: if this is intentional, prefix it with an underscore: `_e`
[INFO] [stdout] 
[INFO] [stdout] 
[INFO] [stdout] warning: variable does not need to be mutable
[INFO] [stdout]    --> src/util/btc_wallet.rs:439:14
[INFO] [stdout]     |
[INFO] [stdout] 439 |         let (mut psbt, details) = builder
[INFO] [stdout]     |              ----^^^^
[INFO] [stdout]     |              |
[INFO] [stdout]     |              help: remove this `mut`
[INFO] [stdout]     |
[INFO] [stdout]     = note: `#[warn(unused_mut)]` on by default
[INFO] [stdout] 
[INFO] [stdout] 
[INFO] [stdout] warning: unused variable: `input`
[INFO] [stdout]    --> src/util/btc_wallet.rs:481:27
[INFO] [stdout]     |
[INFO] [stdout] 481 |         for (input_index, input) in psbt.inputs.iter().enumerate() {
[INFO] [stdout]     |                           ^^^^^ help: if this is intentional, prefix it with an underscore: `_input`
[INFO] [stdout] 
[INFO] [stdout] 
[INFO] [stdout] warning: unused variable: `e`
[INFO] [stdout]    --> src/util/btc_wallet.rs:507:27
[INFO] [stdout]     |
[INFO] [stdout] 507 |                 .map_err(|e| self.custom_signer.err.read().unwrap().clone().unwrap().clone())
[INFO] [stdout]     |                           ^ help: if this is intentional, prefix it with an underscore: `_e`
[INFO] [stdout] 
[INFO] [stdout] 
[INFO] [stdout] warning: unused variable: `transaction`
[INFO] [stdout]    --> src/util/btc_wallet.rs:527:13
[INFO] [stdout]     |
[INFO] [stdout] 527 |         let transaction = psbt.clone().extract_tx();
[INFO] [stdout]     |             ^^^^^^^^^^^ help: if this is intentional, prefix it with an underscore: `_transaction`
[INFO] [stdout] 
[INFO] [stdout] 
[INFO] [stdout] warning: unused variable: `transaction_details`
[INFO] [stdout]    --> src/util/btc_wallet.rs:528:13
[INFO] [stdout]     |
[INFO] [stdout] 528 |         let transaction_details = self.transaction_details.safe_get()?;
[INFO] [stdout]     |             ^^^^^^^^^^^^^^^^^^^ help: if this is intentional, prefix it with an underscore: `_transaction_details`
[INFO] [stdout] 
[INFO] [stdout] 
[INFO] [stdout] warning: 35 warnings emitted
[INFO] [stdout] 
[INFO] [stdout] 
[INFO] [stderr]     Finished dev [unoptimized + debuginfo] target(s) in 53.85s
[INFO] running `Command { std: "docker" "inspect" "34a85930f89561c52e47bdb1473d93d00b75fed3dedaf4f862651f70f6afe52b", kill_on_drop: false }`
[INFO] running `Command { std: "docker" "rm" "-f" "34a85930f89561c52e47bdb1473d93d00b75fed3dedaf4f862651f70f6afe52b", kill_on_drop: false }`
[INFO] [stdout] 34a85930f89561c52e47bdb1473d93d00b75fed3dedaf4f862651f70f6afe52b
[INFO] running `Command { std: "docker" "create" "-v" "/var/lib/crater-agent-workspace/builds/worker-4-tc1/target:/opt/rustwide/target:rw,Z" "-v" "/var/lib/crater-agent-workspace/builds/worker-4-tc1/source:/opt/rustwide/workdir:ro,Z" "-v" "/var/lib/crater-agent-workspace/cargo-home:/opt/rustwide/cargo-home:ro,Z" "-v" "/var/lib/crater-agent-workspace/rustup-home:/opt/rustwide/rustup-home:ro,Z" "-e" "SOURCE_DIR=/opt/rustwide/workdir" "-e" "CARGO_TARGET_DIR=/opt/rustwide/target" "-e" "CARGO_INCREMENTAL=0" "-e" "RUST_BACKTRACE=full" "-e" "RUSTFLAGS=--cap-lints=warn" "-e" "RUSTDOCFLAGS=--cap-lints=warn" "-e" "CARGO_HOME=/opt/rustwide/cargo-home" "-e" "RUSTUP_HOME=/opt/rustwide/rustup-home" "-w" "/opt/rustwide/workdir" "-m" "1610612736" "--user" "0:0" "--network" "none" "ghcr.io/rust-lang/crates-build-env/linux@sha256:2788e3201cd34a07e3172128adcd8b3090168a8e3bcc40d7c032b9dda1df7d1c" "/opt/rustwide/cargo-home/bin/cargo" "+1.75.0" "test" "--frozen" "--no-run" "--message-format=json", kill_on_drop: false }`
[INFO] [stdout] 541a62e4480c8eba87b34bfb3e96bc0997929e139d1eb54a36e6de1be24341a1
[INFO] running `Command { std: "docker" "start" "-a" "541a62e4480c8eba87b34bfb3e96bc0997929e139d1eb54a36e6de1be24341a1", kill_on_drop: false }`
[INFO] [stdout] warning: unused import: `TestConstants`
[INFO] [stdout]  --> src/proof_support.rs:4:22
[INFO] [stdout]   |
[INFO] [stdout] 4 | use crate::{KeyPair, TestConstants, util};
[INFO] [stdout]   |                      ^^^^^^^^^^^^^
[INFO] [stdout]   |
[INFO] [stdout]   = note: `#[warn(unused_imports)]` on by default
[INFO] [stdout] 
[INFO] [stdout] 
[INFO] [stdout] warning: unused import: `TestConstants`
[INFO] [stdout]  --> src/request_support.rs:3:22
[INFO] [stdout]   |
[INFO] [stdout] 3 | use crate::{KeyPair, TestConstants};
[INFO] [stdout]   |                      ^^^^^^^^^^^^^
[INFO] [stdout] 
[INFO] [stdout] 
[INFO] [stdout] warning: unused import: `TestConstants`
[INFO] [stdout]   --> src/util/mod.rs:13:13
[INFO] [stdout]    |
[INFO] [stdout] 13 | use crate::{TestConstants, util};
[INFO] [stdout]    |             ^^^^^^^^^^^^^
[INFO] [stdout] 
[INFO] [stdout] 
[INFO] [stdout] warning: unused import: `std::process::Child`
[INFO] [stdout]  --> src/util/mnemonic_words.rs:1:5
[INFO] [stdout]   |
[INFO] [stdout] 1 | use std::process::Child;
[INFO] [stdout]   |     ^^^^^^^^^^^^^^^^^^^
[INFO] [stdout] 
[INFO] [stdout] 
[INFO] [stdout] warning: unused import: `secp256k1`
[INFO] [stdout]  --> src/util/mnemonic_words.rs:6:5
[INFO] [stdout]   |
[INFO] [stdout] 6 |     secp256k1,
[INFO] [stdout]   |     ^^^^^^^^^
[INFO] [stdout] 
[INFO] [stdout] 
[INFO] [stdout] warning: unused import: `bitcoin::hashes::hex::ToHex`
[INFO] [stdout]   --> src/util/mnemonic_words.rs:12:5
[INFO] [stdout]    |
[INFO] [stdout] 12 | use bitcoin::hashes::hex::ToHex;
[INFO] [stdout]    |     ^^^^^^^^^^^^^^^^^^^^^^^^^^^
[INFO] [stdout] 
[INFO] [stdout] 
[INFO] [stdout] warning: unused import: `ErrorInfoContext`
[INFO] [stdout]   --> src/util/mnemonic_words.rs:20:34
[INFO] [stdout]    |
[INFO] [stdout] 20 | use redgold_schema::{error_info, ErrorInfoContext, RgResult};
[INFO] [stdout]    |                                  ^^^^^^^^^^^^^^^^
[INFO] [stdout] 
[INFO] [stdout] 
[INFO] [stdout] warning: unused imports: `PrivateKey`, `XpubIdentifier`
[INFO] [stdout]  --> src/util/mnemonic_support.rs:2:29
[INFO] [stdout]   |
[INFO] [stdout] 2 | use bdk::bitcoin::{Network, PrivateKey, XpubIdentifier};
[INFO] [stdout]   |                             ^^^^^^^^^^  ^^^^^^^^^^^^^^
[INFO] [stdout] 
[INFO] [stdout] 
[INFO] [stdout] warning: unused import: `bitcoin::hashes::hex::ToHex`
[INFO] [stdout]   --> src/util/mnemonic_support.rs:10:5
[INFO] [stdout]    |
[INFO] [stdout] 10 | use bitcoin::hashes::hex::ToHex;
[INFO] [stdout]    |     ^^^^^^^^^^^^^^^^^^^^^^^^^^^
[INFO] [stdout] 
[INFO] [stdout] 
[INFO] [stdout] warning: unused import: `bitcoin_wallet::account::MasterKeyEntropy`
[INFO] [stdout]   --> src/util/mnemonic_support.rs:11:5
[INFO] [stdout]    |
[INFO] [stdout] 11 | use bitcoin_wallet::account::MasterKeyEntropy;
[INFO] [stdout]    |     ^^^^^^^^^^^^^^^^^^^^^^^^^^^^^^^^^^^^^^^^^
[INFO] [stdout] 
[INFO] [stdout] 
[INFO] [stdout] warning: unused import: `REDGOLD_KEY_DERIVATION_PATH`
[INFO] [stdout]   --> src/util/mnemonic_support.rs:15:72
[INFO] [stdout]    |
[INFO] [stdout] 15 | use redgold_schema::constants::{default_node_internal_derivation_path, REDGOLD_KEY_DERIVATION_PATH, redgold_keypair_change_path};
[INFO] [stdout]    |                                                                        ^^^^^^^^^^^^^^^^^^^^^^^^^^^
[INFO] [stdout] 
[INFO] [stdout] 
[INFO] [stdout] warning: unused imports: `SingleKeyBitcoinWallet`, `struct_public_to_address`
[INFO] [stdout]   --> src/util/mnemonic_support.rs:19:31
[INFO] [stdout]    |
[INFO] [stdout] 19 | use crate::util::btc_wallet::{SingleKeyBitcoinWallet, struct_public_to_address};
[INFO] [stdout]    |                               ^^^^^^^^^^^^^^^^^^^^^^  ^^^^^^^^^^^^^^^^^^^^^^^^
[INFO] [stdout] 
[INFO] [stdout] 
[INFO] [stdout] warning: unused import: `crate::util::mnemonic_words::MnemonicWords`
[INFO] [stdout]   --> src/util/mnemonic_support.rs:20:5
[INFO] [stdout]    |
[INFO] [stdout] 20 | use crate::util::mnemonic_words::MnemonicWords;
[INFO] [stdout]    |     ^^^^^^^^^^^^^^^^^^^^^^^^^^^^^^^^^^^^^^^^^^
[INFO] [stdout] 
[INFO] [stdout] 
[INFO] [stdout] warning: unused import: `PublicKey`
[INFO] [stdout]   --> src/util/btc_wallet.rs:20:69
[INFO] [stdout]    |
[INFO] [stdout] 20 | use redgold_schema::structs::{ErrorInfo, NetworkEnvironment, Proof, PublicKey};
[INFO] [stdout]    |                                                                     ^^^^^^^^^
[INFO] [stdout] 
[INFO] [stdout] 
[INFO] [stdout] warning: unused import: `TestConstants`
[INFO] [stdout]   --> src/util/btc_wallet.rs:22:22
[INFO] [stdout]    |
[INFO] [stdout] 22 | use crate::{KeyPair, TestConstants};
[INFO] [stdout]    |                      ^^^^^^^^^^^^^
[INFO] [stdout] 
[INFO] [stdout] 
[INFO] [stdout] warning: unused import: `crate::util::keys::ToPublicKeyFromLib`
[INFO] [stdout]   --> src/util/btc_wallet.rs:25:5
[INFO] [stdout]    |
[INFO] [stdout] 25 | use crate::util::keys::ToPublicKeyFromLib;
[INFO] [stdout]    |     ^^^^^^^^^^^^^^^^^^^^^^^^^^^^^^^^^^^^^
[INFO] [stdout] 
[INFO] [stdout] 
[INFO] [stdout] warning: unused imports: `test_pkey_hex`, `test_pubk`
[INFO] [stdout]   --> src/util/btc_wallet.rs:26:37
[INFO] [stdout]    |
[INFO] [stdout] 26 | use crate::util::mnemonic_support::{test_pkey_hex, test_pubk};
[INFO] [stdout]    |                                     ^^^^^^^^^^^^^  ^^^^^^^^^
[INFO] [stdout] 
[INFO] [stdout] 
[INFO] [stdout] warning: unused import: `redgold_schema::structs::Hash`
[INFO] [stdout]  --> src/debug.rs:1:5
[INFO] [stdout]   |
[INFO] [stdout] 1 | use redgold_schema::structs::Hash;
[INFO] [stdout]   |     ^^^^^^^^^^^^^^^^^^^^^^^^^^^^^
[INFO] [stdout] 
[INFO] [stdout] 
[INFO] [stdout] warning: unused import: `crate::TestConstants`
[INFO] [stdout]  --> src/debug.rs:2:5
[INFO] [stdout]   |
[INFO] [stdout] 2 | use crate::TestConstants;
[INFO] [stdout]   |     ^^^^^^^^^^^^^^^^^^^^
[INFO] [stdout] 
[INFO] [stdout] 
[INFO] [stdout] warning: unused import: `crate::util::mnemonic_support::WordsPass`
[INFO] [stdout]  --> src/debug.rs:3:5
[INFO] [stdout]   |
[INFO] [stdout] 3 | use crate::util::mnemonic_support::WordsPass;
[INFO] [stdout]   |     ^^^^^^^^^^^^^^^^^^^^^^^^^^^^^^^^^^^^^^^^
[INFO] [stdout] 
[INFO] [stdout] 
[INFO] [stdout] warning: unused import: `bdk::miniscript::ToPublicKey`
[INFO] [stdout]  --> src/xpub_wrapper.rs:4:5
[INFO] [stdout]   |
[INFO] [stdout] 4 | use bdk::miniscript::ToPublicKey;
[INFO] [stdout]   |     ^^^^^^^^^^^^^^^^^^^^^^^^^^^^
[INFO] [stdout] 
[INFO] [stdout] 
[INFO] [stdout] warning: unused import: `std::str::FromStr`
[INFO] [stdout]  --> src/address_external.rs:1:5
[INFO] [stdout]   |
[INFO] [stdout] 1 | use std::str::FromStr;
[INFO] [stdout]   |     ^^^^^^^^^^^^^^^^^
[INFO] [stdout] 
[INFO] [stdout] 
[INFO] [stdout] warning: unused import: `hex::ToHex`
[INFO] [stdout]  --> src/address_external.rs:5:5
[INFO] [stdout]   |
[INFO] [stdout] 5 | use hex::ToHex;
[INFO] [stdout]   |     ^^^^^^^^^^
[INFO] [stdout] 
[INFO] [stdout] 
[INFO] [stdout] warning: use of deprecated type alias `bdk_debug::bitcoin::secp256k1::Signature`: Use ecdsa::Signature instead.
[INFO] [stdout]   --> src/util/btc_wallet.rs:11:47
[INFO] [stdout]    |
[INFO] [stdout] 11 | use bdk::bitcoin::secp256k1::{All, Secp256k1, Signature};
[INFO] [stdout]    |                                               ^^^^^^^^^
[INFO] [stdout]    |
[INFO] [stdout]    = note: `#[warn(deprecated)]` on by default
[INFO] [stdout] 
[INFO] [stdout] 
[INFO] [stdout] warning: use of deprecated type alias `bdk_debug::bitcoin::secp256k1::Signature`: Use ecdsa::Signature instead.
[INFO] [stdout]    --> src/util/btc_wallet.rs:161:19
[INFO] [stdout]     |
[INFO] [stdout] 161 |         let sig = Signature::from_compact(&*signature.bytes.safe_bytes()?).error_msg(
[INFO] [stdout]     |                   ^^^^^^^^^
[INFO] [stdout] 
[INFO] [stdout] 
[INFO] [stdout] warning: unused import: `std::io::Read`
[INFO] [stdout]  --> src/util/btc_wallet.rs:2:5
[INFO] [stdout]   |
[INFO] [stdout] 2 | use std::io::Read;
[INFO] [stdout]   |     ^^^^^^^^^^^^^
[INFO] [stdout] 
[INFO] [stdout] 
[INFO] [stdout] warning: unused import: `bdk::miniscript::serde::Serialize`
[INFO] [stdout]  --> src/util/mod.rs:3:5
[INFO] [stdout]   |
[INFO] [stdout] 3 | use bdk::miniscript::serde::Serialize;
[INFO] [stdout]   |     ^^^^^^^^^^^^^^^^^^^^^^^^^^^^^^^^^
[INFO] [stdout] 
[INFO] [stdout] 
[INFO] [stdout] warning: variable `amount_actual` is assigned to, but never used
[INFO] [stdout]   --> src/transaction_support.rs:60:17
[INFO] [stdout]    |
[INFO] [stdout] 60 |         let mut amount_actual = amount;
[INFO] [stdout]    |                 ^^^^^^^^^^^^^
[INFO] [stdout]    |
[INFO] [stdout]    = note: consider using `_amount_actual` instead
[INFO] [stdout]    = note: `#[warn(unused_variables)]` on by default
[INFO] [stdout] 
[INFO] [stdout] 
[INFO] [stdout] warning: value assigned to `amount_actual` is never read
[INFO] [stdout]   --> src/transaction_support.rs:62:13
[INFO] [stdout]    |
[INFO] [stdout] 62 |             amount_actual = amount * (DECIMAL_MULTIPLIER as u64);
[INFO] [stdout]    |             ^^^^^^^^^^^^^
[INFO] [stdout]    |
[INFO] [stdout]    = help: maybe it is overwritten before being read?
[INFO] [stdout]    = note: `#[warn(unused_assignments)]` on by default
[INFO] [stdout] 
[INFO] [stdout] 
[INFO] [stdout] warning: unused variable: `e`
[INFO] [stdout]    --> src/util/mnemonic_words.rs:321:23
[INFO] [stdout]     |
[INFO] [stdout] 321 |             .map_err(|e| error_info("invalid hd path"))?;
[INFO] [stdout]     |                       ^ help: if this is intentional, prefix it with an underscore: `_e`
[INFO] [stdout] 
[INFO] [stdout] 
[INFO] [stdout] warning: variable does not need to be mutable
[INFO] [stdout]    --> src/util/btc_wallet.rs:439:14
[INFO] [stdout]     |
[INFO] [stdout] 439 |         let (mut psbt, details) = builder
[INFO] [stdout]     |              ----^^^^
[INFO] [stdout]     |              |
[INFO] [stdout]     |              help: remove this `mut`
[INFO] [stdout]     |
[INFO] [stdout]     = note: `#[warn(unused_mut)]` on by default
[INFO] [stdout] 
[INFO] [stdout] 
[INFO] [stdout] warning: unused variable: `input`
[INFO] [stdout]    --> src/util/btc_wallet.rs:481:27
[INFO] [stdout]     |
[INFO] [stdout] 481 |         for (input_index, input) in psbt.inputs.iter().enumerate() {
[INFO] [stdout]     |                           ^^^^^ help: if this is intentional, prefix it with an underscore: `_input`
[INFO] [stdout] 
[INFO] [stdout] 
[INFO] [stdout] warning: unused variable: `e`
[INFO] [stdout]    --> src/util/btc_wallet.rs:507:27
[INFO] [stdout]     |
[INFO] [stdout] 507 |                 .map_err(|e| self.custom_signer.err.read().unwrap().clone().unwrap().clone())
[INFO] [stdout]     |                           ^ help: if this is intentional, prefix it with an underscore: `_e`
[INFO] [stdout] 
[INFO] [stdout] 
[INFO] [stdout] warning: unused variable: `transaction`
[INFO] [stdout]    --> src/util/btc_wallet.rs:527:13
[INFO] [stdout]     |
[INFO] [stdout] 527 |         let transaction = psbt.clone().extract_tx();
[INFO] [stdout]     |             ^^^^^^^^^^^ help: if this is intentional, prefix it with an underscore: `_transaction`
[INFO] [stdout] 
[INFO] [stdout] 
[INFO] [stdout] warning: unused variable: `transaction_details`
[INFO] [stdout]    --> src/util/btc_wallet.rs:528:13
[INFO] [stdout]     |
[INFO] [stdout] 528 |         let transaction_details = self.transaction_details.safe_get()?;
[INFO] [stdout]     |             ^^^^^^^^^^^^^^^^^^^ help: if this is intentional, prefix it with an underscore: `_transaction_details`
[INFO] [stdout] 
[INFO] [stdout] 
[INFO] [stdout] warning: 35 warnings emitted
[INFO] [stdout] 
[INFO] [stdout] 
[INFO] [stderr]    Compiling redgold-keys v0.1.21 (/opt/rustwide/workdir)
[INFO] [stdout] warning: unused import: `std::process::Child`
[INFO] [stdout]  --> src/util/mnemonic_words.rs:1:5
[INFO] [stdout]   |
[INFO] [stdout] 1 | use std::process::Child;
[INFO] [stdout]   |     ^^^^^^^^^^^^^^^^^^^
[INFO] [stdout]   |
[INFO] [stdout]   = note: `#[warn(unused_imports)]` on by default
[INFO] [stdout] 
[INFO] [stdout] 
[INFO] [stdout] warning: unused import: `secp256k1`
[INFO] [stdout]  --> src/util/mnemonic_words.rs:6:5
[INFO] [stdout]   |
[INFO] [stdout] 6 |     secp256k1,
[INFO] [stdout]   |     ^^^^^^^^^
[INFO] [stdout] 
[INFO] [stdout] 
[INFO] [stdout] warning: unused import: `ErrorInfoContext`
[INFO] [stdout]   --> src/util/mnemonic_words.rs:20:34
[INFO] [stdout]    |
[INFO] [stdout] 20 | use redgold_schema::{error_info, ErrorInfoContext, RgResult};
[INFO] [stdout]    |                                  ^^^^^^^^^^^^^^^^
[INFO] [stdout] 
[INFO] [stdout] 
[INFO] [stdout] warning: unused imports: `PrivateKey`, `XpubIdentifier`
[INFO] [stdout]  --> src/util/mnemonic_support.rs:2:29
[INFO] [stdout]   |
[INFO] [stdout] 2 | use bdk::bitcoin::{Network, PrivateKey, XpubIdentifier};
[INFO] [stdout]   |                             ^^^^^^^^^^  ^^^^^^^^^^^^^^
[INFO] [stdout] 
[INFO] [stdout] 
[INFO] [stdout] warning: unused import: `REDGOLD_KEY_DERIVATION_PATH`
[INFO] [stdout]   --> src/util/mnemonic_support.rs:15:72
[INFO] [stdout]    |
[INFO] [stdout] 15 | use redgold_schema::constants::{default_node_internal_derivation_path, REDGOLD_KEY_DERIVATION_PATH, redgold_keypair_change_path};
[INFO] [stdout]    |                                                                        ^^^^^^^^^^^^^^^^^^^^^^^^^^^
[INFO] [stdout] 
[INFO] [stdout] 
[INFO] [stdout] warning: unused import: `struct_public_to_address`
[INFO] [stdout]   --> src/util/mnemonic_support.rs:19:55
[INFO] [stdout]    |
[INFO] [stdout] 19 | use crate::util::btc_wallet::{SingleKeyBitcoinWallet, struct_public_to_address};
[INFO] [stdout]    |                                                       ^^^^^^^^^^^^^^^^^^^^^^^^
[INFO] [stdout] 
[INFO] [stdout] 
[INFO] [stdout] warning: unused import: `crate::TestConstants`
[INFO] [stdout]  --> src/debug.rs:2:5
[INFO] [stdout]   |
[INFO] [stdout] 2 | use crate::TestConstants;
[INFO] [stdout]   |     ^^^^^^^^^^^^^^^^^^^^
[INFO] [stdout] 
[INFO] [stdout] 
[INFO] [stdout] warning: unused import: `bdk::miniscript::ToPublicKey`
[INFO] [stdout]  --> src/xpub_wrapper.rs:4:5
[INFO] [stdout]   |
[INFO] [stdout] 4 | use bdk::miniscript::ToPublicKey;
[INFO] [stdout]   |     ^^^^^^^^^^^^^^^^^^^^^^^^^^^^
[INFO] [stdout] 
[INFO] [stdout] 
[INFO] [stdout] warning: unused import: `std::str::FromStr`
[INFO] [stdout]  --> src/address_external.rs:1:5
[INFO] [stdout]   |
[INFO] [stdout] 1 | use std::str::FromStr;
[INFO] [stdout]   |     ^^^^^^^^^^^^^^^^^
[INFO] [stdout] 
[INFO] [stdout] 
[INFO] [stdout] warning: unused import: `hex::ToHex`
[INFO] [stdout]  --> src/address_external.rs:5:5
[INFO] [stdout]   |
[INFO] [stdout] 5 | use hex::ToHex;
[INFO] [stdout]   |     ^^^^^^^^^^
[INFO] [stdout] 
[INFO] [stdout] 
[INFO] [stdout] warning: use of deprecated type alias `bdk_debug::bitcoin::secp256k1::Signature`: Use ecdsa::Signature instead.
[INFO] [stdout]   --> src/util/btc_wallet.rs:11:47
[INFO] [stdout]    |
[INFO] [stdout] 11 | use bdk::bitcoin::secp256k1::{All, Secp256k1, Signature};
[INFO] [stdout]    |                                               ^^^^^^^^^
[INFO] [stdout]    |
[INFO] [stdout]    = note: `#[warn(deprecated)]` on by default
[INFO] [stdout] 
[INFO] [stdout] 
[INFO] [stdout] warning: use of deprecated type alias `bdk_debug::bitcoin::secp256k1::Signature`: Use ecdsa::Signature instead.
[INFO] [stdout]    --> src/util/btc_wallet.rs:161:19
[INFO] [stdout]     |
[INFO] [stdout] 161 |         let sig = Signature::from_compact(&*signature.bytes.safe_bytes()?).error_msg(
[INFO] [stdout]     |                   ^^^^^^^^^
[INFO] [stdout] 
[INFO] [stdout] 
[INFO] [stdout] warning: unused import: `std::io::Read`
[INFO] [stdout]  --> src/util/btc_wallet.rs:2:5
[INFO] [stdout]   |
[INFO] [stdout] 2 | use std::io::Read;
[INFO] [stdout]   |     ^^^^^^^^^^^^^
[INFO] [stdout] 
[INFO] [stdout] 
[INFO] [stdout] warning: unused import: `bdk::miniscript::serde::Serialize`
[INFO] [stdout]  --> src/util/mod.rs:3:5
[INFO] [stdout]   |
[INFO] [stdout] 3 | use bdk::miniscript::serde::Serialize;
[INFO] [stdout]   |     ^^^^^^^^^^^^^^^^^^^^^^^^^^^^^^^^^
[INFO] [stdout] 
[INFO] [stdout] 
[INFO] [stdout] warning: variable `amount_actual` is assigned to, but never used
[INFO] [stdout]   --> src/transaction_support.rs:60:17
[INFO] [stdout]    |
[INFO] [stdout] 60 |         let mut amount_actual = amount;
[INFO] [stdout]    |                 ^^^^^^^^^^^^^
[INFO] [stdout]    |
[INFO] [stdout]    = note: consider using `_amount_actual` instead
[INFO] [stdout]    = note: `#[warn(unused_variables)]` on by default
[INFO] [stdout] 
[INFO] [stdout] 
[INFO] [stdout] warning: value assigned to `amount_actual` is never read
[INFO] [stdout]   --> src/transaction_support.rs:62:13
[INFO] [stdout]    |
[INFO] [stdout] 62 |             amount_actual = amount * (DECIMAL_MULTIPLIER as u64);
[INFO] [stdout]    |             ^^^^^^^^^^^^^
[INFO] [stdout]    |
[INFO] [stdout]    = help: maybe it is overwritten before being read?
[INFO] [stdout]    = note: `#[warn(unused_assignments)]` on by default
[INFO] [stdout] 
[INFO] [stdout] 
[INFO] [stdout] warning: unused variable: `e`
[INFO] [stdout]    --> src/util/mnemonic_words.rs:321:23
[INFO] [stdout]     |
[INFO] [stdout] 321 |             .map_err(|e| error_info("invalid hd path"))?;
[INFO] [stdout]     |                       ^ help: if this is intentional, prefix it with an underscore: `_e`
[INFO] [stdout] 
[INFO] [stdout] 
[INFO] [stdout] warning: unused variable: `kp`
[INFO] [stdout]   --> src/util/btc_wallet.rs:31:9
[INFO] [stdout]    |
[INFO] [stdout] 31 |     let kp = tc.key_pair();
[INFO] [stdout]    |         ^^ help: if this is intentional, prefix it with an underscore: `_kp`
[INFO] [stdout] 
[INFO] [stdout] 
[INFO] [stdout] warning: variable does not need to be mutable
[INFO] [stdout]    --> src/util/btc_wallet.rs:439:14
[INFO] [stdout]     |
[INFO] [stdout] 439 |         let (mut psbt, details) = builder
[INFO] [stdout]     |              ----^^^^
[INFO] [stdout]     |              |
[INFO] [stdout]     |              help: remove this `mut`
[INFO] [stdout]     |
[INFO] [stdout]     = note: `#[warn(unused_mut)]` on by default
[INFO] [stdout] 
[INFO] [stdout] 
[INFO] [stdout] warning: unused variable: `input`
[INFO] [stdout]    --> src/util/btc_wallet.rs:481:27
[INFO] [stdout]     |
[INFO] [stdout] 481 |         for (input_index, input) in psbt.inputs.iter().enumerate() {
[INFO] [stdout]     |                           ^^^^^ help: if this is intentional, prefix it with an underscore: `_input`
[INFO] [stdout] 
[INFO] [stdout] 
[INFO] [stdout] warning: unused variable: `e`
[INFO] [stdout]    --> src/util/btc_wallet.rs:507:27
[INFO] [stdout]     |
[INFO] [stdout] 507 |                 .map_err(|e| self.custom_signer.err.read().unwrap().clone().unwrap().clone())
[INFO] [stdout]     |                           ^ help: if this is intentional, prefix it with an underscore: `_e`
[INFO] [stdout] 
[INFO] [stdout] 
[INFO] [stdout] warning: unused variable: `transaction`
[INFO] [stdout]    --> src/util/btc_wallet.rs:527:13
[INFO] [stdout]     |
[INFO] [stdout] 527 |         let transaction = psbt.clone().extract_tx();
[INFO] [stdout]     |             ^^^^^^^^^^^ help: if this is intentional, prefix it with an underscore: `_transaction`
[INFO] [stdout] 
[INFO] [stdout] 
[INFO] [stdout] warning: unused variable: `transaction_details`
[INFO] [stdout]    --> src/util/btc_wallet.rs:528:13
[INFO] [stdout]     |
[INFO] [stdout] 528 |         let transaction_details = self.transaction_details.safe_get()?;
[INFO] [stdout]     |             ^^^^^^^^^^^^^^^^^^^ help: if this is intentional, prefix it with an underscore: `_transaction_details`
[INFO] [stdout] 
[INFO] [stdout] 
[INFO] [stdout] warning: unused variable: `pkey`
[INFO] [stdout]    --> src/util/btc_wallet.rs:613:9
[INFO] [stdout]     |
[INFO] [stdout] 613 |     let pkey = test_pkey_hex().expect("");
[INFO] [stdout]     |         ^^^^ help: if this is intentional, prefix it with an underscore: `_pkey`
[INFO] [stdout] 
[INFO] [stdout] 
[INFO] [stdout] warning: variable does not need to be mutable
[INFO] [stdout]    --> src/util/btc_wallet.rs:616:9
[INFO] [stdout]     |
[INFO] [stdout] 616 |     let mut w = SingleKeyBitcoinWallet
[INFO] [stdout]     |         ----^
[INFO] [stdout]     |         |
[INFO] [stdout]     |         help: remove this `mut`
[INFO] [stdout] 
[INFO] [stdout] 
[INFO] [stdout] warning: variable does not need to be mutable
[INFO] [stdout]    --> src/util/btc_wallet.rs:632:9
[INFO] [stdout]     |
[INFO] [stdout] 632 |     let mut w = SingleKeyBitcoinWallet
[INFO] [stdout]     |         ----^
[INFO] [stdout]     |         |
[INFO] [stdout]     |         help: remove this `mut`
[INFO] [stdout] 
[INFO] [stdout] 
[INFO] [stdout] warning: unused variable: `kp`
[INFO] [stdout]    --> src/util/btc_wallet.rs:649:9
[INFO] [stdout]     |
[INFO] [stdout] 649 |     let kp = tc.key_pair();
[INFO] [stdout]     |         ^^ help: if this is intentional, prefix it with an underscore: `_kp`
[INFO] [stdout] 
[INFO] [stdout] 
[INFO] [stdout] warning: variable does not need to be mutable
[INFO] [stdout]    --> src/util/btc_wallet.rs:654:9
[INFO] [stdout]     |
[INFO] [stdout] 654 |     let mut w = SingleKeyBitcoinWallet
[INFO] [stdout]     |         ----^
[INFO] [stdout]     |         |
[INFO] [stdout]     |         help: remove this `mut`
[INFO] [stdout] 
[INFO] [stdout] 
[INFO] [stdout] warning: variable does not need to be mutable
[INFO] [stdout]    --> src/util/btc_wallet.rs:660:9
[INFO] [stdout]     |
[INFO] [stdout] 660 |     let mut w2 = SingleKeyBitcoinWallet
[INFO] [stdout]     |         ----^^
[INFO] [stdout]     |         |
[INFO] [stdout]     |         help: remove this `mut`
[INFO] [stdout] 
[INFO] [stdout] 
[INFO] [stdout] warning: 29 warnings emitted
[INFO] [stdout] 
[INFO] [stdout] 
[INFO] [stderr]     Finished test [unoptimized + debuginfo] target(s) in 8.74s
[INFO] running `Command { std: "docker" "inspect" "541a62e4480c8eba87b34bfb3e96bc0997929e139d1eb54a36e6de1be24341a1", kill_on_drop: false }`
[INFO] running `Command { std: "docker" "rm" "-f" "541a62e4480c8eba87b34bfb3e96bc0997929e139d1eb54a36e6de1be24341a1", kill_on_drop: false }`
[INFO] [stdout] 541a62e4480c8eba87b34bfb3e96bc0997929e139d1eb54a36e6de1be24341a1
[INFO] running `Command { std: "docker" "create" "-v" "/var/lib/crater-agent-workspace/builds/worker-4-tc1/target:/opt/rustwide/target:rw,Z" "-v" "/var/lib/crater-agent-workspace/builds/worker-4-tc1/source:/opt/rustwide/workdir:ro,Z" "-v" "/var/lib/crater-agent-workspace/cargo-home:/opt/rustwide/cargo-home:ro,Z" "-v" "/var/lib/crater-agent-workspace/rustup-home:/opt/rustwide/rustup-home:ro,Z" "-e" "SOURCE_DIR=/opt/rustwide/workdir" "-e" "CARGO_TARGET_DIR=/opt/rustwide/target" "-e" "CARGO_INCREMENTAL=0" "-e" "RUST_BACKTRACE=full" "-e" "RUSTFLAGS=--cap-lints=warn" "-e" "RUSTDOCFLAGS=--cap-lints=warn" "-e" "CARGO_HOME=/opt/rustwide/cargo-home" "-e" "RUSTUP_HOME=/opt/rustwide/rustup-home" "-w" "/opt/rustwide/workdir" "-m" "1610612736" "--user" "0:0" "--network" "none" "ghcr.io/rust-lang/crates-build-env/linux@sha256:2788e3201cd34a07e3172128adcd8b3090168a8e3bcc40d7c032b9dda1df7d1c" "/opt/rustwide/cargo-home/bin/cargo" "+1.75.0" "test" "--frozen", kill_on_drop: false }`
[INFO] [stdout] 5f3beecba6799fb9d96e045b357d8d219fd1d55fb1be5baa03f12669cf1bbc22
[INFO] running `Command { std: "docker" "start" "-a" "5f3beecba6799fb9d96e045b357d8d219fd1d55fb1be5baa03f12669cf1bbc22", kill_on_drop: false }`
[INFO] [stderr] warning: unused import: `TestConstants`
[INFO] [stderr]  --> src/proof_support.rs:4:22
[INFO] [stderr]   |
[INFO] [stderr] 4 | use crate::{KeyPair, TestConstants, util};
[INFO] [stderr]   |                      ^^^^^^^^^^^^^
[INFO] [stderr]   |
[INFO] [stderr]   = note: `#[warn(unused_imports)]` on by default
[INFO] [stderr] 
[INFO] [stderr] warning: unused import: `TestConstants`
[INFO] [stderr]  --> src/request_support.rs:3:22
[INFO] [stderr]   |
[INFO] [stderr] 3 | use crate::{KeyPair, TestConstants};
[INFO] [stderr]   |                      ^^^^^^^^^^^^^
[INFO] [stderr] 
[INFO] [stderr] warning: unused import: `TestConstants`
[INFO] [stderr]   --> src/util/mod.rs:13:13
[INFO] [stderr]    |
[INFO] [stderr] 13 | use crate::{TestConstants, util};
[INFO] [stderr]    |             ^^^^^^^^^^^^^
[INFO] [stderr] 
[INFO] [stderr] warning: unused import: `std::process::Child`
[INFO] [stderr]  --> src/util/mnemonic_words.rs:1:5
[INFO] [stderr]   |
[INFO] [stderr] 1 | use std::process::Child;
[INFO] [stderr]   |     ^^^^^^^^^^^^^^^^^^^
[INFO] [stderr] 
[INFO] [stderr] warning: unused import: `secp256k1`
[INFO] [stderr]  --> src/util/mnemonic_words.rs:6:5
[INFO] [stderr]   |
[INFO] [stderr] 6 |     secp256k1,
[INFO] [stderr]   |     ^^^^^^^^^
[INFO] [stderr] 
[INFO] [stderr] warning: unused import: `bitcoin::hashes::hex::ToHex`
[INFO] [stderr]   --> src/util/mnemonic_words.rs:12:5
[INFO] [stderr]    |
[INFO] [stderr] 12 | use bitcoin::hashes::hex::ToHex;
[INFO] [stderr]    |     ^^^^^^^^^^^^^^^^^^^^^^^^^^^
[INFO] [stderr] 
[INFO] [stderr] warning: unused import: `ErrorInfoContext`
[INFO] [stderr]   --> src/util/mnemonic_words.rs:20:34
[INFO] [stderr]    |
[INFO] [stderr] 20 | use redgold_schema::{error_info, ErrorInfoContext, RgResult};
[INFO] [stderr]    |                                  ^^^^^^^^^^^^^^^^
[INFO] [stderr] 
[INFO] [stderr] warning: unused imports: `PrivateKey`, `XpubIdentifier`
[INFO] [stderr]  --> src/util/mnemonic_support.rs:2:29
[INFO] [stderr]   |
[INFO] [stderr] 2 | use bdk::bitcoin::{Network, PrivateKey, XpubIdentifier};
[INFO] [stderr]   |                             ^^^^^^^^^^  ^^^^^^^^^^^^^^
[INFO] [stderr] 
[INFO] [stderr] warning: unused import: `bitcoin::hashes::hex::ToHex`
[INFO] [stderr]   --> src/util/mnemonic_support.rs:10:5
[INFO] [stderr]    |
[INFO] [stderr] 10 | use bitcoin::hashes::hex::ToHex;
[INFO] [stderr]    |     ^^^^^^^^^^^^^^^^^^^^^^^^^^^
[INFO] [stderr] 
[INFO] [stderr] warning: unused import: `bitcoin_wallet::account::MasterKeyEntropy`
[INFO] [stderr]   --> src/util/mnemonic_support.rs:11:5
[INFO] [stderr]    |
[INFO] [stderr] 11 | use bitcoin_wallet::account::MasterKeyEntropy;
[INFO] [stderr]    |     ^^^^^^^^^^^^^^^^^^^^^^^^^^^^^^^^^^^^^^^^^
[INFO] [stderr] 
[INFO] [stderr] warning: unused import: `REDGOLD_KEY_DERIVATION_PATH`
[INFO] [stderr]   --> src/util/mnemonic_support.rs:15:72
[INFO] [stderr]    |
[INFO] [stderr] 15 | use redgold_schema::constants::{default_node_internal_derivation_path, REDGOLD_KEY_DERIVATION_PATH, redgold_keypair_change_path};
[INFO] [stderr]    |                                                                        ^^^^^^^^^^^^^^^^^^^^^^^^^^^
[INFO] [stderr] 
[INFO] [stderr] warning: unused imports: `SingleKeyBitcoinWallet`, `struct_public_to_address`
[INFO] [stderr]   --> src/util/mnemonic_support.rs:19:31
[INFO] [stderr]    |
[INFO] [stderr] 19 | use crate::util::btc_wallet::{SingleKeyBitcoinWallet, struct_public_to_address};
[INFO] [stderr]    |                               ^^^^^^^^^^^^^^^^^^^^^^  ^^^^^^^^^^^^^^^^^^^^^^^^
[INFO] [stderr] 
[INFO] [stderr] warning: unused import: `crate::util::mnemonic_words::MnemonicWords`
[INFO] [stderr]   --> src/util/mnemonic_support.rs:20:5
[INFO] [stderr]    |
[INFO] [stderr] 20 | use crate::util::mnemonic_words::MnemonicWords;
[INFO] [stderr]    |     ^^^^^^^^^^^^^^^^^^^^^^^^^^^^^^^^^^^^^^^^^^
[INFO] [stderr] 
[INFO] [stderr] warning: unused import: `PublicKey`
[INFO] [stderr]   --> src/util/btc_wallet.rs:20:69
[INFO] [stderr]    |
[INFO] [stderr] 20 | use redgold_schema::structs::{ErrorInfo, NetworkEnvironment, Proof, PublicKey};
[INFO] [stderr]    |                                                                     ^^^^^^^^^
[INFO] [stderr] 
[INFO] [stderr] warning: unused import: `TestConstants`
[INFO] [stderr]   --> src/util/btc_wallet.rs:22:22
[INFO] [stderr]    |
[INFO] [stderr] 22 | use crate::{KeyPair, TestConstants};
[INFO] [stderr]    |                      ^^^^^^^^^^^^^
[INFO] [stderr] 
[INFO] [stderr] warning: unused import: `crate::util::keys::ToPublicKeyFromLib`
[INFO] [stderr]   --> src/util/btc_wallet.rs:25:5
[INFO] [stderr]    |
[INFO] [stderr] 25 | use crate::util::keys::ToPublicKeyFromLib;
[INFO] [stderr]    |     ^^^^^^^^^^^^^^^^^^^^^^^^^^^^^^^^^^^^^
[INFO] [stderr] 
[INFO] [stderr] warning: unused imports: `test_pkey_hex`, `test_pubk`
[INFO] [stderr]   --> src/util/btc_wallet.rs:26:37
[INFO] [stderr]    |
[INFO] [stderr] 26 | use crate::util::mnemonic_support::{test_pkey_hex, test_pubk};
[INFO] [stderr]    |                                     ^^^^^^^^^^^^^  ^^^^^^^^^
[INFO] [stderr] 
[INFO] [stderr] warning: unused import: `redgold_schema::structs::Hash`
[INFO] [stderr]  --> src/debug.rs:1:5
[INFO] [stderr]   |
[INFO] [stderr] 1 | use redgold_schema::structs::Hash;
[INFO] [stderr]   |     ^^^^^^^^^^^^^^^^^^^^^^^^^^^^^
[INFO] [stderr] 
[INFO] [stderr] warning: unused import: `crate::TestConstants`
[INFO] [stderr]  --> src/debug.rs:2:5
[INFO] [stderr]   |
[INFO] [stderr] 2 | use crate::TestConstants;
[INFO] [stderr]   |     ^^^^^^^^^^^^^^^^^^^^
[INFO] [stderr] 
[INFO] [stderr] warning: unused import: `crate::util::mnemonic_support::WordsPass`
[INFO] [stderr]  --> src/debug.rs:3:5
[INFO] [stderr]   |
[INFO] [stderr] 3 | use crate::util::mnemonic_support::WordsPass;
[INFO] [stderr]   |     ^^^^^^^^^^^^^^^^^^^^^^^^^^^^^^^^^^^^^^^^
[INFO] [stderr] 
[INFO] [stderr] warning: unused import: `bdk::miniscript::ToPublicKey`
[INFO] [stderr]  --> src/xpub_wrapper.rs:4:5
[INFO] [stderr]   |
[INFO] [stderr] 4 | use bdk::miniscript::ToPublicKey;
[INFO] [stderr]   |     ^^^^^^^^^^^^^^^^^^^^^^^^^^^^
[INFO] [stderr] 
[INFO] [stderr] warning: unused import: `std::str::FromStr`
[INFO] [stderr]  --> src/address_external.rs:1:5
[INFO] [stderr]   |
[INFO] [stderr] 1 | use std::str::FromStr;
[INFO] [stderr]   |     ^^^^^^^^^^^^^^^^^
[INFO] [stderr] 
[INFO] [stderr] warning: unused import: `hex::ToHex`
[INFO] [stderr]  --> src/address_external.rs:5:5
[INFO] [stderr]   |
[INFO] [stderr] 5 | use hex::ToHex;
[INFO] [stderr]   |     ^^^^^^^^^^
[INFO] [stderr] 
[INFO] [stderr] warning: use of deprecated type alias `bdk_debug::bitcoin::secp256k1::Signature`: Use ecdsa::Signature instead.
[INFO] [stderr]   --> src/util/btc_wallet.rs:11:47
[INFO] [stderr]    |
[INFO] [stderr] 11 | use bdk::bitcoin::secp256k1::{All, Secp256k1, Signature};
[INFO] [stderr]    |                                               ^^^^^^^^^
[INFO] [stderr]    |
[INFO] [stderr]    = note: `#[warn(deprecated)]` on by default
[INFO] [stderr] 
[INFO] [stderr] warning: use of deprecated type alias `bdk_debug::bitcoin::secp256k1::Signature`: Use ecdsa::Signature instead.
[INFO] [stderr]    --> src/util/btc_wallet.rs:161:19
[INFO] [stderr]     |
[INFO] [stderr] 161 |         let sig = Signature::from_compact(&*signature.bytes.safe_bytes()?).error_msg(
[INFO] [stderr]     |                   ^^^^^^^^^
[INFO] [stderr] 
[INFO] [stderr] warning: unused import: `std::io::Read`
[INFO] [stderr]  --> src/util/btc_wallet.rs:2:5
[INFO] [stderr]   |
[INFO] [stderr] 2 | use std::io::Read;
[INFO] [stderr]   |     ^^^^^^^^^^^^^
[INFO] [stderr] 
[INFO] [stderr] warning: unused import: `bdk::miniscript::serde::Serialize`
[INFO] [stderr]  --> src/util/mod.rs:3:5
[INFO] [stderr]   |
[INFO] [stderr] 3 | use bdk::miniscript::serde::Serialize;
[INFO] [stderr]   |     ^^^^^^^^^^^^^^^^^^^^^^^^^^^^^^^^^
[INFO] [stderr] 
[INFO] [stderr] warning: variable `amount_actual` is assigned to, but never used
[INFO] [stderr]   --> src/transaction_support.rs:60:17
[INFO] [stderr]    |
[INFO] [stderr] 60 |         let mut amount_actual = amount;
[INFO] [stderr]    |                 ^^^^^^^^^^^^^
[INFO] [stderr]    |
[INFO] [stderr]    = note: consider using `_amount_actual` instead
[INFO] [stderr]    = note: `#[warn(unused_variables)]` on by default
[INFO] [stderr] 
[INFO] [stderr] warning: value assigned to `amount_actual` is never read
[INFO] [stderr]   --> src/transaction_support.rs:62:13
[INFO] [stderr]    |
[INFO] [stderr] 62 |             amount_actual = amount * (DECIMAL_MULTIPLIER as u64);
[INFO] [stderr]    |             ^^^^^^^^^^^^^
[INFO] [stderr]    |
[INFO] [stderr]    = help: maybe it is overwritten before being read?
[INFO] [stderr]    = note: `#[warn(unused_assignments)]` on by default
[INFO] [stderr] 
[INFO] [stderr] warning: unused variable: `e`
[INFO] [stderr]    --> src/util/mnemonic_words.rs:321:23
[INFO] [stderr]     |
[INFO] [stderr] 321 |             .map_err(|e| error_info("invalid hd path"))?;
[INFO] [stderr]     |                       ^ help: if this is intentional, prefix it with an underscore: `_e`
[INFO] [stderr] 
[INFO] [stderr] warning: variable does not need to be mutable
[INFO] [stderr]    --> src/util/btc_wallet.rs:439:14
[INFO] [stderr]     |
[INFO] [stderr] 439 |         let (mut psbt, details) = builder
[INFO] [stderr]     |              ----^^^^
[INFO] [stderr]     |              |
[INFO] [stderr]     |              help: remove this `mut`
[INFO] [stderr]     |
[INFO] [stderr]     = note: `#[warn(unused_mut)]` on by default
[INFO] [stderr] 
[INFO] [stderr] warning: unused variable: `input`
[INFO] [stderr]    --> src/util/btc_wallet.rs:481:27
[INFO] [stderr]     |
[INFO] [stderr] 481 |         for (input_index, input) in psbt.inputs.iter().enumerate() {
[INFO] [stderr]     |                           ^^^^^ help: if this is intentional, prefix it with an underscore: `_input`
[INFO] [stderr] 
[INFO] [stderr] warning: unused variable: `e`
[INFO] [stderr]    --> src/util/btc_wallet.rs:507:27
[INFO] [stderr]     |
[INFO] [stderr] 507 |                 .map_err(|e| self.custom_signer.err.read().unwrap().clone().unwrap().clone())
[INFO] [stderr]     |                           ^ help: if this is intentional, prefix it with an underscore: `_e`
[INFO] [stderr] 
[INFO] [stderr] warning: unused variable: `transaction`
[INFO] [stderr]    --> src/util/btc_wallet.rs:527:13
[INFO] [stderr]     |
[INFO] [stderr] 527 |         let transaction = psbt.clone().extract_tx();
[INFO] [stderr]     |             ^^^^^^^^^^^ help: if this is intentional, prefix it with an underscore: `_transaction`
[INFO] [stderr] 
[INFO] [stderr] warning: unused variable: `transaction_details`
[INFO] [stderr]    --> src/util/btc_wallet.rs:528:13
[INFO] [stderr]     |
[INFO] [stderr] 528 |         let transaction_details = self.transaction_details.safe_get()?;
[INFO] [stderr]     |             ^^^^^^^^^^^^^^^^^^^ help: if this is intentional, prefix it with an underscore: `_transaction_details`
[INFO] [stderr] 
[INFO] [stderr] warning: unused import: `std::process::Child`
[INFO] [stderr]  --> src/util/mnemonic_words.rs:1:5
[INFO] [stderr]   |
[INFO] [stderr] 1 | use std::process::Child;
[INFO] [stderr]   |     ^^^^^^^^^^^^^^^^^^^
[INFO] [stderr]   |
[INFO] [stderr]   = note: `#[warn(unused_imports)]` on by default
[INFO] [stderr] 
[INFO] [stderr] warning: unused import: `struct_public_to_address`
[INFO] [stderr]   --> src/util/mnemonic_support.rs:19:55
[INFO] [stderr]    |
[INFO] [stderr] 19 | use crate::util::btc_wallet::{SingleKeyBitcoinWallet, struct_public_to_address};
[INFO] [stderr]    |                                                       ^^^^^^^^^^^^^^^^^^^^^^^^
[INFO] [stderr] 
[INFO] [stderr] warning: unused variable: `kp`
[INFO] [stderr]   --> src/util/btc_wallet.rs:31:9
[INFO] [stderr]    |
[INFO] [stderr] 31 |     let kp = tc.key_pair();
[INFO] [stderr]    |         ^^ help: if this is intentional, prefix it with an underscore: `_kp`
[INFO] [stderr] 
[INFO] [stderr] warning: unused variable: `pkey`
[INFO] [stderr]    --> src/util/btc_wallet.rs:613:9
[INFO] [stderr]     |
[INFO] [stderr] 613 |     let pkey = test_pkey_hex().expect("");
[INFO] [stderr]     |         ^^^^ help: if this is intentional, prefix it with an underscore: `_pkey`
[INFO] [stderr] 
[INFO] [stderr] warning: variable does not need to be mutable
[INFO] [stderr]    --> src/util/btc_wallet.rs:616:9
[INFO] [stderr]     |
[INFO] [stderr] 616 |     let mut w = SingleKeyBitcoinWallet
[INFO] [stderr]     |         ----^
[INFO] [stderr]     |         |
[INFO] [stderr]     |         help: remove this `mut`
[INFO] [stderr] 
[INFO] [stderr] warning: variable does not need to be mutable
[INFO] [stderr]    --> src/util/btc_wallet.rs:632:9
[INFO] [stderr]     |
[INFO] [stderr] 632 |     let mut w = SingleKeyBitcoinWallet
[INFO] [stderr]     |         ----^
[INFO] [stderr]     |         |
[INFO] [stderr]     |         help: remove this `mut`
[INFO] [stderr] 
[INFO] [stderr] warning: unused variable: `kp`
[INFO] [stderr]    --> src/util/btc_wallet.rs:649:9
[INFO] [stderr]     |
[INFO] [stderr] 649 |     let kp = tc.key_pair();
[INFO] [stderr]     |         ^^ help: if this is intentional, prefix it with an underscore: `_kp`
[INFO] [stderr] 
[INFO] [stderr] warning: variable does not need to be mutable
[INFO] [stderr]    --> src/util/btc_wallet.rs:654:9
[INFO] [stderr]     |
[INFO] [stderr] 654 |     let mut w = SingleKeyBitcoinWallet
[INFO] [stderr]     |         ----^
[INFO] [stderr]     |         |
[INFO] [stderr]     |         help: remove this `mut`
[INFO] [stderr] 
[INFO] [stderr] warning: variable does not need to be mutable
[INFO] [stderr]    --> src/util/btc_wallet.rs:660:9
[INFO] [stderr]     |
[INFO] [stderr] 660 |     let mut w2 = SingleKeyBitcoinWallet
[INFO] [stderr]     |         ----^^
[INFO] [stderr]     |         |
[INFO] [stderr]     |         help: remove this `mut`
[INFO] [stderr] 
[INFO] [stderr] warning: `redgold-keys` (lib) generated 35 warnings (run `cargo fix --lib -p redgold-keys` to apply 29 suggestions)
[INFO] [stderr] warning: `redgold-keys` (lib test) generated 29 warnings (20 duplicates) (run `cargo fix --lib -p redgold-keys --tests` to apply 9 suggestions)
[INFO] [stderr]     Finished test [unoptimized + debuginfo] target(s) in 0.28s
[INFO] [stderr]      Running unittests src/lib.rs (/opt/rustwide/target/debug/deps/redgold_keys-71c1c65c55977159)
[INFO] [stdout] 
[INFO] [stdout] running 21 tests
[INFO] [stdout] test util::btc_wallet::balance_test2 ... ignored
[INFO] [stdout] test util::btc_wallet::tx_debug ... ignored
[INFO] [stdout] test util::mnemonic_builder::test_hash ... ok
[INFO] [stdout] test util::mnemonic_support::generate_test ... ok
[INFO] [stdout] test util::mnemonic_support::generate_xpub ... ok
[INFO] [stdout] test util::mnemonic_support::load_ci_kp ... ok
[INFO] [stdout] test util::btc_wallet::schnorr_test ... ok
[INFO] [stdout] test util::mnemonic_words::string_path_format ... ok
[INFO] [stdout] test debug::xor_test ... ok
[INFO] [stdout] test util::mnemonic_words::test_hex_ser ... ok
[INFO] [stdout] test proof_support::verify_invalid_single_signature_proof ... ok
[INFO] [stdout] test util::test_dhash ... ok
[INFO] [stdout] test proof_support::verify_single_signature_proof ... ok
[INFO] [stdout] test proof_support::verify_invalid_key_single_signature_proof ... ok
[INFO] [stdout] test util::btc_wallet::balance_test ... FAILED
[INFO] [stdout] test request_support::verify_request_auth ... ok
[INFO] [stdout] test util::mnemonic_support::test ... ok
[INFO] [stdout] test util::mnemonic_words::test_next_key ... ok
[INFO] [stdout] test util::test_verify ... FAILED
[INFO] [stdout] test util::test_sign ... FAILED
[INFO] [stdout] test util::sign_and_verify ... ok
[INFO] [stdout] 
[INFO] [stdout] failures:
[INFO] [stdout] 
[INFO] [stdout] ---- util::btc_wallet::balance_test stdout ----
[INFO] [stdout] thread 'util::btc_wallet::balance_test' panicked at src/util/btc_wallet.rs:655:84:
[INFO] [stdout] worx: ErrorInfo { code: UnknownError, description: "", description_extended: "", message: "Error building bdk client", details: [], retriable: false, stacktrace: "   0: redgold_schema::error_msg\n             at /opt/rustwide/cargo-home/registry/src/index.crates.io-6f17d22bba15001f/redgold-schema-0.1.21/src/lib.rs:550:38\n   1: <core::result::Result<T,E> as redgold_schema::ErrorInfoContext<T,E>>::error_info::{{closure}}\n             at /opt/rustwide/cargo-home/registry/src/index.crates.io-6f17d22bba15001f/redgold-schema-0.1.21/src/lib.rs:476:26\n   2: core::result::Result<T,E>::map_err\n             at /rustc/82e1608dfa6e0b5569232559e3d385fea5a93112/library/core/src/result.rs:829:27\n   3: <core::result::Result<T,E> as redgold_schema::ErrorInfoContext<T,E>>::error_info\n             at /opt/rustwide/cargo-home/registry/src/index.crates.io-6f17d22bba15001f/redgold-schema-0.1.21/src/lib.rs:476:9\n   4: redgold_keys::util::btc_wallet::SingleKeyBitcoinWallet::new_wallet\n             at src/util/btc_wallet.rs:246:22\n   5: redgold_keys::util::btc_wallet::balance_test::{{closure}}\n             at src/util/btc_wallet.rs:654:17\n   6: <core::pin::Pin<P> as core::future::future::Future>::poll\n             at /rustc/82e1608dfa6e0b5569232559e3d385fea5a93112/library/core/src/future/future.rs:125:9\n   7: <core::pin::Pin<P> as core::future::future::Future>::poll\n             at /rustc/82e1608dfa6e0b5569232559e3d385fea5a93112/library/core/src/future/future.rs:125:9\n   8: tokio::runtime::scheduler::current_thread::CoreGuard::block_on::{{closure}}::{{closure}}::{{closure}}\n             at /opt/rustwide/cargo-home/registry/src/index.crates.io-6f17d22bba15001f/tokio-1.35.1/src/runtime/scheduler/current_thread/mod.rs:665:57\n   9: tokio::runtime::coop::with_budget\n             at /opt/rustwide/cargo-home/registry/src/index.crates.io-6f17d22bba15001f/tokio-1.35.1/src/runtime/coop.rs:107:5\n      tokio::runtime::coop::budget\n             at /opt/rustwide/cargo-home/registry/src/index.crates.io-6f17d22bba15001f/tokio-1.35.1/src/runtime/coop.rs:73:5\n      tokio::runtime::scheduler::current_thread::CoreGuard::block_on::{{closure}}::{{closure}}\n             at /opt/rustwide/cargo-home/registry/src/index.crates.io-6f17d22bba15001f/tokio-1.35.1/src/runtime/scheduler/current_thread/mod.rs:665:25\n  10: tokio::runtime::scheduler::current_thread::Context::enter\n             at /opt/rustwide/cargo-home/registry/src/index.crates.io-6f17d22bba15001f/tokio-1.35.1/src/runtime/scheduler/current_thread/mod.rs:410:19\n  11: tokio::runtime::scheduler::current_thread::CoreGuard::block_on::{{closure}}\n             at /opt/rustwide/cargo-home/registry/src/index.crates.io-6f17d22bba15001f/tokio-1.35.1/src/runtime/scheduler/current_thread/mod.rs:664:36\n  12: tokio::runtime::scheduler::current_thread::CoreGuard::enter::{{closure}}\n             at /opt/rustwide/cargo-home/registry/src/index.crates.io-6f17d22bba15001f/tokio-1.35.1/src/runtime/scheduler/current_thread/mod.rs:743:68\n  13: tokio::runtime::context::scoped::Scoped<T>::set\n             at /opt/rustwide/cargo-home/registry/src/index.crates.io-6f17d22bba15001f/tokio-1.35.1/src/runtime/context/scoped.rs:40:9\n  14: tokio::runtime::context::set_scheduler::{{closure}}\n             at /opt/rustwide/cargo-home/registry/src/index.crates.io-6f17d22bba15001f/tokio-1.35.1/src/runtime/context.rs:176:26\n  15: std::thread::local::LocalKey<T>::try_with\n             at /rustc/82e1608dfa6e0b5569232559e3d385fea5a93112/library/std/src/thread/local.rs:270:16\n  16: std::thread::local::LocalKey<T>::with\n             at /rustc/82e1608dfa6e0b5569232559e3d385fea5a93112/library/std/src/thread/local.rs:246:9\n  17: tokio::runtime::context::set_scheduler\n             at /opt/rustwide/cargo-home/registry/src/index.crates.io-6f17d22bba15001f/tokio-1.35.1/src/runtime/context.rs:176:9\n  18: tokio::runtime::scheduler::current_thread::CoreGuard::enter\n             at /opt/rustwide/cargo-home/registry/src/index.crates.io-6f17d22bba15001f/tokio-1.35.1/src/runtime/scheduler/current_thread/mod.rs:743:27\n  19: tokio::runtime::scheduler::current_thread::CoreGuard::block_on\n             at /opt/rustwide/cargo-home/registry/src/index.crates.io-6f17d22bba15001f/tokio-1.35.1/src/runtime/scheduler/current_thread/mod.rs:652:19\n  20: tokio::runtime::scheduler::current_thread::CurrentThread::block_on::{{closure}}\n             at /opt/rustwide/cargo-home/registry/src/index.crates.io-6f17d22bba15001f/tokio-1.35.1/src/runtime/scheduler/current_thread/mod.rs:175:28\n  21: tokio::runtime::context::runtime::enter_runtime\n             at /opt/rustwide/cargo-home/registry/src/index.crates.io-6f17d22bba15001f/tokio-1.35.1/src/runtime/context/runtime.rs:65:16\n  22: tokio::runtime::scheduler::current_thread::CurrentThread::block_on\n             at /opt/rustwide/cargo-home/registry/src/index.crates.io-6f17d22bba15001f/tokio-1.35.1/src/runtime/scheduler/current_thread/mod.rs:167:9\n  23: tokio::runtime::runtime::Runtime::block_on", lib_message: "failed to lookup address information: Temporary failure in name resolution", abort: false }
[INFO] [stdout] stack backtrace:
[INFO] [stdout]    0:     0x55f6b7f5800c - std::backtrace_rs::backtrace::libunwind::trace::ha637c64ce894333a
[INFO] [stdout]                                at /rustc/82e1608dfa6e0b5569232559e3d385fea5a93112/library/std/src/../../backtrace/src/backtrace/libunwind.rs:104:5
[INFO] [stdout]    1:     0x55f6b7f5800c - std::backtrace_rs::backtrace::trace_unsynchronized::h47f62dea28e0c88d
[INFO] [stdout]                                at /rustc/82e1608dfa6e0b5569232559e3d385fea5a93112/library/std/src/../../backtrace/src/backtrace/mod.rs:66:5
[INFO] [stdout]    2:     0x55f6b7f5800c - std::sys_common::backtrace::_print_fmt::h9eef0abe20ede486
[INFO] [stdout]                                at /rustc/82e1608dfa6e0b5569232559e3d385fea5a93112/library/std/src/sys_common/backtrace.rs:67:5
[INFO] [stdout]    3:     0x55f6b7f5800c - <std::sys_common::backtrace::_print::DisplayBacktrace as core::fmt::Display>::fmt::hed7f999df88cc644
[INFO] [stdout]                                at /rustc/82e1608dfa6e0b5569232559e3d385fea5a93112/library/std/src/sys_common/backtrace.rs:44:22
[INFO] [stdout]    4:     0x55f6b7f85c80 - core::fmt::rt::Argument::fmt::h1539a9308b8d058d
[INFO] [stdout]                                at /rustc/82e1608dfa6e0b5569232559e3d385fea5a93112/library/core/src/fmt/rt.rs:142:9
[INFO] [stdout]    5:     0x55f6b7f85c80 - core::fmt::write::h3a39390d8560d9c9
[INFO] [stdout]                                at /rustc/82e1608dfa6e0b5569232559e3d385fea5a93112/library/core/src/fmt/mod.rs:1120:17
[INFO] [stdout]    6:     0x55f6b7f54c2f - std::io::Write::write_fmt::h040b369f3a0f9cbc
[INFO] [stdout]                                at /rustc/82e1608dfa6e0b5569232559e3d385fea5a93112/library/std/src/io/mod.rs:1762:15
[INFO] [stdout]    7:     0x55f6b7f57df4 - std::sys_common::backtrace::_print::h894006fb5c6f3d45
[INFO] [stdout]                                at /rustc/82e1608dfa6e0b5569232559e3d385fea5a93112/library/std/src/sys_common/backtrace.rs:47:5
[INFO] [stdout]    8:     0x55f6b7f57df4 - std::sys_common::backtrace::print::h23a2d212c6fff936
[INFO] [stdout]                                at /rustc/82e1608dfa6e0b5569232559e3d385fea5a93112/library/std/src/sys_common/backtrace.rs:34:9
[INFO] [stdout]    9:     0x55f6b7f59ab7 - std::panicking::default_hook::{{closure}}::h8a1d2ee00185001a
[INFO] [stdout]   10:     0x55f6b7f597a3 - std::panicking::default_hook::h6038f2eba384e475
[INFO] [stdout]                                at /rustc/82e1608dfa6e0b5569232559e3d385fea5a93112/library/std/src/panicking.rs:289:9
[INFO] [stdout]   11:     0x55f6b77937d7 - <alloc::boxed::Box<F,A> as core::ops::function::Fn<Args>>::call::h0ad024c9bdc6d768
[INFO] [stdout]                                at /rustc/82e1608dfa6e0b5569232559e3d385fea5a93112/library/alloc/src/boxed.rs:2021:9
[INFO] [stdout]   12:     0x55f6b77937d7 - test::test_main::{{closure}}::h7500b54257359db6
[INFO] [stdout]                                at /rustc/82e1608dfa6e0b5569232559e3d385fea5a93112/library/test/src/lib.rs:138:21
[INFO] [stdout]   13:     0x55f6b7f5a0c8 - <alloc::boxed::Box<F,A> as core::ops::function::Fn<Args>>::call::h1f8f335eaa9cfaee
[INFO] [stdout]                                at /rustc/82e1608dfa6e0b5569232559e3d385fea5a93112/library/alloc/src/boxed.rs:2021:9
[INFO] [stdout]   14:     0x55f6b7f5a0c8 - std::panicking::rust_panic_with_hook::h2b5517d590cab22e
[INFO] [stdout]                                at /rustc/82e1608dfa6e0b5569232559e3d385fea5a93112/library/std/src/panicking.rs:783:13
[INFO] [stdout]   15:     0x55f6b7f59e1e - std::panicking::begin_panic_handler::{{closure}}::h233112c06e0ef43e
[INFO] [stdout]                                at /rustc/82e1608dfa6e0b5569232559e3d385fea5a93112/library/std/src/panicking.rs:657:13
[INFO] [stdout]   16:     0x55f6b7f584d6 - std::sys_common::backtrace::__rust_end_short_backtrace::h6e893f24d7ebbff8
[INFO] [stdout]                                at /rustc/82e1608dfa6e0b5569232559e3d385fea5a93112/library/std/src/sys_common/backtrace.rs:170:18
[INFO] [stdout]   17:     0x55f6b7f59b82 - rust_begin_unwind
[INFO] [stdout]                                at /rustc/82e1608dfa6e0b5569232559e3d385fea5a93112/library/std/src/panicking.rs:645:5
[INFO] [stdout]   18:     0x55f6b76a0555 - core::panicking::panic_fmt::hbf0e066aabfa482c
[INFO] [stdout]                                at /rustc/82e1608dfa6e0b5569232559e3d385fea5a93112/library/core/src/panicking.rs:72:14
[INFO] [stdout]   19:     0x55f6b76a0b23 - core::result::unwrap_failed::hddb4fea594200c52
[INFO] [stdout]                                at /rustc/82e1608dfa6e0b5569232559e3d385fea5a93112/library/core/src/result.rs:1653:5
[INFO] [stdout]   20:     0x55f6b7732410 - core::result::Result<T,E>::expect::hb92f83634a52d764
[INFO] [stdout]                                at /rustc/82e1608dfa6e0b5569232559e3d385fea5a93112/library/core/src/result.rs:1034:23
[INFO] [stdout]   21:     0x55f6b775eb85 - redgold_keys::util::btc_wallet::balance_test::{{closure}}::h51753f23a626193e
[INFO] [stdout]                                at /opt/rustwide/workdir/src/util/btc_wallet.rs:654:17
[INFO] [stdout]   22:     0x55f6b77214e8 - <core::pin::Pin<P> as core::future::future::Future>::poll::hc8ad7dfcd0d5d0bc
[INFO] [stdout]                                at /rustc/82e1608dfa6e0b5569232559e3d385fea5a93112/library/core/src/future/future.rs:125:9
[INFO] [stdout]   23:     0x55f6b772148b - <core::pin::Pin<P> as core::future::future::Future>::poll::h05488270342fe70a
[INFO] [stdout]                                at /rustc/82e1608dfa6e0b5569232559e3d385fea5a93112/library/core/src/future/future.rs:125:9
[INFO] [stdout]   24:     0x55f6b7701d04 - tokio::runtime::scheduler::current_thread::CoreGuard::block_on::{{closure}}::{{closure}}::{{closure}}::haf61081bc8d1cbff
[INFO] [stdout]                                at /opt/rustwide/cargo-home/registry/src/index.crates.io-6f17d22bba15001f/tokio-1.35.1/src/runtime/scheduler/current_thread/mod.rs:665:57
[INFO] [stdout]   25:     0x55f6b7701c3a - tokio::runtime::coop::with_budget::he099b85e6700353b
[INFO] [stdout]                                at /opt/rustwide/cargo-home/registry/src/index.crates.io-6f17d22bba15001f/tokio-1.35.1/src/runtime/coop.rs:107:5
[INFO] [stdout]   26:     0x55f6b7701c3a - tokio::runtime::coop::budget::h8926150ac9c5e7b6
[INFO] [stdout]                                at /opt/rustwide/cargo-home/registry/src/index.crates.io-6f17d22bba15001f/tokio-1.35.1/src/runtime/coop.rs:73:5
[INFO] [stdout]   27:     0x55f6b7701c3a - tokio::runtime::scheduler::current_thread::CoreGuard::block_on::{{closure}}::{{closure}}::h932862fff7632501
[INFO] [stdout]                                at /opt/rustwide/cargo-home/registry/src/index.crates.io-6f17d22bba15001f/tokio-1.35.1/src/runtime/scheduler/current_thread/mod.rs:665:25
[INFO] [stdout]   28:     0x55f6b77005dc - tokio::runtime::scheduler::current_thread::Context::enter::h4db2a8029cf50f1b
[INFO] [stdout]                                at /opt/rustwide/cargo-home/registry/src/index.crates.io-6f17d22bba15001f/tokio-1.35.1/src/runtime/scheduler/current_thread/mod.rs:410:19
[INFO] [stdout]   29:     0x55f6b770143b - tokio::runtime::scheduler::current_thread::CoreGuard::block_on::{{closure}}::hb785f998b40fad0e
[INFO] [stdout]                                at /opt/rustwide/cargo-home/registry/src/index.crates.io-6f17d22bba15001f/tokio-1.35.1/src/runtime/scheduler/current_thread/mod.rs:664:36
[INFO] [stdout]   30:     0x55f6b770114b - tokio::runtime::scheduler::current_thread::CoreGuard::enter::{{closure}}::h0cd445337d40d029
[INFO] [stdout]                                at /opt/rustwide/cargo-home/registry/src/index.crates.io-6f17d22bba15001f/tokio-1.35.1/src/runtime/scheduler/current_thread/mod.rs:743:68
[INFO] [stdout]   31:     0x55f6b772aa0b - tokio::runtime::context::scoped::Scoped<T>::set::hd950f5239ba88077
[INFO] [stdout]                                at /opt/rustwide/cargo-home/registry/src/index.crates.io-6f17d22bba15001f/tokio-1.35.1/src/runtime/context/scoped.rs:40:9
[INFO] [stdout]   32:     0x55f6b770e879 - tokio::runtime::context::set_scheduler::{{closure}}::hf900586c701eb7c2
[INFO] [stdout]                                at /opt/rustwide/cargo-home/registry/src/index.crates.io-6f17d22bba15001f/tokio-1.35.1/src/runtime/context.rs:176:26
[INFO] [stdout]   33:     0x55f6b7743446 - std::thread::local::LocalKey<T>::try_with::h13822c07e2a637c9
[INFO] [stdout]                                at /rustc/82e1608dfa6e0b5569232559e3d385fea5a93112/library/std/src/thread/local.rs:270:16
[INFO] [stdout]   34:     0x55f6b774319a - std::thread::local::LocalKey<T>::with::hec665c03ee8516d0
[INFO] [stdout]                                at /rustc/82e1608dfa6e0b5569232559e3d385fea5a93112/library/std/src/thread/local.rs:246:9
[INFO] [stdout]   35:     0x55f6b770e82d - tokio::runtime::context::set_scheduler::hb481292da49d8bd7
[INFO] [stdout]                                at /opt/rustwide/cargo-home/registry/src/index.crates.io-6f17d22bba15001f/tokio-1.35.1/src/runtime/context.rs:176:9
[INFO] [stdout]   36:     0x55f6b7700ee0 - tokio::runtime::scheduler::current_thread::CoreGuard::enter::h6b164be502a194be
[INFO] [stdout]                                at /opt/rustwide/cargo-home/registry/src/index.crates.io-6f17d22bba15001f/tokio-1.35.1/src/runtime/scheduler/current_thread/mod.rs:743:27
[INFO] [stdout]   37:     0x55f6b770117d - tokio::runtime::scheduler::current_thread::CoreGuard::block_on::hd203b6de908da6e1
[INFO] [stdout]                                at /opt/rustwide/cargo-home/registry/src/index.crates.io-6f17d22bba15001f/tokio-1.35.1/src/runtime/scheduler/current_thread/mod.rs:652:19
[INFO] [stdout]   38:     0x55f6b77000c3 - tokio::runtime::scheduler::current_thread::CurrentThread::block_on::{{closure}}::hfce08efa6b394a10
[INFO] [stdout]                                at /opt/rustwide/cargo-home/registry/src/index.crates.io-6f17d22bba15001f/tokio-1.35.1/src/runtime/scheduler/current_thread/mod.rs:175:28
[INFO] [stdout]   39:     0x55f6b76f5f4b - tokio::runtime::context::runtime::enter_runtime::hecb6b969de0fa89f
[INFO] [stdout]                                at /opt/rustwide/cargo-home/registry/src/index.crates.io-6f17d22bba15001f/tokio-1.35.1/src/runtime/context/runtime.rs:65:16
[INFO] [stdout]   40:     0x55f6b76fffe0 - tokio::runtime::scheduler::current_thread::CurrentThread::block_on::h3bba2f19adcaab54
[INFO] [stdout]                                at /opt/rustwide/cargo-home/registry/src/index.crates.io-6f17d22bba15001f/tokio-1.35.1/src/runtime/scheduler/current_thread/mod.rs:167:9
[INFO] [stdout]   41:     0x55f6b77484c2 - tokio::runtime::runtime::Runtime::block_on::ha5353241104defa1
[INFO] [stdout]                                at /opt/rustwide/cargo-home/registry/src/index.crates.io-6f17d22bba15001f/tokio-1.35.1/src/runtime/runtime.rs:348:47
[INFO] [stdout]   42:     0x55f6b775e9bf - redgold_keys::util::btc_wallet::balance_test::h6a945a81c6226e65
[INFO] [stdout]                                at /opt/rustwide/workdir/src/util/btc_wallet.rs:665:5
[INFO] [stdout]   43:     0x55f6b775e877 - redgold_keys::util::btc_wallet::balance_test::{{closure}}::h701f64525d125843
[INFO] [stdout]                                at /opt/rustwide/workdir/src/util/btc_wallet.rs:647:24
[INFO] [stdout]   44:     0x55f6b7715dc6 - core::ops::function::FnOnce::call_once::h344200335a4c8908
[INFO] [stdout]                                at /rustc/82e1608dfa6e0b5569232559e3d385fea5a93112/library/core/src/ops/function.rs:250:5
[INFO] [stdout]   45:     0x55f6b7798e2f - core::ops::function::FnOnce::call_once::h2b5d431d5046312d
[INFO] [stdout]                                at /rustc/82e1608dfa6e0b5569232559e3d385fea5a93112/library/core/src/ops/function.rs:250:5
[INFO] [stdout]   46:     0x55f6b7798e2f - test::__rust_begin_short_backtrace::h7714669af176e207
[INFO] [stdout]                                at /rustc/82e1608dfa6e0b5569232559e3d385fea5a93112/library/test/src/lib.rs:628:18
[INFO] [stdout]   47:     0x55f6b7797e45 - test::run_test_in_process::{{closure}}::h85218797dcbcec12
[INFO] [stdout]                                at /rustc/82e1608dfa6e0b5569232559e3d385fea5a93112/library/test/src/lib.rs:651:60
[INFO] [stdout]   48:     0x55f6b7797e45 - <core::panic::unwind_safe::AssertUnwindSafe<F> as core::ops::function::FnOnce<()>>::call_once::h76c106ea31c14d7b
[INFO] [stdout]                                at /rustc/82e1608dfa6e0b5569232559e3d385fea5a93112/library/core/src/panic/unwind_safe.rs:272:9
[INFO] [stdout]   49:     0x55f6b7797e45 - std::panicking::try::do_call::h3bd5d0f6620ee946
[INFO] [stdout]                                at /rustc/82e1608dfa6e0b5569232559e3d385fea5a93112/library/std/src/panicking.rs:552:40
[INFO] [stdout]   50:     0x55f6b7797e45 - std::panicking::try::h232e535e4744fe31
[INFO] [stdout]                                at /rustc/82e1608dfa6e0b5569232559e3d385fea5a93112/library/std/src/panicking.rs:516:19
[INFO] [stdout]   51:     0x55f6b7797e45 - std::panic::catch_unwind::h3ce3bd6ca8dbac68
[INFO] [stdout]                                at /rustc/82e1608dfa6e0b5569232559e3d385fea5a93112/library/std/src/panic.rs:142:14
[INFO] [stdout]   52:     0x55f6b7797e45 - test::run_test_in_process::hc97b257c9621286a
[INFO] [stdout]                                at /rustc/82e1608dfa6e0b5569232559e3d385fea5a93112/library/test/src/lib.rs:651:27
[INFO] [stdout]   53:     0x55f6b7797e45 - test::run_test::{{closure}}::h2aa798823a438d38
[INFO] [stdout]                                at /rustc/82e1608dfa6e0b5569232559e3d385fea5a93112/library/test/src/lib.rs:574:43
[INFO] [stdout]   54:     0x55f6b7760106 - test::run_test::{{closure}}::h87d231c78fb59832
[INFO] [stdout]                                at /rustc/82e1608dfa6e0b5569232559e3d385fea5a93112/library/test/src/lib.rs:602:41
[INFO] [stdout]   55:     0x55f6b7760106 - std::sys_common::backtrace::__rust_begin_short_backtrace::he6df152596625789
[INFO] [stdout]                                at /rustc/82e1608dfa6e0b5569232559e3d385fea5a93112/library/std/src/sys_common/backtrace.rs:154:18
[INFO] [stdout]   56:     0x55f6b77651b7 - std::thread::Builder::spawn_unchecked_::{{closure}}::{{closure}}::ha94be15d1e0acf36
[INFO] [stdout]                                at /rustc/82e1608dfa6e0b5569232559e3d385fea5a93112/library/std/src/thread/mod.rs:529:17
[INFO] [stdout]   57:     0x55f6b77651b7 - <core::panic::unwind_safe::AssertUnwindSafe<F> as core::ops::function::FnOnce<()>>::call_once::h9dc6bd6372f16606
[INFO] [stdout]                                at /rustc/82e1608dfa6e0b5569232559e3d385fea5a93112/library/core/src/panic/unwind_safe.rs:272:9
[INFO] [stdout]   58:     0x55f6b77651b7 - std::panicking::try::do_call::h9057517f80303cd4
[INFO] [stdout]                                at /rustc/82e1608dfa6e0b5569232559e3d385fea5a93112/library/std/src/panicking.rs:552:40
[INFO] [stdout]   59:     0x55f6b77651b7 - std::panicking::try::he3a30b11ee45340c
[INFO] [stdout]                                at /rustc/82e1608dfa6e0b5569232559e3d385fea5a93112/library/std/src/panicking.rs:516:19
[INFO] [stdout]   60:     0x55f6b77651b7 - std::panic::catch_unwind::h410458cfd3528b8b
[INFO] [stdout]                                at /rustc/82e1608dfa6e0b5569232559e3d385fea5a93112/library/std/src/panic.rs:142:14
[INFO] [stdout]   61:     0x55f6b77651b7 - std::thread::Builder::spawn_unchecked_::{{closure}}::h72ac3bdb567b737b
[INFO] [stdout]                                at /rustc/82e1608dfa6e0b5569232559e3d385fea5a93112/library/std/src/thread/mod.rs:528:30
[INFO] [stdout]   62:     0x55f6b77651b7 - core::ops::function::FnOnce::call_once{{vtable.shim}}::h38f34da3654a8344
[INFO] [stdout]                                at /rustc/82e1608dfa6e0b5569232559e3d385fea5a93112/library/core/src/ops/function.rs:250:5
[INFO] [stdout]   63:     0x55f6b7f5ecc5 - <alloc::boxed::Box<F,A> as core::ops::function::FnOnce<Args>>::call_once::hc7eafaff61e32df9
[INFO] [stdout]                                at /rustc/82e1608dfa6e0b5569232559e3d385fea5a93112/library/alloc/src/boxed.rs:2007:9
[INFO] [stdout]   64:     0x55f6b7f5ecc5 - <alloc::boxed::Box<F,A> as core::ops::function::FnOnce<Args>>::call_once::h6ba4a5de48dd2304
[INFO] [stdout]                                at /rustc/82e1608dfa6e0b5569232559e3d385fea5a93112/library/alloc/src/boxed.rs:2007:9
[INFO] [stdout]   65:     0x55f6b7f5ecc5 - std::sys::unix::thread::Thread::new::thread_start::he469335aef763e45
[INFO] [stdout]                                at /rustc/82e1608dfa6e0b5569232559e3d385fea5a93112/library/std/src/sys/unix/thread.rs:108:17
[INFO] [stdout]   66:     0x7f3744f1cac3 - <unknown>
[INFO] [stdout]   67:     0x7f3744fadbf4 - __clone
[INFO] [stdout]   68:                0x0 - <unknown>
[INFO] [stdout] 
[INFO] [stdout] ---- util::test_verify stdout ----
[INFO] [stdout] thread 'util::test_verify' panicked at src/util/mod.rs:82:5:
[INFO] [stdout] assertion failed: verify(&tc.hash_vec, &hex::decode(sig).unwrap(),
[INFO] [stdout]         &tc.public.serialize().to_vec()).is_ok()
[INFO] [stdout] stack backtrace:
[INFO] [stdout]    0:     0x55f6b7f5800c - std::backtrace_rs::backtrace::libunwind::trace::ha637c64ce894333a
[INFO] [stdout]                                at /rustc/82e1608dfa6e0b5569232559e3d385fea5a93112/library/std/src/../../backtrace/src/backtrace/libunwind.rs:104:5
[INFO] [stdout]    1:     0x55f6b7f5800c - std::backtrace_rs::backtrace::trace_unsynchronized::h47f62dea28e0c88d
[INFO] [stdout]                                at /rustc/82e1608dfa6e0b5569232559e3d385fea5a93112/library/std/src/../../backtrace/src/backtrace/mod.rs:66:5
[INFO] [stdout]    2:     0x55f6b7f5800c - std::sys_common::backtrace::_print_fmt::h9eef0abe20ede486
[INFO] [stdout]                                at /rustc/82e1608dfa6e0b5569232559e3d385fea5a93112/library/std/src/sys_common/backtrace.rs:67:5
[INFO] [stdout]    3:     0x55f6b7f5800c - <std::sys_common::backtrace::_print::DisplayBacktrace as core::fmt::Display>::fmt::hed7f999df88cc644
[INFO] [stdout]                                at /rustc/82e1608dfa6e0b5569232559e3d385fea5a93112/library/std/src/sys_common/backtrace.rs:44:22
[INFO] [stdout]    4:     0x55f6b7f85c80 - core::fmt::rt::Argument::fmt::h1539a9308b8d058d
[INFO] [stdout]                                at /rustc/82e1608dfa6e0b5569232559e3d385fea5a93112/library/core/src/fmt/rt.rs:142:9
[INFO] [stdout]    5:     0x55f6b7f85c80 - core::fmt::write::h3a39390d8560d9c9
[INFO] [stdout]                                at /rustc/82e1608dfa6e0b5569232559e3d385fea5a93112/library/core/src/fmt/mod.rs:1120:17
[INFO] [stdout]    6:     0x55f6b7f54c2f - std::io::Write::write_fmt::h040b369f3a0f9cbc
[INFO] [stdout]                                at /rustc/82e1608dfa6e0b5569232559e3d385fea5a93112/library/std/src/io/mod.rs:1762:15
[INFO] [stdout]    7:     0x55f6b7f57df4 - std::sys_common::backtrace::_print::h894006fb5c6f3d45
[INFO] [stdout]                                at /rustc/82e1608dfa6e0b5569232559e3d385fea5a93112/library/std/src/sys_common/backtrace.rs:47:5
[INFO] [stdout]    8:     0x55f6b7f57df4 - std::sys_common::backtrace::print::h23a2d212c6fff936
[INFO] [stdout]                                at /rustc/82e1608dfa6e0b5569232559e3d385fea5a93112/library/std/src/sys_common/backtrace.rs:34:9
[INFO] [stdout]    9:     0x55f6b7f59ab7 - std::panicking::default_hook::{{closure}}::h8a1d2ee00185001a
[INFO] [stdout]   10:     0x55f6b7f597a3 - std::panicking::default_hook::h6038f2eba384e475
[INFO] [stdout]                                at /rustc/82e1608dfa6e0b5569232559e3d385fea5a93112/library/std/src/panicking.rs:289:9
[INFO] [stdout]   11:     0x55f6b77937d7 - <alloc::boxed::Box<F,A> as core::ops::function::Fn<Args>>::call::h0ad024c9bdc6d768
[INFO] [stdout]                                at /rustc/82e1608dfa6e0b5569232559e3d385fea5a93112/library/alloc/src/boxed.rs:2021:9
[INFO] [stdout]   12:     0x55f6b77937d7 - test::test_main::{{closure}}::h7500b54257359db6
[INFO] [stdout]                                at /rustc/82e1608dfa6e0b5569232559e3d385fea5a93112/library/test/src/lib.rs:138:21
[INFO] [stdout]   13:     0x55f6b7f5a0c8 - <alloc::boxed::Box<F,A> as core::ops::function::Fn<Args>>::call::h1f8f335eaa9cfaee
[INFO] [stdout]                                at /rustc/82e1608dfa6e0b5569232559e3d385fea5a93112/library/alloc/src/boxed.rs:2021:9
[INFO] [stdout]   14:     0x55f6b7f5a0c8 - std::panicking::rust_panic_with_hook::h2b5517d590cab22e
[INFO] [stdout]                                at /rustc/82e1608dfa6e0b5569232559e3d385fea5a93112/library/std/src/panicking.rs:783:13
[INFO] [stdout]   15:     0x55f6b7f59de9 - std::panicking::begin_panic_handler::{{closure}}::h233112c06e0ef43e
[INFO] [stdout]                                at /rustc/82e1608dfa6e0b5569232559e3d385fea5a93112/library/std/src/panicking.rs:649:13
[INFO] [stdout]   16:     0x55f6b7f584d6 - std::sys_common::backtrace::__rust_end_short_backtrace::h6e893f24d7ebbff8
[INFO] [stdout]                                at /rustc/82e1608dfa6e0b5569232559e3d385fea5a93112/library/std/src/sys_common/backtrace.rs:170:18
[INFO] [stdout]   17:     0x55f6b7f59b82 - rust_begin_unwind
[INFO] [stdout]                                at /rustc/82e1608dfa6e0b5569232559e3d385fea5a93112/library/std/src/panicking.rs:645:5
[INFO] [stdout]   18:     0x55f6b76a0555 - core::panicking::panic_fmt::hbf0e066aabfa482c
[INFO] [stdout]                                at /rustc/82e1608dfa6e0b5569232559e3d385fea5a93112/library/core/src/panicking.rs:72:14
[INFO] [stdout]   19:     0x55f6b76a05f3 - core::panicking::panic::h195fc2a96298d4c3
[INFO] [stdout]                                at /rustc/82e1608dfa6e0b5569232559e3d385fea5a93112/library/core/src/panicking.rs:127:5
[INFO] [stdout]   20:     0x55f6b775f753 - redgold_keys::util::test_verify::h6003a1d6e45ad401
[INFO] [stdout]                                at /opt/rustwide/workdir/src/util/mod.rs:82:5
[INFO] [stdout]   21:     0x55f6b775f557 - redgold_keys::util::test_verify::{{closure}}::h87968c24c16d45ec
[INFO] [stdout]                                at /opt/rustwide/workdir/src/util/mod.rs:79:17
[INFO] [stdout]   22:     0x55f6b7715fe6 - core::ops::function::FnOnce::call_once::h64e875c00dfd9069
[INFO] [stdout]                                at /rustc/82e1608dfa6e0b5569232559e3d385fea5a93112/library/core/src/ops/function.rs:250:5
[INFO] [stdout]   23:     0x55f6b7798e2f - core::ops::function::FnOnce::call_once::h2b5d431d5046312d
[INFO] [stdout]                                at /rustc/82e1608dfa6e0b5569232559e3d385fea5a93112/library/core/src/ops/function.rs:250:5
[INFO] [stdout]   24:     0x55f6b7798e2f - test::__rust_begin_short_backtrace::h7714669af176e207
[INFO] [stdout]                                at /rustc/82e1608dfa6e0b5569232559e3d385fea5a93112/library/test/src/lib.rs:628:18
[INFO] [stdout]   25:     0x55f6b7797e45 - test::run_test_in_process::{{closure}}::h85218797dcbcec12
[INFO] [stdout]                                at /rustc/82e1608dfa6e0b5569232559e3d385fea5a93112/library/test/src/lib.rs:651:60
[INFO] [stdout]   26:     0x55f6b7797e45 - <core::panic::unwind_safe::AssertUnwindSafe<F> as core::ops::function::FnOnce<()>>::call_once::h76c106ea31c14d7b
[INFO] [stdout]                                at /rustc/82e1608dfa6e0b5569232559e3d385fea5a93112/library/core/src/panic/unwind_safe.rs:272:9
[INFO] [stdout]   27:     0x55f6b7797e45 - std::panicking::try::do_call::h3bd5d0f6620ee946
[INFO] [stdout]                                at /rustc/82e1608dfa6e0b5569232559e3d385fea5a93112/library/std/src/panicking.rs:552:40
[INFO] [stdout]   28:     0x55f6b7797e45 - std::panicking::try::h232e535e4744fe31
[INFO] [stdout]                                at /rustc/82e1608dfa6e0b5569232559e3d385fea5a93112/library/std/src/panicking.rs:516:19
[INFO] [stdout]   29:     0x55f6b7797e45 - std::panic::catch_unwind::h3ce3bd6ca8dbac68
[INFO] [stdout]                                at /rustc/82e1608dfa6e0b5569232559e3d385fea5a93112/library/std/src/panic.rs:142:14
[INFO] [stdout]   30:     0x55f6b7797e45 - test::run_test_in_process::hc97b257c9621286a
[INFO] [stdout]                                at /rustc/82e1608dfa6e0b5569232559e3d385fea5a93112/library/test/src/lib.rs:651:27
[INFO] [stdout]   31:     0x55f6b7797e45 - test::run_test::{{closure}}::h2aa798823a438d38
[INFO] [stdout]                                at /rustc/82e1608dfa6e0b5569232559e3d385fea5a93112/library/test/src/lib.rs:574:43
[INFO] [stdout]   32:     0x55f6b7760106 - test::run_test::{{closure}}::h87d231c78fb59832
[INFO] [stdout]                                at /rustc/82e1608dfa6e0b5569232559e3d385fea5a93112/library/test/src/lib.rs:602:41
[INFO] [stdout]   33:     0x55f6b7760106 - std::sys_common::backtrace::__rust_begin_short_backtrace::he6df152596625789
[INFO] [stdout]                                at /rustc/82e1608dfa6e0b5569232559e3d385fea5a93112/library/std/src/sys_common/backtrace.rs:154:18
[INFO] [stdout]   34:     0x55f6b77651b7 - std::thread::Builder::spawn_unchecked_::{{closure}}::{{closure}}::ha94be15d1e0acf36
[INFO] [stdout]                                at /rustc/82e1608dfa6e0b5569232559e3d385fea5a93112/library/std/src/thread/mod.rs:529:17
[INFO] [stdout]   35:     0x55f6b77651b7 - <core::panic::unwind_safe::AssertUnwindSafe<F> as core::ops::function::FnOnce<()>>::call_once::h9dc6bd6372f16606
[INFO] [stdout]                                at /rustc/82e1608dfa6e0b5569232559e3d385fea5a93112/library/core/src/panic/unwind_safe.rs:272:9
[INFO] [stdout]   36:     0x55f6b77651b7 - std::panicking::try::do_call::h9057517f80303cd4
[INFO] [stdout]                                at /rustc/82e1608dfa6e0b5569232559e3d385fea5a93112/library/std/src/panicking.rs:552:40
[INFO] [stdout]   37:     0x55f6b77651b7 - std::panicking::try::he3a30b11ee45340c
[INFO] [stdout]                                at /rustc/82e1608dfa6e0b5569232559e3d385fea5a93112/library/std/src/panicking.rs:516:19
[INFO] [stdout]   38:     0x55f6b77651b7 - std::panic::catch_unwind::h410458cfd3528b8b
[INFO] [stdout]                                at /rustc/82e1608dfa6e0b5569232559e3d385fea5a93112/library/std/src/panic.rs:142:14
[INFO] [stdout]   39:     0x55f6b77651b7 - std::thread::Builder::spawn_unchecked_::{{closure}}::h72ac3bdb567b737b
[INFO] [stdout]                                at /rustc/82e1608dfa6e0b5569232559e3d385fea5a93112/library/std/src/thread/mod.rs:528:30
[INFO] [stdout]   40:     0x55f6b77651b7 - core::ops::function::FnOnce::call_once{{vtable.shim}}::h38f34da3654a8344
[INFO] [stdout]                                at /rustc/82e1608dfa6e0b5569232559e3d385fea5a93112/library/core/src/ops/function.rs:250:5
[INFO] [stdout]   41:     0x55f6b7f5ecc5 - <alloc::boxed::Box<F,A> as core::ops::function::FnOnce<Args>>::call_once::hc7eafaff61e32df9
[INFO] [stdout]                                at /rustc/82e1608dfa6e0b5569232559e3d385fea5a93112/library/alloc/src/boxed.rs:2007:9
[INFO] [stdout]   42:     0x55f6b7f5ecc5 - <alloc::boxed::Box<F,A> as core::ops::function::FnOnce<Args>>::call_once::h6ba4a5de48dd2304
[INFO] [stdout]                                at /rustc/82e1608dfa6e0b5569232559e3d385fea5a93112/library/alloc/src/boxed.rs:2007:9
[INFO] [stdout]   43:     0x55f6b7f5ecc5 - std::sys::unix::thread::Thread::new::thread_start::he469335aef763e45
[INFO] [stdout]                                at /rustc/82e1608dfa6e0b5569232559e3d385fea5a93112/library/std/src/sys/unix/thread.rs:108:17
[INFO] [stdout]   44:     0x7f3744f1cac3 - <unknown>
[INFO] [stdout]   45:     0x7f3744fadbf4 - __clone
[INFO] [stdout]   46:                0x0 - <unknown>
[INFO] [stdout] 
[INFO] [stdout] ---- util::test_sign stdout ----
[INFO] [stdout] 5476ce39af0d27dc6013547db9eef6c904f23de58fa9fde8f79bb65e8f4cf9dc56029e3e7f675c7d1e338fb638517de61273ec8d76250f6ae8767f555ea03e4f
[INFO] [stdout] thread 'util::test_sign' panicked at src/util/mod.rs:47:5:
[INFO] [stdout] assertion `left == right` failed
[INFO] [stdout]   left: [222, 40, 127, 1, 159, 186, 179, 98, 29, 102, 4, 216, 0, 211, 237, 16, 42, 252, 92, 73, 172, 43, 226, 95, 142, 182, 119, 152, 112, 114, 16, 159, 35, 37, 8, 176, 97, 148, 44, 251, 209, 253, 44, 126, 24, 161, 114, 163, 60, 168, 182, 173, 55, 57, 180, 16, 176, 29, 24, 237, 133, 188, 37, 187]
[INFO] [stdout]  right: [84, 118, 206, 57, 175, 13, 39, 220, 96, 19, 84, 125, 185, 238, 246, 201, 4, 242, 61, 229, 143, 169, 253, 232, 247, 155, 182, 94, 143, 76, 249, 220, 86, 2, 158, 62, 127, 103, 92, 125, 30, 51, 143, 182, 56, 81, 125, 230, 18, 115, 236, 141, 118, 37, 15, 106, 232, 118, 127, 85, 94, 160, 62, 79]
[INFO] [stdout] stack backtrace:
[INFO] [stdout]    0:     0x55f6b7f5800c - std::backtrace_rs::backtrace::libunwind::trace::ha637c64ce894333a
[INFO] [stdout]                                at /rustc/82e1608dfa6e0b5569232559e3d385fea5a93112/library/std/src/../../backtrace/src/backtrace/libunwind.rs:104:5
[INFO] [stdout]    1:     0x55f6b7f5800c - std::backtrace_rs::backtrace::trace_unsynchronized::h47f62dea28e0c88d
[INFO] [stdout]                                at /rustc/82e1608dfa6e0b5569232559e3d385fea5a93112/library/std/src/../../backtrace/src/backtrace/mod.rs:66:5
[INFO] [stdout]    2:     0x55f6b7f5800c - std::sys_common::backtrace::_print_fmt::h9eef0abe20ede486
[INFO] [stdout]                                at /rustc/82e1608dfa6e0b5569232559e3d385fea5a93112/library/std/src/sys_common/backtrace.rs:67:5
[INFO] [stdout]    3:     0x55f6b7f5800c - <std::sys_common::backtrace::_print::DisplayBacktrace as core::fmt::Display>::fmt::hed7f999df88cc644
[INFO] [stdout]                                at /rustc/82e1608dfa6e0b5569232559e3d385fea5a93112/library/std/src/sys_common/backtrace.rs:44:22
[INFO] [stdout]    4:     0x55f6b7f85c80 - core::fmt::rt::Argument::fmt::h1539a9308b8d058d
[INFO] [stdout]                                at /rustc/82e1608dfa6e0b5569232559e3d385fea5a93112/library/core/src/fmt/rt.rs:142:9
[INFO] [stdout]    5:     0x55f6b7f85c80 - core::fmt::write::h3a39390d8560d9c9
[INFO] [stdout]                                at /rustc/82e1608dfa6e0b5569232559e3d385fea5a93112/library/core/src/fmt/mod.rs:1120:17
[INFO] [stdout]    6:     0x55f6b7f54c2f - std::io::Write::write_fmt::h040b369f3a0f9cbc
[INFO] [stdout]                                at /rustc/82e1608dfa6e0b5569232559e3d385fea5a93112/library/std/src/io/mod.rs:1762:15
[INFO] [stdout]    7:     0x55f6b7f57df4 - std::sys_common::backtrace::_print::h894006fb5c6f3d45
[INFO] [stdout]                                at /rustc/82e1608dfa6e0b5569232559e3d385fea5a93112/library/std/src/sys_common/backtrace.rs:47:5
[INFO] [stdout]    8:     0x55f6b7f57df4 - std::sys_common::backtrace::print::h23a2d212c6fff936
[INFO] [stdout]                                at /rustc/82e1608dfa6e0b5569232559e3d385fea5a93112/library/std/src/sys_common/backtrace.rs:34:9
[INFO] [stdout]    9:     0x55f6b7f59ab7 - std::panicking::default_hook::{{closure}}::h8a1d2ee00185001a
[INFO] [stdout]   10:     0x55f6b7f597a3 - std::panicking::default_hook::h6038f2eba384e475
[INFO] [stdout]                                at /rustc/82e1608dfa6e0b5569232559e3d385fea5a93112/library/std/src/panicking.rs:289:9
[INFO] [stdout]   11:     0x55f6b77937d7 - <alloc::boxed::Box<F,A> as core::ops::function::Fn<Args>>::call::h0ad024c9bdc6d768
[INFO] [stdout]                                at /rustc/82e1608dfa6e0b5569232559e3d385fea5a93112/library/alloc/src/boxed.rs:2021:9
[INFO] [stdout]   12:     0x55f6b77937d7 - test::test_main::{{closure}}::h7500b54257359db6
[INFO] [stdout]                                at /rustc/82e1608dfa6e0b5569232559e3d385fea5a93112/library/test/src/lib.rs:138:21
[INFO] [stdout]   13:     0x55f6b7f5a0c8 - <alloc::boxed::Box<F,A> as core::ops::function::Fn<Args>>::call::h1f8f335eaa9cfaee
[INFO] [stdout]                                at /rustc/82e1608dfa6e0b5569232559e3d385fea5a93112/library/alloc/src/boxed.rs:2021:9
[INFO] [stdout]   14:     0x55f6b7f5a0c8 - std::panicking::rust_panic_with_hook::h2b5517d590cab22e
[INFO] [stdout]                                at /rustc/82e1608dfa6e0b5569232559e3d385fea5a93112/library/std/src/panicking.rs:783:13
[INFO] [stdout]   15:     0x55f6b7f59e1e - std::panicking::begin_panic_handler::{{closure}}::h233112c06e0ef43e
[INFO] [stdout]                                at /rustc/82e1608dfa6e0b5569232559e3d385fea5a93112/library/std/src/panicking.rs:657:13
[INFO] [stdout]   16:     0x55f6b7f584d6 - std::sys_common::backtrace::__rust_end_short_backtrace::h6e893f24d7ebbff8
[INFO] [stdout]                                at /rustc/82e1608dfa6e0b5569232559e3d385fea5a93112/library/std/src/sys_common/backtrace.rs:170:18
[INFO] [stdout]   17:     0x55f6b7f59b82 - rust_begin_unwind
[INFO] [stdout]                                at /rustc/82e1608dfa6e0b5569232559e3d385fea5a93112/library/std/src/panicking.rs:645:5
[INFO] [stdout]   18:     0x55f6b76a0555 - core::panicking::panic_fmt::hbf0e066aabfa482c
[INFO] [stdout]                                at /rustc/82e1608dfa6e0b5569232559e3d385fea5a93112/library/core/src/panicking.rs:72:14
[INFO] [stdout]   19:     0x55f6b76a09ab - core::panicking::assert_failed_inner::h0bba8b7c26ee4492
[INFO] [stdout]   20:     0x55f6b7752c7e - core::panicking::assert_failed::h9bfb85e0c732f57e
[INFO] [stdout]                                at /rustc/82e1608dfa6e0b5569232559e3d385fea5a93112/library/core/src/panicking.rs:279:5
[INFO] [stdout]   21:     0x55f6b775f4e7 - redgold_keys::util::test_sign::hd000cbf00d30b98b
[INFO] [stdout]                                at /opt/rustwide/workdir/src/util/mod.rs:47:5
[INFO] [stdout]   22:     0x55f6b775f207 - redgold_keys::util::test_sign::{{closure}}::hc70c0670891ace66
[INFO] [stdout]                                at /opt/rustwide/workdir/src/util/mod.rs:43:15
[INFO] [stdout]   23:     0x55f6b7716186 - core::ops::function::FnOnce::call_once::h7c27128e09b0415a
[INFO] [stdout]                                at /rustc/82e1608dfa6e0b5569232559e3d385fea5a93112/library/core/src/ops/function.rs:250:5
[INFO] [stdout]   24:     0x55f6b7798e2f - core::ops::function::FnOnce::call_once::h2b5d431d5046312d
[INFO] [stdout]                                at /rustc/82e1608dfa6e0b5569232559e3d385fea5a93112/library/core/src/ops/function.rs:250:5
[INFO] [stdout]   25:     0x55f6b7798e2f - test::__rust_begin_short_backtrace::h7714669af176e207
[INFO] [stdout]                                at /rustc/82e1608dfa6e0b5569232559e3d385fea5a93112/library/test/src/lib.rs:628:18
[INFO] [stdout]   26:     0x55f6b7797e45 - test::run_test_in_process::{{closure}}::h85218797dcbcec12
[INFO] [stdout]                                at /rustc/82e1608dfa6e0b5569232559e3d385fea5a93112/library/test/src/lib.rs:651:60
[INFO] [stdout]   27:     0x55f6b7797e45 - <core::panic::unwind_safe::AssertUnwindSafe<F> as core::ops::function::FnOnce<()>>::call_once::h76c106ea31c14d7b
[INFO] [stdout]                                at /rustc/82e1608dfa6e0b5569232559e3d385fea5a93112/library/core/src/panic/unwind_safe.rs:272:9
[INFO] [stdout]   28:     0x55f6b7797e45 - std::panicking::try::do_call::h3bd5d0f6620ee946
[INFO] [stdout]                                at /rustc/82e1608dfa6e0b5569232559e3d385fea5a93112/library/std/src/panicking.rs:552:40
[INFO] [stdout]   29:     0x55f6b7797e45 - std::panicking::try::h232e535e4744fe31
[INFO] [stdout]                                at /rustc/82e1608dfa6e0b5569232559e3d385fea5a93112/library/std/src/panicking.rs:516:19
[INFO] [stdout]   30:     0x55f6b7797e45 - std::panic::catch_unwind::h3ce3bd6ca8dbac68
[INFO] [stdout]                                at /rustc/82e1608dfa6e0b5569232559e3d385fea5a93112/library/std/src/panic.rs:142:14
[INFO] [stdout]   31:     0x55f6b7797e45 - test::run_test_in_process::hc97b257c9621286a
[INFO] [stdout]                                at /rustc/82e1608dfa6e0b5569232559e3d385fea5a93112/library/test/src/lib.rs:651:27
[INFO] [stdout]   32:     0x55f6b7797e45 - test::run_test::{{closure}}::h2aa798823a438d38
[INFO] [stdout]                                at /rustc/82e1608dfa6e0b5569232559e3d385fea5a93112/library/test/src/lib.rs:574:43
[INFO] [stdout]   33:     0x55f6b7760106 - test::run_test::{{closure}}::h87d231c78fb59832
[INFO] [stdout]                                at /rustc/82e1608dfa6e0b5569232559e3d385fea5a93112/library/test/src/lib.rs:602:41
[INFO] [stdout]   34:     0x55f6b7760106 - std::sys_common::backtrace::__rust_begin_short_backtrace::he6df152596625789
[INFO] [stdout]                                at /rustc/82e1608dfa6e0b5569232559e3d385fea5a93112/library/std/src/sys_common/backtrace.rs:154:18
[INFO] [stdout]   35:     0x55f6b77651b7 - std::thread::Builder::spawn_unchecked_::{{closure}}::{{closure}}::ha94be15d1e0acf36
[INFO] [stdout]                                at /rustc/82e1608dfa6e0b5569232559e3d385fea5a93112/library/std/src/thread/mod.rs:529:17
[INFO] [stdout]   36:     0x55f6b77651b7 - <core::panic::unwind_safe::AssertUnwindSafe<F> as core::ops::function::FnOnce<()>>::call_once::h9dc6bd6372f16606
[INFO] [stdout]                                at /rustc/82e1608dfa6e0b5569232559e3d385fea5a93112/library/core/src/panic/unwind_safe.rs:272:9
[INFO] [stdout]   37:     0x55f6b77651b7 - std::panicking::try::do_call::h9057517f80303cd4
[INFO] [stdout]                                at /rustc/82e1608dfa6e0b5569232559e3d385fea5a93112/library/std/src/panicking.rs:552:40
[INFO] [stdout]   38:     0x55f6b77651b7 - std::panicking::try::he3a30b11ee45340c
[INFO] [stdout]                                at /rustc/82e1608dfa6e0b5569232559e3d385fea5a93112/library/std/src/panicking.rs:516:19
[INFO] [stdout]   39:     0x55f6b77651b7 - std::panic::catch_unwind::h410458cfd3528b8b
[INFO] [stdout]                                at /rustc/82e1608dfa6e0b5569232559e3d385fea5a93112/library/std/src/panic.rs:142:14
[INFO] [stdout]   40:     0x55f6b77651b7 - std::thread::Builder::spawn_unchecked_::{{closure}}::h72ac3bdb567b737b
[INFO] [stdout]                                at /rustc/82e1608dfa6e0b5569232559e3d385fea5a93112/library/std/src/thread/mod.rs:528:30
[INFO] [stdout]   41:     0x55f6b77651b7 - core::ops::function::FnOnce::call_once{{vtable.shim}}::h38f34da3654a8344
[INFO] [stdout]                                at /rustc/82e1608dfa6e0b5569232559e3d385fea5a93112/library/core/src/ops/function.rs:250:5
[INFO] [stdout]   42:     0x55f6b7f5ecc5 - <alloc::boxed::Box<F,A> as core::ops::function::FnOnce<Args>>::call_once::hc7eafaff61e32df9
[INFO] [stdout]                                at /rustc/82e1608dfa6e0b5569232559e3d385fea5a93112/library/alloc/src/boxed.rs:2007:9
[INFO] [stdout]   43:     0x55f6b7f5ecc5 - <alloc::boxed::Box<F,A> as core::ops::function::FnOnce<Args>>::call_once::h6ba4a5de48dd2304
[INFO] [stdout]                                at /rustc/82e1608dfa6e0b5569232559e3d385fea5a93112/library/alloc/src/boxed.rs:2007:9
[INFO] [stdout]   44:     0x55f6b7f5ecc5 - std::sys::unix::thread::Thread::new::thread_start::he469335aef763e45
[INFO] [stdout]                                at /rustc/82e1608dfa6e0b5569232559e3d385fea5a93112/library/std/src/sys/unix/thread.rs:108:17
[INFO] [stdout]   45:     0x7f3744f1cac3 - <unknown>
[INFO] [stdout]   46:     0x7f3744fadbf4 - __clone
[INFO] [stdout]   47:                0x0 - <unknown>
[INFO] [stdout] 
[INFO] [stdout] 
[INFO] [stdout] failures:
[INFO] [stdout]     util::btc_wallet::balance_test
[INFO] [stdout]     util::test_sign
[INFO] [stdout]     util::test_verify
[INFO] [stdout] 
[INFO] [stdout] test result: FAILED. 16 passed; 3 failed; 2 ignored; 0 measured; 0 filtered out; finished in 1.88s
[INFO] [stdout] 
[INFO] [stderr] error: test failed, to rerun pass `--lib`
[INFO] running `Command { std: "docker" "inspect" "5f3beecba6799fb9d96e045b357d8d219fd1d55fb1be5baa03f12669cf1bbc22", kill_on_drop: false }`
[INFO] running `Command { std: "docker" "rm" "-f" "5f3beecba6799fb9d96e045b357d8d219fd1d55fb1be5baa03f12669cf1bbc22", kill_on_drop: false }`
[INFO] [stdout] 5f3beecba6799fb9d96e045b357d8d219fd1d55fb1be5baa03f12669cf1bbc22
[INFO] testing redgold-keys-0.1.21 against beta-2023-12-22 for beta-1.76-1
[INFO] extracting crate redgold-keys 0.1.21 into /workspace/builds/worker-4-tc2/source
[INFO] validating manifest of crates.io crate redgold-keys 0.1.21 on toolchain beta-2023-12-22
[INFO] running `Command { std: CARGO_HOME="/workspace/cargo-home" RUSTUP_HOME="/workspace/rustup-home" "/workspace/cargo-home/bin/cargo" "+beta-2023-12-22" "metadata" "--manifest-path" "Cargo.toml" "--no-deps", kill_on_drop: false }`
[INFO] started tweaking crates.io crate redgold-keys 0.1.21
[INFO] finished tweaking crates.io crate redgold-keys 0.1.21
[INFO] tweaked toml for crates.io crate redgold-keys 0.1.21 written to /workspace/builds/worker-4-tc2/source/Cargo.toml
[INFO] running `Command { std: CARGO_HOME="/workspace/cargo-home" RUSTUP_HOME="/workspace/rustup-home" "/workspace/cargo-home/bin/cargo" "+beta-2023-12-22" "generate-lockfile" "--manifest-path" "Cargo.toml", kill_on_drop: false }`
[INFO] [stderr]     Updating crates.io index
[INFO] running `Command { std: CARGO_HOME="/workspace/cargo-home" RUSTUP_HOME="/workspace/rustup-home" "/workspace/cargo-home/bin/cargo" "+beta-2023-12-22" "fetch" "--manifest-path" "Cargo.toml", kill_on_drop: false }`
[INFO] running `Command { std: "docker" "create" "-v" "/var/lib/crater-agent-workspace/builds/worker-4-tc2/target:/opt/rustwide/target:rw,Z" "-v" "/var/lib/crater-agent-workspace/builds/worker-4-tc2/source:/opt/rustwide/workdir:ro,Z" "-v" "/var/lib/crater-agent-workspace/cargo-home:/opt/rustwide/cargo-home:ro,Z" "-v" "/var/lib/crater-agent-workspace/rustup-home:/opt/rustwide/rustup-home:ro,Z" "-e" "SOURCE_DIR=/opt/rustwide/workdir" "-e" "CARGO_TARGET_DIR=/opt/rustwide/target" "-e" "CARGO_HOME=/opt/rustwide/cargo-home" "-e" "RUSTUP_HOME=/opt/rustwide/rustup-home" "-w" "/opt/rustwide/workdir" "-m" "1610612736" "--user" "0:0" "--network" "none" "ghcr.io/rust-lang/crates-build-env/linux@sha256:2788e3201cd34a07e3172128adcd8b3090168a8e3bcc40d7c032b9dda1df7d1c" "/opt/rustwide/cargo-home/bin/cargo" "+beta-2023-12-22" "metadata" "--no-deps" "--format-version=1", kill_on_drop: false }`
[INFO] [stdout] 96a438bebad441ad6e45b29707f88ddd395b81b37f5b9097c9b395cc5549375f
[INFO] running `Command { std: "docker" "start" "-a" "96a438bebad441ad6e45b29707f88ddd395b81b37f5b9097c9b395cc5549375f", kill_on_drop: false }`
[INFO] running `Command { std: "docker" "inspect" "96a438bebad441ad6e45b29707f88ddd395b81b37f5b9097c9b395cc5549375f", kill_on_drop: false }`
[INFO] running `Command { std: "docker" "rm" "-f" "96a438bebad441ad6e45b29707f88ddd395b81b37f5b9097c9b395cc5549375f", kill_on_drop: false }`
[INFO] [stdout] 96a438bebad441ad6e45b29707f88ddd395b81b37f5b9097c9b395cc5549375f
[INFO] running `Command { std: "docker" "create" "-v" "/var/lib/crater-agent-workspace/builds/worker-4-tc2/target:/opt/rustwide/target:rw,Z" "-v" "/var/lib/crater-agent-workspace/builds/worker-4-tc2/source:/opt/rustwide/workdir:ro,Z" "-v" "/var/lib/crater-agent-workspace/cargo-home:/opt/rustwide/cargo-home:ro,Z" "-v" "/var/lib/crater-agent-workspace/rustup-home:/opt/rustwide/rustup-home:ro,Z" "-e" "SOURCE_DIR=/opt/rustwide/workdir" "-e" "CARGO_TARGET_DIR=/opt/rustwide/target" "-e" "CARGO_INCREMENTAL=0" "-e" "RUST_BACKTRACE=full" "-e" "RUSTFLAGS=--cap-lints=warn" "-e" "RUSTDOCFLAGS=--cap-lints=warn" "-e" "CARGO_HOME=/opt/rustwide/cargo-home" "-e" "RUSTUP_HOME=/opt/rustwide/rustup-home" "-w" "/opt/rustwide/workdir" "-m" "1610612736" "--user" "0:0" "--network" "none" "ghcr.io/rust-lang/crates-build-env/linux@sha256:2788e3201cd34a07e3172128adcd8b3090168a8e3bcc40d7c032b9dda1df7d1c" "/opt/rustwide/cargo-home/bin/cargo" "+beta-2023-12-22" "build" "--frozen" "--message-format=json", kill_on_drop: false }`
[INFO] [stdout] 5d4c09be5d053cbb175de627cf335e3b07cf5876f36ffda3da7dafd524daf279
[INFO] running `Command { std: "docker" "start" "-a" "5d4c09be5d053cbb175de627cf335e3b07cf5876f36ffda3da7dafd524daf279", kill_on_drop: false }`
[INFO] [stderr]    Compiling syn v1.0.109
[INFO] [stderr]    Compiling libc v0.2.151
[INFO] [stderr]    Compiling anyhow v1.0.79
[INFO] [stderr]    Compiling serde v1.0.194
[INFO] [stderr]    Compiling itertools v0.10.5
[INFO] [stderr]    Compiling bytes v1.5.0
[INFO] [stderr]    Compiling syn v2.0.48
[INFO] [stderr]    Compiling rustix v0.38.28
[INFO] [stderr]    Compiling getrandom v0.2.11
[INFO] [stderr]    Compiling memchr v2.7.1
[INFO] [stderr]    Compiling cc v1.0.83
[INFO] [stderr]    Compiling typenum v1.17.0
[INFO] [stderr]    Compiling generic-array v0.14.7
[INFO] [stderr]    Compiling aho-corasick v1.1.2
[INFO] [stderr]    Compiling rand_core v0.6.4
[INFO] [stderr]    Compiling indexmap v1.9.3
[INFO] [stderr]    Compiling unicode-segmentation v1.10.1
[INFO] [stderr]    Compiling untrusted v0.9.0
[INFO] [stderr]    Compiling equivalent v1.0.1
[INFO] [stderr]    Compiling regex-syntax v0.8.2
[INFO] [stderr]    Compiling fastrand v2.0.1
[INFO] [stderr]    Compiling hashbrown v0.14.3
[INFO] [stderr]    Compiling spin v0.9.8
[INFO] [stderr]    Compiling heck v0.3.3
[INFO] [stderr]    Compiling ring v0.17.7
[INFO] [stderr]    Compiling secp256k1-sys v0.6.1
[INFO] [stderr]    Compiling which v4.4.2
[INFO] [stderr]    Compiling indexmap v2.1.0
[INFO] [stderr]    Compiling prost-build v0.9.0
[INFO] [stderr]    Compiling tempfile v3.9.0
[INFO] [stderr]    Compiling ring v0.16.20
[INFO] [stderr]    Compiling secp256k1 v0.15.3
[INFO] [stderr]    Compiling rand_chacha v0.3.1
[INFO] [stderr]    Compiling regex-automata v0.4.3
[INFO] [stderr]    Compiling rand v0.6.5
[INFO] [stderr]    Compiling itertools v0.9.0
[INFO] [stderr]    Compiling hashbrown v0.12.3
[INFO] [stderr]    Compiling multimap v0.8.3
[INFO] [stderr]    Compiling getrandom v0.1.16
[INFO] [stderr]    Compiling ident_case v1.0.1
[INFO] [stderr]    Compiling fnv v1.0.7
[INFO] [stderr]    Compiling fixedbitset v0.4.2
[INFO] [stderr]    Compiling strsim v0.10.0
[INFO] [stderr]    Compiling darling_core v0.20.3
[INFO] [stderr]    Compiling petgraph v0.6.4
[INFO] [stderr]    Compiling prost-derive v0.9.0
[INFO] [stderr]    Compiling prost-derive v0.8.0
[INFO] [stderr]    Compiling serde_derive v1.0.194
[INFO] [stderr]    Compiling prost-derive v0.7.0
[INFO] [stderr]    Compiling regex v1.10.2
[INFO] [stderr]    Compiling rand v0.8.5
[INFO] [stderr]    Compiling prost-build v0.8.0
[INFO] [stderr]    Compiling rand_os v0.1.3
[INFO] [stderr]    Compiling fixedbitset v0.2.0
[INFO] [stderr]    Compiling parking_lot_core v0.8.6
[INFO] [stderr]    Compiling prost v0.9.0
[INFO] [stderr]    Compiling lazy_static v1.4.0
[INFO] [stderr]    Compiling petgraph v0.5.1
[INFO] [stderr]    Compiling prost v0.8.0
[INFO] [stderr]    Compiling darling_macro v0.20.3
[INFO] [stderr]    Compiling webpki v0.22.4
[INFO] [stderr]    Compiling prost-types v0.9.0
[INFO] [stderr]    Compiling prost-types v0.8.0
[INFO] [stderr]    Compiling prost v0.7.0
[INFO] [stderr]    Compiling bitcoinconsensus v0.17.1
[INFO] [stderr]    Compiling instant v0.1.12
[INFO] [stderr]    Compiling bech32 v0.9.1
[INFO] [stderr]    Compiling untrusted v0.7.1
[INFO] [stderr]    Compiling gcc v0.3.55
[INFO] [stderr]    Compiling rustls v0.20.9
[INFO] [stderr]    Compiling crc32fast v1.3.2
[INFO] [stderr]    Compiling spin v0.5.2
[INFO] [stderr]    Compiling once_cell v1.19.0
[INFO] [stderr]    Compiling tinyvec_macros v0.1.1
[INFO] [stderr]    Compiling tinyvec v1.6.0
[INFO] [stderr]    Compiling darling v0.20.3
[INFO] [stderr]    Compiling rust-crypto v0.2.36
[INFO] [stderr]    Compiling rand_core v0.5.1
[INFO] [stderr]    Compiling tokio-macros v2.2.0
[INFO] [stderr]    Compiling crypto-common v0.1.6
[INFO] [stderr]    Compiling block-buffer v0.10.4
[INFO] [stderr]    Compiling prost-derive v0.11.9
[INFO] [stderr]    Compiling sct v0.7.1
[INFO] [stderr]    Compiling backtrace v0.3.69
[INFO] [stderr]    Compiling rand v0.4.6
[INFO] [stderr]    Compiling pin-project-lite v0.2.13
[INFO] [stderr]    Compiling rand v0.3.23
[INFO] [stderr]    Compiling tokio v1.35.1
[INFO] [stderr]    Compiling digest v0.10.7
[INFO] [stderr]    Compiling unicode-normalization v0.1.22
[INFO] [stderr]    Compiling crossbeam-epoch v0.9.17
[INFO] [stderr]    Compiling rand_chacha v0.2.2
[INFO] [stderr]    Compiling parking_lot v0.11.2
[INFO] [stderr]    Compiling prost v0.11.9
[INFO] [stderr]    Compiling serde_with_macros v3.4.0
[INFO] [stderr]    Compiling webpki-roots v0.22.6
[INFO] [stderr]    Compiling object v0.32.2
[INFO] [stderr]    Compiling fxhash v0.2.1
[INFO] [stderr]    Compiling fs2 v0.4.3
[INFO] [stderr]    Compiling serde_json v1.0.111
[INFO] [stderr]    Compiling prost-helper v0.2.2
[INFO] [stderr]    Compiling time v0.1.45
[INFO] [stderr]    Compiling hex v0.3.2
[INFO] [stderr]    Compiling bitcoin_hashes v0.11.0
[INFO] [stderr]    Compiling bitcoin_hashes v0.7.6
[INFO] [stderr]    Compiling keccak v0.1.4
[INFO] [stderr]    Compiling prost-serde v0.3.0
[INFO] [stderr]    Compiling rustc-serialize v0.3.25
[INFO] [stderr]    Compiling secp256k1 v0.24.3
[INFO] [stderr]    Compiling bitcoin v0.29.2
[INFO] [stderr]    Compiling redgold-schema v0.1.21
[INFO] [stderr]    Compiling hex v0.4.3
[INFO] [stderr]    Compiling bech32 v0.7.3
[INFO] [stderr]    Compiling serde_with v3.4.0
[INFO] [stderr]    Compiling strum_macros v0.25.3
[INFO] [stderr]    Compiling bip39 v2.0.0
[INFO] [stderr]    Compiling sha3 v0.10.8
[INFO] [stderr]    Compiling prost-helper v0.7.0
[INFO] [stderr]    Compiling csv v1.3.0
[INFO] [stderr]    Compiling sled v0.34.7
[INFO] [stderr]    Compiling rand v0.7.3
[INFO] [stderr]    Compiling bdk-macros v0.6.0
[INFO] [stderr]    Compiling strum v0.25.0
[INFO] [stderr]    Compiling electrum-client v0.12.1
[INFO] [stderr]    Compiling miniscript-debug v9.0.1-debug
[INFO] [stderr]    Compiling hdpath v0.6.3
[INFO] [stderr]    Compiling bdk-debug v0.28.1-debug
[INFO] [stderr]    Compiling bitcoin v0.21.0
[INFO] [stderr]    Compiling bitcoin-wallet v1.1.0
[INFO] [stderr]    Compiling redgold-keys v0.1.21 (/opt/rustwide/workdir)
[INFO] [stdout] warning: unused import: `TestConstants`
[INFO] [stdout]  --> src/proof_support.rs:4:22
[INFO] [stdout]   |
[INFO] [stdout] 4 | use crate::{KeyPair, TestConstants, util};
[INFO] [stdout]   |                      ^^^^^^^^^^^^^
[INFO] [stdout]   |
[INFO] [stdout]   = note: `#[warn(unused_imports)]` on by default
[INFO] [stdout] 
[INFO] [stdout] 
[INFO] [stdout] warning: unused import: `TestConstants`
[INFO] [stdout]  --> src/request_support.rs:3:22
[INFO] [stdout]   |
[INFO] [stdout] 3 | use crate::{KeyPair, TestConstants};
[INFO] [stdout]   |                      ^^^^^^^^^^^^^
[INFO] [stdout] 
[INFO] [stdout] 
[INFO] [stdout] warning: unused import: `TestConstants`
[INFO] [stdout]   --> src/util/mod.rs:13:13
[INFO] [stdout]    |
[INFO] [stdout] 13 | use crate::{TestConstants, util};
[INFO] [stdout]    |             ^^^^^^^^^^^^^
[INFO] [stdout] 
[INFO] [stdout] 
[INFO] [stdout] warning: unused import: `std::process::Child`
[INFO] [stdout]  --> src/util/mnemonic_words.rs:1:5
[INFO] [stdout]   |
[INFO] [stdout] 1 | use std::process::Child;
[INFO] [stdout]   |     ^^^^^^^^^^^^^^^^^^^
[INFO] [stdout] 
[INFO] [stdout] 
[INFO] [stdout] warning: unused import: `secp256k1`
[INFO] [stdout]  --> src/util/mnemonic_words.rs:6:5
[INFO] [stdout]   |
[INFO] [stdout] 6 |     secp256k1,
[INFO] [stdout]   |     ^^^^^^^^^
[INFO] [stdout] 
[INFO] [stdout] 
[INFO] [stdout] warning: unused import: `bitcoin::hashes::hex::ToHex`
[INFO] [stdout]   --> src/util/mnemonic_words.rs:12:5
[INFO] [stdout]    |
[INFO] [stdout] 12 | use bitcoin::hashes::hex::ToHex;
[INFO] [stdout]    |     ^^^^^^^^^^^^^^^^^^^^^^^^^^^
[INFO] [stdout] 
[INFO] [stdout] 
[INFO] [stdout] warning: unused import: `ErrorInfoContext`
[INFO] [stdout]   --> src/util/mnemonic_words.rs:20:34
[INFO] [stdout]    |
[INFO] [stdout] 20 | use redgold_schema::{error_info, ErrorInfoContext, RgResult};
[INFO] [stdout]    |                                  ^^^^^^^^^^^^^^^^
[INFO] [stdout] 
[INFO] [stdout] 
[INFO] [stdout] warning: unused imports: `PrivateKey`, `XpubIdentifier`
[INFO] [stdout]  --> src/util/mnemonic_support.rs:2:29
[INFO] [stdout]   |
[INFO] [stdout] 2 | use bdk::bitcoin::{Network, PrivateKey, XpubIdentifier};
[INFO] [stdout]   |                             ^^^^^^^^^^  ^^^^^^^^^^^^^^
[INFO] [stdout] 
[INFO] [stdout] 
[INFO] [stdout] warning: unused import: `bitcoin::hashes::hex::ToHex`
[INFO] [stdout]   --> src/util/mnemonic_support.rs:10:5
[INFO] [stdout]    |
[INFO] [stdout] 10 | use bitcoin::hashes::hex::ToHex;
[INFO] [stdout]    |     ^^^^^^^^^^^^^^^^^^^^^^^^^^^
[INFO] [stdout] 
[INFO] [stdout] 
[INFO] [stdout] warning: unused import: `bitcoin_wallet::account::MasterKeyEntropy`
[INFO] [stdout]   --> src/util/mnemonic_support.rs:11:5
[INFO] [stdout]    |
[INFO] [stdout] 11 | use bitcoin_wallet::account::MasterKeyEntropy;
[INFO] [stdout]    |     ^^^^^^^^^^^^^^^^^^^^^^^^^^^^^^^^^^^^^^^^^
[INFO] [stdout] 
[INFO] [stdout] 
[INFO] [stdout] warning: unused import: `REDGOLD_KEY_DERIVATION_PATH`
[INFO] [stdout]   --> src/util/mnemonic_support.rs:15:72
[INFO] [stdout]    |
[INFO] [stdout] 15 | use redgold_schema::constants::{default_node_internal_derivation_path, REDGOLD_KEY_DERIVATION_PATH, redgold_keypair_change_path};
[INFO] [stdout]    |                                                                        ^^^^^^^^^^^^^^^^^^^^^^^^^^^
[INFO] [stdout] 
[INFO] [stdout] 
[INFO] [stdout] warning: unused imports: `SingleKeyBitcoinWallet`, `struct_public_to_address`
[INFO] [stdout]   --> src/util/mnemonic_support.rs:19:31
[INFO] [stdout]    |
[INFO] [stdout] 19 | use crate::util::btc_wallet::{SingleKeyBitcoinWallet, struct_public_to_address};
[INFO] [stdout]    |                               ^^^^^^^^^^^^^^^^^^^^^^  ^^^^^^^^^^^^^^^^^^^^^^^^
[INFO] [stdout] 
[INFO] [stdout] 
[INFO] [stdout] warning: unused import: `crate::util::mnemonic_words::MnemonicWords`
[INFO] [stdout]   --> src/util/mnemonic_support.rs:20:5
[INFO] [stdout]    |
[INFO] [stdout] 20 | use crate::util::mnemonic_words::MnemonicWords;
[INFO] [stdout]    |     ^^^^^^^^^^^^^^^^^^^^^^^^^^^^^^^^^^^^^^^^^^
[INFO] [stdout] 
[INFO] [stdout] 
[INFO] [stdout] warning: unused import: `PublicKey`
[INFO] [stdout]   --> src/util/btc_wallet.rs:20:69
[INFO] [stdout]    |
[INFO] [stdout] 20 | use redgold_schema::structs::{ErrorInfo, NetworkEnvironment, Proof, PublicKey};
[INFO] [stdout]    |                                                                     ^^^^^^^^^
[INFO] [stdout] 
[INFO] [stdout] 
[INFO] [stdout] warning: unused import: `TestConstants`
[INFO] [stdout]   --> src/util/btc_wallet.rs:22:22
[INFO] [stdout]    |
[INFO] [stdout] 22 | use crate::{KeyPair, TestConstants};
[INFO] [stdout]    |                      ^^^^^^^^^^^^^
[INFO] [stdout] 
[INFO] [stdout] 
[INFO] [stdout] warning: unused import: `crate::util::keys::ToPublicKeyFromLib`
[INFO] [stdout]   --> src/util/btc_wallet.rs:25:5
[INFO] [stdout]    |
[INFO] [stdout] 25 | use crate::util::keys::ToPublicKeyFromLib;
[INFO] [stdout]    |     ^^^^^^^^^^^^^^^^^^^^^^^^^^^^^^^^^^^^^
[INFO] [stdout] 
[INFO] [stdout] 
[INFO] [stdout] warning: unused imports: `test_pkey_hex`, `test_pubk`
[INFO] [stdout]   --> src/util/btc_wallet.rs:26:37
[INFO] [stdout]    |
[INFO] [stdout] 26 | use crate::util::mnemonic_support::{test_pkey_hex, test_pubk};
[INFO] [stdout]    |                                     ^^^^^^^^^^^^^  ^^^^^^^^^
[INFO] [stdout] 
[INFO] [stdout] 
[INFO] [stdout] warning: unused import: `redgold_schema::structs::Hash`
[INFO] [stdout]  --> src/debug.rs:1:5
[INFO] [stdout]   |
[INFO] [stdout] 1 | use redgold_schema::structs::Hash;
[INFO] [stdout]   |     ^^^^^^^^^^^^^^^^^^^^^^^^^^^^^
[INFO] [stdout] 
[INFO] [stdout] 
[INFO] [stdout] warning: unused import: `crate::TestConstants`
[INFO] [stdout]  --> src/debug.rs:2:5
[INFO] [stdout]   |
[INFO] [stdout] 2 | use crate::TestConstants;
[INFO] [stdout]   |     ^^^^^^^^^^^^^^^^^^^^
[INFO] [stdout] 
[INFO] [stdout] 
[INFO] [stdout] warning: unused import: `crate::util::mnemonic_support::WordsPass`
[INFO] [stdout]  --> src/debug.rs:3:5
[INFO] [stdout]   |
[INFO] [stdout] 3 | use crate::util::mnemonic_support::WordsPass;
[INFO] [stdout]   |     ^^^^^^^^^^^^^^^^^^^^^^^^^^^^^^^^^^^^^^^^
[INFO] [stdout] 
[INFO] [stdout] 
[INFO] [stdout] warning: unused import: `bdk::miniscript::ToPublicKey`
[INFO] [stdout]  --> src/xpub_wrapper.rs:4:5
[INFO] [stdout]   |
[INFO] [stdout] 4 | use bdk::miniscript::ToPublicKey;
[INFO] [stdout]   |     ^^^^^^^^^^^^^^^^^^^^^^^^^^^^
[INFO] [stdout] 
[INFO] [stdout] 
[INFO] [stdout] warning: unused import: `std::str::FromStr`
[INFO] [stdout]  --> src/address_external.rs:1:5
[INFO] [stdout]   |
[INFO] [stdout] 1 | use std::str::FromStr;
[INFO] [stdout]   |     ^^^^^^^^^^^^^^^^^
[INFO] [stdout] 
[INFO] [stdout] 
[INFO] [stdout] warning: unused import: `hex::ToHex`
[INFO] [stdout]  --> src/address_external.rs:5:5
[INFO] [stdout]   |
[INFO] [stdout] 5 | use hex::ToHex;
[INFO] [stdout]   |     ^^^^^^^^^^
[INFO] [stdout] 
[INFO] [stdout] 
[INFO] [stdout] warning: use of deprecated type alias `bdk_debug::bitcoin::secp256k1::Signature`: Use ecdsa::Signature instead.
[INFO] [stdout]   --> src/util/btc_wallet.rs:11:47
[INFO] [stdout]    |
[INFO] [stdout] 11 | use bdk::bitcoin::secp256k1::{All, Secp256k1, Signature};
[INFO] [stdout]    |                                               ^^^^^^^^^
[INFO] [stdout]    |
[INFO] [stdout]    = note: `#[warn(deprecated)]` on by default
[INFO] [stdout] 
[INFO] [stdout] 
[INFO] [stdout] warning: use of deprecated type alias `bdk_debug::bitcoin::secp256k1::Signature`: Use ecdsa::Signature instead.
[INFO] [stdout]    --> src/util/btc_wallet.rs:161:19
[INFO] [stdout]     |
[INFO] [stdout] 161 |         let sig = Signature::from_compact(&*signature.bytes.safe_bytes()?).error_msg(
[INFO] [stdout]     |                   ^^^^^^^^^
[INFO] [stdout] 
[INFO] [stdout] 
[INFO] [stdout] warning: unused import: `std::io::Read`
[INFO] [stdout]  --> src/util/btc_wallet.rs:2:5
[INFO] [stdout]   |
[INFO] [stdout] 2 | use std::io::Read;
[INFO] [stdout]   |     ^^^^^^^^^^^^^
[INFO] [stdout] 
[INFO] [stdout] 
[INFO] [stdout] warning: unused import: `bdk::miniscript::serde::Serialize`
[INFO] [stdout]  --> src/util/mod.rs:3:5
[INFO] [stdout]   |
[INFO] [stdout] 3 | use bdk::miniscript::serde::Serialize;
[INFO] [stdout]   |     ^^^^^^^^^^^^^^^^^^^^^^^^^^^^^^^^^
[INFO] [stdout] 
[INFO] [stdout] 
[INFO] [stdout] warning: variable `amount_actual` is assigned to, but never used
[INFO] [stdout]   --> src/transaction_support.rs:60:17
[INFO] [stdout]    |
[INFO] [stdout] 60 |         let mut amount_actual = amount;
[INFO] [stdout]    |                 ^^^^^^^^^^^^^
[INFO] [stdout]    |
[INFO] [stdout]    = note: consider using `_amount_actual` instead
[INFO] [stdout]    = note: `#[warn(unused_variables)]` on by default
[INFO] [stdout] 
[INFO] [stdout] 
[INFO] [stdout] warning: value assigned to `amount_actual` is never read
[INFO] [stdout]   --> src/transaction_support.rs:62:13
[INFO] [stdout]    |
[INFO] [stdout] 62 |             amount_actual = amount * (DECIMAL_MULTIPLIER as u64);
[INFO] [stdout]    |             ^^^^^^^^^^^^^
[INFO] [stdout]    |
[INFO] [stdout]    = help: maybe it is overwritten before being read?
[INFO] [stdout]    = note: `#[warn(unused_assignments)]` on by default
[INFO] [stdout] 
[INFO] [stdout] 
[INFO] [stdout] warning: unused variable: `e`
[INFO] [stdout]    --> src/util/mnemonic_words.rs:321:23
[INFO] [stdout]     |
[INFO] [stdout] 321 |             .map_err(|e| error_info("invalid hd path"))?;
[INFO] [stdout]     |                       ^ help: if this is intentional, prefix it with an underscore: `_e`
[INFO] [stdout] 
[INFO] [stdout] 
[INFO] [stdout] warning: variable does not need to be mutable
[INFO] [stdout]    --> src/util/btc_wallet.rs:439:14
[INFO] [stdout]     |
[INFO] [stdout] 439 |         let (mut psbt, details) = builder
[INFO] [stdout]     |              ----^^^^
[INFO] [stdout]     |              |
[INFO] [stdout]     |              help: remove this `mut`
[INFO] [stdout]     |
[INFO] [stdout]     = note: `#[warn(unused_mut)]` on by default
[INFO] [stdout] 
[INFO] [stdout] 
[INFO] [stdout] warning: unused variable: `input`
[INFO] [stdout]    --> src/util/btc_wallet.rs:481:27
[INFO] [stdout]     |
[INFO] [stdout] 481 |         for (input_index, input) in psbt.inputs.iter().enumerate() {
[INFO] [stdout]     |                           ^^^^^ help: if this is intentional, prefix it with an underscore: `_input`
[INFO] [stdout] 
[INFO] [stdout] 
[INFO] [stdout] warning: unused variable: `e`
[INFO] [stdout]    --> src/util/btc_wallet.rs:507:27
[INFO] [stdout]     |
[INFO] [stdout] 507 |                 .map_err(|e| self.custom_signer.err.read().unwrap().clone().unwrap().clone())
[INFO] [stdout]     |                           ^ help: if this is intentional, prefix it with an underscore: `_e`
[INFO] [stdout] 
[INFO] [stdout] 
[INFO] [stdout] warning: unused variable: `transaction`
[INFO] [stdout]    --> src/util/btc_wallet.rs:527:13
[INFO] [stdout]     |
[INFO] [stdout] 527 |         let transaction = psbt.clone().extract_tx();
[INFO] [stdout]     |             ^^^^^^^^^^^ help: if this is intentional, prefix it with an underscore: `_transaction`
[INFO] [stdout] 
[INFO] [stdout] 
[INFO] [stdout] warning: unused variable: `transaction_details`
[INFO] [stdout]    --> src/util/btc_wallet.rs:528:13
[INFO] [stdout]     |
[INFO] [stdout] 528 |         let transaction_details = self.transaction_details.safe_get()?;
[INFO] [stdout]     |             ^^^^^^^^^^^^^^^^^^^ help: if this is intentional, prefix it with an underscore: `_transaction_details`
[INFO] [stdout] 
[INFO] [stdout] 
[INFO] [stdout] warning: 35 warnings emitted
[INFO] [stdout] 
[INFO] [stdout] 
[INFO] [stderr]     Finished dev [unoptimized + debuginfo] target(s) in 1m 16s
[INFO] running `Command { std: "docker" "inspect" "5d4c09be5d053cbb175de627cf335e3b07cf5876f36ffda3da7dafd524daf279", kill_on_drop: false }`
[INFO] running `Command { std: "docker" "rm" "-f" "5d4c09be5d053cbb175de627cf335e3b07cf5876f36ffda3da7dafd524daf279", kill_on_drop: false }`
[INFO] [stdout] 5d4c09be5d053cbb175de627cf335e3b07cf5876f36ffda3da7dafd524daf279
[INFO] running `Command { std: "docker" "create" "-v" "/var/lib/crater-agent-workspace/builds/worker-4-tc2/target:/opt/rustwide/target:rw,Z" "-v" "/var/lib/crater-agent-workspace/builds/worker-4-tc2/source:/opt/rustwide/workdir:ro,Z" "-v" "/var/lib/crater-agent-workspace/cargo-home:/opt/rustwide/cargo-home:ro,Z" "-v" "/var/lib/crater-agent-workspace/rustup-home:/opt/rustwide/rustup-home:ro,Z" "-e" "SOURCE_DIR=/opt/rustwide/workdir" "-e" "CARGO_TARGET_DIR=/opt/rustwide/target" "-e" "CARGO_INCREMENTAL=0" "-e" "RUST_BACKTRACE=full" "-e" "RUSTFLAGS=--cap-lints=warn" "-e" "RUSTDOCFLAGS=--cap-lints=warn" "-e" "CARGO_HOME=/opt/rustwide/cargo-home" "-e" "RUSTUP_HOME=/opt/rustwide/rustup-home" "-w" "/opt/rustwide/workdir" "-m" "1610612736" "--user" "0:0" "--network" "none" "ghcr.io/rust-lang/crates-build-env/linux@sha256:2788e3201cd34a07e3172128adcd8b3090168a8e3bcc40d7c032b9dda1df7d1c" "/opt/rustwide/cargo-home/bin/cargo" "+beta-2023-12-22" "test" "--frozen" "--no-run" "--message-format=json", kill_on_drop: false }`
[INFO] [stdout] a335984a86004453b990cdc93b47f4956b1b37aecf525ac5324e7c08f4cb5fca
[INFO] running `Command { std: "docker" "start" "-a" "a335984a86004453b990cdc93b47f4956b1b37aecf525ac5324e7c08f4cb5fca", kill_on_drop: false }`
[INFO] [stdout] warning: unused import: `TestConstants`
[INFO] [stdout]  --> src/proof_support.rs:4:22
[INFO] [stdout]   |
[INFO] [stdout] 4 | use crate::{KeyPair, TestConstants, util};
[INFO] [stdout]   |                      ^^^^^^^^^^^^^
[INFO] [stdout]   |
[INFO] [stdout]   = note: `#[warn(unused_imports)]` on by default
[INFO] [stdout] 
[INFO] [stdout] 
[INFO] [stdout] warning: unused import: `TestConstants`
[INFO] [stdout]  --> src/request_support.rs:3:22
[INFO] [stdout]   |
[INFO] [stdout] 3 | use crate::{KeyPair, TestConstants};
[INFO] [stdout]   |                      ^^^^^^^^^^^^^
[INFO] [stdout] 
[INFO] [stdout] 
[INFO] [stdout] warning: unused import: `TestConstants`
[INFO] [stdout]   --> src/util/mod.rs:13:13
[INFO] [stdout]    |
[INFO] [stdout] 13 | use crate::{TestConstants, util};
[INFO] [stdout]    |             ^^^^^^^^^^^^^
[INFO] [stdout] 
[INFO] [stdout] 
[INFO] [stdout] warning: unused import: `std::process::Child`
[INFO] [stdout]  --> src/util/mnemonic_words.rs:1:5
[INFO] [stdout]   |
[INFO] [stdout] 1 | use std::process::Child;
[INFO] [stdout]   |     ^^^^^^^^^^^^^^^^^^^
[INFO] [stdout] 
[INFO] [stdout] 
[INFO] [stdout] warning: unused import: `secp256k1`
[INFO] [stdout]  --> src/util/mnemonic_words.rs:6:5
[INFO] [stdout]   |
[INFO] [stdout] 6 |     secp256k1,
[INFO] [stdout]   |     ^^^^^^^^^
[INFO] [stdout] 
[INFO] [stdout] 
[INFO] [stdout] warning: unused import: `bitcoin::hashes::hex::ToHex`
[INFO] [stdout]   --> src/util/mnemonic_words.rs:12:5
[INFO] [stdout]    |
[INFO] [stdout] 12 | use bitcoin::hashes::hex::ToHex;
[INFO] [stdout]    |     ^^^^^^^^^^^^^^^^^^^^^^^^^^^
[INFO] [stdout] 
[INFO] [stdout] 
[INFO] [stdout] warning: unused import: `ErrorInfoContext`
[INFO] [stdout]   --> src/util/mnemonic_words.rs:20:34
[INFO] [stdout]    |
[INFO] [stdout] 20 | use redgold_schema::{error_info, ErrorInfoContext, RgResult};
[INFO] [stdout]    |                                  ^^^^^^^^^^^^^^^^
[INFO] [stdout] 
[INFO] [stdout] 
[INFO] [stdout] warning: unused imports: `PrivateKey`, `XpubIdentifier`
[INFO] [stdout]  --> src/util/mnemonic_support.rs:2:29
[INFO] [stdout]   |
[INFO] [stdout] 2 | use bdk::bitcoin::{Network, PrivateKey, XpubIdentifier};
[INFO] [stdout]   |                             ^^^^^^^^^^  ^^^^^^^^^^^^^^
[INFO] [stdout] 
[INFO] [stdout] 
[INFO] [stdout] warning: unused import: `bitcoin::hashes::hex::ToHex`
[INFO] [stdout]   --> src/util/mnemonic_support.rs:10:5
[INFO] [stdout]    |
[INFO] [stdout] 10 | use bitcoin::hashes::hex::ToHex;
[INFO] [stdout]    |     ^^^^^^^^^^^^^^^^^^^^^^^^^^^
[INFO] [stdout] 
[INFO] [stdout] 
[INFO] [stdout] warning: unused import: `bitcoin_wallet::account::MasterKeyEntropy`
[INFO] [stdout]   --> src/util/mnemonic_support.rs:11:5
[INFO] [stdout]    |
[INFO] [stdout] 11 | use bitcoin_wallet::account::MasterKeyEntropy;
[INFO] [stdout]    |     ^^^^^^^^^^^^^^^^^^^^^^^^^^^^^^^^^^^^^^^^^
[INFO] [stdout] 
[INFO] [stdout] 
[INFO] [stdout] warning: unused import: `REDGOLD_KEY_DERIVATION_PATH`
[INFO] [stdout]   --> src/util/mnemonic_support.rs:15:72
[INFO] [stdout]    |
[INFO] [stdout] 15 | use redgold_schema::constants::{default_node_internal_derivation_path, REDGOLD_KEY_DERIVATION_PATH, redgold_keypair_change_path};
[INFO] [stdout]    |                                                                        ^^^^^^^^^^^^^^^^^^^^^^^^^^^
[INFO] [stdout] 
[INFO] [stdout] 
[INFO] [stdout] warning: unused imports: `SingleKeyBitcoinWallet`, `struct_public_to_address`
[INFO] [stdout]   --> src/util/mnemonic_support.rs:19:31
[INFO] [stdout]    |
[INFO] [stdout] 19 | use crate::util::btc_wallet::{SingleKeyBitcoinWallet, struct_public_to_address};
[INFO] [stdout]    |                               ^^^^^^^^^^^^^^^^^^^^^^  ^^^^^^^^^^^^^^^^^^^^^^^^
[INFO] [stdout] 
[INFO] [stdout] 
[INFO] [stdout] warning: unused import: `crate::util::mnemonic_words::MnemonicWords`
[INFO] [stdout]   --> src/util/mnemonic_support.rs:20:5
[INFO] [stdout]    |
[INFO] [stdout] 20 | use crate::util::mnemonic_words::MnemonicWords;
[INFO] [stdout]    |     ^^^^^^^^^^^^^^^^^^^^^^^^^^^^^^^^^^^^^^^^^^
[INFO] [stdout] 
[INFO] [stdout] 
[INFO] [stdout] warning: unused import: `PublicKey`
[INFO] [stdout]   --> src/util/btc_wallet.rs:20:69
[INFO] [stdout]    |
[INFO] [stdout] 20 | use redgold_schema::structs::{ErrorInfo, NetworkEnvironment, Proof, PublicKey};
[INFO] [stdout]    |                                                                     ^^^^^^^^^
[INFO] [stdout] 
[INFO] [stdout] 
[INFO] [stdout] warning: unused import: `TestConstants`
[INFO] [stdout]   --> src/util/btc_wallet.rs:22:22
[INFO] [stdout]    |
[INFO] [stdout] 22 | use crate::{KeyPair, TestConstants};
[INFO] [stdout]    |                      ^^^^^^^^^^^^^
[INFO] [stdout] 
[INFO] [stdout] 
[INFO] [stdout] warning: unused import: `crate::util::keys::ToPublicKeyFromLib`
[INFO] [stdout]   --> src/util/btc_wallet.rs:25:5
[INFO] [stdout]    |
[INFO] [stdout] 25 | use crate::util::keys::ToPublicKeyFromLib;
[INFO] [stdout]    |     ^^^^^^^^^^^^^^^^^^^^^^^^^^^^^^^^^^^^^
[INFO] [stdout] 
[INFO] [stdout] 
[INFO] [stdout] warning: unused imports: `test_pkey_hex`, `test_pubk`
[INFO] [stdout]   --> src/util/btc_wallet.rs:26:37
[INFO] [stdout]    |
[INFO] [stdout] 26 | use crate::util::mnemonic_support::{test_pkey_hex, test_pubk};
[INFO] [stdout]    |                                     ^^^^^^^^^^^^^  ^^^^^^^^^
[INFO] [stdout] 
[INFO] [stdout] 
[INFO] [stdout] warning: unused import: `redgold_schema::structs::Hash`
[INFO] [stdout]  --> src/debug.rs:1:5
[INFO] [stdout]   |
[INFO] [stdout] 1 | use redgold_schema::structs::Hash;
[INFO] [stdout]   |     ^^^^^^^^^^^^^^^^^^^^^^^^^^^^^
[INFO] [stdout] 
[INFO] [stdout] 
[INFO] [stdout] warning: unused import: `crate::TestConstants`
[INFO] [stdout]  --> src/debug.rs:2:5
[INFO] [stdout]   |
[INFO] [stdout] 2 | use crate::TestConstants;
[INFO] [stdout]   |     ^^^^^^^^^^^^^^^^^^^^
[INFO] [stdout] 
[INFO] [stdout] 
[INFO] [stdout] warning: unused import: `crate::util::mnemonic_support::WordsPass`
[INFO] [stdout]  --> src/debug.rs:3:5
[INFO] [stdout]   |
[INFO] [stdout] 3 | use crate::util::mnemonic_support::WordsPass;
[INFO] [stdout]   |     ^^^^^^^^^^^^^^^^^^^^^^^^^^^^^^^^^^^^^^^^
[INFO] [stdout] 
[INFO] [stdout] 
[INFO] [stdout] warning: unused import: `bdk::miniscript::ToPublicKey`
[INFO] [stdout]  --> src/xpub_wrapper.rs:4:5
[INFO] [stdout]   |
[INFO] [stdout] 4 | use bdk::miniscript::ToPublicKey;
[INFO] [stdout]   |     ^^^^^^^^^^^^^^^^^^^^^^^^^^^^
[INFO] [stdout] 
[INFO] [stdout] 
[INFO] [stdout] warning: unused import: `std::str::FromStr`
[INFO] [stdout]  --> src/address_external.rs:1:5
[INFO] [stdout]   |
[INFO] [stdout] 1 | use std::str::FromStr;
[INFO] [stdout]   |     ^^^^^^^^^^^^^^^^^
[INFO] [stdout] 
[INFO] [stdout] 
[INFO] [stdout] warning: unused import: `hex::ToHex`
[INFO] [stdout]  --> src/address_external.rs:5:5
[INFO] [stdout]   |
[INFO] [stdout] 5 | use hex::ToHex;
[INFO] [stdout]   |     ^^^^^^^^^^
[INFO] [stdout] 
[INFO] [stdout] 
[INFO] [stdout] warning: use of deprecated type alias `bdk_debug::bitcoin::secp256k1::Signature`: Use ecdsa::Signature instead.
[INFO] [stdout]   --> src/util/btc_wallet.rs:11:47
[INFO] [stdout]    |
[INFO] [stdout] 11 | use bdk::bitcoin::secp256k1::{All, Secp256k1, Signature};
[INFO] [stdout]    |                                               ^^^^^^^^^
[INFO] [stdout]    |
[INFO] [stdout]    = note: `#[warn(deprecated)]` on by default
[INFO] [stdout] 
[INFO] [stdout] 
[INFO] [stdout] warning: use of deprecated type alias `bdk_debug::bitcoin::secp256k1::Signature`: Use ecdsa::Signature instead.
[INFO] [stdout]    --> src/util/btc_wallet.rs:161:19
[INFO] [stdout]     |
[INFO] [stdout] 161 |         let sig = Signature::from_compact(&*signature.bytes.safe_bytes()?).error_msg(
[INFO] [stdout]     |                   ^^^^^^^^^
[INFO] [stdout] 
[INFO] [stdout] 
[INFO] [stdout] warning: unused import: `std::io::Read`
[INFO] [stdout]  --> src/util/btc_wallet.rs:2:5
[INFO] [stdout]   |
[INFO] [stdout] 2 | use std::io::Read;
[INFO] [stdout]   |     ^^^^^^^^^^^^^
[INFO] [stdout] 
[INFO] [stdout] 
[INFO] [stdout] warning: unused import: `bdk::miniscript::serde::Serialize`
[INFO] [stdout]  --> src/util/mod.rs:3:5
[INFO] [stdout]   |
[INFO] [stdout] 3 | use bdk::miniscript::serde::Serialize;
[INFO] [stdout]   |     ^^^^^^^^^^^^^^^^^^^^^^^^^^^^^^^^^
[INFO] [stdout] 
[INFO] [stdout] 
[INFO] [stdout] warning: variable `amount_actual` is assigned to, but never used
[INFO] [stdout]   --> src/transaction_support.rs:60:17
[INFO] [stdout]    |
[INFO] [stdout] 60 |         let mut amount_actual = amount;
[INFO] [stdout]    |                 ^^^^^^^^^^^^^
[INFO] [stdout]    |
[INFO] [stdout]    = note: consider using `_amount_actual` instead
[INFO] [stdout]    = note: `#[warn(unused_variables)]` on by default
[INFO] [stdout] 
[INFO] [stdout] 
[INFO] [stdout] warning: value assigned to `amount_actual` is never read
[INFO] [stdout]   --> src/transaction_support.rs:62:13
[INFO] [stdout]    |
[INFO] [stdout] 62 |             amount_actual = amount * (DECIMAL_MULTIPLIER as u64);
[INFO] [stdout]    |             ^^^^^^^^^^^^^
[INFO] [stdout]    |
[INFO] [stdout]    = help: maybe it is overwritten before being read?
[INFO] [stdout]    = note: `#[warn(unused_assignments)]` on by default
[INFO] [stdout] 
[INFO] [stdout] 
[INFO] [stdout] warning: unused variable: `e`
[INFO] [stdout]    --> src/util/mnemonic_words.rs:321:23
[INFO] [stdout]     |
[INFO] [stdout] 321 |             .map_err(|e| error_info("invalid hd path"))?;
[INFO] [stdout]     |                       ^ help: if this is intentional, prefix it with an underscore: `_e`
[INFO] [stdout] 
[INFO] [stdout] 
[INFO] [stdout] warning: variable does not need to be mutable
[INFO] [stdout]    --> src/util/btc_wallet.rs:439:14
[INFO] [stdout]     |
[INFO] [stdout] 439 |         let (mut psbt, details) = builder
[INFO] [stdout]     |              ----^^^^
[INFO] [stdout]     |              |
[INFO] [stdout]     |              help: remove this `mut`
[INFO] [stdout]     |
[INFO] [stdout]     = note: `#[warn(unused_mut)]` on by default
[INFO] [stdout] 
[INFO] [stdout] 
[INFO] [stdout] warning: unused variable: `input`
[INFO] [stdout]    --> src/util/btc_wallet.rs:481:27
[INFO] [stdout]     |
[INFO] [stdout] 481 |         for (input_index, input) in psbt.inputs.iter().enumerate() {
[INFO] [stdout]     |                           ^^^^^ help: if this is intentional, prefix it with an underscore: `_input`
[INFO] [stdout] 
[INFO] [stdout] 
[INFO] [stdout] warning: unused variable: `e`
[INFO] [stdout]    --> src/util/btc_wallet.rs:507:27
[INFO] [stdout]     |
[INFO] [stdout] 507 |                 .map_err(|e| self.custom_signer.err.read().unwrap().clone().unwrap().clone())
[INFO] [stdout]     |                           ^ help: if this is intentional, prefix it with an underscore: `_e`
[INFO] [stdout] 
[INFO] [stdout] 
[INFO] [stdout] warning: unused variable: `transaction`
[INFO] [stdout]    --> src/util/btc_wallet.rs:527:13
[INFO] [stdout]     |
[INFO] [stdout] 527 |         let transaction = psbt.clone().extract_tx();
[INFO] [stdout]     |             ^^^^^^^^^^^ help: if this is intentional, prefix it with an underscore: `_transaction`
[INFO] [stdout] 
[INFO] [stdout] 
[INFO] [stdout] warning: unused variable: `transaction_details`
[INFO] [stdout]    --> src/util/btc_wallet.rs:528:13
[INFO] [stdout]     |
[INFO] [stdout] 528 |         let transaction_details = self.transaction_details.safe_get()?;
[INFO] [stdout]     |             ^^^^^^^^^^^^^^^^^^^ help: if this is intentional, prefix it with an underscore: `_transaction_details`
[INFO] [stdout] 
[INFO] [stdout] 
[INFO] [stdout] warning: 35 warnings emitted
[INFO] [stdout] 
[INFO] [stdout] 
[INFO] [stderr]    Compiling redgold-keys v0.1.21 (/opt/rustwide/workdir)
[INFO] [stdout] warning: unused import: `std::process::Child`
[INFO] [stdout]  --> src/util/mnemonic_words.rs:1:5
[INFO] [stdout]   |
[INFO] [stdout] 1 | use std::process::Child;
[INFO] [stdout]   |     ^^^^^^^^^^^^^^^^^^^
[INFO] [stdout]   |
[INFO] [stdout]   = note: `#[warn(unused_imports)]` on by default
[INFO] [stdout] 
[INFO] [stdout] 
[INFO] [stdout] warning: unused import: `secp256k1`
[INFO] [stdout]  --> src/util/mnemonic_words.rs:6:5
[INFO] [stdout]   |
[INFO] [stdout] 6 |     secp256k1,
[INFO] [stdout]   |     ^^^^^^^^^
[INFO] [stdout] 
[INFO] [stdout] 
[INFO] [stdout] warning: unused import: `ErrorInfoContext`
[INFO] [stdout]   --> src/util/mnemonic_words.rs:20:34
[INFO] [stdout]    |
[INFO] [stdout] 20 | use redgold_schema::{error_info, ErrorInfoContext, RgResult};
[INFO] [stdout]    |                                  ^^^^^^^^^^^^^^^^
[INFO] [stdout] 
[INFO] [stdout] 
[INFO] [stdout] warning: unused imports: `PrivateKey`, `XpubIdentifier`
[INFO] [stdout]  --> src/util/mnemonic_support.rs:2:29
[INFO] [stdout]   |
[INFO] [stdout] 2 | use bdk::bitcoin::{Network, PrivateKey, XpubIdentifier};
[INFO] [stdout]   |                             ^^^^^^^^^^  ^^^^^^^^^^^^^^
[INFO] [stdout] 
[INFO] [stdout] 
[INFO] [stdout] warning: unused import: `REDGOLD_KEY_DERIVATION_PATH`
[INFO] [stdout]   --> src/util/mnemonic_support.rs:15:72
[INFO] [stdout]    |
[INFO] [stdout] 15 | use redgold_schema::constants::{default_node_internal_derivation_path, REDGOLD_KEY_DERIVATION_PATH, redgold_keypair_change_path};
[INFO] [stdout]    |                                                                        ^^^^^^^^^^^^^^^^^^^^^^^^^^^
[INFO] [stdout] 
[INFO] [stdout] 
[INFO] [stdout] warning: unused import: `struct_public_to_address`
[INFO] [stdout]   --> src/util/mnemonic_support.rs:19:55
[INFO] [stdout]    |
[INFO] [stdout] 19 | use crate::util::btc_wallet::{SingleKeyBitcoinWallet, struct_public_to_address};
[INFO] [stdout]    |                                                       ^^^^^^^^^^^^^^^^^^^^^^^^
[INFO] [stdout] 
[INFO] [stdout] 
[INFO] [stdout] warning: unused import: `crate::TestConstants`
[INFO] [stdout]  --> src/debug.rs:2:5
[INFO] [stdout]   |
[INFO] [stdout] 2 | use crate::TestConstants;
[INFO] [stdout]   |     ^^^^^^^^^^^^^^^^^^^^
[INFO] [stdout] 
[INFO] [stdout] 
[INFO] [stdout] warning: unused import: `bdk::miniscript::ToPublicKey`
[INFO] [stdout]  --> src/xpub_wrapper.rs:4:5
[INFO] [stdout]   |
[INFO] [stdout] 4 | use bdk::miniscript::ToPublicKey;
[INFO] [stdout]   |     ^^^^^^^^^^^^^^^^^^^^^^^^^^^^
[INFO] [stdout] 
[INFO] [stdout] 
[INFO] [stdout] warning: unused import: `std::str::FromStr`
[INFO] [stdout]  --> src/address_external.rs:1:5
[INFO] [stdout]   |
[INFO] [stdout] 1 | use std::str::FromStr;
[INFO] [stdout]   |     ^^^^^^^^^^^^^^^^^
[INFO] [stdout] 
[INFO] [stdout] 
[INFO] [stdout] warning: unused import: `hex::ToHex`
[INFO] [stdout]  --> src/address_external.rs:5:5
[INFO] [stdout]   |
[INFO] [stdout] 5 | use hex::ToHex;
[INFO] [stdout]   |     ^^^^^^^^^^
[INFO] [stdout] 
[INFO] [stdout] 
[INFO] [stdout] warning: use of deprecated type alias `bdk_debug::bitcoin::secp256k1::Signature`: Use ecdsa::Signature instead.
[INFO] [stdout]   --> src/util/btc_wallet.rs:11:47
[INFO] [stdout]    |
[INFO] [stdout] 11 | use bdk::bitcoin::secp256k1::{All, Secp256k1, Signature};
[INFO] [stdout]    |                                               ^^^^^^^^^
[INFO] [stdout]    |
[INFO] [stdout]    = note: `#[warn(deprecated)]` on by default
[INFO] [stdout] 
[INFO] [stdout] 
[INFO] [stdout] warning: use of deprecated type alias `bdk_debug::bitcoin::secp256k1::Signature`: Use ecdsa::Signature instead.
[INFO] [stdout]    --> src/util/btc_wallet.rs:161:19
[INFO] [stdout]     |
[INFO] [stdout] 161 |         let sig = Signature::from_compact(&*signature.bytes.safe_bytes()?).error_msg(
[INFO] [stdout]     |                   ^^^^^^^^^
[INFO] [stdout] 
[INFO] [stdout] 
[INFO] [stdout] warning: unused import: `std::io::Read`
[INFO] [stdout]  --> src/util/btc_wallet.rs:2:5
[INFO] [stdout]   |
[INFO] [stdout] 2 | use std::io::Read;
[INFO] [stdout]   |     ^^^^^^^^^^^^^
[INFO] [stdout] 
[INFO] [stdout] 
[INFO] [stdout] warning: unused import: `bdk::miniscript::serde::Serialize`
[INFO] [stdout]  --> src/util/mod.rs:3:5
[INFO] [stdout]   |
[INFO] [stdout] 3 | use bdk::miniscript::serde::Serialize;
[INFO] [stdout]   |     ^^^^^^^^^^^^^^^^^^^^^^^^^^^^^^^^^
[INFO] [stdout] 
[INFO] [stdout] 
[INFO] [stdout] warning: variable `amount_actual` is assigned to, but never used
[INFO] [stdout]   --> src/transaction_support.rs:60:17
[INFO] [stdout]    |
[INFO] [stdout] 60 |         let mut amount_actual = amount;
[INFO] [stdout]    |                 ^^^^^^^^^^^^^
[INFO] [stdout]    |
[INFO] [stdout]    = note: consider using `_amount_actual` instead
[INFO] [stdout]    = note: `#[warn(unused_variables)]` on by default
[INFO] [stdout] 
[INFO] [stdout] 
[INFO] [stdout] warning: value assigned to `amount_actual` is never read
[INFO] [stdout]   --> src/transaction_support.rs:62:13
[INFO] [stdout]    |
[INFO] [stdout] 62 |             amount_actual = amount * (DECIMAL_MULTIPLIER as u64);
[INFO] [stdout]    |             ^^^^^^^^^^^^^
[INFO] [stdout]    |
[INFO] [stdout]    = help: maybe it is overwritten before being read?
[INFO] [stdout]    = note: `#[warn(unused_assignments)]` on by default
[INFO] [stdout] 
[INFO] [stdout] 
[INFO] [stdout] warning: unused variable: `e`
[INFO] [stdout]    --> src/util/mnemonic_words.rs:321:23
[INFO] [stdout]     |
[INFO] [stdout] 321 |             .map_err(|e| error_info("invalid hd path"))?;
[INFO] [stdout]     |                       ^ help: if this is intentional, prefix it with an underscore: `_e`
[INFO] [stdout] 
[INFO] [stdout] 
[INFO] [stdout] warning: unused variable: `kp`
[INFO] [stdout]   --> src/util/btc_wallet.rs:31:9
[INFO] [stdout]    |
[INFO] [stdout] 31 |     let kp = tc.key_pair();
[INFO] [stdout]    |         ^^ help: if this is intentional, prefix it with an underscore: `_kp`
[INFO] [stdout] 
[INFO] [stdout] 
[INFO] [stdout] warning: variable does not need to be mutable
[INFO] [stdout]    --> src/util/btc_wallet.rs:439:14
[INFO] [stdout]     |
[INFO] [stdout] 439 |         let (mut psbt, details) = builder
[INFO] [stdout]     |              ----^^^^
[INFO] [stdout]     |              |
[INFO] [stdout]     |              help: remove this `mut`
[INFO] [stdout]     |
[INFO] [stdout]     = note: `#[warn(unused_mut)]` on by default
[INFO] [stdout] 
[INFO] [stdout] 
[INFO] [stdout] warning: unused variable: `input`
[INFO] [stdout]    --> src/util/btc_wallet.rs:481:27
[INFO] [stdout]     |
[INFO] [stdout] 481 |         for (input_index, input) in psbt.inputs.iter().enumerate() {
[INFO] [stdout]     |                           ^^^^^ help: if this is intentional, prefix it with an underscore: `_input`
[INFO] [stdout] 
[INFO] [stdout] 
[INFO] [stdout] warning: unused variable: `e`
[INFO] [stdout]    --> src/util/btc_wallet.rs:507:27
[INFO] [stdout]     |
[INFO] [stdout] 507 |                 .map_err(|e| self.custom_signer.err.read().unwrap().clone().unwrap().clone())
[INFO] [stdout]     |                           ^ help: if this is intentional, prefix it with an underscore: `_e`
[INFO] [stdout] 
[INFO] [stdout] 
[INFO] [stdout] warning: unused variable: `transaction`
[INFO] [stdout]    --> src/util/btc_wallet.rs:527:13
[INFO] [stdout]     |
[INFO] [stdout] 527 |         let transaction = psbt.clone().extract_tx();
[INFO] [stdout]     |             ^^^^^^^^^^^ help: if this is intentional, prefix it with an underscore: `_transaction`
[INFO] [stdout] 
[INFO] [stdout] 
[INFO] [stdout] warning: unused variable: `transaction_details`
[INFO] [stdout]    --> src/util/btc_wallet.rs:528:13
[INFO] [stdout]     |
[INFO] [stdout] 528 |         let transaction_details = self.transaction_details.safe_get()?;
[INFO] [stdout]     |             ^^^^^^^^^^^^^^^^^^^ help: if this is intentional, prefix it with an underscore: `_transaction_details`
[INFO] [stdout] 
[INFO] [stdout] 
[INFO] [stdout] warning: unused variable: `pkey`
[INFO] [stdout]    --> src/util/btc_wallet.rs:613:9
[INFO] [stdout]     |
[INFO] [stdout] 613 |     let pkey = test_pkey_hex().expect("");
[INFO] [stdout]     |         ^^^^ help: if this is intentional, prefix it with an underscore: `_pkey`
[INFO] [stdout] 
[INFO] [stdout] 
[INFO] [stdout] warning: variable does not need to be mutable
[INFO] [stdout]    --> src/util/btc_wallet.rs:616:9
[INFO] [stdout]     |
[INFO] [stdout] 616 |     let mut w = SingleKeyBitcoinWallet
[INFO] [stdout]     |         ----^
[INFO] [stdout]     |         |
[INFO] [stdout]     |         help: remove this `mut`
[INFO] [stdout] 
[INFO] [stdout] 
[INFO] [stdout] warning: variable does not need to be mutable
[INFO] [stdout]    --> src/util/btc_wallet.rs:632:9
[INFO] [stdout]     |
[INFO] [stdout] 632 |     let mut w = SingleKeyBitcoinWallet
[INFO] [stdout]     |         ----^
[INFO] [stdout]     |         |
[INFO] [stdout]     |         help: remove this `mut`
[INFO] [stdout] 
[INFO] [stdout] 
[INFO] [stdout] warning: unused variable: `kp`
[INFO] [stdout]    --> src/util/btc_wallet.rs:649:9
[INFO] [stdout]     |
[INFO] [stdout] 649 |     let kp = tc.key_pair();
[INFO] [stdout]     |         ^^ help: if this is intentional, prefix it with an underscore: `_kp`
[INFO] [stdout] 
[INFO] [stdout] 
[INFO] [stdout] warning: variable does not need to be mutable
[INFO] [stdout]    --> src/util/btc_wallet.rs:654:9
[INFO] [stdout]     |
[INFO] [stdout] 654 |     let mut w = SingleKeyBitcoinWallet
[INFO] [stdout]     |         ----^
[INFO] [stdout]     |         |
[INFO] [stdout]     |         help: remove this `mut`
[INFO] [stdout] 
[INFO] [stdout] 
[INFO] [stdout] warning: variable does not need to be mutable
[INFO] [stdout]    --> src/util/btc_wallet.rs:660:9
[INFO] [stdout]     |
[INFO] [stdout] 660 |     let mut w2 = SingleKeyBitcoinWallet
[INFO] [stdout]     |         ----^^
[INFO] [stdout]     |         |
[INFO] [stdout]     |         help: remove this `mut`
[INFO] [stdout] 
[INFO] [stdout] 
[INFO] [stdout] warning: 29 warnings emitted
[INFO] [stdout] 
[INFO] [stdout] 
[INFO] [stderr]     Finished test [unoptimized + debuginfo] target(s) in 7.85s
[INFO] running `Command { std: "docker" "inspect" "a335984a86004453b990cdc93b47f4956b1b37aecf525ac5324e7c08f4cb5fca", kill_on_drop: false }`
[INFO] running `Command { std: "docker" "rm" "-f" "a335984a86004453b990cdc93b47f4956b1b37aecf525ac5324e7c08f4cb5fca", kill_on_drop: false }`
[INFO] [stdout] a335984a86004453b990cdc93b47f4956b1b37aecf525ac5324e7c08f4cb5fca
[INFO] running `Command { std: "docker" "create" "-v" "/var/lib/crater-agent-workspace/builds/worker-4-tc2/target:/opt/rustwide/target:rw,Z" "-v" "/var/lib/crater-agent-workspace/builds/worker-4-tc2/source:/opt/rustwide/workdir:ro,Z" "-v" "/var/lib/crater-agent-workspace/cargo-home:/opt/rustwide/cargo-home:ro,Z" "-v" "/var/lib/crater-agent-workspace/rustup-home:/opt/rustwide/rustup-home:ro,Z" "-e" "SOURCE_DIR=/opt/rustwide/workdir" "-e" "CARGO_TARGET_DIR=/opt/rustwide/target" "-e" "CARGO_INCREMENTAL=0" "-e" "RUST_BACKTRACE=full" "-e" "RUSTFLAGS=--cap-lints=warn" "-e" "RUSTDOCFLAGS=--cap-lints=warn" "-e" "CARGO_HOME=/opt/rustwide/cargo-home" "-e" "RUSTUP_HOME=/opt/rustwide/rustup-home" "-w" "/opt/rustwide/workdir" "-m" "1610612736" "--user" "0:0" "--network" "none" "ghcr.io/rust-lang/crates-build-env/linux@sha256:2788e3201cd34a07e3172128adcd8b3090168a8e3bcc40d7c032b9dda1df7d1c" "/opt/rustwide/cargo-home/bin/cargo" "+beta-2023-12-22" "test" "--frozen", kill_on_drop: false }`
[INFO] [stdout] c027ec686d9bbbc3f537a924f2ca0e38f2714aca2db3f6dd44c381f09cb5d603
[INFO] running `Command { std: "docker" "start" "-a" "c027ec686d9bbbc3f537a924f2ca0e38f2714aca2db3f6dd44c381f09cb5d603", kill_on_drop: false }`
[INFO] [stderr] warning: unused import: `TestConstants`
[INFO] [stderr]  --> src/proof_support.rs:4:22
[INFO] [stderr]   |
[INFO] [stderr] 4 | use crate::{KeyPair, TestConstants, util};
[INFO] [stderr]   |                      ^^^^^^^^^^^^^
[INFO] [stderr]   |
[INFO] [stderr]   = note: `#[warn(unused_imports)]` on by default
[INFO] [stderr] 
[INFO] [stderr] warning: unused import: `TestConstants`
[INFO] [stderr]  --> src/request_support.rs:3:22
[INFO] [stderr]   |
[INFO] [stderr] 3 | use crate::{KeyPair, TestConstants};
[INFO] [stderr]   |                      ^^^^^^^^^^^^^
[INFO] [stderr] 
[INFO] [stderr] warning: unused import: `TestConstants`
[INFO] [stderr]   --> src/util/mod.rs:13:13
[INFO] [stderr]    |
[INFO] [stderr] 13 | use crate::{TestConstants, util};
[INFO] [stderr]    |             ^^^^^^^^^^^^^
[INFO] [stderr] 
[INFO] [stderr] warning: unused import: `std::process::Child`
[INFO] [stderr]  --> src/util/mnemonic_words.rs:1:5
[INFO] [stderr]   |
[INFO] [stderr] 1 | use std::process::Child;
[INFO] [stderr]   |     ^^^^^^^^^^^^^^^^^^^
[INFO] [stderr] 
[INFO] [stderr] warning: unused import: `secp256k1`
[INFO] [stderr]  --> src/util/mnemonic_words.rs:6:5
[INFO] [stderr]   |
[INFO] [stderr] 6 |     secp256k1,
[INFO] [stderr]   |     ^^^^^^^^^
[INFO] [stderr] 
[INFO] [stderr] warning: unused import: `bitcoin::hashes::hex::ToHex`
[INFO] [stderr]   --> src/util/mnemonic_words.rs:12:5
[INFO] [stderr]    |
[INFO] [stderr] 12 | use bitcoin::hashes::hex::ToHex;
[INFO] [stderr]    |     ^^^^^^^^^^^^^^^^^^^^^^^^^^^
[INFO] [stderr] 
[INFO] [stderr] warning: unused import: `ErrorInfoContext`
[INFO] [stderr]   --> src/util/mnemonic_words.rs:20:34
[INFO] [stderr]    |
[INFO] [stderr] 20 | use redgold_schema::{error_info, ErrorInfoContext, RgResult};
[INFO] [stderr]    |                                  ^^^^^^^^^^^^^^^^
[INFO] [stderr] 
[INFO] [stderr] warning: unused imports: `PrivateKey`, `XpubIdentifier`
[INFO] [stderr]  --> src/util/mnemonic_support.rs:2:29
[INFO] [stderr]   |
[INFO] [stderr] 2 | use bdk::bitcoin::{Network, PrivateKey, XpubIdentifier};
[INFO] [stderr]   |                             ^^^^^^^^^^  ^^^^^^^^^^^^^^
[INFO] [stderr] 
[INFO] [stderr] warning: unused import: `bitcoin::hashes::hex::ToHex`
[INFO] [stderr]   --> src/util/mnemonic_support.rs:10:5
[INFO] [stderr]    |
[INFO] [stderr] 10 | use bitcoin::hashes::hex::ToHex;
[INFO] [stderr]    |     ^^^^^^^^^^^^^^^^^^^^^^^^^^^
[INFO] [stderr] 
[INFO] [stderr] warning: unused import: `bitcoin_wallet::account::MasterKeyEntropy`
[INFO] [stderr]   --> src/util/mnemonic_support.rs:11:5
[INFO] [stderr]    |
[INFO] [stderr] 11 | use bitcoin_wallet::account::MasterKeyEntropy;
[INFO] [stderr]    |     ^^^^^^^^^^^^^^^^^^^^^^^^^^^^^^^^^^^^^^^^^
[INFO] [stderr] 
[INFO] [stderr] warning: unused import: `REDGOLD_KEY_DERIVATION_PATH`
[INFO] [stderr]   --> src/util/mnemonic_support.rs:15:72
[INFO] [stderr]    |
[INFO] [stderr] 15 | use redgold_schema::constants::{default_node_internal_derivation_path, REDGOLD_KEY_DERIVATION_PATH, redgold_keypair_change_path};
[INFO] [stderr]    |                                                                        ^^^^^^^^^^^^^^^^^^^^^^^^^^^
[INFO] [stderr] 
[INFO] [stderr] warning: unused imports: `SingleKeyBitcoinWallet`, `struct_public_to_address`
[INFO] [stderr]   --> src/util/mnemonic_support.rs:19:31
[INFO] [stderr]    |
[INFO] [stderr] 19 | use crate::util::btc_wallet::{SingleKeyBitcoinWallet, struct_public_to_address};
[INFO] [stderr]    |                               ^^^^^^^^^^^^^^^^^^^^^^  ^^^^^^^^^^^^^^^^^^^^^^^^
[INFO] [stderr] 
[INFO] [stderr] warning: unused import: `crate::util::mnemonic_words::MnemonicWords`
[INFO] [stderr]   --> src/util/mnemonic_support.rs:20:5
[INFO] [stderr]    |
[INFO] [stderr] 20 | use crate::util::mnemonic_words::MnemonicWords;
[INFO] [stderr]    |     ^^^^^^^^^^^^^^^^^^^^^^^^^^^^^^^^^^^^^^^^^^
[INFO] [stderr] 
[INFO] [stderr] warning: unused import: `PublicKey`
[INFO] [stderr]   --> src/util/btc_wallet.rs:20:69
[INFO] [stderr]    |
[INFO] [stderr] 20 | use redgold_schema::structs::{ErrorInfo, NetworkEnvironment, Proof, PublicKey};
[INFO] [stderr]    |                                                                     ^^^^^^^^^
[INFO] [stderr] 
[INFO] [stderr] warning: unused import: `TestConstants`
[INFO] [stderr]   --> src/util/btc_wallet.rs:22:22
[INFO] [stderr]    |
[INFO] [stderr] 22 | use crate::{KeyPair, TestConstants};
[INFO] [stderr]    |                      ^^^^^^^^^^^^^
[INFO] [stderr] 
[INFO] [stderr] warning: unused import: `crate::util::keys::ToPublicKeyFromLib`
[INFO] [stderr]   --> src/util/btc_wallet.rs:25:5
[INFO] [stderr]    |
[INFO] [stderr] 25 | use crate::util::keys::ToPublicKeyFromLib;
[INFO] [stderr]    |     ^^^^^^^^^^^^^^^^^^^^^^^^^^^^^^^^^^^^^
[INFO] [stderr] 
[INFO] [stderr] warning: unused imports: `test_pkey_hex`, `test_pubk`
[INFO] [stderr]   --> src/util/btc_wallet.rs:26:37
[INFO] [stderr]    |
[INFO] [stderr] 26 | use crate::util::mnemonic_support::{test_pkey_hex, test_pubk};
[INFO] [stderr]    |                                     ^^^^^^^^^^^^^  ^^^^^^^^^
[INFO] [stderr] 
[INFO] [stderr] warning: unused import: `redgold_schema::structs::Hash`
[INFO] [stderr]  --> src/debug.rs:1:5
[INFO] [stderr]   |
[INFO] [stderr] 1 | use redgold_schema::structs::Hash;
[INFO] [stderr]   |     ^^^^^^^^^^^^^^^^^^^^^^^^^^^^^
[INFO] [stderr] 
[INFO] [stderr] warning: unused import: `crate::TestConstants`
[INFO] [stderr]  --> src/debug.rs:2:5
[INFO] [stderr]   |
[INFO] [stderr] 2 | use crate::TestConstants;
[INFO] [stderr]   |     ^^^^^^^^^^^^^^^^^^^^
[INFO] [stderr] 
[INFO] [stderr] warning: unused import: `crate::util::mnemonic_support::WordsPass`
[INFO] [stderr]  --> src/debug.rs:3:5
[INFO] [stderr]   |
[INFO] [stderr] 3 | use crate::util::mnemonic_support::WordsPass;
[INFO] [stderr]   |     ^^^^^^^^^^^^^^^^^^^^^^^^^^^^^^^^^^^^^^^^
[INFO] [stderr] 
[INFO] [stderr] warning: unused import: `bdk::miniscript::ToPublicKey`
[INFO] [stderr]  --> src/xpub_wrapper.rs:4:5
[INFO] [stderr]   |
[INFO] [stderr] 4 | use bdk::miniscript::ToPublicKey;
[INFO] [stderr]   |     ^^^^^^^^^^^^^^^^^^^^^^^^^^^^
[INFO] [stderr] 
[INFO] [stderr] warning: unused import: `std::str::FromStr`
[INFO] [stderr]  --> src/address_external.rs:1:5
[INFO] [stderr]   |
[INFO] [stderr] 1 | use std::str::FromStr;
[INFO] [stderr]   |     ^^^^^^^^^^^^^^^^^
[INFO] [stderr] 
[INFO] [stderr] warning: unused import: `hex::ToHex`
[INFO] [stderr]  --> src/address_external.rs:5:5
[INFO] [stderr]   |
[INFO] [stderr] 5 | use hex::ToHex;
[INFO] [stderr]   |     ^^^^^^^^^^
[INFO] [stderr] 
[INFO] [stderr] warning: use of deprecated type alias `bdk_debug::bitcoin::secp256k1::Signature`: Use ecdsa::Signature instead.
[INFO] [stderr]   --> src/util/btc_wallet.rs:11:47
[INFO] [stderr]    |
[INFO] [stderr] 11 | use bdk::bitcoin::secp256k1::{All, Secp256k1, Signature};
[INFO] [stderr]    |                                               ^^^^^^^^^
[INFO] [stderr]    |
[INFO] [stderr]    = note: `#[warn(deprecated)]` on by default
[INFO] [stderr] 
[INFO] [stderr] warning: use of deprecated type alias `bdk_debug::bitcoin::secp256k1::Signature`: Use ecdsa::Signature instead.
[INFO] [stderr]    --> src/util/btc_wallet.rs:161:19
[INFO] [stderr]     |
[INFO] [stderr] 161 |         let sig = Signature::from_compact(&*signature.bytes.safe_bytes()?).error_msg(
[INFO] [stderr]     |                   ^^^^^^^^^
[INFO] [stderr] 
[INFO] [stderr] warning: unused import: `std::io::Read`
[INFO] [stderr]  --> src/util/btc_wallet.rs:2:5
[INFO] [stderr]   |
[INFO] [stderr] 2 | use std::io::Read;
[INFO] [stderr]   |     ^^^^^^^^^^^^^
[INFO] [stderr] 
[INFO] [stderr] warning: unused import: `bdk::miniscript::serde::Serialize`
[INFO] [stderr]  --> src/util/mod.rs:3:5
[INFO] [stderr]   |
[INFO] [stderr] 3 | use bdk::miniscript::serde::Serialize;
[INFO] [stderr]   |     ^^^^^^^^^^^^^^^^^^^^^^^^^^^^^^^^^
[INFO] [stderr] 
[INFO] [stderr] warning: variable `amount_actual` is assigned to, but never used
[INFO] [stderr]   --> src/transaction_support.rs:60:17
[INFO] [stderr]    |
[INFO] [stderr] 60 |         let mut amount_actual = amount;
[INFO] [stderr]    |                 ^^^^^^^^^^^^^
[INFO] [stderr]    |
[INFO] [stderr]    = note: consider using `_amount_actual` instead
[INFO] [stderr]    = note: `#[warn(unused_variables)]` on by default
[INFO] [stderr] 
[INFO] [stderr] warning: value assigned to `amount_actual` is never read
[INFO] [stderr]   --> src/transaction_support.rs:62:13
[INFO] [stderr]    |
[INFO] [stderr] 62 |             amount_actual = amount * (DECIMAL_MULTIPLIER as u64);
[INFO] [stderr]    |             ^^^^^^^^^^^^^
[INFO] [stderr]    |
[INFO] [stderr]    = help: maybe it is overwritten before being read?
[INFO] [stderr]    = note: `#[warn(unused_assignments)]` on by default
[INFO] [stderr] 
[INFO] [stderr] warning: unused variable: `e`
[INFO] [stderr]    --> src/util/mnemonic_words.rs:321:23
[INFO] [stderr]     |
[INFO] [stderr] 321 |             .map_err(|e| error_info("invalid hd path"))?;
[INFO] [stderr]     |                       ^ help: if this is intentional, prefix it with an underscore: `_e`
[INFO] [stderr] 
[INFO] [stderr] warning: variable does not need to be mutable
[INFO] [stderr]    --> src/util/btc_wallet.rs:439:14
[INFO] [stderr]     |
[INFO] [stderr] 439 |         let (mut psbt, details) = builder
[INFO] [stderr]     |              ----^^^^
[INFO] [stderr]     |              |
[INFO] [stderr]     |              help: remove this `mut`
[INFO] [stderr]     |
[INFO] [stderr]     = note: `#[warn(unused_mut)]` on by default
[INFO] [stderr] 
[INFO] [stderr] warning: unused variable: `input`
[INFO] [stderr]    --> src/util/btc_wallet.rs:481:27
[INFO] [stderr]     |
[INFO] [stderr] 481 |         for (input_index, input) in psbt.inputs.iter().enumerate() {
[INFO] [stderr]     |                           ^^^^^ help: if this is intentional, prefix it with an underscore: `_input`
[INFO] [stderr] 
[INFO] [stderr] warning: unused variable: `e`
[INFO] [stderr]    --> src/util/btc_wallet.rs:507:27
[INFO] [stderr]     |
[INFO] [stderr] 507 |                 .map_err(|e| self.custom_signer.err.read().unwrap().clone().unwrap().clone())
[INFO] [stderr]     |                           ^ help: if this is intentional, prefix it with an underscore: `_e`
[INFO] [stderr] 
[INFO] [stderr] warning: unused variable: `transaction`
[INFO] [stderr]    --> src/util/btc_wallet.rs:527:13
[INFO] [stderr]     |
[INFO] [stderr] 527 |         let transaction = psbt.clone().extract_tx();
[INFO] [stderr]     |             ^^^^^^^^^^^ help: if this is intentional, prefix it with an underscore: `_transaction`
[INFO] [stderr] 
[INFO] [stderr] warning: unused variable: `transaction_details`
[INFO] [stderr]    --> src/util/btc_wallet.rs:528:13
[INFO] [stderr]     |
[INFO] [stderr] 528 |         let transaction_details = self.transaction_details.safe_get()?;
[INFO] [stderr]     |             ^^^^^^^^^^^^^^^^^^^ help: if this is intentional, prefix it with an underscore: `_transaction_details`
[INFO] [stderr] 
[INFO] [stderr] warning: unused import: `std::process::Child`
[INFO] [stderr]  --> src/util/mnemonic_words.rs:1:5
[INFO] [stderr]   |
[INFO] [stderr] 1 | use std::process::Child;
[INFO] [stderr]   |     ^^^^^^^^^^^^^^^^^^^
[INFO] [stderr]   |
[INFO] [stderr]   = note: `#[warn(unused_imports)]` on by default
[INFO] [stderr] 
[INFO] [stderr] warning: unused import: `struct_public_to_address`
[INFO] [stderr]   --> src/util/mnemonic_support.rs:19:55
[INFO] [stderr]    |
[INFO] [stderr] 19 | use crate::util::btc_wallet::{SingleKeyBitcoinWallet, struct_public_to_address};
[INFO] [stderr]    |                                                       ^^^^^^^^^^^^^^^^^^^^^^^^
[INFO] [stderr] 
[INFO] [stderr] warning: unused variable: `kp`
[INFO] [stderr]   --> src/util/btc_wallet.rs:31:9
[INFO] [stderr]    |
[INFO] [stderr] 31 |     let kp = tc.key_pair();
[INFO] [stderr]    |         ^^ help: if this is intentional, prefix it with an underscore: `_kp`
[INFO] [stderr] 
[INFO] [stderr] warning: unused variable: `pkey`
[INFO] [stderr]    --> src/util/btc_wallet.rs:613:9
[INFO] [stderr]     |
[INFO] [stderr] 613 |     let pkey = test_pkey_hex().expect("");
[INFO] [stderr]     |         ^^^^ help: if this is intentional, prefix it with an underscore: `_pkey`
[INFO] [stderr] 
[INFO] [stderr] warning: variable does not need to be mutable
[INFO] [stderr]    --> src/util/btc_wallet.rs:616:9
[INFO] [stderr]     |
[INFO] [stderr] 616 |     let mut w = SingleKeyBitcoinWallet
[INFO] [stderr]     |         ----^
[INFO] [stderr]     |         |
[INFO] [stderr]     |         help: remove this `mut`
[INFO] [stderr] 
[INFO] [stderr] warning: variable does not need to be mutable
[INFO] [stderr]    --> src/util/btc_wallet.rs:632:9
[INFO] [stderr]     |
[INFO] [stderr] 632 |     let mut w = SingleKeyBitcoinWallet
[INFO] [stderr]     |         ----^
[INFO] [stderr]     |         |
[INFO] [stderr]     |         help: remove this `mut`
[INFO] [stderr] 
[INFO] [stderr] warning: unused variable: `kp`
[INFO] [stderr]    --> src/util/btc_wallet.rs:649:9
[INFO] [stderr]     |
[INFO] [stderr] 649 |     let kp = tc.key_pair();
[INFO] [stderr]     |         ^^ help: if this is intentional, prefix it with an underscore: `_kp`
[INFO] [stderr] 
[INFO] [stderr] warning: variable does not need to be mutable
[INFO] [stderr]    --> src/util/btc_wallet.rs:654:9
[INFO] [stderr]     |
[INFO] [stderr] 654 |     let mut w = SingleKeyBitcoinWallet
[INFO] [stderr]     |         ----^
[INFO] [stderr]     |         |
[INFO] [stderr]     |         help: remove this `mut`
[INFO] [stderr] 
[INFO] [stderr] warning: variable does not need to be mutable
[INFO] [stderr]    --> src/util/btc_wallet.rs:660:9
[INFO] [stderr]     |
[INFO] [stderr] 660 |     let mut w2 = SingleKeyBitcoinWallet
[INFO] [stderr]     |         ----^^
[INFO] [stderr]     |         |
[INFO] [stderr]     |         help: remove this `mut`
[INFO] [stderr] 
[INFO] [stderr] warning: `redgold-keys` (lib) generated 35 warnings (run `cargo fix --lib -p redgold-keys` to apply 29 suggestions)
[INFO] [stderr] warning: `redgold-keys` (lib test) generated 29 warnings (20 duplicates) (run `cargo fix --lib -p redgold-keys --tests` to apply 9 suggestions)
[INFO] [stderr]     Finished test [unoptimized + debuginfo] target(s) in 0.22s
[INFO] [stderr]      Running unittests src/lib.rs (/opt/rustwide/target/debug/deps/redgold_keys-9a414114b5796e70)
[INFO] [stdout] 
[INFO] [stdout] running 21 tests
[INFO] [stdout] test util::btc_wallet::balance_test2 ... ignored
[INFO] [stdout] test util::btc_wallet::tx_debug ... ignored
[INFO] [stdout] test util::mnemonic_builder::test_hash ... ok
[INFO] [stdout] test util::mnemonic_support::generate_test ... ok
[INFO] [stdout] test util::btc_wallet::schnorr_test ... ok
[INFO] [stdout] test util::mnemonic_support::load_ci_kp ... ok
[INFO] [stdout] test util::mnemonic_support::generate_xpub ... ok
[INFO] [stdout] test debug::xor_test ... ok
[INFO] [stdout] test util::mnemonic_words::string_path_format ... ok
[INFO] [stdout] test proof_support::verify_single_signature_proof ... ok
[INFO] [stdout] test proof_support::verify_invalid_single_signature_proof ... ok
[INFO] [stdout] test util::mnemonic_words::test_hex_ser ... ok
[INFO] [stdout] test util::test_dhash ... ok
[INFO] [stdout] test proof_support::verify_invalid_key_single_signature_proof ... ok
[INFO] [stdout] test util::mnemonic_support::test ... ok
[INFO] [stdout] test request_support::verify_request_auth ... ok
[INFO] [stdout] test util::btc_wallet::balance_test ... FAILED
[INFO] [stdout] test util::mnemonic_words::test_next_key ... ok
[INFO] [stdout] test util::test_sign ... FAILED
[INFO] [stdout] test util::sign_and_verify ... ok
[INFO] [stdout] test util::test_verify ... FAILED
[INFO] [stdout] 
[INFO] [stdout] failures:
[INFO] [stdout] 
[INFO] [stdout] ---- util::btc_wallet::balance_test stdout ----
[INFO] [stdout] thread 'util::btc_wallet::balance_test' panicked at src/util/btc_wallet.rs:655:84:
[INFO] [stdout] worx: ErrorInfo { code: UnknownError, description: "", description_extended: "", message: "Error building bdk client", details: [], retriable: false, stacktrace: "   0: redgold_schema::error_msg\n             at /opt/rustwide/cargo-home/registry/src/index.crates.io-6f17d22bba15001f/redgold-schema-0.1.21/src/lib.rs:550:38\n   1: <core::result::Result<T,E> as redgold_schema::ErrorInfoContext<T,E>>::error_info::{{closure}}\n             at /opt/rustwide/cargo-home/registry/src/index.crates.io-6f17d22bba15001f/redgold-schema-0.1.21/src/lib.rs:476:26\n   2: core::result::Result<T,E>::map_err\n             at /rustc/0e09125c6c3c2fd70d7de961bcf0e51575235fad/library/core/src/result.rs:829:27\n   3: <core::result::Result<T,E> as redgold_schema::ErrorInfoContext<T,E>>::error_info\n             at /opt/rustwide/cargo-home/registry/src/index.crates.io-6f17d22bba15001f/redgold-schema-0.1.21/src/lib.rs:476:9\n   4: redgold_keys::util::btc_wallet::SingleKeyBitcoinWallet::new_wallet\n             at src/util/btc_wallet.rs:246:22\n   5: redgold_keys::util::btc_wallet::balance_test::{{closure}}\n             at src/util/btc_wallet.rs:654:17\n   6: <core::pin::Pin<P> as core::future::future::Future>::poll\n             at /rustc/0e09125c6c3c2fd70d7de961bcf0e51575235fad/library/core/src/future/future.rs:124:9\n   7: <core::pin::Pin<P> as core::future::future::Future>::poll\n             at /rustc/0e09125c6c3c2fd70d7de961bcf0e51575235fad/library/core/src/future/future.rs:124:9\n   8: tokio::runtime::scheduler::current_thread::CoreGuard::block_on::{{closure}}::{{closure}}::{{closure}}\n             at /opt/rustwide/cargo-home/registry/src/index.crates.io-6f17d22bba15001f/tokio-1.35.1/src/runtime/scheduler/current_thread/mod.rs:665:57\n   9: tokio::runtime::coop::with_budget\n             at /opt/rustwide/cargo-home/registry/src/index.crates.io-6f17d22bba15001f/tokio-1.35.1/src/runtime/coop.rs:107:5\n      tokio::runtime::coop::budget\n             at /opt/rustwide/cargo-home/registry/src/index.crates.io-6f17d22bba15001f/tokio-1.35.1/src/runtime/coop.rs:73:5\n      tokio::runtime::scheduler::current_thread::CoreGuard::block_on::{{closure}}::{{closure}}\n             at /opt/rustwide/cargo-home/registry/src/index.crates.io-6f17d22bba15001f/tokio-1.35.1/src/runtime/scheduler/current_thread/mod.rs:665:25\n  10: tokio::runtime::scheduler::current_thread::Context::enter\n             at /opt/rustwide/cargo-home/registry/src/index.crates.io-6f17d22bba15001f/tokio-1.35.1/src/runtime/scheduler/current_thread/mod.rs:410:19\n  11: tokio::runtime::scheduler::current_thread::CoreGuard::block_on::{{closure}}\n             at /opt/rustwide/cargo-home/registry/src/index.crates.io-6f17d22bba15001f/tokio-1.35.1/src/runtime/scheduler/current_thread/mod.rs:664:36\n  12: tokio::runtime::scheduler::current_thread::CoreGuard::enter::{{closure}}\n             at /opt/rustwide/cargo-home/registry/src/index.crates.io-6f17d22bba15001f/tokio-1.35.1/src/runtime/scheduler/current_thread/mod.rs:743:68\n  13: tokio::runtime::context::scoped::Scoped<T>::set\n             at /opt/rustwide/cargo-home/registry/src/index.crates.io-6f17d22bba15001f/tokio-1.35.1/src/runtime/context/scoped.rs:40:9\n  14: tokio::runtime::context::set_scheduler::{{closure}}\n             at /opt/rustwide/cargo-home/registry/src/index.crates.io-6f17d22bba15001f/tokio-1.35.1/src/runtime/context.rs:176:26\n  15: std::thread::local::LocalKey<T>::try_with\n             at /rustc/0e09125c6c3c2fd70d7de961bcf0e51575235fad/library/std/src/thread/local.rs:270:16\n  16: std::thread::local::LocalKey<T>::with\n             at /rustc/0e09125c6c3c2fd70d7de961bcf0e51575235fad/library/std/src/thread/local.rs:246:9\n  17: tokio::runtime::context::set_scheduler\n             at /opt/rustwide/cargo-home/registry/src/index.crates.io-6f17d22bba15001f/tokio-1.35.1/src/runtime/context.rs:176:9\n  18: tokio::runtime::scheduler::current_thread::CoreGuard::enter\n             at /opt/rustwide/cargo-home/registry/src/index.crates.io-6f17d22bba15001f/tokio-1.35.1/src/runtime/scheduler/current_thread/mod.rs:743:27\n  19: tokio::runtime::scheduler::current_thread::CoreGuard::block_on\n             at /opt/rustwide/cargo-home/registry/src/index.crates.io-6f17d22bba15001f/tokio-1.35.1/src/runtime/scheduler/current_thread/mod.rs:652:19\n  20: tokio::runtime::scheduler::current_thread::CurrentThread::block_on::{{closure}}\n             at /opt/rustwide/cargo-home/registry/src/index.crates.io-6f17d22bba15001f/tokio-1.35.1/src/runtime/scheduler/current_thread/mod.rs:175:28\n  21: tokio::runtime::context::runtime::enter_runtime\n             at /opt/rustwide/cargo-home/registry/src/index.crates.io-6f17d22bba15001f/tokio-1.35.1/src/runtime/context/runtime.rs:65:16\n  22: tokio::runtime::scheduler::current_thread::CurrentThread::block_on\n             at /opt/rustwide/cargo-home/registry/src/index.crates.io-6f17d22bba15001f/tokio-1.35.1/src/runtime/scheduler/current_thread/mod.rs:167:9\n  23: tokio::runtime::runtime::Runtime::block_on", lib_message: "failed to lookup address information: Temporary failure in name resolution", abort: false }
[INFO] [stdout] stack backtrace:
[INFO] [stdout]    0:     0x55d978e27f46 - std::backtrace_rs::backtrace::libunwind::trace::h261606ad26a499c1
[INFO] [stdout]                                at /rustc/0e09125c6c3c2fd70d7de961bcf0e51575235fad/library/std/src/../../backtrace/src/backtrace/libunwind.rs:104:5
[INFO] [stdout]    1:     0x55d978e27f46 - std::backtrace_rs::backtrace::trace_unsynchronized::hd183f0625477fb28
[INFO] [stdout]                                at /rustc/0e09125c6c3c2fd70d7de961bcf0e51575235fad/library/std/src/../../backtrace/src/backtrace/mod.rs:66:5
[INFO] [stdout]    2:     0x55d978e27f46 - std::sys_common::backtrace::_print_fmt::hd7f8fef21b4eda67
[INFO] [stdout]                                at /rustc/0e09125c6c3c2fd70d7de961bcf0e51575235fad/library/std/src/sys_common/backtrace.rs:68:5
[INFO] [stdout]    3:     0x55d978e27f46 - <std::sys_common::backtrace::_print::DisplayBacktrace as core::fmt::Display>::fmt::h623d9b51f2f453f1
[INFO] [stdout]                                at /rustc/0e09125c6c3c2fd70d7de961bcf0e51575235fad/library/std/src/sys_common/backtrace.rs:44:22
[INFO] [stdout]    4:     0x55d978e54e70 - core::fmt::rt::Argument::fmt::h9f417ac76a86f368
[INFO] [stdout]                                at /rustc/0e09125c6c3c2fd70d7de961bcf0e51575235fad/library/core/src/fmt/rt.rs:142:9
[INFO] [stdout]    5:     0x55d978e54e70 - core::fmt::write::hc9b6faf4ac2aeff7
[INFO] [stdout]                                at /rustc/0e09125c6c3c2fd70d7de961bcf0e51575235fad/library/core/src/fmt/mod.rs:1120:17
[INFO] [stdout]    6:     0x55d978e24c1f - std::io::Write::write_fmt::he04625a3a989fec3
[INFO] [stdout]                                at /rustc/0e09125c6c3c2fd70d7de961bcf0e51575235fad/library/std/src/io/mod.rs:1810:15
[INFO] [stdout]    7:     0x55d978e27d24 - std::sys_common::backtrace::_print::hd5d66399c7df88a2
[INFO] [stdout]                                at /rustc/0e09125c6c3c2fd70d7de961bcf0e51575235fad/library/std/src/sys_common/backtrace.rs:47:5
[INFO] [stdout]    8:     0x55d978e27d24 - std::sys_common::backtrace::print::he81ed2da642d37e5
[INFO] [stdout]                                at /rustc/0e09125c6c3c2fd70d7de961bcf0e51575235fad/library/std/src/sys_common/backtrace.rs:34:9
[INFO] [stdout]    9:     0x55d978e29a97 - std::panicking::default_hook::{{closure}}::h85773f4fa117163d
[INFO] [stdout]   10:     0x55d978e2977d - std::panicking::default_hook::h6a1694a91d09b278
[INFO] [stdout]                                at /rustc/0e09125c6c3c2fd70d7de961bcf0e51575235fad/library/std/src/panicking.rs:289:9
[INFO] [stdout]   11:     0x55d97865a427 - <alloc::boxed::Box<F,A> as core::ops::function::Fn<Args>>::call::h616ac37fa3cd6c8f
[INFO] [stdout]                                at /rustc/0e09125c6c3c2fd70d7de961bcf0e51575235fad/library/alloc/src/boxed.rs:2029:9
[INFO] [stdout]   12:     0x55d97865a427 - test::test_main::{{closure}}::h00d84697cefdcbb6
[INFO] [stdout]                                at /rustc/0e09125c6c3c2fd70d7de961bcf0e51575235fad/library/test/src/lib.rs:138:21
[INFO] [stdout]   13:     0x55d978e2a0b6 - <alloc::boxed::Box<F,A> as core::ops::function::Fn<Args>>::call::hcb3fe3b9bb537ba8
[INFO] [stdout]                                at /rustc/0e09125c6c3c2fd70d7de961bcf0e51575235fad/library/alloc/src/boxed.rs:2029:9
[INFO] [stdout]   14:     0x55d978e2a0b6 - std::panicking::rust_panic_with_hook::h0a7ad96e90f7145b
[INFO] [stdout]                                at /rustc/0e09125c6c3c2fd70d7de961bcf0e51575235fad/library/std/src/panicking.rs:783:13
[INFO] [stdout]   15:     0x55d978e29e02 - std::panicking::begin_panic_handler::{{closure}}::h7919090525c6485e
[INFO] [stdout]                                at /rustc/0e09125c6c3c2fd70d7de961bcf0e51575235fad/library/std/src/panicking.rs:657:13
[INFO] [stdout]   16:     0x55d978e28446 - std::sys_common::backtrace::__rust_end_short_backtrace::hf3289479464f7dfe
[INFO] [stdout]                                at /rustc/0e09125c6c3c2fd70d7de961bcf0e51575235fad/library/std/src/sys_common/backtrace.rs:171:18
[INFO] [stdout]   17:     0x55d978e29b60 - rust_begin_unwind
[INFO] [stdout]                                at /rustc/0e09125c6c3c2fd70d7de961bcf0e51575235fad/library/std/src/panicking.rs:645:5
[INFO] [stdout]   18:     0x55d978564535 - core::panicking::panic_fmt::hcc9f77c5c132af55
[INFO] [stdout]                                at /rustc/0e09125c6c3c2fd70d7de961bcf0e51575235fad/library/core/src/panicking.rs:72:14
[INFO] [stdout]   19:     0x55d978564b13 - core::result::unwrap_failed::hbe14f498be1452f9
[INFO] [stdout]                                at /rustc/0e09125c6c3c2fd70d7de961bcf0e51575235fad/library/core/src/result.rs:1649:5
[INFO] [stdout]   20:     0x55d9785c4140 - core::result::Result<T,E>::expect::h59128f8515f3ab3a
[INFO] [stdout]                                at /rustc/0e09125c6c3c2fd70d7de961bcf0e51575235fad/library/core/src/result.rs:1030:23
[INFO] [stdout]   21:     0x55d9785eec03 - redgold_keys::util::btc_wallet::balance_test::{{closure}}::h11b672bf30143406
[INFO] [stdout]                                at /opt/rustwide/workdir/src/util/btc_wallet.rs:654:17
[INFO] [stdout]   22:     0x55d9785f5238 - <core::pin::Pin<P> as core::future::future::Future>::poll::hffe3968dd45ec425
[INFO] [stdout]                                at /rustc/0e09125c6c3c2fd70d7de961bcf0e51575235fad/library/core/src/future/future.rs:124:9
[INFO] [stdout]   23:     0x55d9785f51db - <core::pin::Pin<P> as core::future::future::Future>::poll::hdb8dcff624d3c4fb
[INFO] [stdout]                                at /rustc/0e09125c6c3c2fd70d7de961bcf0e51575235fad/library/core/src/future/future.rs:124:9
[INFO] [stdout]   24:     0x55d9785da464 - tokio::runtime::scheduler::current_thread::CoreGuard::block_on::{{closure}}::{{closure}}::{{closure}}::h1ec7cb6fe603239f
[INFO] [stdout]                                at /opt/rustwide/cargo-home/registry/src/index.crates.io-6f17d22bba15001f/tokio-1.35.1/src/runtime/scheduler/current_thread/mod.rs:665:57
[INFO] [stdout]   25:     0x55d9785da39a - tokio::runtime::coop::with_budget::h2efccbdb52b058d4
[INFO] [stdout]                                at /opt/rustwide/cargo-home/registry/src/index.crates.io-6f17d22bba15001f/tokio-1.35.1/src/runtime/coop.rs:107:5
[INFO] [stdout]   26:     0x55d9785da39a - tokio::runtime::coop::budget::h965bf2f14419b49d
[INFO] [stdout]                                at /opt/rustwide/cargo-home/registry/src/index.crates.io-6f17d22bba15001f/tokio-1.35.1/src/runtime/coop.rs:73:5
[INFO] [stdout]   27:     0x55d9785da39a - tokio::runtime::scheduler::current_thread::CoreGuard::block_on::{{closure}}::{{closure}}::h3ba5e3a97b068e08
[INFO] [stdout]                                at /opt/rustwide/cargo-home/registry/src/index.crates.io-6f17d22bba15001f/tokio-1.35.1/src/runtime/scheduler/current_thread/mod.rs:665:25
[INFO] [stdout]   28:     0x55d9785d8d3c - tokio::runtime::scheduler::current_thread::Context::enter::h68daad6457a150bb
[INFO] [stdout]                                at /opt/rustwide/cargo-home/registry/src/index.crates.io-6f17d22bba15001f/tokio-1.35.1/src/runtime/scheduler/current_thread/mod.rs:410:19
[INFO] [stdout]   29:     0x55d9785d9b9b - tokio::runtime::scheduler::current_thread::CoreGuard::block_on::{{closure}}::hd75996c82d9e96b9
[INFO] [stdout]                                at /opt/rustwide/cargo-home/registry/src/index.crates.io-6f17d22bba15001f/tokio-1.35.1/src/runtime/scheduler/current_thread/mod.rs:664:36
[INFO] [stdout]   30:     0x55d9785d98ab - tokio::runtime::scheduler::current_thread::CoreGuard::enter::{{closure}}::h400fe1442f449db6
[INFO] [stdout]                                at /opt/rustwide/cargo-home/registry/src/index.crates.io-6f17d22bba15001f/tokio-1.35.1/src/runtime/scheduler/current_thread/mod.rs:743:68
[INFO] [stdout]   31:     0x55d9785c730b - tokio::runtime::context::scoped::Scoped<T>::set::h6662958408ce3cc4
[INFO] [stdout]                                at /opt/rustwide/cargo-home/registry/src/index.crates.io-6f17d22bba15001f/tokio-1.35.1/src/runtime/context/scoped.rs:40:9
[INFO] [stdout]   32:     0x55d9785d2e49 - tokio::runtime::context::set_scheduler::{{closure}}::h752c0bfcefcba421
[INFO] [stdout]                                at /opt/rustwide/cargo-home/registry/src/index.crates.io-6f17d22bba15001f/tokio-1.35.1/src/runtime/context.rs:176:26
[INFO] [stdout]   33:     0x55d9785d00c6 - std::thread::local::LocalKey<T>::try_with::hb9ecb71f5c8f8419
[INFO] [stdout]                                at /rustc/0e09125c6c3c2fd70d7de961bcf0e51575235fad/library/std/src/thread/local.rs:270:16
[INFO] [stdout]   34:     0x55d9785cfb7a - std::thread::local::LocalKey<T>::with::hc30fa99c6652e1a2
[INFO] [stdout]                                at /rustc/0e09125c6c3c2fd70d7de961bcf0e51575235fad/library/std/src/thread/local.rs:246:9
[INFO] [stdout]   35:     0x55d9785d2dfd - tokio::runtime::context::set_scheduler::h71d1dc02a7498e60
[INFO] [stdout]                                at /opt/rustwide/cargo-home/registry/src/index.crates.io-6f17d22bba15001f/tokio-1.35.1/src/runtime/context.rs:176:9
[INFO] [stdout]   36:     0x55d9785d9640 - tokio::runtime::scheduler::current_thread::CoreGuard::enter::h0dc7342d94484ae2
[INFO] [stdout]                                at /opt/rustwide/cargo-home/registry/src/index.crates.io-6f17d22bba15001f/tokio-1.35.1/src/runtime/scheduler/current_thread/mod.rs:743:27
[INFO] [stdout]   37:     0x55d9785d98dd - tokio::runtime::scheduler::current_thread::CoreGuard::block_on::h1b84330d0ab74dde
[INFO] [stdout]                                at /opt/rustwide/cargo-home/registry/src/index.crates.io-6f17d22bba15001f/tokio-1.35.1/src/runtime/scheduler/current_thread/mod.rs:652:19
[INFO] [stdout]   38:     0x55d9785d8833 - tokio::runtime::scheduler::current_thread::CurrentThread::block_on::{{closure}}::ha8566a8527861ede
[INFO] [stdout]                                at /opt/rustwide/cargo-home/registry/src/index.crates.io-6f17d22bba15001f/tokio-1.35.1/src/runtime/scheduler/current_thread/mod.rs:175:28
[INFO] [stdout]   39:     0x55d9785b47cb - tokio::runtime::context::runtime::enter_runtime::h0ae627feafbb0f84
[INFO] [stdout]                                at /opt/rustwide/cargo-home/registry/src/index.crates.io-6f17d22bba15001f/tokio-1.35.1/src/runtime/context/runtime.rs:65:16
[INFO] [stdout]   40:     0x55d9785d874e - tokio::runtime::scheduler::current_thread::CurrentThread::block_on::h988ce4f5b6669f7d
[INFO] [stdout]                                at /opt/rustwide/cargo-home/registry/src/index.crates.io-6f17d22bba15001f/tokio-1.35.1/src/runtime/scheduler/current_thread/mod.rs:167:9
[INFO] [stdout]   41:     0x55d97860cfa2 - tokio::runtime::runtime::Runtime::block_on::h2f6687a6ad9a3c3e
[INFO] [stdout]                                at /opt/rustwide/cargo-home/registry/src/index.crates.io-6f17d22bba15001f/tokio-1.35.1/src/runtime/runtime.rs:348:47
[INFO] [stdout]   42:     0x55d9785eea3f - redgold_keys::util::btc_wallet::balance_test::he7524a1532c66769
[INFO] [stdout]                                at /opt/rustwide/workdir/src/util/btc_wallet.rs:665:5
[INFO] [stdout]   43:     0x55d9785ee8f7 - redgold_keys::util::btc_wallet::balance_test::{{closure}}::he1063ac6ced8d677
[INFO] [stdout]                                at /opt/rustwide/workdir/src/util/btc_wallet.rs:647:24
[INFO] [stdout]   44:     0x55d978615fc6 - core::ops::function::FnOnce::call_once::he93cf447b08ee1f5
[INFO] [stdout]                                at /rustc/0e09125c6c3c2fd70d7de961bcf0e51575235fad/library/core/src/ops/function.rs:250:5
[INFO] [stdout]   45:     0x55d97865fcff - core::ops::function::FnOnce::call_once::hd64d26f405258157
[INFO] [stdout]                                at /rustc/0e09125c6c3c2fd70d7de961bcf0e51575235fad/library/core/src/ops/function.rs:250:5
[INFO] [stdout]   46:     0x55d97865fcff - test::__rust_begin_short_backtrace::he21b0b7a6d731bf9
[INFO] [stdout]                                at /rustc/0e09125c6c3c2fd70d7de961bcf0e51575235fad/library/test/src/lib.rs:627:18
[INFO] [stdout]   47:     0x55d97865ea81 - test::run_test_in_process::{{closure}}::hf5c73986d7bdfde2
[INFO] [stdout]                                at /rustc/0e09125c6c3c2fd70d7de961bcf0e51575235fad/library/test/src/lib.rs:650:60
[INFO] [stdout]   48:     0x55d97865ea81 - <core::panic::unwind_safe::AssertUnwindSafe<F> as core::ops::function::FnOnce<()>>::call_once::h330011ad032aadc0
[INFO] [stdout]                                at /rustc/0e09125c6c3c2fd70d7de961bcf0e51575235fad/library/core/src/panic/unwind_safe.rs:272:9
[INFO] [stdout]   49:     0x55d97865ea81 - std::panicking::try::do_call::he61b0a958b795a41
[INFO] [stdout]                                at /rustc/0e09125c6c3c2fd70d7de961bcf0e51575235fad/library/std/src/panicking.rs:552:40
[INFO] [stdout]   50:     0x55d97865ea81 - std::panicking::try::h7309da130f906eb7
[INFO] [stdout]                                at /rustc/0e09125c6c3c2fd70d7de961bcf0e51575235fad/library/std/src/panicking.rs:516:19
[INFO] [stdout]   51:     0x55d97865ea81 - std::panic::catch_unwind::hc5c3a06fdaf0a92a
[INFO] [stdout]                                at /rustc/0e09125c6c3c2fd70d7de961bcf0e51575235fad/library/std/src/panic.rs:142:14
[INFO] [stdout]   52:     0x55d97865ea81 - test::run_test_in_process::h7e7b7c71c3324e0f
[INFO] [stdout]                                at /rustc/0e09125c6c3c2fd70d7de961bcf0e51575235fad/library/test/src/lib.rs:650:27
[INFO] [stdout]   53:     0x55d97865ea81 - test::run_test::{{closure}}::h1f509f28f5cf20b1
[INFO] [stdout]                                at /rustc/0e09125c6c3c2fd70d7de961bcf0e51575235fad/library/test/src/lib.rs:573:43
[INFO] [stdout]   54:     0x55d978625db6 - test::run_test::{{closure}}::h1754218abf443f6d
[INFO] [stdout]                                at /rustc/0e09125c6c3c2fd70d7de961bcf0e51575235fad/library/test/src/lib.rs:601:41
[INFO] [stdout]   55:     0x55d978625db6 - std::sys_common::backtrace::__rust_begin_short_backtrace::h2ee174b9d5954948
[INFO] [stdout]                                at /rustc/0e09125c6c3c2fd70d7de961bcf0e51575235fad/library/std/src/sys_common/backtrace.rs:155:18
[INFO] [stdout]   56:     0x55d97862ae17 - std::thread::Builder::spawn_unchecked_::{{closure}}::{{closure}}::hf60bee9c1a17ef09
[INFO] [stdout]                                at /rustc/0e09125c6c3c2fd70d7de961bcf0e51575235fad/library/std/src/thread/mod.rs:529:17
[INFO] [stdout]   57:     0x55d97862ae17 - <core::panic::unwind_safe::AssertUnwindSafe<F> as core::ops::function::FnOnce<()>>::call_once::h33d0dddec5216160
[INFO] [stdout]                                at /rustc/0e09125c6c3c2fd70d7de961bcf0e51575235fad/library/core/src/panic/unwind_safe.rs:272:9
[INFO] [stdout]   58:     0x55d97862ae17 - std::panicking::try::do_call::h144b3048b546f835
[INFO] [stdout]                                at /rustc/0e09125c6c3c2fd70d7de961bcf0e51575235fad/library/std/src/panicking.rs:552:40
[INFO] [stdout]   59:     0x55d97862ae17 - std::panicking::try::h978244d04646189f
[INFO] [stdout]                                at /rustc/0e09125c6c3c2fd70d7de961bcf0e51575235fad/library/std/src/panicking.rs:516:19
[INFO] [stdout]   60:     0x55d97862ae17 - std::panic::catch_unwind::hdf436369d188fe86
[INFO] [stdout]                                at /rustc/0e09125c6c3c2fd70d7de961bcf0e51575235fad/library/std/src/panic.rs:142:14
[INFO] [stdout]   61:     0x55d97862ae17 - std::thread::Builder::spawn_unchecked_::{{closure}}::h87329cbdd33c79ec
[INFO] [stdout]                                at /rustc/0e09125c6c3c2fd70d7de961bcf0e51575235fad/library/std/src/thread/mod.rs:528:30
[INFO] [stdout]   62:     0x55d97862ae17 - core::ops::function::FnOnce::call_once{{vtable.shim}}::h401abbe67897d450
[INFO] [stdout]                                at /rustc/0e09125c6c3c2fd70d7de961bcf0e51575235fad/library/core/src/ops/function.rs:250:5
[INFO] [stdout]   63:     0x55d978e2ecd5 - <alloc::boxed::Box<F,A> as core::ops::function::FnOnce<Args>>::call_once::h5d7c8f150ab9c84c
[INFO] [stdout]                                at /rustc/0e09125c6c3c2fd70d7de961bcf0e51575235fad/library/alloc/src/boxed.rs:2015:9
[INFO] [stdout]   64:     0x55d978e2ecd5 - <alloc::boxed::Box<F,A> as core::ops::function::FnOnce<Args>>::call_once::h570d5b005c242c15
[INFO] [stdout]                                at /rustc/0e09125c6c3c2fd70d7de961bcf0e51575235fad/library/alloc/src/boxed.rs:2015:9
[INFO] [stdout]   65:     0x55d978e2ecd5 - std::sys::unix::thread::Thread::new::thread_start::h36b0a20c0b2361ad
[INFO] [stdout]                                at /rustc/0e09125c6c3c2fd70d7de961bcf0e51575235fad/library/std/src/sys/unix/thread.rs:108:17
[INFO] [stdout]   66:     0x7f00ca2bcac3 - <unknown>
[INFO] [stdout]   67:     0x7f00ca34dbf4 - __clone
[INFO] [stdout]   68:                0x0 - <unknown>
[INFO] [stdout] 
[INFO] [stdout] ---- util::test_sign stdout ----
[INFO] [stdout] 5476ce39af0d27dc6013547db9eef6c904f23de58fa9fde8f79bb65e8f4cf9dc56029e3e7f675c7d1e338fb638517de61273ec8d76250f6ae8767f555ea03e4f
[INFO] [stdout] thread 'util::test_sign' panicked at src/util/mod.rs:47:5:
[INFO] [stdout] assertion `left == right` failed
[INFO] [stdout]   left: [222, 40, 127, 1, 159, 186, 179, 98, 29, 102, 4, 216, 0, 211, 237, 16, 42, 252, 92, 73, 172, 43, 226, 95, 142, 182, 119, 152, 112, 114, 16, 159, 35, 37, 8, 176, 97, 148, 44, 251, 209, 253, 44, 126, 24, 161, 114, 163, 60, 168, 182, 173, 55, 57, 180, 16, 176, 29, 24, 237, 133, 188, 37, 187]
[INFO] [stdout]  right: [84, 118, 206, 57, 175, 13, 39, 220, 96, 19, 84, 125, 185, 238, 246, 201, 4, 242, 61, 229, 143, 169, 253, 232, 247, 155, 182, 94, 143, 76, 249, 220, 86, 2, 158, 62, 127, 103, 92, 125, 30, 51, 143, 182, 56, 81, 125, 230, 18, 115, 236, 141, 118, 37, 15, 106, 232, 118, 127, 85, 94, 160, 62, 79]
[INFO] [stdout] stack backtrace:
[INFO] [stdout]    0:     0x55d978e27f46 - std::backtrace_rs::backtrace::libunwind::trace::h261606ad26a499c1
[INFO] [stdout]                                at /rustc/0e09125c6c3c2fd70d7de961bcf0e51575235fad/library/std/src/../../backtrace/src/backtrace/libunwind.rs:104:5
[INFO] [stdout]    1:     0x55d978e27f46 - std::backtrace_rs::backtrace::trace_unsynchronized::hd183f0625477fb28
[INFO] [stdout]                                at /rustc/0e09125c6c3c2fd70d7de961bcf0e51575235fad/library/std/src/../../backtrace/src/backtrace/mod.rs:66:5
[INFO] [stdout]    2:     0x55d978e27f46 - std::sys_common::backtrace::_print_fmt::hd7f8fef21b4eda67
[INFO] [stdout]                                at /rustc/0e09125c6c3c2fd70d7de961bcf0e51575235fad/library/std/src/sys_common/backtrace.rs:68:5
[INFO] [stdout]    3:     0x55d978e27f46 - <std::sys_common::backtrace::_print::DisplayBacktrace as core::fmt::Display>::fmt::h623d9b51f2f453f1
[INFO] [stdout]                                at /rustc/0e09125c6c3c2fd70d7de961bcf0e51575235fad/library/std/src/sys_common/backtrace.rs:44:22
[INFO] [stdout]    4:     0x55d978e54e70 - core::fmt::rt::Argument::fmt::h9f417ac76a86f368
[INFO] [stdout]                                at /rustc/0e09125c6c3c2fd70d7de961bcf0e51575235fad/library/core/src/fmt/rt.rs:142:9
[INFO] [stdout]    5:     0x55d978e54e70 - core::fmt::write::hc9b6faf4ac2aeff7
[INFO] [stdout]                                at /rustc/0e09125c6c3c2fd70d7de961bcf0e51575235fad/library/core/src/fmt/mod.rs:1120:17
[INFO] [stdout]    6:     0x55d978e24c1f - std::io::Write::write_fmt::he04625a3a989fec3
[INFO] [stdout]                                at /rustc/0e09125c6c3c2fd70d7de961bcf0e51575235fad/library/std/src/io/mod.rs:1810:15
[INFO] [stdout]    7:     0x55d978e27d24 - std::sys_common::backtrace::_print::hd5d66399c7df88a2
[INFO] [stdout]                                at /rustc/0e09125c6c3c2fd70d7de961bcf0e51575235fad/library/std/src/sys_common/backtrace.rs:47:5
[INFO] [stdout]    8:     0x55d978e27d24 - std::sys_common::backtrace::print::he81ed2da642d37e5
[INFO] [stdout]                                at /rustc/0e09125c6c3c2fd70d7de961bcf0e51575235fad/library/std/src/sys_common/backtrace.rs:34:9
[INFO] [stdout]    9:     0x55d978e29a97 - std::panicking::default_hook::{{closure}}::h85773f4fa117163d
[INFO] [stdout]   10:     0x55d978e2977d - std::panicking::default_hook::h6a1694a91d09b278
[INFO] [stdout]                                at /rustc/0e09125c6c3c2fd70d7de961bcf0e51575235fad/library/std/src/panicking.rs:289:9
[INFO] [stdout]   11:     0x55d97865a427 - <alloc::boxed::Box<F,A> as core::ops::function::Fn<Args>>::call::h616ac37fa3cd6c8f
[INFO] [stdout]                                at /rustc/0e09125c6c3c2fd70d7de961bcf0e51575235fad/library/alloc/src/boxed.rs:2029:9
[INFO] [stdout]   12:     0x55d97865a427 - test::test_main::{{closure}}::h00d84697cefdcbb6
[INFO] [stdout]                                at /rustc/0e09125c6c3c2fd70d7de961bcf0e51575235fad/library/test/src/lib.rs:138:21
[INFO] [stdout]   13:     0x55d978e2a0b6 - <alloc::boxed::Box<F,A> as core::ops::function::Fn<Args>>::call::hcb3fe3b9bb537ba8
[INFO] [stdout]                                at /rustc/0e09125c6c3c2fd70d7de961bcf0e51575235fad/library/alloc/src/boxed.rs:2029:9
[INFO] [stdout]   14:     0x55d978e2a0b6 - std::panicking::rust_panic_with_hook::h0a7ad96e90f7145b
[INFO] [stdout]                                at /rustc/0e09125c6c3c2fd70d7de961bcf0e51575235fad/library/std/src/panicking.rs:783:13
[INFO] [stdout]   15:     0x55d978e29e02 - std::panicking::begin_panic_handler::{{closure}}::h7919090525c6485e
[INFO] [stdout]                                at /rustc/0e09125c6c3c2fd70d7de961bcf0e51575235fad/library/std/src/panicking.rs:657:13
[INFO] [stdout]   16:     0x55d978e28446 - std::sys_common::backtrace::__rust_end_short_backtrace::hf3289479464f7dfe
[INFO] [stdout]                                at /rustc/0e09125c6c3c2fd70d7de961bcf0e51575235fad/library/std/src/sys_common/backtrace.rs:171:18
[INFO] [stdout]   17:     0x55d978e29b60 - rust_begin_unwind
[INFO] [stdout]                                at /rustc/0e09125c6c3c2fd70d7de961bcf0e51575235fad/library/std/src/panicking.rs:645:5
[INFO] [stdout]   18:     0x55d978564535 - core::panicking::panic_fmt::hcc9f77c5c132af55
[INFO] [stdout]                                at /rustc/0e09125c6c3c2fd70d7de961bcf0e51575235fad/library/core/src/panicking.rs:72:14
[INFO] [stdout]   19:     0x55d9785649ab - core::panicking::assert_failed_inner::h9f13e27dd63c3a08
[INFO] [stdout]                                at /rustc/0e09125c6c3c2fd70d7de961bcf0e51575235fad/library/core/src/panicking.rs:342:17
[INFO] [stdout]   20:     0x55d9785bda8e - core::panicking::assert_failed::hd524679867b17dd2
[INFO] [stdout]                                at /rustc/0e09125c6c3c2fd70d7de961bcf0e51575235fad/library/core/src/panicking.rs:297:5
[INFO] [stdout]   21:     0x55d9785ef564 - redgold_keys::util::test_sign::he768b55bf6fcfc1a
[INFO] [stdout]                                at /opt/rustwide/workdir/src/util/mod.rs:47:5
[INFO] [stdout]   22:     0x55d9785ef287 - redgold_keys::util::test_sign::{{closure}}::h53dfb1dc85aff54b
[INFO] [stdout]                                at /opt/rustwide/workdir/src/util/mod.rs:43:15
[INFO] [stdout]   23:     0x55d978615e06 - core::ops::function::FnOnce::call_once::hcad9b7ae007f0a29
[INFO] [stdout]                                at /rustc/0e09125c6c3c2fd70d7de961bcf0e51575235fad/library/core/src/ops/function.rs:250:5
[INFO] [stdout]   24:     0x55d97865fcff - core::ops::function::FnOnce::call_once::hd64d26f405258157
[INFO] [stdout]                                at /rustc/0e09125c6c3c2fd70d7de961bcf0e51575235fad/library/core/src/ops/function.rs:250:5
[INFO] [stdout]   25:     0x55d97865fcff - test::__rust_begin_short_backtrace::he21b0b7a6d731bf9
[INFO] [stdout]                                at /rustc/0e09125c6c3c2fd70d7de961bcf0e51575235fad/library/test/src/lib.rs:627:18
[INFO] [stdout]   26:     0x55d97865ea81 - test::run_test_in_process::{{closure}}::hf5c73986d7bdfde2
[INFO] [stdout]                                at /rustc/0e09125c6c3c2fd70d7de961bcf0e51575235fad/library/test/src/lib.rs:650:60
[INFO] [stdout]   27:     0x55d97865ea81 - <core::panic::unwind_safe::AssertUnwindSafe<F> as core::ops::function::FnOnce<()>>::call_once::h330011ad032aadc0
[INFO] [stdout]                                at /rustc/0e09125c6c3c2fd70d7de961bcf0e51575235fad/library/core/src/panic/unwind_safe.rs:272:9
[INFO] [stdout]   28:     0x55d97865ea81 - std::panicking::try::do_call::he61b0a958b795a41
[INFO] [stdout]                                at /rustc/0e09125c6c3c2fd70d7de961bcf0e51575235fad/library/std/src/panicking.rs:552:40
[INFO] [stdout]   29:     0x55d97865ea81 - std::panicking::try::h7309da130f906eb7
[INFO] [stdout]                                at /rustc/0e09125c6c3c2fd70d7de961bcf0e51575235fad/library/std/src/panicking.rs:516:19
[INFO] [stdout]   30:     0x55d97865ea81 - std::panic::catch_unwind::hc5c3a06fdaf0a92a
[INFO] [stdout]                                at /rustc/0e09125c6c3c2fd70d7de961bcf0e51575235fad/library/std/src/panic.rs:142:14
[INFO] [stdout]   31:     0x55d97865ea81 - test::run_test_in_process::h7e7b7c71c3324e0f
[INFO] [stdout]                                at /rustc/0e09125c6c3c2fd70d7de961bcf0e51575235fad/library/test/src/lib.rs:650:27
[INFO] [stdout]   32:     0x55d97865ea81 - test::run_test::{{closure}}::h1f509f28f5cf20b1
[INFO] [stdout]                                at /rustc/0e09125c6c3c2fd70d7de961bcf0e51575235fad/library/test/src/lib.rs:573:43
[INFO] [stdout]   33:     0x55d978625db6 - test::run_test::{{closure}}::h1754218abf443f6d
[INFO] [stdout]                                at /rustc/0e09125c6c3c2fd70d7de961bcf0e51575235fad/library/test/src/lib.rs:601:41
[INFO] [stdout]   34:     0x55d978625db6 - std::sys_common::backtrace::__rust_begin_short_backtrace::h2ee174b9d5954948
[INFO] [stdout]                                at /rustc/0e09125c6c3c2fd70d7de961bcf0e51575235fad/library/std/src/sys_common/backtrace.rs:155:18
[INFO] [stdout]   35:     0x55d97862ae17 - std::thread::Builder::spawn_unchecked_::{{closure}}::{{closure}}::hf60bee9c1a17ef09
[INFO] [stdout]                                at /rustc/0e09125c6c3c2fd70d7de961bcf0e51575235fad/library/std/src/thread/mod.rs:529:17
[INFO] [stdout]   36:     0x55d97862ae17 - <core::panic::unwind_safe::AssertUnwindSafe<F> as core::ops::function::FnOnce<()>>::call_once::h33d0dddec5216160
[INFO] [stdout]                                at /rustc/0e09125c6c3c2fd70d7de961bcf0e51575235fad/library/core/src/panic/unwind_safe.rs:272:9
[INFO] [stdout]   37:     0x55d97862ae17 - std::panicking::try::do_call::h144b3048b546f835
[INFO] [stdout]                                at /rustc/0e09125c6c3c2fd70d7de961bcf0e51575235fad/library/std/src/panicking.rs:552:40
[INFO] [stdout]   38:     0x55d97862ae17 - std::panicking::try::h978244d04646189f
[INFO] [stdout]                                at /rustc/0e09125c6c3c2fd70d7de961bcf0e51575235fad/library/std/src/panicking.rs:516:19
[INFO] [stdout]   39:     0x55d97862ae17 - std::panic::catch_unwind::hdf436369d188fe86
[INFO] [stdout]                                at /rustc/0e09125c6c3c2fd70d7de961bcf0e51575235fad/library/std/src/panic.rs:142:14
[INFO] [stdout]   40:     0x55d97862ae17 - std::thread::Builder::spawn_unchecked_::{{closure}}::h87329cbdd33c79ec
[INFO] [stdout]                                at /rustc/0e09125c6c3c2fd70d7de961bcf0e51575235fad/library/std/src/thread/mod.rs:528:30
[INFO] [stdout]   41:     0x55d97862ae17 - core::ops::function::FnOnce::call_once{{vtable.shim}}::h401abbe67897d450
[INFO] [stdout]                                at /rustc/0e09125c6c3c2fd70d7de961bcf0e51575235fad/library/core/src/ops/function.rs:250:5
[INFO] [stdout]   42:     0x55d978e2ecd5 - <alloc::boxed::Box<F,A> as core::ops::function::FnOnce<Args>>::call_once::h5d7c8f150ab9c84c
[INFO] [stdout]                                at /rustc/0e09125c6c3c2fd70d7de961bcf0e51575235fad/library/alloc/src/boxed.rs:2015:9
[INFO] [stdout]   43:     0x55d978e2ecd5 - <alloc::boxed::Box<F,A> as core::ops::function::FnOnce<Args>>::call_once::h570d5b005c242c15
[INFO] [stdout]                                at /rustc/0e09125c6c3c2fd70d7de961bcf0e51575235fad/library/alloc/src/boxed.rs:2015:9
[INFO] [stdout]   44:     0x55d978e2ecd5 - std::sys::unix::thread::Thread::new::thread_start::h36b0a20c0b2361ad
[INFO] [stdout]                                at /rustc/0e09125c6c3c2fd70d7de961bcf0e51575235fad/library/std/src/sys/unix/thread.rs:108:17
[INFO] [stdout]   45:     0x7f00ca2bcac3 - <unknown>
[INFO] [stdout]   46:     0x7f00ca34dbf4 - __clone
[INFO] [stdout]   47:                0x0 - <unknown>
[INFO] [stdout] 
[INFO] [stdout] ---- util::test_verify stdout ----
[INFO] [stdout] thread 'util::test_verify' panicked at src/util/mod.rs:82:5:
[INFO] [stdout] assertion failed: verify(&tc.hash_vec, &hex::decode(sig).unwrap(),
[INFO] [stdout]         &tc.public.serialize().to_vec()).is_ok()
[INFO] [stdout] stack backtrace:
[INFO] [stdout]    0:     0x55d978e27f46 - std::backtrace_rs::backtrace::libunwind::trace::h261606ad26a499c1
[INFO] [stdout]                                at /rustc/0e09125c6c3c2fd70d7de961bcf0e51575235fad/library/std/src/../../backtrace/src/backtrace/libunwind.rs:104:5
[INFO] [stdout]    1:     0x55d978e27f46 - std::backtrace_rs::backtrace::trace_unsynchronized::hd183f0625477fb28
[INFO] [stdout]                                at /rustc/0e09125c6c3c2fd70d7de961bcf0e51575235fad/library/std/src/../../backtrace/src/backtrace/mod.rs:66:5
[INFO] [stdout]    2:     0x55d978e27f46 - std::sys_common::backtrace::_print_fmt::hd7f8fef21b4eda67
[INFO] [stdout]                                at /rustc/0e09125c6c3c2fd70d7de961bcf0e51575235fad/library/std/src/sys_common/backtrace.rs:68:5
[INFO] [stdout]    3:     0x55d978e27f46 - <std::sys_common::backtrace::_print::DisplayBacktrace as core::fmt::Display>::fmt::h623d9b51f2f453f1
[INFO] [stdout]                                at /rustc/0e09125c6c3c2fd70d7de961bcf0e51575235fad/library/std/src/sys_common/backtrace.rs:44:22
[INFO] [stdout]    4:     0x55d978e54e70 - core::fmt::rt::Argument::fmt::h9f417ac76a86f368
[INFO] [stdout]                                at /rustc/0e09125c6c3c2fd70d7de961bcf0e51575235fad/library/core/src/fmt/rt.rs:142:9
[INFO] [stdout]    5:     0x55d978e54e70 - core::fmt::write::hc9b6faf4ac2aeff7
[INFO] [stdout]                                at /rustc/0e09125c6c3c2fd70d7de961bcf0e51575235fad/library/core/src/fmt/mod.rs:1120:17
[INFO] [stdout]    6:     0x55d978e24c1f - std::io::Write::write_fmt::he04625a3a989fec3
[INFO] [stdout]                                at /rustc/0e09125c6c3c2fd70d7de961bcf0e51575235fad/library/std/src/io/mod.rs:1810:15
[INFO] [stdout]    7:     0x55d978e27d24 - std::sys_common::backtrace::_print::hd5d66399c7df88a2
[INFO] [stdout]                                at /rustc/0e09125c6c3c2fd70d7de961bcf0e51575235fad/library/std/src/sys_common/backtrace.rs:47:5
[INFO] [stdout]    8:     0x55d978e27d24 - std::sys_common::backtrace::print::he81ed2da642d37e5
[INFO] [stdout]                                at /rustc/0e09125c6c3c2fd70d7de961bcf0e51575235fad/library/std/src/sys_common/backtrace.rs:34:9
[INFO] [stdout]    9:     0x55d978e29a97 - std::panicking::default_hook::{{closure}}::h85773f4fa117163d
[INFO] [stdout]   10:     0x55d978e2977d - std::panicking::default_hook::h6a1694a91d09b278
[INFO] [stdout]                                at /rustc/0e09125c6c3c2fd70d7de961bcf0e51575235fad/library/std/src/panicking.rs:289:9
[INFO] [stdout]   11:     0x55d97865a427 - <alloc::boxed::Box<F,A> as core::ops::function::Fn<Args>>::call::h616ac37fa3cd6c8f
[INFO] [stdout]                                at /rustc/0e09125c6c3c2fd70d7de961bcf0e51575235fad/library/alloc/src/boxed.rs:2029:9
[INFO] [stdout]   12:     0x55d97865a427 - test::test_main::{{closure}}::h00d84697cefdcbb6
[INFO] [stdout]                                at /rustc/0e09125c6c3c2fd70d7de961bcf0e51575235fad/library/test/src/lib.rs:138:21
[INFO] [stdout]   13:     0x55d978e2a0b6 - <alloc::boxed::Box<F,A> as core::ops::function::Fn<Args>>::call::hcb3fe3b9bb537ba8
[INFO] [stdout]                                at /rustc/0e09125c6c3c2fd70d7de961bcf0e51575235fad/library/alloc/src/boxed.rs:2029:9
[INFO] [stdout]   14:     0x55d978e2a0b6 - std::panicking::rust_panic_with_hook::h0a7ad96e90f7145b
[INFO] [stdout]                                at /rustc/0e09125c6c3c2fd70d7de961bcf0e51575235fad/library/std/src/panicking.rs:783:13
[INFO] [stdout]   15:     0x55d978e29dc9 - std::panicking::begin_panic_handler::{{closure}}::h7919090525c6485e
[INFO] [stdout]                                at /rustc/0e09125c6c3c2fd70d7de961bcf0e51575235fad/library/std/src/panicking.rs:649:13
[INFO] [stdout]   16:     0x55d978e28446 - std::sys_common::backtrace::__rust_end_short_backtrace::hf3289479464f7dfe
[INFO] [stdout]                                at /rustc/0e09125c6c3c2fd70d7de961bcf0e51575235fad/library/std/src/sys_common/backtrace.rs:171:18
[INFO] [stdout]   17:     0x55d978e29b60 - rust_begin_unwind
[INFO] [stdout]                                at /rustc/0e09125c6c3c2fd70d7de961bcf0e51575235fad/library/std/src/panicking.rs:645:5
[INFO] [stdout]   18:     0x55d978564535 - core::panicking::panic_fmt::hcc9f77c5c132af55
[INFO] [stdout]                                at /rustc/0e09125c6c3c2fd70d7de961bcf0e51575235fad/library/core/src/panicking.rs:72:14
[INFO] [stdout]   19:     0x55d9785645f3 - core::panicking::panic::h5a1259c1164bd480
[INFO] [stdout]                                at /rustc/0e09125c6c3c2fd70d7de961bcf0e51575235fad/library/core/src/panicking.rs:144:5
[INFO] [stdout]   20:     0x55d9785ef7d0 - redgold_keys::util::test_verify::h23497a73df73e58f
[INFO] [stdout]                                at /opt/rustwide/workdir/src/util/mod.rs:82:5
[INFO] [stdout]   21:     0x55d9785ef5d7 - redgold_keys::util::test_verify::{{closure}}::ha16a73a39e83af76
[INFO] [stdout]                                at /opt/rustwide/workdir/src/util/mod.rs:79:17
[INFO] [stdout]   22:     0x55d978615566 - core::ops::function::FnOnce::call_once::h3c5a01a5e51d16b4
[INFO] [stdout]                                at /rustc/0e09125c6c3c2fd70d7de961bcf0e51575235fad/library/core/src/ops/function.rs:250:5
[INFO] [stdout]   23:     0x55d97865fcff - core::ops::function::FnOnce::call_once::hd64d26f405258157
[INFO] [stdout]                                at /rustc/0e09125c6c3c2fd70d7de961bcf0e51575235fad/library/core/src/ops/function.rs:250:5
[INFO] [stdout]   24:     0x55d97865fcff - test::__rust_begin_short_backtrace::he21b0b7a6d731bf9
[INFO] [stdout]                                at /rustc/0e09125c6c3c2fd70d7de961bcf0e51575235fad/library/test/src/lib.rs:627:18
[INFO] [stdout]   25:     0x55d97865ea81 - test::run_test_in_process::{{closure}}::hf5c73986d7bdfde2
[INFO] [stdout]                                at /rustc/0e09125c6c3c2fd70d7de961bcf0e51575235fad/library/test/src/lib.rs:650:60
[INFO] [stdout]   26:     0x55d97865ea81 - <core::panic::unwind_safe::AssertUnwindSafe<F> as core::ops::function::FnOnce<()>>::call_once::h330011ad032aadc0
[INFO] [stdout]                                at /rustc/0e09125c6c3c2fd70d7de961bcf0e51575235fad/library/core/src/panic/unwind_safe.rs:272:9
[INFO] [stdout]   27:     0x55d97865ea81 - std::panicking::try::do_call::he61b0a958b795a41
[INFO] [stdout]                                at /rustc/0e09125c6c3c2fd70d7de961bcf0e51575235fad/library/std/src/panicking.rs:552:40
[INFO] [stdout]   28:     0x55d97865ea81 - std::panicking::try::h7309da130f906eb7
[INFO] [stdout]                                at /rustc/0e09125c6c3c2fd70d7de961bcf0e51575235fad/library/std/src/panicking.rs:516:19
[INFO] [stdout]   29:     0x55d97865ea81 - std::panic::catch_unwind::hc5c3a06fdaf0a92a
[INFO] [stdout]                                at /rustc/0e09125c6c3c2fd70d7de961bcf0e51575235fad/library/std/src/panic.rs:142:14
[INFO] [stdout]   30:     0x55d97865ea81 - test::run_test_in_process::h7e7b7c71c3324e0f
[INFO] [stdout]                                at /rustc/0e09125c6c3c2fd70d7de961bcf0e51575235fad/library/test/src/lib.rs:650:27
[INFO] [stdout]   31:     0x55d97865ea81 - test::run_test::{{closure}}::h1f509f28f5cf20b1
[INFO] [stdout]                                at /rustc/0e09125c6c3c2fd70d7de961bcf0e51575235fad/library/test/src/lib.rs:573:43
[INFO] [stdout]   32:     0x55d978625db6 - test::run_test::{{closure}}::h1754218abf443f6d
[INFO] [stdout]                                at /rustc/0e09125c6c3c2fd70d7de961bcf0e51575235fad/library/test/src/lib.rs:601:41
[INFO] [stdout]   33:     0x55d978625db6 - std::sys_common::backtrace::__rust_begin_short_backtrace::h2ee174b9d5954948
[INFO] [stdout]                                at /rustc/0e09125c6c3c2fd70d7de961bcf0e51575235fad/library/std/src/sys_common/backtrace.rs:155:18
[INFO] [stdout]   34:     0x55d97862ae17 - std::thread::Builder::spawn_unchecked_::{{closure}}::{{closure}}::hf60bee9c1a17ef09
[INFO] [stdout]                                at /rustc/0e09125c6c3c2fd70d7de961bcf0e51575235fad/library/std/src/thread/mod.rs:529:17
[INFO] [stdout]   35:     0x55d97862ae17 - <core::panic::unwind_safe::AssertUnwindSafe<F> as core::ops::function::FnOnce<()>>::call_once::h33d0dddec5216160
[INFO] [stdout]                                at /rustc/0e09125c6c3c2fd70d7de961bcf0e51575235fad/library/core/src/panic/unwind_safe.rs:272:9
[INFO] [stdout]   36:     0x55d97862ae17 - std::panicking::try::do_call::h144b3048b546f835
[INFO] [stdout]                                at /rustc/0e09125c6c3c2fd70d7de961bcf0e51575235fad/library/std/src/panicking.rs:552:40
[INFO] [stdout]   37:     0x55d97862ae17 - std::panicking::try::h978244d04646189f
[INFO] [stdout]                                at /rustc/0e09125c6c3c2fd70d7de961bcf0e51575235fad/library/std/src/panicking.rs:516:19
[INFO] [stdout]   38:     0x55d97862ae17 - std::panic::catch_unwind::hdf436369d188fe86
[INFO] [stdout]                                at /rustc/0e09125c6c3c2fd70d7de961bcf0e51575235fad/library/std/src/panic.rs:142:14
[INFO] [stdout]   39:     0x55d97862ae17 - std::thread::Builder::spawn_unchecked_::{{closure}}::h87329cbdd33c79ec
[INFO] [stdout]                                at /rustc/0e09125c6c3c2fd70d7de961bcf0e51575235fad/library/std/src/thread/mod.rs:528:30
[INFO] [stdout]   40:     0x55d97862ae17 - core::ops::function::FnOnce::call_once{{vtable.shim}}::h401abbe67897d450
[INFO] [stdout]                                at /rustc/0e09125c6c3c2fd70d7de961bcf0e51575235fad/library/core/src/ops/function.rs:250:5
[INFO] [stdout]   41:     0x55d978e2ecd5 - <alloc::boxed::Box<F,A> as core::ops::function::FnOnce<Args>>::call_once::h5d7c8f150ab9c84c
[INFO] [stdout]                                at /rustc/0e09125c6c3c2fd70d7de961bcf0e51575235fad/library/alloc/src/boxed.rs:2015:9
[INFO] [stdout]   42:     0x55d978e2ecd5 - <alloc::boxed::Box<F,A> as core::ops::function::FnOnce<Args>>::call_once::h570d5b005c242c15
[INFO] [stdout]                                at /rustc/0e09125c6c3c2fd70d7de961bcf0e51575235fad/library/alloc/src/boxed.rs:2015:9
[INFO] [stdout]   43:     0x55d978e2ecd5 - std::sys::unix::thread::Thread::new::thread_start::h36b0a20c0b2361ad
[INFO] [stdout]                                at /rustc/0e09125c6c3c2fd70d7de961bcf0e51575235fad/library/std/src/sys/unix/thread.rs:108:17
[INFO] [stdout]   44:     0x7f00ca2bcac3 - <unknown>
[INFO] [stdout]   45:     0x7f00ca34dbf4 - __clone
[INFO] [stdout]   46:                0x0 - <unknown>
[INFO] [stdout] 
[INFO] [stdout] 
[INFO] [stdout] failures:
[INFO] [stdout]     util::btc_wallet::balance_test
[INFO] [stdout]     util::test_sign
[INFO] [stdout]     util::test_verify
[INFO] [stdout] 
[INFO] [stdout] test result: FAILED. 16 passed; 3 failed; 2 ignored; 0 measured; 0 filtered out; finished in 1.44s
[INFO] [stdout] 
[INFO] [stderr] error: test failed, to rerun pass `--lib`
[INFO] running `Command { std: "docker" "inspect" "c027ec686d9bbbc3f537a924f2ca0e38f2714aca2db3f6dd44c381f09cb5d603", kill_on_drop: false }`
[INFO] running `Command { std: "docker" "rm" "-f" "c027ec686d9bbbc3f537a924f2ca0e38f2714aca2db3f6dd44c381f09cb5d603", kill_on_drop: false }`
[INFO] [stdout] c027ec686d9bbbc3f537a924f2ca0e38f2714aca2db3f6dd44c381f09cb5d603
