[INFO] fetching crate re_log_types 0.11.0...
[INFO] testing re_log_types-0.11.0 against 1.75.0 for beta-1.76-1
[INFO] extracting crate re_log_types 0.11.0 into /workspace/builds/worker-3-tc1/source
[INFO] validating manifest of crates.io crate re_log_types 0.11.0 on toolchain 1.75.0
[INFO] running `Command { std: CARGO_HOME="/workspace/cargo-home" RUSTUP_HOME="/workspace/rustup-home" "/workspace/cargo-home/bin/cargo" "+1.75.0" "metadata" "--manifest-path" "Cargo.toml" "--no-deps", kill_on_drop: false }`
[INFO] started tweaking crates.io crate re_log_types 0.11.0
[INFO] finished tweaking crates.io crate re_log_types 0.11.0
[INFO] tweaked toml for crates.io crate re_log_types 0.11.0 written to /workspace/builds/worker-3-tc1/source/Cargo.toml
[INFO] running `Command { std: CARGO_HOME="/workspace/cargo-home" RUSTUP_HOME="/workspace/rustup-home" "/workspace/cargo-home/bin/cargo" "+1.75.0" "generate-lockfile" "--manifest-path" "Cargo.toml", kill_on_drop: false }`
[INFO] [stderr]     Blocking waiting for file lock on package cache
[INFO] [stderr]     Updating crates.io index
[INFO] running `Command { std: CARGO_HOME="/workspace/cargo-home" RUSTUP_HOME="/workspace/rustup-home" "/workspace/cargo-home/bin/cargo" "+1.75.0" "fetch" "--manifest-path" "Cargo.toml", kill_on_drop: false }`
[INFO] [stderr]     Blocking waiting for file lock on package cache
[INFO] [stderr]  Downloading crates ...
[INFO] [stderr]   Downloaded log-once v0.4.1
[INFO] [stderr]   Downloaded re_string_interner v0.11.0
[INFO] [stderr]   Downloaded similar-asserts v1.5.0
[INFO] [stderr]   Downloaded re_tuid v0.11.0
[INFO] [stderr]   Downloaded re_log v0.11.0
[INFO] [stderr]   Downloaded re_error v0.11.0
[INFO] [stderr]   Downloaded re_tracing v0.11.0
[INFO] [stderr]   Downloaded re_format v0.11.0
[INFO] [stderr]   Downloaded re_types_core v0.11.0
[INFO] [stderr]   Downloaded puffin v0.16.0
[INFO] [stderr]   Downloaded fixed v1.24.0
[INFO] [stderr]   Downloaded arrow2 v0.17.4
[INFO] running `Command { std: "docker" "create" "-v" "/var/lib/crater-agent-workspace/builds/worker-3-tc1/target:/opt/rustwide/target:rw,Z" "-v" "/var/lib/crater-agent-workspace/builds/worker-3-tc1/source:/opt/rustwide/workdir:ro,Z" "-v" "/var/lib/crater-agent-workspace/cargo-home:/opt/rustwide/cargo-home:ro,Z" "-v" "/var/lib/crater-agent-workspace/rustup-home:/opt/rustwide/rustup-home:ro,Z" "-e" "SOURCE_DIR=/opt/rustwide/workdir" "-e" "CARGO_TARGET_DIR=/opt/rustwide/target" "-e" "CARGO_HOME=/opt/rustwide/cargo-home" "-e" "RUSTUP_HOME=/opt/rustwide/rustup-home" "-w" "/opt/rustwide/workdir" "-m" "1610612736" "--user" "0:0" "--network" "none" "ghcr.io/rust-lang/crates-build-env/linux@sha256:2788e3201cd34a07e3172128adcd8b3090168a8e3bcc40d7c032b9dda1df7d1c" "/opt/rustwide/cargo-home/bin/cargo" "+1.75.0" "metadata" "--no-deps" "--format-version=1", kill_on_drop: false }`
[INFO] [stdout] 7b7971dbb59992d375aebd53df3f3a112943b84f4e32a86fa42b9f0e1046f1ce
[INFO] running `Command { std: "docker" "start" "-a" "7b7971dbb59992d375aebd53df3f3a112943b84f4e32a86fa42b9f0e1046f1ce", kill_on_drop: false }`
[INFO] running `Command { std: "docker" "inspect" "7b7971dbb59992d375aebd53df3f3a112943b84f4e32a86fa42b9f0e1046f1ce", kill_on_drop: false }`
[INFO] running `Command { std: "docker" "rm" "-f" "7b7971dbb59992d375aebd53df3f3a112943b84f4e32a86fa42b9f0e1046f1ce", kill_on_drop: false }`
[INFO] [stdout] 7b7971dbb59992d375aebd53df3f3a112943b84f4e32a86fa42b9f0e1046f1ce
[INFO] running `Command { std: "docker" "create" "-v" "/var/lib/crater-agent-workspace/builds/worker-3-tc1/target:/opt/rustwide/target:rw,Z" "-v" "/var/lib/crater-agent-workspace/builds/worker-3-tc1/source:/opt/rustwide/workdir:ro,Z" "-v" "/var/lib/crater-agent-workspace/cargo-home:/opt/rustwide/cargo-home:ro,Z" "-v" "/var/lib/crater-agent-workspace/rustup-home:/opt/rustwide/rustup-home:ro,Z" "-e" "SOURCE_DIR=/opt/rustwide/workdir" "-e" "CARGO_TARGET_DIR=/opt/rustwide/target" "-e" "CARGO_INCREMENTAL=0" "-e" "RUST_BACKTRACE=full" "-e" "RUSTFLAGS=--cap-lints=warn" "-e" "RUSTDOCFLAGS=--cap-lints=warn" "-e" "CARGO_HOME=/opt/rustwide/cargo-home" "-e" "RUSTUP_HOME=/opt/rustwide/rustup-home" "-w" "/opt/rustwide/workdir" "-m" "1610612736" "--user" "0:0" "--network" "none" "ghcr.io/rust-lang/crates-build-env/linux@sha256:2788e3201cd34a07e3172128adcd8b3090168a8e3bcc40d7c032b9dda1df7d1c" "/opt/rustwide/cargo-home/bin/cargo" "+1.75.0" "build" "--frozen" "--message-format=json", kill_on_drop: false }`
[INFO] [stdout] 6db2204289d9f522bebbd61cf29d4577ae2f4584018a613c359249ebf67e8b58
[INFO] running `Command { std: "docker" "start" "-a" "6db2204289d9f522bebbd61cf29d4577ae2f4584018a613c359249ebf67e8b58", kill_on_drop: false }`
[INFO] [stderr]    Compiling proc-macro2 v1.0.75
[INFO] [stderr]    Compiling unicode-ident v1.0.12
[INFO] [stderr]    Compiling libc v0.2.151
[INFO] [stderr]    Compiling once_cell v1.19.0
[INFO] [stderr]    Compiling autocfg v1.1.0
[INFO] [stderr]    Compiling serde v1.0.194
[INFO] [stderr]    Compiling semver v1.0.21
[INFO] [stderr]    Compiling syn v1.0.109
[INFO] [stderr]    Compiling rustversion v1.0.14
[INFO] [stderr]    Compiling parking_lot_core v0.9.9
[INFO] [stderr]    Compiling ahash v0.8.7
[INFO] [stderr]    Compiling lock_api v0.4.11
[INFO] [stderr]    Compiling num-traits v0.2.17
[INFO] [stderr]    Compiling anyhow v1.0.79
[INFO] [stderr]    Compiling crossbeam-utils v0.8.18
[INFO] [stderr]    Compiling wasm-bindgen-shared v0.2.89
[INFO] [stderr]    Compiling smallvec v1.11.2
[INFO] [stderr]    Compiling quote v1.0.35
[INFO] [stderr]    Compiling scopeguard v1.2.0
[INFO] [stderr]    Compiling syn v2.0.48
[INFO] [stderr]    Compiling cc v1.0.83
[INFO] [stderr]    Compiling getrandom v0.2.11
[INFO] [stderr]    Compiling rustc_version v0.4.0
[INFO] [stderr]    Compiling zerocopy v0.7.32
[INFO] [stderr]    Compiling heck v0.4.1
[INFO] [stderr]    Compiling array-init-cursor v0.2.0
[INFO] [stderr]    Compiling arrow2 v0.17.4
[INFO] [stderr]    Compiling planus v0.3.1
[INFO] [stderr]    Compiling parking_lot v0.12.1
[INFO] [stderr]    Compiling instant v0.1.12
[INFO] [stderr]    Compiling byteorder v1.5.0
[INFO] [stderr]    Compiling either v1.9.0
[INFO] [stderr]    Compiling backtrace v0.3.69
[INFO] [stderr]    Compiling unicode-width v0.1.11
[INFO] [stderr]    Compiling bumpalo v3.14.0
[INFO] [stderr]    Compiling thiserror v1.0.56
[INFO] [stderr]    Compiling log v0.4.20
[INFO] [stderr]    Compiling strum v0.24.1
[INFO] [stderr]    Compiling rustix v0.38.28
[INFO] [stderr]    Compiling chrono v0.4.31
[INFO] [stderr]    Compiling puffin v0.16.0
[INFO] [stderr]    Compiling litrs v0.4.1
[INFO] [stderr]    Compiling simdutf8 v0.1.4
[INFO] [stderr]    Compiling ethnum v1.5.0
[INFO] [stderr]    Compiling hash_hasher v2.0.3
[INFO] [stderr]    Compiling linux-raw-sys v0.4.12
[INFO] [stderr]    Compiling foreign_vec v0.1.0
[INFO] [stderr]    Compiling nohash-hasher v0.2.0
[INFO] [stderr]    Compiling dyn-clone v1.0.16
[INFO] [stderr]    Compiling bitflags v2.4.1
[INFO] [stderr]    Compiling regex-syntax v0.8.2
[INFO] [stderr]    Compiling document-features v0.2.8
[INFO] [stderr]    Compiling re_string_interner v0.11.0
[INFO] [stderr]    Compiling re_tracing v0.11.0
[INFO] [stderr]    Compiling regex-automata v0.1.10
[INFO] [stderr]    Compiling typenum v1.17.0
[INFO] [stderr]    Compiling re_error v0.11.0
[INFO] [stderr]    Compiling wasm-bindgen v0.2.89
[INFO] [stderr]    Compiling strum_macros v0.24.3
[INFO] [stderr]    Compiling az v1.2.1
[INFO] [stderr]    Compiling wasm-bindgen-backend v0.2.89
[INFO] [stderr]    Compiling bstr v0.2.17
[INFO] [stderr]    Compiling regex-automata v0.4.3
[INFO] [stderr]    Compiling is-terminal v0.4.10
[INFO] [stderr]    Compiling crossbeam-epoch v0.9.17
[INFO] [stderr]    Compiling tracing-core v0.1.32
[INFO] [stderr]    Compiling time-core v0.1.2
[INFO] [stderr]    Compiling powerfmt v0.2.0
[INFO] [stderr]    Compiling wasm-bindgen-macro-support v0.2.89
[INFO] [stderr]    Compiling termcolor v1.4.0
[INFO] [stderr]    Compiling unicode-segmentation v1.10.1
[INFO] [stderr]    Compiling pin-project-lite v0.2.13
[INFO] [stderr]    Compiling comfy-table v6.2.0
[INFO] [stderr]    Compiling fixed v1.24.0
[INFO] [stderr]    Compiling humantime v2.1.0
[INFO] [stderr]    Compiling web-time v0.2.4
[INFO] [stderr]    Compiling similar v2.4.0
[INFO] [stderr]    Compiling deranged v0.3.11
[INFO] [stderr]    Compiling time-macros v0.2.16
[INFO] [stderr]    Compiling regex v1.10.2
[INFO] [stderr]    Compiling crossbeam-deque v0.8.4
[INFO] [stderr]    Compiling serde_derive v1.0.194
[INFO] [stderr]    Compiling bytemuck_derive v1.5.0
[INFO] [stderr]    Compiling thiserror-impl v1.0.56
[INFO] [stderr]    Compiling tracing-attributes v0.1.27
[INFO] [stderr]    Compiling wasm-bindgen-macro v0.2.89
[INFO] [stderr]    Compiling env_logger v0.10.1
[INFO] [stderr]    Compiling bytemuck v1.14.0
[INFO] [stderr]    Compiling log-once v0.4.1
[INFO] [stderr]    Compiling console v0.15.7
[INFO] [stderr]    Compiling crossbeam-channel v0.5.10
[INFO] [stderr]    Compiling crossbeam-queue v0.3.10
[INFO] [stderr]    Compiling half v2.3.1
[INFO] [stderr]    Compiling itoa v1.0.10
[INFO] [stderr]    Compiling tracing v0.1.40
[INFO] [stderr]    Compiling num_threads v0.1.6
[INFO] [stderr]    Compiling time v0.3.31
[INFO] [stderr]    Compiling crossbeam v0.8.3
[INFO] [stderr]    Compiling similar-asserts v1.5.0
[INFO] [stderr]    Compiling re_log v0.11.0
[INFO] [stderr]    Compiling num-derive v0.3.3
[INFO] [stderr]    Compiling itertools v0.11.0
[INFO] [stderr]    Compiling arrow-format v0.8.1
[INFO] [stderr]    Compiling uuid v1.6.1
[INFO] [stderr]    Compiling re_types_core v0.11.0
[INFO] [stderr]    Compiling re_tuid v0.11.0
[INFO] [stderr]    Compiling re_format v0.11.0
[INFO] [stderr]    Compiling re_log_types v0.11.0 (/opt/rustwide/workdir)
[INFO] [stdout] warning: `&` without an explicit lifetime name cannot be used here
[INFO] [stdout]    --> src/data_table_batcher.rs:104:31
[INFO] [stdout]     |
[INFO] [stdout] 104 |     pub const ENV_FLUSH_TICK: &str = "RERUN_FLUSH_TICK_SECS";
[INFO] [stdout]     |                               ^
[INFO] [stdout]     |
[INFO] [stdout]     = warning: this was previously accepted by the compiler but is being phased out; it will become a hard error in a future release!
[INFO] [stdout]     = note: for more information, see issue #115010 <https://github.com/rust-lang/rust/issues/115010>
[INFO] [stdout]     = note: `#[warn(elided_lifetimes_in_associated_constant)]` on by default
[INFO] [stdout] help: use the `'static` lifetime
[INFO] [stdout]     |
[INFO] [stdout] 104 |     pub const ENV_FLUSH_TICK: &'static str = "RERUN_FLUSH_TICK_SECS";
[INFO] [stdout]     |                                +++++++
[INFO] [stdout] 
[INFO] [stdout] 
[INFO] [stdout] warning: `&` without an explicit lifetime name cannot be used here
[INFO] [stdout]    --> src/data_table_batcher.rs:107:36
[INFO] [stdout]     |
[INFO] [stdout] 107 |     pub const ENV_FLUSH_NUM_BYTES: &str = "RERUN_FLUSH_NUM_BYTES";
[INFO] [stdout]     |                                    ^
[INFO] [stdout]     |
[INFO] [stdout]     = warning: this was previously accepted by the compiler but is being phased out; it will become a hard error in a future release!
[INFO] [stdout]     = note: for more information, see issue #115010 <https://github.com/rust-lang/rust/issues/115010>
[INFO] [stdout] help: use the `'static` lifetime
[INFO] [stdout]     |
[INFO] [stdout] 107 |     pub const ENV_FLUSH_NUM_BYTES: &'static str = "RERUN_FLUSH_NUM_BYTES";
[INFO] [stdout]     |                                     +++++++
[INFO] [stdout] 
[INFO] [stdout] 
[INFO] [stdout] warning: `&` without an explicit lifetime name cannot be used here
[INFO] [stdout]    --> src/data_table_batcher.rs:110:35
[INFO] [stdout]     |
[INFO] [stdout] 110 |     pub const ENV_FLUSH_NUM_ROWS: &str = "RERUN_FLUSH_NUM_ROWS";
[INFO] [stdout]     |                                   ^
[INFO] [stdout]     |
[INFO] [stdout]     = warning: this was previously accepted by the compiler but is being phased out; it will become a hard error in a future release!
[INFO] [stdout]     = note: for more information, see issue #115010 <https://github.com/rust-lang/rust/issues/115010>
[INFO] [stdout] help: use the `'static` lifetime
[INFO] [stdout]     |
[INFO] [stdout] 110 |     pub const ENV_FLUSH_NUM_ROWS: &'static str = "RERUN_FLUSH_NUM_ROWS";
[INFO] [stdout]     |                                    +++++++
[INFO] [stdout] 
[INFO] [stdout] 
[INFO] [stdout] warning: 3 warnings emitted
[INFO] [stdout] 
[INFO] [stdout] 
[INFO] [stderr]     Finished dev [unoptimized + debuginfo] target(s) in 32.45s
[INFO] running `Command { std: "docker" "inspect" "6db2204289d9f522bebbd61cf29d4577ae2f4584018a613c359249ebf67e8b58", kill_on_drop: false }`
[INFO] running `Command { std: "docker" "rm" "-f" "6db2204289d9f522bebbd61cf29d4577ae2f4584018a613c359249ebf67e8b58", kill_on_drop: false }`
[INFO] [stdout] 6db2204289d9f522bebbd61cf29d4577ae2f4584018a613c359249ebf67e8b58
[INFO] running `Command { std: "docker" "create" "-v" "/var/lib/crater-agent-workspace/builds/worker-3-tc1/target:/opt/rustwide/target:rw,Z" "-v" "/var/lib/crater-agent-workspace/builds/worker-3-tc1/source:/opt/rustwide/workdir:ro,Z" "-v" "/var/lib/crater-agent-workspace/cargo-home:/opt/rustwide/cargo-home:ro,Z" "-v" "/var/lib/crater-agent-workspace/rustup-home:/opt/rustwide/rustup-home:ro,Z" "-e" "SOURCE_DIR=/opt/rustwide/workdir" "-e" "CARGO_TARGET_DIR=/opt/rustwide/target" "-e" "CARGO_INCREMENTAL=0" "-e" "RUST_BACKTRACE=full" "-e" "RUSTFLAGS=--cap-lints=warn" "-e" "RUSTDOCFLAGS=--cap-lints=warn" "-e" "CARGO_HOME=/opt/rustwide/cargo-home" "-e" "RUSTUP_HOME=/opt/rustwide/rustup-home" "-w" "/opt/rustwide/workdir" "-m" "1610612736" "--user" "0:0" "--network" "none" "ghcr.io/rust-lang/crates-build-env/linux@sha256:2788e3201cd34a07e3172128adcd8b3090168a8e3bcc40d7c032b9dda1df7d1c" "/opt/rustwide/cargo-home/bin/cargo" "+1.75.0" "test" "--frozen" "--no-run" "--message-format=json", kill_on_drop: false }`
[INFO] [stdout] 960d9c04d369ea3b4c85003fa65f21129fc45565cc2119f0dc36f2ee269549a4
[INFO] running `Command { std: "docker" "start" "-a" "960d9c04d369ea3b4c85003fa65f21129fc45565cc2119f0dc36f2ee269549a4", kill_on_drop: false }`
[INFO] [stdout] warning: `&` without an explicit lifetime name cannot be used here
[INFO] [stdout]    --> src/data_table_batcher.rs:104:31
[INFO] [stdout]     |
[INFO] [stdout] 104 |     pub const ENV_FLUSH_TICK: &str = "RERUN_FLUSH_TICK_SECS";
[INFO] [stdout]     |                               ^
[INFO] [stdout]     |
[INFO] [stdout]     = warning: this was previously accepted by the compiler but is being phased out; it will become a hard error in a future release!
[INFO] [stdout]     = note: for more information, see issue #115010 <https://github.com/rust-lang/rust/issues/115010>
[INFO] [stdout]     = note: `#[warn(elided_lifetimes_in_associated_constant)]` on by default
[INFO] [stdout] help: use the `'static` lifetime
[INFO] [stdout]     |
[INFO] [stdout] 104 |     pub const ENV_FLUSH_TICK: &'static str = "RERUN_FLUSH_TICK_SECS";
[INFO] [stdout]     |                                +++++++
[INFO] [stdout] 
[INFO] [stdout] 
[INFO] [stdout] warning: `&` without an explicit lifetime name cannot be used here
[INFO] [stdout]    --> src/data_table_batcher.rs:107:36
[INFO] [stdout]     |
[INFO] [stdout] 107 |     pub const ENV_FLUSH_NUM_BYTES: &str = "RERUN_FLUSH_NUM_BYTES";
[INFO] [stdout]     |                                    ^
[INFO] [stdout]     |
[INFO] [stdout]     = warning: this was previously accepted by the compiler but is being phased out; it will become a hard error in a future release!
[INFO] [stdout]     = note: for more information, see issue #115010 <https://github.com/rust-lang/rust/issues/115010>
[INFO] [stdout] help: use the `'static` lifetime
[INFO] [stdout]     |
[INFO] [stdout] 107 |     pub const ENV_FLUSH_NUM_BYTES: &'static str = "RERUN_FLUSH_NUM_BYTES";
[INFO] [stdout]     |                                     +++++++
[INFO] [stdout] 
[INFO] [stdout] 
[INFO] [stdout] warning: `&` without an explicit lifetime name cannot be used here
[INFO] [stdout]    --> src/data_table_batcher.rs:110:35
[INFO] [stdout]     |
[INFO] [stdout] 110 |     pub const ENV_FLUSH_NUM_ROWS: &str = "RERUN_FLUSH_NUM_ROWS";
[INFO] [stdout]     |                                   ^
[INFO] [stdout]     |
[INFO] [stdout]     = warning: this was previously accepted by the compiler but is being phased out; it will become a hard error in a future release!
[INFO] [stdout]     = note: for more information, see issue #115010 <https://github.com/rust-lang/rust/issues/115010>
[INFO] [stdout] help: use the `'static` lifetime
[INFO] [stdout]     |
[INFO] [stdout] 110 |     pub const ENV_FLUSH_NUM_ROWS: &'static str = "RERUN_FLUSH_NUM_ROWS";
[INFO] [stdout]     |                                    +++++++
[INFO] [stdout] 
[INFO] [stdout] 
[INFO] [stdout] warning: 3 warnings emitted
[INFO] [stdout] 
[INFO] [stdout] 
[INFO] [stderr]    Compiling re_log_types v0.11.0 (/opt/rustwide/workdir)
[INFO] [stdout] warning: `&` without an explicit lifetime name cannot be used here
[INFO] [stdout]    --> src/data_table_batcher.rs:104:31
[INFO] [stdout]     |
[INFO] [stdout] 104 |     pub const ENV_FLUSH_TICK: &str = "RERUN_FLUSH_TICK_SECS";
[INFO] [stdout]     |                               ^
[INFO] [stdout]     |
[INFO] [stdout]     = warning: this was previously accepted by the compiler but is being phased out; it will become a hard error in a future release!
[INFO] [stdout]     = note: for more information, see issue #115010 <https://github.com/rust-lang/rust/issues/115010>
[INFO] [stdout]     = note: `#[warn(elided_lifetimes_in_associated_constant)]` on by default
[INFO] [stdout] help: use the `'static` lifetime
[INFO] [stdout]     |
[INFO] [stdout] 104 |     pub const ENV_FLUSH_TICK: &'static str = "RERUN_FLUSH_TICK_SECS";
[INFO] [stdout]     |                                +++++++
[INFO] [stdout] 
[INFO] [stdout] 
[INFO] [stdout] warning: `&` without an explicit lifetime name cannot be used here
[INFO] [stdout]    --> src/data_table_batcher.rs:107:36
[INFO] [stdout]     |
[INFO] [stdout] 107 |     pub const ENV_FLUSH_NUM_BYTES: &str = "RERUN_FLUSH_NUM_BYTES";
[INFO] [stdout]     |                                    ^
[INFO] [stdout]     |
[INFO] [stdout]     = warning: this was previously accepted by the compiler but is being phased out; it will become a hard error in a future release!
[INFO] [stdout]     = note: for more information, see issue #115010 <https://github.com/rust-lang/rust/issues/115010>
[INFO] [stdout] help: use the `'static` lifetime
[INFO] [stdout]     |
[INFO] [stdout] 107 |     pub const ENV_FLUSH_NUM_BYTES: &'static str = "RERUN_FLUSH_NUM_BYTES";
[INFO] [stdout]     |                                     +++++++
[INFO] [stdout] 
[INFO] [stdout] 
[INFO] [stdout] warning: `&` without an explicit lifetime name cannot be used here
[INFO] [stdout]    --> src/data_table_batcher.rs:110:35
[INFO] [stdout]     |
[INFO] [stdout] 110 |     pub const ENV_FLUSH_NUM_ROWS: &str = "RERUN_FLUSH_NUM_ROWS";
[INFO] [stdout]     |                                   ^
[INFO] [stdout]     |
[INFO] [stdout]     = warning: this was previously accepted by the compiler but is being phased out; it will become a hard error in a future release!
[INFO] [stdout]     = note: for more information, see issue #115010 <https://github.com/rust-lang/rust/issues/115010>
[INFO] [stdout] help: use the `'static` lifetime
[INFO] [stdout]     |
[INFO] [stdout] 110 |     pub const ENV_FLUSH_NUM_ROWS: &'static str = "RERUN_FLUSH_NUM_ROWS";
[INFO] [stdout]     |                                    +++++++
[INFO] [stdout] 
[INFO] [stdout] 
[INFO] [stdout] warning: 3 warnings emitted
[INFO] [stdout] 
[INFO] [stdout] 
[INFO] [stderr]     Finished test [unoptimized + debuginfo] target(s) in 3.13s
[INFO] running `Command { std: "docker" "inspect" "960d9c04d369ea3b4c85003fa65f21129fc45565cc2119f0dc36f2ee269549a4", kill_on_drop: false }`
[INFO] running `Command { std: "docker" "rm" "-f" "960d9c04d369ea3b4c85003fa65f21129fc45565cc2119f0dc36f2ee269549a4", kill_on_drop: false }`
[INFO] [stdout] 960d9c04d369ea3b4c85003fa65f21129fc45565cc2119f0dc36f2ee269549a4
[INFO] running `Command { std: "docker" "create" "-v" "/var/lib/crater-agent-workspace/builds/worker-3-tc1/target:/opt/rustwide/target:rw,Z" "-v" "/var/lib/crater-agent-workspace/builds/worker-3-tc1/source:/opt/rustwide/workdir:ro,Z" "-v" "/var/lib/crater-agent-workspace/cargo-home:/opt/rustwide/cargo-home:ro,Z" "-v" "/var/lib/crater-agent-workspace/rustup-home:/opt/rustwide/rustup-home:ro,Z" "-e" "SOURCE_DIR=/opt/rustwide/workdir" "-e" "CARGO_TARGET_DIR=/opt/rustwide/target" "-e" "CARGO_INCREMENTAL=0" "-e" "RUST_BACKTRACE=full" "-e" "RUSTFLAGS=--cap-lints=warn" "-e" "RUSTDOCFLAGS=--cap-lints=warn" "-e" "CARGO_HOME=/opt/rustwide/cargo-home" "-e" "RUSTUP_HOME=/opt/rustwide/rustup-home" "-w" "/opt/rustwide/workdir" "-m" "1610612736" "--user" "0:0" "--network" "none" "ghcr.io/rust-lang/crates-build-env/linux@sha256:2788e3201cd34a07e3172128adcd8b3090168a8e3bcc40d7c032b9dda1df7d1c" "/opt/rustwide/cargo-home/bin/cargo" "+1.75.0" "test" "--frozen", kill_on_drop: false }`
[INFO] [stdout] 0206269d7d0b9a12aa79ffa66d88d806ba3ae32cec1232ddf8a7463752e46199
[INFO] running `Command { std: "docker" "start" "-a" "0206269d7d0b9a12aa79ffa66d88d806ba3ae32cec1232ddf8a7463752e46199", kill_on_drop: false }`
[INFO] [stderr] warning: `&` without an explicit lifetime name cannot be used here
[INFO] [stderr]    --> src/data_table_batcher.rs:104:31
[INFO] [stderr]     |
[INFO] [stderr] 104 |     pub const ENV_FLUSH_TICK: &str = "RERUN_FLUSH_TICK_SECS";
[INFO] [stderr]     |                               ^
[INFO] [stderr]     |
[INFO] [stderr]     = warning: this was previously accepted by the compiler but is being phased out; it will become a hard error in a future release!
[INFO] [stderr]     = note: for more information, see issue #115010 <https://github.com/rust-lang/rust/issues/115010>
[INFO] [stderr]     = note: `#[warn(elided_lifetimes_in_associated_constant)]` on by default
[INFO] [stderr] help: use the `'static` lifetime
[INFO] [stderr]     |
[INFO] [stderr] 104 |     pub const ENV_FLUSH_TICK: &'static str = "RERUN_FLUSH_TICK_SECS";
[INFO] [stderr]     |                                +++++++
[INFO] [stderr] 
[INFO] [stderr] warning: `&` without an explicit lifetime name cannot be used here
[INFO] [stderr]    --> src/data_table_batcher.rs:107:36
[INFO] [stderr]     |
[INFO] [stderr] 107 |     pub const ENV_FLUSH_NUM_BYTES: &str = "RERUN_FLUSH_NUM_BYTES";
[INFO] [stderr]     |                                    ^
[INFO] [stderr]     |
[INFO] [stderr]     = warning: this was previously accepted by the compiler but is being phased out; it will become a hard error in a future release!
[INFO] [stderr]     = note: for more information, see issue #115010 <https://github.com/rust-lang/rust/issues/115010>
[INFO] [stderr] help: use the `'static` lifetime
[INFO] [stderr]     |
[INFO] [stderr] 107 |     pub const ENV_FLUSH_NUM_BYTES: &'static str = "RERUN_FLUSH_NUM_BYTES";
[INFO] [stderr]     |                                     +++++++
[INFO] [stderr] 
[INFO] [stderr] warning: `&` without an explicit lifetime name cannot be used here
[INFO] [stderr]    --> src/data_table_batcher.rs:110:35
[INFO] [stderr]     |
[INFO] [stderr] 110 |     pub const ENV_FLUSH_NUM_ROWS: &str = "RERUN_FLUSH_NUM_ROWS";
[INFO] [stderr]     |                                   ^
[INFO] [stderr]     |
[INFO] [stderr]     = warning: this was previously accepted by the compiler but is being phased out; it will become a hard error in a future release!
[INFO] [stderr]     = note: for more information, see issue #115010 <https://github.com/rust-lang/rust/issues/115010>
[INFO] [stderr] help: use the `'static` lifetime
[INFO] [stderr]     |
[INFO] [stderr] 110 |     pub const ENV_FLUSH_NUM_ROWS: &'static str = "RERUN_FLUSH_NUM_ROWS";
[INFO] [stderr]     |                                    +++++++
[INFO] [stderr] 
[INFO] [stderr] warning: `re_log_types` (lib) generated 3 warnings (run `cargo fix --lib -p re_log_types` to apply 3 suggestions)
[INFO] [stderr] warning: `re_log_types` (lib test) generated 3 warnings (3 duplicates)
[INFO] [stderr]     Finished test [unoptimized + debuginfo] target(s) in 0.07s
[INFO] [stderr]      Running unittests src/lib.rs (/opt/rustwide/target/debug/deps/re_log_types-b44bf63dc0784d70)
[INFO] [stdout] 
[INFO] [stdout] running 16 tests
[INFO] [stdout] test data_table_batcher::data_table_batcher_config ... ok
[INFO] [stdout] test data_cell::data_cell_sizes ... ok
[INFO] [stdout] test path::entity_path::tests::test_incremental_walk ... ok
[INFO] [stdout] test path::parse_path::test_parse_component_path ... ok
[INFO] [stdout] test path::parse_path::test_parse_data_path ... ok
[INFO] [stdout] test path::parse_path::test_unescape_string ... ok
[INFO] [stdout] test path::parse_path::test_parse_entity_path_strict ... ok
[INFO] [stdout] test path::tests::entity_path_macros_empty ... ok
[INFO] [stdout] test time::tests::test_formatting_whole_millisecond_for_datetime ... ok
[INFO] [stdout] test time::tests::test_formatting_short_times ... ok
[INFO] [stdout] test path::parse_path::test_parse_entity_path_forgiving ... ok
[INFO] [stdout] test time::tests::test_formatting_many_digits_for_datetime ... ok
[INFO] [stdout] test time::tests::test_custom_formatting ... ok
[INFO] [stdout] test time::tests::test_formatting_whole_second_for_datetime ... ok
[INFO] [stdout] test time_real::test_time_value_f ... ok
[INFO] [stdout] test time::tests::test_formatting_today_omit_date ... ok
[INFO] [stdout] 
[INFO] [stdout] test result: ok. 16 passed; 0 failed; 0 ignored; 0 measured; 0 filtered out; finished in 0.00s
[INFO] [stdout] 
[INFO] [stderr]    Doc-tests re_log_types
[INFO] [stdout] 
[INFO] [stdout] running 10 tests
[INFO] [stdout] test src/data_cell.rs - data_cell::DataCell (line 47) ... ignored
[INFO] [stdout] test src/data_cell.rs - data_cell::DataCell (line 55) ... ignored
[INFO] [stdout] test src/data_row.rs - data_row::DataRow (line 234) ... ignored
[INFO] [stdout] test src/data_table.rs - data_table::DataTable (line 235) ... ignored
[INFO] [stdout] test src/data_table.rs - data_table::DataTable (line 275) ... FAILED
[INFO] [stdout] test src/data_row.rs - data_row::DataRow (line 256) ... FAILED
[INFO] [stdout] test src/data_cell.rs - data_cell::DataCell (line 73) ... FAILED
[INFO] [stdout] test src/path/mod.rs - path::entity_path (line 91) ... ok
[INFO] [stdout] test src/path/entity_path.rs - path::entity_path::EntityPath (line 77) ... ok
[INFO] [stdout] test src/path/mod.rs - path::entity_path_vec (line 75) ... ok
[INFO] [stdout] 
[INFO] [stdout] failures:
[INFO] [stdout] 
[INFO] [stdout] ---- src/data_table.rs - data_table::DataTable (line 275) stdout ----
[INFO] [stdout] error[E0432]: unresolved import `re_log_types::example_components`
[INFO] [stdout]  --> src/data_table.rs:278:5
[INFO] [stdout]   |
[INFO] [stdout] 6 |     example_components::{MyColor, MyLabel, MyPoint},
[INFO] [stdout]   |     ^^^^^^^^^^^^^^^^^^ could not find `example_components` in `re_log_types`
[INFO] [stdout] 
[INFO] [stdout] error: aborting due to previous error
[INFO] [stdout] 
[INFO] [stdout] For more information about this error, try `rustc --explain E0432`.
[INFO] [stdout] Couldn't compile the test.
[INFO] [stdout] ---- src/data_row.rs - data_row::DataRow (line 256) stdout ----
[INFO] [stdout] error[E0432]: unresolved import `re_log_types::example_components`
[INFO] [stdout]  --> src/data_row.rs:259:5
[INFO] [stdout]   |
[INFO] [stdout] 6 |     example_components::{MyColor, MyLabel, MyPoint},
[INFO] [stdout]   |     ^^^^^^^^^^^^^^^^^^ could not find `example_components` in `re_log_types`
[INFO] [stdout] 
[INFO] [stdout] error: aborting due to previous error
[INFO] [stdout] 
[INFO] [stdout] For more information about this error, try `rustc --explain E0432`.
[INFO] [stdout] Couldn't compile the test.
[INFO] [stdout] ---- src/data_cell.rs - data_cell::DataCell (line 73) stdout ----
[INFO] [stdout] error[E0432]: unresolved import `re_log_types::example_components`
[INFO] [stdout]  --> src/data_cell.rs:78:19
[INFO] [stdout]   |
[INFO] [stdout] 8 | use re_log_types::example_components::MyPoint;
[INFO] [stdout]   |                   ^^^^^^^^^^^^^^^^^^ could not find `example_components` in `re_log_types`
[INFO] [stdout] 
[INFO] [stdout] error: aborting due to previous error
[INFO] [stdout] 
[INFO] [stdout] For more information about this error, try `rustc --explain E0432`.
[INFO] [stdout] Couldn't compile the test.
[INFO] [stdout] 
[INFO] [stdout] failures:
[INFO] [stdout]     src/data_cell.rs - data_cell::DataCell (line 73)
[INFO] [stdout]     src/data_row.rs - data_row::DataRow (line 256)
[INFO] [stdout]     src/data_table.rs - data_table::DataTable (line 275)
[INFO] [stdout] 
[INFO] [stdout] test result: FAILED. 3 passed; 3 failed; 4 ignored; 0 measured; 0 filtered out; finished in 3.28s
[INFO] [stdout] 
[INFO] [stderr] error: doctest failed, to rerun pass `--doc`
[INFO] running `Command { std: "docker" "inspect" "0206269d7d0b9a12aa79ffa66d88d806ba3ae32cec1232ddf8a7463752e46199", kill_on_drop: false }`
[INFO] running `Command { std: "docker" "rm" "-f" "0206269d7d0b9a12aa79ffa66d88d806ba3ae32cec1232ddf8a7463752e46199", kill_on_drop: false }`
[INFO] [stdout] 0206269d7d0b9a12aa79ffa66d88d806ba3ae32cec1232ddf8a7463752e46199
