[INFO] fetching crate rclip-cmd 0.0.4...
[INFO] testing rclip-cmd-0.0.4 against 1.75.0 for beta-1.76-1
[INFO] extracting crate rclip-cmd 0.0.4 into /workspace/builds/worker-3-tc1/source
[INFO] validating manifest of crates.io crate rclip-cmd 0.0.4 on toolchain 1.75.0
[INFO] running `Command { std: CARGO_HOME="/workspace/cargo-home" RUSTUP_HOME="/workspace/rustup-home" "/workspace/cargo-home/bin/cargo" "+1.75.0" "metadata" "--manifest-path" "Cargo.toml" "--no-deps", kill_on_drop: false }`
[INFO] started tweaking crates.io crate rclip-cmd 0.0.4
[INFO] finished tweaking crates.io crate rclip-cmd 0.0.4
[INFO] tweaked toml for crates.io crate rclip-cmd 0.0.4 written to /workspace/builds/worker-3-tc1/source/Cargo.toml
[INFO] running `Command { std: CARGO_HOME="/workspace/cargo-home" RUSTUP_HOME="/workspace/rustup-home" "/workspace/cargo-home/bin/cargo" "+1.75.0" "generate-lockfile" "--manifest-path" "Cargo.toml", kill_on_drop: false }`
[INFO] running `Command { std: CARGO_HOME="/workspace/cargo-home" RUSTUP_HOME="/workspace/rustup-home" "/workspace/cargo-home/bin/cargo" "+1.75.0" "fetch" "--manifest-path" "Cargo.toml", kill_on_drop: false }`
[INFO] [stderr] warning: only one of `license` or `license-file` is necessary
[INFO] [stderr] `license` should be used if the package license can be expressed with a standard SPDX expression.
[INFO] [stderr] `license-file` should be used if the package uses a non-standard license.
[INFO] [stderr] See https://doc.rust-lang.org/cargo/reference/manifest.html#the-license-and-license-file-fields for more information.
[INFO] running `Command { std: "docker" "create" "-v" "/var/lib/crater-agent-workspace/builds/worker-3-tc1/target:/opt/rustwide/target:rw,Z" "-v" "/var/lib/crater-agent-workspace/builds/worker-3-tc1/source:/opt/rustwide/workdir:ro,Z" "-v" "/var/lib/crater-agent-workspace/cargo-home:/opt/rustwide/cargo-home:ro,Z" "-v" "/var/lib/crater-agent-workspace/rustup-home:/opt/rustwide/rustup-home:ro,Z" "-e" "SOURCE_DIR=/opt/rustwide/workdir" "-e" "CARGO_TARGET_DIR=/opt/rustwide/target" "-e" "CARGO_HOME=/opt/rustwide/cargo-home" "-e" "RUSTUP_HOME=/opt/rustwide/rustup-home" "-w" "/opt/rustwide/workdir" "-m" "1610612736" "--user" "0:0" "--network" "none" "ghcr.io/rust-lang/crates-build-env/linux@sha256:2788e3201cd34a07e3172128adcd8b3090168a8e3bcc40d7c032b9dda1df7d1c" "/opt/rustwide/cargo-home/bin/cargo" "+1.75.0" "metadata" "--no-deps" "--format-version=1", kill_on_drop: false }`
[INFO] [stdout] f218d0b9d4ec3d1abe954106c7431b6f52a4051c7a28b34c6b66dfc7fb7efd34
[INFO] running `Command { std: "docker" "start" "-a" "f218d0b9d4ec3d1abe954106c7431b6f52a4051c7a28b34c6b66dfc7fb7efd34", kill_on_drop: false }`
[INFO] running `Command { std: "docker" "inspect" "f218d0b9d4ec3d1abe954106c7431b6f52a4051c7a28b34c6b66dfc7fb7efd34", kill_on_drop: false }`
[INFO] running `Command { std: "docker" "rm" "-f" "f218d0b9d4ec3d1abe954106c7431b6f52a4051c7a28b34c6b66dfc7fb7efd34", kill_on_drop: false }`
[INFO] [stdout] f218d0b9d4ec3d1abe954106c7431b6f52a4051c7a28b34c6b66dfc7fb7efd34
[INFO] running `Command { std: "docker" "create" "-v" "/var/lib/crater-agent-workspace/builds/worker-3-tc1/target:/opt/rustwide/target:rw,Z" "-v" "/var/lib/crater-agent-workspace/builds/worker-3-tc1/source:/opt/rustwide/workdir:ro,Z" "-v" "/var/lib/crater-agent-workspace/cargo-home:/opt/rustwide/cargo-home:ro,Z" "-v" "/var/lib/crater-agent-workspace/rustup-home:/opt/rustwide/rustup-home:ro,Z" "-e" "SOURCE_DIR=/opt/rustwide/workdir" "-e" "CARGO_TARGET_DIR=/opt/rustwide/target" "-e" "CARGO_INCREMENTAL=0" "-e" "RUST_BACKTRACE=full" "-e" "RUSTFLAGS=--cap-lints=warn" "-e" "RUSTDOCFLAGS=--cap-lints=warn" "-e" "CARGO_HOME=/opt/rustwide/cargo-home" "-e" "RUSTUP_HOME=/opt/rustwide/rustup-home" "-w" "/opt/rustwide/workdir" "-m" "1610612736" "--user" "0:0" "--network" "none" "ghcr.io/rust-lang/crates-build-env/linux@sha256:2788e3201cd34a07e3172128adcd8b3090168a8e3bcc40d7c032b9dda1df7d1c" "/opt/rustwide/cargo-home/bin/cargo" "+1.75.0" "build" "--frozen" "--message-format=json", kill_on_drop: false }`
[INFO] [stdout] d146267ed41a94064a76f513f6db0a004213f04718a32eb0e678deab2055e6fb
[INFO] running `Command { std: "docker" "start" "-a" "d146267ed41a94064a76f513f6db0a004213f04718a32eb0e678deab2055e6fb", kill_on_drop: false }`
[INFO] [stderr] warning: only one of `license` or `license-file` is necessary
[INFO] [stderr] `license` should be used if the package license can be expressed with a standard SPDX expression.
[INFO] [stderr] `license-file` should be used if the package uses a non-standard license.
[INFO] [stderr] See https://doc.rust-lang.org/cargo/reference/manifest.html#the-license-and-license-file-fields for more information.
[INFO] [stderr]    Compiling rclip-cmd v0.0.4 (/opt/rustwide/workdir)
[INFO] [stdout] warning: this attribute can only be applied at the crate level
[INFO] [stdout]   --> src/options_manager.rs:92:8
[INFO] [stdout]    |
[INFO] [stdout] 92 | #![doc(html_root_url = "https://docs.rs/rclip-cmd")]
[INFO] [stdout]    |        ^^^^^^^^^^^^^^^^^^^^^^^^^^^^^^^^^^^^^^^^^^^
[INFO] [stdout]    |
[INFO] [stdout]    = warning: this was previously accepted by the compiler but is being phased out; it will become a hard error in a future release!
[INFO] [stdout]    = note: for more information, see issue #82730 <https://github.com/rust-lang/rust/issues/82730>
[INFO] [stdout]    = note: read <https://doc.rust-lang.org/nightly/rustdoc/the-doc-attribute.html#at-the-crate-level> for more information
[INFO] [stdout]    = note: `#[warn(invalid_doc_attributes)]` on by default
[INFO] [stdout] 
[INFO] [stdout] 
[INFO] [stdout] warning: 1 warning emitted
[INFO] [stdout] 
[INFO] [stdout] 
[INFO] [stderr]     Finished dev [unoptimized + debuginfo] target(s) in 0.14s
[INFO] running `Command { std: "docker" "inspect" "d146267ed41a94064a76f513f6db0a004213f04718a32eb0e678deab2055e6fb", kill_on_drop: false }`
[INFO] running `Command { std: "docker" "rm" "-f" "d146267ed41a94064a76f513f6db0a004213f04718a32eb0e678deab2055e6fb", kill_on_drop: false }`
[INFO] [stdout] d146267ed41a94064a76f513f6db0a004213f04718a32eb0e678deab2055e6fb
[INFO] running `Command { std: "docker" "create" "-v" "/var/lib/crater-agent-workspace/builds/worker-3-tc1/target:/opt/rustwide/target:rw,Z" "-v" "/var/lib/crater-agent-workspace/builds/worker-3-tc1/source:/opt/rustwide/workdir:ro,Z" "-v" "/var/lib/crater-agent-workspace/cargo-home:/opt/rustwide/cargo-home:ro,Z" "-v" "/var/lib/crater-agent-workspace/rustup-home:/opt/rustwide/rustup-home:ro,Z" "-e" "SOURCE_DIR=/opt/rustwide/workdir" "-e" "CARGO_TARGET_DIR=/opt/rustwide/target" "-e" "CARGO_INCREMENTAL=0" "-e" "RUST_BACKTRACE=full" "-e" "RUSTFLAGS=--cap-lints=warn" "-e" "RUSTDOCFLAGS=--cap-lints=warn" "-e" "CARGO_HOME=/opt/rustwide/cargo-home" "-e" "RUSTUP_HOME=/opt/rustwide/rustup-home" "-w" "/opt/rustwide/workdir" "-m" "1610612736" "--user" "0:0" "--network" "none" "ghcr.io/rust-lang/crates-build-env/linux@sha256:2788e3201cd34a07e3172128adcd8b3090168a8e3bcc40d7c032b9dda1df7d1c" "/opt/rustwide/cargo-home/bin/cargo" "+1.75.0" "test" "--frozen" "--no-run" "--message-format=json", kill_on_drop: false }`
[INFO] [stdout] 88202e58fb518247478ca7b7ff71da03ed1bc83825d7f34ef7fa6ba0b70b67fb
[INFO] running `Command { std: "docker" "start" "-a" "88202e58fb518247478ca7b7ff71da03ed1bc83825d7f34ef7fa6ba0b70b67fb", kill_on_drop: false }`
[INFO] [stderr] warning: only one of `license` or `license-file` is necessary
[INFO] [stderr] `license` should be used if the package license can be expressed with a standard SPDX expression.
[INFO] [stderr] `license-file` should be used if the package uses a non-standard license.
[INFO] [stderr] See https://doc.rust-lang.org/cargo/reference/manifest.html#the-license-and-license-file-fields for more information.
[INFO] [stderr]    Compiling rclip-cmd v0.0.4 (/opt/rustwide/workdir)
[INFO] [stdout] warning: this attribute can only be applied at the crate level
[INFO] [stdout]   --> src/options_manager.rs:92:8
[INFO] [stdout]    |
[INFO] [stdout] 92 | #![doc(html_root_url = "https://docs.rs/rclip-cmd")]
[INFO] [stdout]    |        ^^^^^^^^^^^^^^^^^^^^^^^^^^^^^^^^^^^^^^^^^^^
[INFO] [stdout]    |
[INFO] [stdout]    = warning: this was previously accepted by the compiler but is being phased out; it will become a hard error in a future release!
[INFO] [stdout]    = note: for more information, see issue #82730 <https://github.com/rust-lang/rust/issues/82730>
[INFO] [stdout]    = note: read <https://doc.rust-lang.org/nightly/rustdoc/the-doc-attribute.html#at-the-crate-level> for more information
[INFO] [stdout]    = note: `#[warn(invalid_doc_attributes)]` on by default
[INFO] [stdout] 
[INFO] [stdout] 
[INFO] [stdout] warning: 1 warning emitted
[INFO] [stdout] 
[INFO] [stdout] 
[INFO] [stdout] warning: this attribute can only be applied at the crate level
[INFO] [stdout]   --> src/options_manager.rs:92:8
[INFO] [stdout]    |
[INFO] [stdout] 92 | #![doc(html_root_url = "https://docs.rs/rclip-cmd")]
[INFO] [stdout]    |        ^^^^^^^^^^^^^^^^^^^^^^^^^^^^^^^^^^^^^^^^^^^
[INFO] [stdout]    |
[INFO] [stdout]    = warning: this was previously accepted by the compiler but is being phased out; it will become a hard error in a future release!
[INFO] [stdout]    = note: for more information, see issue #82730 <https://github.com/rust-lang/rust/issues/82730>
[INFO] [stdout]    = note: read <https://doc.rust-lang.org/nightly/rustdoc/the-doc-attribute.html#at-the-crate-level> for more information
[INFO] [stdout]    = note: `#[warn(invalid_doc_attributes)]` on by default
[INFO] [stdout] 
[INFO] [stdout] 
[INFO] [stdout] warning: 1 warning emitted
[INFO] [stdout] 
[INFO] [stdout] 
[INFO] [stderr]     Finished test [unoptimized + debuginfo] target(s) in 0.29s
[INFO] running `Command { std: "docker" "inspect" "88202e58fb518247478ca7b7ff71da03ed1bc83825d7f34ef7fa6ba0b70b67fb", kill_on_drop: false }`
[INFO] running `Command { std: "docker" "rm" "-f" "88202e58fb518247478ca7b7ff71da03ed1bc83825d7f34ef7fa6ba0b70b67fb", kill_on_drop: false }`
[INFO] [stdout] 88202e58fb518247478ca7b7ff71da03ed1bc83825d7f34ef7fa6ba0b70b67fb
[INFO] running `Command { std: "docker" "create" "-v" "/var/lib/crater-agent-workspace/builds/worker-3-tc1/target:/opt/rustwide/target:rw,Z" "-v" "/var/lib/crater-agent-workspace/builds/worker-3-tc1/source:/opt/rustwide/workdir:ro,Z" "-v" "/var/lib/crater-agent-workspace/cargo-home:/opt/rustwide/cargo-home:ro,Z" "-v" "/var/lib/crater-agent-workspace/rustup-home:/opt/rustwide/rustup-home:ro,Z" "-e" "SOURCE_DIR=/opt/rustwide/workdir" "-e" "CARGO_TARGET_DIR=/opt/rustwide/target" "-e" "CARGO_INCREMENTAL=0" "-e" "RUST_BACKTRACE=full" "-e" "RUSTFLAGS=--cap-lints=warn" "-e" "RUSTDOCFLAGS=--cap-lints=warn" "-e" "CARGO_HOME=/opt/rustwide/cargo-home" "-e" "RUSTUP_HOME=/opt/rustwide/rustup-home" "-w" "/opt/rustwide/workdir" "-m" "1610612736" "--user" "0:0" "--network" "none" "ghcr.io/rust-lang/crates-build-env/linux@sha256:2788e3201cd34a07e3172128adcd8b3090168a8e3bcc40d7c032b9dda1df7d1c" "/opt/rustwide/cargo-home/bin/cargo" "+1.75.0" "test" "--frozen", kill_on_drop: false }`
[INFO] [stdout] 5e93ae5fdcc00bc37aa4bdb1257fcefb43119daf391489ee6ba3da55f32a6e03
[INFO] running `Command { std: "docker" "start" "-a" "5e93ae5fdcc00bc37aa4bdb1257fcefb43119daf391489ee6ba3da55f32a6e03", kill_on_drop: false }`
[INFO] [stderr] warning: only one of `license` or `license-file` is necessary
[INFO] [stderr] `license` should be used if the package license can be expressed with a standard SPDX expression.
[INFO] [stderr] `license-file` should be used if the package uses a non-standard license.
[INFO] [stderr] See https://doc.rust-lang.org/cargo/reference/manifest.html#the-license-and-license-file-fields for more information.
[INFO] [stderr] warning: this attribute can only be applied at the crate level
[INFO] [stderr]   --> src/options_manager.rs:92:8
[INFO] [stderr]    |
[INFO] [stderr] 92 | #![doc(html_root_url = "https://docs.rs/rclip-cmd")]
[INFO] [stderr]    |        ^^^^^^^^^^^^^^^^^^^^^^^^^^^^^^^^^^^^^^^^^^^
[INFO] [stderr]    |
[INFO] [stderr]    = warning: this was previously accepted by the compiler but is being phased out; it will become a hard error in a future release!
[INFO] [stderr]    = note: for more information, see issue #82730 <https://github.com/rust-lang/rust/issues/82730>
[INFO] [stderr]    = note: read <https://doc.rust-lang.org/nightly/rustdoc/the-doc-attribute.html#at-the-crate-level> for more information
[INFO] [stderr]    = note: `#[warn(invalid_doc_attributes)]` on by default
[INFO] [stderr] 
[INFO] [stderr] warning: `rclip-cmd` (lib) generated 1 warning
[INFO] [stderr] warning: `rclip-cmd` (lib test) generated 1 warning (1 duplicate)
[INFO] [stderr]     Finished test [unoptimized + debuginfo] target(s) in 0.00s
[INFO] [stderr]      Running unittests src/lib.rs (/opt/rustwide/target/debug/deps/rclip_cmd-7fde7a3138d15e54)
[INFO] [stdout] 
[INFO] [stdout] running 1 test
[INFO] [stdout] test tests::it_works ... ok
[INFO] [stdout] 
[INFO] [stdout] test result: ok. 1 passed; 0 failed; 0 ignored; 0 measured; 0 filtered out; finished in 0.00s
[INFO] [stdout] 
[INFO] [stderr]    Doc-tests rclip-cmd
[INFO] [stdout] 
[INFO] [stdout] running 7 tests
[INFO] [stdout] test src/option.rs - option (line 25) ... FAILED
[INFO] [stdout] test src/options_manager.rs - options_manager (line 34) ... FAILED
[INFO] [stdout] test src/option.rs - option (line 7) ... FAILED
[INFO] [stdout] test src/options_manager.rs - options_manager (line 70) ... FAILED
[INFO] [stdout] test src/options_manager.rs - options_manager (line 49) ... FAILED
[INFO] [stdout] test src/option.rs - option (line 34) ... FAILED
[INFO] [stdout] test src/options_manager.rs - options_manager (line 7) ... FAILED
[INFO] [stdout] 
[INFO] [stdout] failures:
[INFO] [stdout] 
[INFO] [stdout] ---- src/option.rs - option (line 25) stdout ----
[INFO] [stdout] error[E0432]: unresolved import `crate::option`
[INFO] [stdout]  --> src/option.rs:26:12
[INFO] [stdout]   |
[INFO] [stdout] 3 | use crate::option::Option;
[INFO] [stdout]   |            ^^^^^^
[INFO] [stdout]   |            |
[INFO] [stdout]   |            unresolved import
[INFO] [stdout]   |            help: a similar path exists: `core::option`
[INFO] [stdout] 
[INFO] [stdout] error: aborting due to previous error
[INFO] [stdout] 
[INFO] [stdout] For more information about this error, try `rustc --explain E0432`.
[INFO] [stdout] Couldn't compile the test.
[INFO] [stdout] ---- src/options_manager.rs - options_manager (line 34) stdout ----
[INFO] [stdout] error[E0432]: unresolved import `rclip`
[INFO] [stdout]  --> src/options_manager.rs:35:5
[INFO] [stdout]   |
[INFO] [stdout] 3 | use rclip::{Option, OptionsManager};
[INFO] [stdout]   |     ^^^^^ use of undeclared crate or module `rclip`
[INFO] [stdout] 
[INFO] [stdout] error: aborting due to previous error
[INFO] [stdout] 
[INFO] [stdout] For more information about this error, try `rustc --explain E0432`.
[INFO] [stdout] Couldn't compile the test.
[INFO] [stdout] ---- src/option.rs - option (line 7) stdout ----
[INFO] [stdout] error[E0432]: unresolved import `crate::option`
[INFO] [stdout]  --> src/option.rs:8:12
[INFO] [stdout]   |
[INFO] [stdout] 3 | use crate::option::Option;
[INFO] [stdout]   |            ^^^^^^
[INFO] [stdout]   |            |
[INFO] [stdout]   |            unresolved import
[INFO] [stdout]   |            help: a similar path exists: `core::option`
[INFO] [stdout] 
[INFO] [stdout] error: aborting due to previous error
[INFO] [stdout] 
[INFO] [stdout] For more information about this error, try `rustc --explain E0432`.
[INFO] [stdout] Couldn't compile the test.
[INFO] [stdout] ---- src/options_manager.rs - options_manager (line 70) stdout ----
[INFO] [stdout] error[E0425]: cannot find value `options_manager` in this scope
[INFO] [stdout]  --> src/options_manager.rs:72:30
[INFO] [stdout]   |
[INFO] [stdout] 4 | if let Ok(present_options) = options_manager.parse_options(args) {
[INFO] [stdout]   |                              ^^^^^^^^^^^^^^^ not found in this scope
[INFO] [stdout] 
[INFO] [stdout] error[E0425]: cannot find value `options_manager` in this scope
[INFO] [stdout]  --> src/options_manager.rs:73:20
[INFO] [stdout]   |
[INFO] [stdout] 5 |     for option in &options_manager.options {
[INFO] [stdout]   |                    ^^^^^^^^^^^^^^^ not found in this scope
[INFO] [stdout] 
[INFO] [stdout] error[E0425]: cannot find value `options_manager` in this scope
[INFO] [stdout]  --> src/options_manager.rs:75:32
[INFO] [stdout]   |
[INFO] [stdout] 7 |         if option.required && !options_manager.is_present(&option.short_name) {
[INFO] [stdout]   |                                ^^^^^^^^^^^^^^^ not found in this scope
[INFO] [stdout] 
[INFO] [stdout] error: aborting due to 3 previous errors
[INFO] [stdout] 
[INFO] [stdout] For more information about this error, try `rustc --explain E0425`.
[INFO] [stdout] Couldn't compile the test.
[INFO] [stdout] ---- src/options_manager.rs - options_manager (line 49) stdout ----
[INFO] [stdout] error[E0425]: cannot find value `options_manager` in this scope
[INFO] [stdout]  --> src/options_manager.rs:51:30
[INFO] [stdout]   |
[INFO] [stdout] 4 | if let Ok(present_options) = options_manager.parse_options(args) {
[INFO] [stdout]   |                              ^^^^^^^^^^^^^^^ not found in this scope
[INFO] [stdout] 
[INFO] [stdout] error[E0425]: cannot find value `options_manager` in this scope
[INFO] [stdout]  --> src/options_manager.rs:53:8
[INFO] [stdout]   |
[INFO] [stdout] 6 |     if options_manager.is_present("h") {
[INFO] [stdout]   |        ^^^^^^^^^^^^^^^ not found in this scope
[INFO] [stdout] 
[INFO] [stdout] error[E0425]: cannot find value `options_manager` in this scope
[INFO] [stdout]  --> src/options_manager.rs:54:9
[INFO] [stdout]   |
[INFO] [stdout] 7 |         options_manager.print_help();
[INFO] [stdout]   |         ^^^^^^^^^^^^^^^ not found in this scope
[INFO] [stdout] 
[INFO] [stdout] error[E0425]: cannot find value `options_manager` in this scope
[INFO] [stdout]  --> src/options_manager.rs:56:24
[INFO] [stdout]   |
[INFO] [stdout] 9 |         for option in &options_manager.options {
[INFO] [stdout]   |                        ^^^^^^^^^^^^^^^ not found in this scope
[INFO] [stdout] 
[INFO] [stdout] error[E0425]: cannot find value `options_manager` in this scope
[INFO] [stdout]   --> src/options_manager.rs:58:16
[INFO] [stdout]    |
[INFO] [stdout] 11 |             if options_manager.is_present(&option.short_name) {
[INFO] [stdout]    |                ^^^^^^^^^^^^^^^ not found in this scope
[INFO] [stdout] 
[INFO] [stdout] error[E0425]: cannot find value `options_manager` in this scope
[INFO] [stdout]   --> src/options_manager.rs:59:32
[INFO] [stdout]    |
[INFO] [stdout] 12 |                 let argument = options_manager.argument(&option.short_name);
[INFO] [stdout]    |                                ^^^^^^^^^^^^^^^ not found in this scope
[INFO] [stdout] 
[INFO] [stdout] error: aborting due to 6 previous errors
[INFO] [stdout] 
[INFO] [stdout] For more information about this error, try `rustc --explain E0425`.
[INFO] [stdout] Couldn't compile the test.
[INFO] [stdout] ---- src/option.rs - option (line 34) stdout ----
[INFO] [stdout] error[E0432]: unresolved import `crate::option`
[INFO] [stdout]  --> src/option.rs:35:12
[INFO] [stdout]   |
[INFO] [stdout] 3 | use crate::option::Option;
[INFO] [stdout]   |            ^^^^^^
[INFO] [stdout]   |            |
[INFO] [stdout]   |            unresolved import
[INFO] [stdout]   |            help: a similar path exists: `core::option`
[INFO] [stdout] 
[INFO] [stdout] error: aborting due to previous error
[INFO] [stdout] 
[INFO] [stdout] For more information about this error, try `rustc --explain E0432`.
[INFO] [stdout] Couldn't compile the test.
[INFO] [stdout] ---- src/options_manager.rs - options_manager (line 7) stdout ----
[INFO] [stdout] error[E0432]: unresolved import `crate::option`
[INFO] [stdout]  --> src/options_manager.rs:9:12
[INFO] [stdout]   |
[INFO] [stdout] 4 | use crate::option::Option;
[INFO] [stdout]   |            ^^^^^^
[INFO] [stdout]   |            |
[INFO] [stdout]   |            unresolved import
[INFO] [stdout]   |            help: a similar path exists: `core::option`
[INFO] [stdout] 
[INFO] [stdout] error[E0433]: failed to resolve: use of undeclared type `OptionsManager`
[INFO] [stdout]  --> src/options_manager.rs:11:27
[INFO] [stdout]   |
[INFO] [stdout] 6 | let mut options_manager = OptionsManager::new("MyApp", Vec::new());
[INFO] [stdout]   |                           ^^^^^^^^^^^^^^ use of undeclared type `OptionsManager`
[INFO] [stdout]   |
[INFO] [stdout] help: consider importing this struct
[INFO] [stdout]   |
[INFO] [stdout] 2 + use rclip_cmd::options_manager::OptionsManager;
[INFO] [stdout]   |
[INFO] [stdout] 
[INFO] [stdout] error: aborting due to 2 previous errors
[INFO] [stdout] 
[INFO] [stdout] Some errors have detailed explanations: E0432, E0433.
[INFO] [stdout] For more information about an error, try `rustc --explain E0432`.
[INFO] [stdout] Couldn't compile the test.
[INFO] [stdout] 
[INFO] [stdout] failures:
[INFO] [stdout]     src/option.rs - option (line 25)
[INFO] [stdout]     src/option.rs - option (line 34)
[INFO] [stdout]     src/option.rs - option (line 7)
[INFO] [stdout]     src/options_manager.rs - options_manager (line 34)
[INFO] [stdout]     src/options_manager.rs - options_manager (line 49)
[INFO] [stdout]     src/options_manager.rs - options_manager (line 7)
[INFO] [stdout]     src/options_manager.rs - options_manager (line 70)
[INFO] [stdout] 
[INFO] [stdout] test result: FAILED. 0 passed; 7 failed; 0 ignored; 0 measured; 0 filtered out; finished in 0.07s
[INFO] [stdout] 
[INFO] [stderr] error: doctest failed, to rerun pass `--doc`
[INFO] running `Command { std: "docker" "inspect" "5e93ae5fdcc00bc37aa4bdb1257fcefb43119daf391489ee6ba3da55f32a6e03", kill_on_drop: false }`
[INFO] running `Command { std: "docker" "rm" "-f" "5e93ae5fdcc00bc37aa4bdb1257fcefb43119daf391489ee6ba3da55f32a6e03", kill_on_drop: false }`
[INFO] [stdout] 5e93ae5fdcc00bc37aa4bdb1257fcefb43119daf391489ee6ba3da55f32a6e03
[INFO] testing rclip-cmd-0.0.4 against beta-2023-12-22 for beta-1.76-1
[INFO] extracting crate rclip-cmd 0.0.4 into /workspace/builds/worker-3-tc2/source
[INFO] validating manifest of crates.io crate rclip-cmd 0.0.4 on toolchain beta-2023-12-22
[INFO] running `Command { std: CARGO_HOME="/workspace/cargo-home" RUSTUP_HOME="/workspace/rustup-home" "/workspace/cargo-home/bin/cargo" "+beta-2023-12-22" "metadata" "--manifest-path" "Cargo.toml" "--no-deps", kill_on_drop: false }`
[INFO] started tweaking crates.io crate rclip-cmd 0.0.4
[INFO] finished tweaking crates.io crate rclip-cmd 0.0.4
[INFO] tweaked toml for crates.io crate rclip-cmd 0.0.4 written to /workspace/builds/worker-3-tc2/source/Cargo.toml
[INFO] running `Command { std: CARGO_HOME="/workspace/cargo-home" RUSTUP_HOME="/workspace/rustup-home" "/workspace/cargo-home/bin/cargo" "+beta-2023-12-22" "generate-lockfile" "--manifest-path" "Cargo.toml", kill_on_drop: false }`
[INFO] running `Command { std: CARGO_HOME="/workspace/cargo-home" RUSTUP_HOME="/workspace/rustup-home" "/workspace/cargo-home/bin/cargo" "+beta-2023-12-22" "fetch" "--manifest-path" "Cargo.toml", kill_on_drop: false }`
[INFO] [stderr] warning: only one of `license` or `license-file` is necessary
[INFO] [stderr] `license` should be used if the package license can be expressed with a standard SPDX expression.
[INFO] [stderr] `license-file` should be used if the package uses a non-standard license.
[INFO] [stderr] See https://doc.rust-lang.org/cargo/reference/manifest.html#the-license-and-license-file-fields for more information.
[INFO] running `Command { std: "docker" "create" "-v" "/var/lib/crater-agent-workspace/builds/worker-3-tc2/target:/opt/rustwide/target:rw,Z" "-v" "/var/lib/crater-agent-workspace/builds/worker-3-tc2/source:/opt/rustwide/workdir:ro,Z" "-v" "/var/lib/crater-agent-workspace/cargo-home:/opt/rustwide/cargo-home:ro,Z" "-v" "/var/lib/crater-agent-workspace/rustup-home:/opt/rustwide/rustup-home:ro,Z" "-e" "SOURCE_DIR=/opt/rustwide/workdir" "-e" "CARGO_TARGET_DIR=/opt/rustwide/target" "-e" "CARGO_HOME=/opt/rustwide/cargo-home" "-e" "RUSTUP_HOME=/opt/rustwide/rustup-home" "-w" "/opt/rustwide/workdir" "-m" "1610612736" "--user" "0:0" "--network" "none" "ghcr.io/rust-lang/crates-build-env/linux@sha256:2788e3201cd34a07e3172128adcd8b3090168a8e3bcc40d7c032b9dda1df7d1c" "/opt/rustwide/cargo-home/bin/cargo" "+beta-2023-12-22" "metadata" "--no-deps" "--format-version=1", kill_on_drop: false }`
[INFO] [stdout] 8e584c70d9d0709b0471475a12af714cd0181314b2c440ba75a6f01e41b689fd
[INFO] running `Command { std: "docker" "start" "-a" "8e584c70d9d0709b0471475a12af714cd0181314b2c440ba75a6f01e41b689fd", kill_on_drop: false }`
[INFO] running `Command { std: "docker" "inspect" "8e584c70d9d0709b0471475a12af714cd0181314b2c440ba75a6f01e41b689fd", kill_on_drop: false }`
[INFO] running `Command { std: "docker" "rm" "-f" "8e584c70d9d0709b0471475a12af714cd0181314b2c440ba75a6f01e41b689fd", kill_on_drop: false }`
[INFO] [stdout] 8e584c70d9d0709b0471475a12af714cd0181314b2c440ba75a6f01e41b689fd
[INFO] running `Command { std: "docker" "create" "-v" "/var/lib/crater-agent-workspace/builds/worker-3-tc2/target:/opt/rustwide/target:rw,Z" "-v" "/var/lib/crater-agent-workspace/builds/worker-3-tc2/source:/opt/rustwide/workdir:ro,Z" "-v" "/var/lib/crater-agent-workspace/cargo-home:/opt/rustwide/cargo-home:ro,Z" "-v" "/var/lib/crater-agent-workspace/rustup-home:/opt/rustwide/rustup-home:ro,Z" "-e" "SOURCE_DIR=/opt/rustwide/workdir" "-e" "CARGO_TARGET_DIR=/opt/rustwide/target" "-e" "CARGO_INCREMENTAL=0" "-e" "RUST_BACKTRACE=full" "-e" "RUSTFLAGS=--cap-lints=warn" "-e" "RUSTDOCFLAGS=--cap-lints=warn" "-e" "CARGO_HOME=/opt/rustwide/cargo-home" "-e" "RUSTUP_HOME=/opt/rustwide/rustup-home" "-w" "/opt/rustwide/workdir" "-m" "1610612736" "--user" "0:0" "--network" "none" "ghcr.io/rust-lang/crates-build-env/linux@sha256:2788e3201cd34a07e3172128adcd8b3090168a8e3bcc40d7c032b9dda1df7d1c" "/opt/rustwide/cargo-home/bin/cargo" "+beta-2023-12-22" "build" "--frozen" "--message-format=json", kill_on_drop: false }`
[INFO] [stdout] 750742f0da231c406d90f5535ce145ddd650441fd74eadfcb0fba126d4ea757a
[INFO] running `Command { std: "docker" "start" "-a" "750742f0da231c406d90f5535ce145ddd650441fd74eadfcb0fba126d4ea757a", kill_on_drop: false }`
[INFO] [stderr] warning: only one of `license` or `license-file` is necessary
[INFO] [stderr] `license` should be used if the package license can be expressed with a standard SPDX expression.
[INFO] [stderr] `license-file` should be used if the package uses a non-standard license.
[INFO] [stderr] See https://doc.rust-lang.org/cargo/reference/manifest.html#the-license-and-license-file-fields for more information.
[INFO] [stderr]    Compiling rclip-cmd v0.0.4 (/opt/rustwide/workdir)
[INFO] [stdout] warning: this attribute can only be applied at the crate level
[INFO] [stdout]   --> src/options_manager.rs:92:8
[INFO] [stdout]    |
[INFO] [stdout] 92 | #![doc(html_root_url = "https://docs.rs/rclip-cmd")]
[INFO] [stdout]    |        ^^^^^^^^^^^^^^^^^^^^^^^^^^^^^^^^^^^^^^^^^^^
[INFO] [stdout]    |
[INFO] [stdout]    = warning: this was previously accepted by the compiler but is being phased out; it will become a hard error in a future release!
[INFO] [stdout]    = note: for more information, see issue #82730 <https://github.com/rust-lang/rust/issues/82730>
[INFO] [stdout]    = note: read <https://doc.rust-lang.org/nightly/rustdoc/the-doc-attribute.html#at-the-crate-level> for more information
[INFO] [stdout]    = note: `#[warn(invalid_doc_attributes)]` on by default
[INFO] [stdout] 
[INFO] [stdout] 
[INFO] [stdout] warning: 1 warning emitted
[INFO] [stdout] 
[INFO] [stdout] 
[INFO] [stderr]     Finished dev [unoptimized + debuginfo] target(s) in 0.13s
[INFO] running `Command { std: "docker" "inspect" "750742f0da231c406d90f5535ce145ddd650441fd74eadfcb0fba126d4ea757a", kill_on_drop: false }`
[INFO] running `Command { std: "docker" "rm" "-f" "750742f0da231c406d90f5535ce145ddd650441fd74eadfcb0fba126d4ea757a", kill_on_drop: false }`
[INFO] [stdout] 750742f0da231c406d90f5535ce145ddd650441fd74eadfcb0fba126d4ea757a
[INFO] running `Command { std: "docker" "create" "-v" "/var/lib/crater-agent-workspace/builds/worker-3-tc2/target:/opt/rustwide/target:rw,Z" "-v" "/var/lib/crater-agent-workspace/builds/worker-3-tc2/source:/opt/rustwide/workdir:ro,Z" "-v" "/var/lib/crater-agent-workspace/cargo-home:/opt/rustwide/cargo-home:ro,Z" "-v" "/var/lib/crater-agent-workspace/rustup-home:/opt/rustwide/rustup-home:ro,Z" "-e" "SOURCE_DIR=/opt/rustwide/workdir" "-e" "CARGO_TARGET_DIR=/opt/rustwide/target" "-e" "CARGO_INCREMENTAL=0" "-e" "RUST_BACKTRACE=full" "-e" "RUSTFLAGS=--cap-lints=warn" "-e" "RUSTDOCFLAGS=--cap-lints=warn" "-e" "CARGO_HOME=/opt/rustwide/cargo-home" "-e" "RUSTUP_HOME=/opt/rustwide/rustup-home" "-w" "/opt/rustwide/workdir" "-m" "1610612736" "--user" "0:0" "--network" "none" "ghcr.io/rust-lang/crates-build-env/linux@sha256:2788e3201cd34a07e3172128adcd8b3090168a8e3bcc40d7c032b9dda1df7d1c" "/opt/rustwide/cargo-home/bin/cargo" "+beta-2023-12-22" "test" "--frozen" "--no-run" "--message-format=json", kill_on_drop: false }`
[INFO] [stdout] fdbf231cacc06e95c486590d748cb89df0cf48598daefed5edf674a35a77f5fe
[INFO] running `Command { std: "docker" "start" "-a" "fdbf231cacc06e95c486590d748cb89df0cf48598daefed5edf674a35a77f5fe", kill_on_drop: false }`
[INFO] [stderr] warning: only one of `license` or `license-file` is necessary
[INFO] [stderr] `license` should be used if the package license can be expressed with a standard SPDX expression.
[INFO] [stderr] `license-file` should be used if the package uses a non-standard license.
[INFO] [stderr] See https://doc.rust-lang.org/cargo/reference/manifest.html#the-license-and-license-file-fields for more information.
[INFO] [stderr]    Compiling rclip-cmd v0.0.4 (/opt/rustwide/workdir)
[INFO] [stdout] warning: this attribute can only be applied at the crate level
[INFO] [stdout]   --> src/options_manager.rs:92:8
[INFO] [stdout]    |
[INFO] [stdout] 92 | #![doc(html_root_url = "https://docs.rs/rclip-cmd")]
[INFO] [stdout]    |        ^^^^^^^^^^^^^^^^^^^^^^^^^^^^^^^^^^^^^^^^^^^
[INFO] [stdout]    |
[INFO] [stdout]    = warning: this was previously accepted by the compiler but is being phased out; it will become a hard error in a future release!
[INFO] [stdout]    = note: for more information, see issue #82730 <https://github.com/rust-lang/rust/issues/82730>
[INFO] [stdout]    = note: read <https://doc.rust-lang.org/nightly/rustdoc/the-doc-attribute.html#at-the-crate-level> for more information
[INFO] [stdout]    = note: `#[warn(invalid_doc_attributes)]` on by default
[INFO] [stdout] 
[INFO] [stdout] 
[INFO] [stdout] warning: 1 warning emitted
[INFO] [stdout] 
[INFO] [stdout] 
[INFO] [stdout] warning: this attribute can only be applied at the crate level
[INFO] [stdout]   --> src/options_manager.rs:92:8
[INFO] [stdout]    |
[INFO] [stdout] 92 | #![doc(html_root_url = "https://docs.rs/rclip-cmd")]
[INFO] [stdout]    |        ^^^^^^^^^^^^^^^^^^^^^^^^^^^^^^^^^^^^^^^^^^^
[INFO] [stdout]    |
[INFO] [stdout]    = warning: this was previously accepted by the compiler but is being phased out; it will become a hard error in a future release!
[INFO] [stdout]    = note: for more information, see issue #82730 <https://github.com/rust-lang/rust/issues/82730>
[INFO] [stdout]    = note: read <https://doc.rust-lang.org/nightly/rustdoc/the-doc-attribute.html#at-the-crate-level> for more information
[INFO] [stdout]    = note: `#[warn(invalid_doc_attributes)]` on by default
[INFO] [stdout] 
[INFO] [stdout] 
[INFO] [stdout] warning: 1 warning emitted
[INFO] [stdout] 
[INFO] [stdout] 
[INFO] [stderr]     Finished test [unoptimized + debuginfo] target(s) in 0.27s
[INFO] running `Command { std: "docker" "inspect" "fdbf231cacc06e95c486590d748cb89df0cf48598daefed5edf674a35a77f5fe", kill_on_drop: false }`
[INFO] running `Command { std: "docker" "rm" "-f" "fdbf231cacc06e95c486590d748cb89df0cf48598daefed5edf674a35a77f5fe", kill_on_drop: false }`
[INFO] [stdout] fdbf231cacc06e95c486590d748cb89df0cf48598daefed5edf674a35a77f5fe
[INFO] running `Command { std: "docker" "create" "-v" "/var/lib/crater-agent-workspace/builds/worker-3-tc2/target:/opt/rustwide/target:rw,Z" "-v" "/var/lib/crater-agent-workspace/builds/worker-3-tc2/source:/opt/rustwide/workdir:ro,Z" "-v" "/var/lib/crater-agent-workspace/cargo-home:/opt/rustwide/cargo-home:ro,Z" "-v" "/var/lib/crater-agent-workspace/rustup-home:/opt/rustwide/rustup-home:ro,Z" "-e" "SOURCE_DIR=/opt/rustwide/workdir" "-e" "CARGO_TARGET_DIR=/opt/rustwide/target" "-e" "CARGO_INCREMENTAL=0" "-e" "RUST_BACKTRACE=full" "-e" "RUSTFLAGS=--cap-lints=warn" "-e" "RUSTDOCFLAGS=--cap-lints=warn" "-e" "CARGO_HOME=/opt/rustwide/cargo-home" "-e" "RUSTUP_HOME=/opt/rustwide/rustup-home" "-w" "/opt/rustwide/workdir" "-m" "1610612736" "--user" "0:0" "--network" "none" "ghcr.io/rust-lang/crates-build-env/linux@sha256:2788e3201cd34a07e3172128adcd8b3090168a8e3bcc40d7c032b9dda1df7d1c" "/opt/rustwide/cargo-home/bin/cargo" "+beta-2023-12-22" "test" "--frozen", kill_on_drop: false }`
[INFO] [stdout] 18a955d4fb2489a6ffc3a7568d423d28e4ebec66c397e42ff63e019a37730c30
[INFO] running `Command { std: "docker" "start" "-a" "18a955d4fb2489a6ffc3a7568d423d28e4ebec66c397e42ff63e019a37730c30", kill_on_drop: false }`
[INFO] [stderr] warning: only one of `license` or `license-file` is necessary
[INFO] [stderr] `license` should be used if the package license can be expressed with a standard SPDX expression.
[INFO] [stderr] `license-file` should be used if the package uses a non-standard license.
[INFO] [stderr] See https://doc.rust-lang.org/cargo/reference/manifest.html#the-license-and-license-file-fields for more information.
[INFO] [stderr] warning: this attribute can only be applied at the crate level
[INFO] [stderr]   --> src/options_manager.rs:92:8
[INFO] [stderr]    |
[INFO] [stderr] 92 | #![doc(html_root_url = "https://docs.rs/rclip-cmd")]
[INFO] [stderr]    |        ^^^^^^^^^^^^^^^^^^^^^^^^^^^^^^^^^^^^^^^^^^^
[INFO] [stderr]    |
[INFO] [stderr]    = warning: this was previously accepted by the compiler but is being phased out; it will become a hard error in a future release!
[INFO] [stderr]    = note: for more information, see issue #82730 <https://github.com/rust-lang/rust/issues/82730>
[INFO] [stderr]    = note: read <https://doc.rust-lang.org/nightly/rustdoc/the-doc-attribute.html#at-the-crate-level> for more information
[INFO] [stderr]    = note: `#[warn(invalid_doc_attributes)]` on by default
[INFO] [stderr] 
[INFO] [stderr] warning: `rclip-cmd` (lib) generated 1 warning
[INFO] [stderr] warning: `rclip-cmd` (lib test) generated 1 warning (1 duplicate)
[INFO] [stderr]     Finished test [unoptimized + debuginfo] target(s) in 0.00s
[INFO] [stderr]      Running unittests src/lib.rs (/opt/rustwide/target/debug/deps/rclip_cmd-5faea277b6472a75)
[INFO] [stdout] 
[INFO] [stdout] running 1 test
[INFO] [stdout] test tests::it_works ... ok
[INFO] [stdout] 
[INFO] [stdout] test result: ok. 1 passed; 0 failed; 0 ignored; 0 measured; 0 filtered out; finished in 0.00s
[INFO] [stdout] 
[INFO] [stderr]    Doc-tests rclip-cmd
[INFO] [stdout] 
[INFO] [stdout] running 7 tests
[INFO] [stdout] test src/options_manager.rs - options_manager (line 34) ... FAILED
[INFO] [stdout] test src/option.rs - option (line 25) ... FAILED
[INFO] [stdout] test src/option.rs - option (line 34) ... FAILED
[INFO] [stdout] test src/option.rs - option (line 7) ... FAILED
[INFO] [stdout] test src/options_manager.rs - options_manager (line 7) ... FAILED
[INFO] [stdout] test src/options_manager.rs - options_manager (line 49) ... FAILED
[INFO] [stdout] test src/options_manager.rs - options_manager (line 70) ... FAILED
[INFO] [stdout] 
[INFO] [stdout] failures:
[INFO] [stdout] 
[INFO] [stdout] ---- src/options_manager.rs - options_manager (line 34) stdout ----
[INFO] [stdout] error[E0432]: unresolved import `rclip`
[INFO] [stdout]  --> src/options_manager.rs:35:5
[INFO] [stdout]   |
[INFO] [stdout] 3 | use rclip::{Option, OptionsManager};
[INFO] [stdout]   |     ^^^^^ use of undeclared crate or module `rclip`
[INFO] [stdout] 
[INFO] [stdout] error: aborting due to 1 previous error
[INFO] [stdout] 
[INFO] [stdout] For more information about this error, try `rustc --explain E0432`.
[INFO] [stdout] Couldn't compile the test.
[INFO] [stdout] ---- src/option.rs - option (line 25) stdout ----
[INFO] [stdout] error[E0432]: unresolved import `crate::option`
[INFO] [stdout]  --> src/option.rs:26:12
[INFO] [stdout]   |
[INFO] [stdout] 3 | use crate::option::Option;
[INFO] [stdout]   |            ^^^^^^
[INFO] [stdout]   |            |
[INFO] [stdout]   |            unresolved import
[INFO] [stdout]   |            help: a similar path exists: `core::option`
[INFO] [stdout] 
[INFO] [stdout] error: aborting due to 1 previous error
[INFO] [stdout] 
[INFO] [stdout] For more information about this error, try `rustc --explain E0432`.
[INFO] [stdout] Couldn't compile the test.
[INFO] [stdout] ---- src/option.rs - option (line 34) stdout ----
[INFO] [stdout] error[E0432]: unresolved import `crate::option`
[INFO] [stdout]  --> src/option.rs:35:12
[INFO] [stdout]   |
[INFO] [stdout] 3 | use crate::option::Option;
[INFO] [stdout]   |            ^^^^^^
[INFO] [stdout]   |            |
[INFO] [stdout]   |            unresolved import
[INFO] [stdout]   |            help: a similar path exists: `core::option`
[INFO] [stdout] 
[INFO] [stdout] error: aborting due to 1 previous error
[INFO] [stdout] 
[INFO] [stdout] For more information about this error, try `rustc --explain E0432`.
[INFO] [stdout] Couldn't compile the test.
[INFO] [stdout] ---- src/option.rs - option (line 7) stdout ----
[INFO] [stdout] error[E0432]: unresolved import `crate::option`
[INFO] [stdout]  --> src/option.rs:8:12
[INFO] [stdout]   |
[INFO] [stdout] 3 | use crate::option::Option;
[INFO] [stdout]   |            ^^^^^^
[INFO] [stdout]   |            |
[INFO] [stdout]   |            unresolved import
[INFO] [stdout]   |            help: a similar path exists: `core::option`
[INFO] [stdout] 
[INFO] [stdout] error: aborting due to 1 previous error
[INFO] [stdout] 
[INFO] [stdout] For more information about this error, try `rustc --explain E0432`.
[INFO] [stdout] Couldn't compile the test.
[INFO] [stdout] ---- src/options_manager.rs - options_manager (line 7) stdout ----
[INFO] [stdout] error[E0432]: unresolved import `crate::option`
[INFO] [stdout]  --> src/options_manager.rs:9:12
[INFO] [stdout]   |
[INFO] [stdout] 4 | use crate::option::Option;
[INFO] [stdout]   |            ^^^^^^
[INFO] [stdout]   |            |
[INFO] [stdout]   |            unresolved import
[INFO] [stdout]   |            help: a similar path exists: `core::option`
[INFO] [stdout] 
[INFO] [stdout] error[E0433]: failed to resolve: use of undeclared type `OptionsManager`
[INFO] [stdout]  --> src/options_manager.rs:11:27
[INFO] [stdout]   |
[INFO] [stdout] 6 | let mut options_manager = OptionsManager::new("MyApp", Vec::new());
[INFO] [stdout]   |                           ^^^^^^^^^^^^^^ use of undeclared type `OptionsManager`
[INFO] [stdout]   |
[INFO] [stdout] help: consider importing this struct
[INFO] [stdout]   |
[INFO] [stdout] 2 + use rclip_cmd::options_manager::OptionsManager;
[INFO] [stdout]   |
[INFO] [stdout] 
[INFO] [stdout] error: aborting due to 2 previous errors
[INFO] [stdout] 
[INFO] [stdout] Some errors have detailed explanations: E0432, E0433.
[INFO] [stdout] For more information about an error, try `rustc --explain E0432`.
[INFO] [stdout] Couldn't compile the test.
[INFO] [stdout] ---- src/options_manager.rs - options_manager (line 49) stdout ----
[INFO] [stdout] error[E0425]: cannot find value `options_manager` in this scope
[INFO] [stdout]  --> src/options_manager.rs:51:30
[INFO] [stdout]   |
[INFO] [stdout] 4 | if let Ok(present_options) = options_manager.parse_options(args) {
[INFO] [stdout]   |                              ^^^^^^^^^^^^^^^ not found in this scope
[INFO] [stdout] 
[INFO] [stdout] error[E0425]: cannot find value `options_manager` in this scope
[INFO] [stdout]  --> src/options_manager.rs:53:8
[INFO] [stdout]   |
[INFO] [stdout] 6 |     if options_manager.is_present("h") {
[INFO] [stdout]   |        ^^^^^^^^^^^^^^^ not found in this scope
[INFO] [stdout] 
[INFO] [stdout] error[E0425]: cannot find value `options_manager` in this scope
[INFO] [stdout]  --> src/options_manager.rs:54:9
[INFO] [stdout]   |
[INFO] [stdout] 7 |         options_manager.print_help();
[INFO] [stdout]   |         ^^^^^^^^^^^^^^^ not found in this scope
[INFO] [stdout] 
[INFO] [stdout] error[E0425]: cannot find value `options_manager` in this scope
[INFO] [stdout]  --> src/options_manager.rs:56:24
[INFO] [stdout]   |
[INFO] [stdout] 9 |         for option in &options_manager.options {
[INFO] [stdout]   |                        ^^^^^^^^^^^^^^^ not found in this scope
[INFO] [stdout] 
[INFO] [stdout] error[E0425]: cannot find value `options_manager` in this scope
[INFO] [stdout]   --> src/options_manager.rs:58:16
[INFO] [stdout]    |
[INFO] [stdout] 11 |             if options_manager.is_present(&option.short_name) {
[INFO] [stdout]    |                ^^^^^^^^^^^^^^^ not found in this scope
[INFO] [stdout] 
[INFO] [stdout] error[E0425]: cannot find value `options_manager` in this scope
[INFO] [stdout]   --> src/options_manager.rs:59:32
[INFO] [stdout]    |
[INFO] [stdout] 12 |                 let argument = options_manager.argument(&option.short_name);
[INFO] [stdout]    |                                ^^^^^^^^^^^^^^^ not found in this scope
[INFO] [stdout] 
[INFO] [stdout] error: aborting due to 6 previous errors
[INFO] [stdout] 
[INFO] [stdout] For more information about this error, try `rustc --explain E0425`.
[INFO] [stdout] Couldn't compile the test.
[INFO] [stdout] ---- src/options_manager.rs - options_manager (line 70) stdout ----
[INFO] [stdout] error[E0425]: cannot find value `options_manager` in this scope
[INFO] [stdout]  --> src/options_manager.rs:72:30
[INFO] [stdout]   |
[INFO] [stdout] 4 | if let Ok(present_options) = options_manager.parse_options(args) {
[INFO] [stdout]   |                              ^^^^^^^^^^^^^^^ not found in this scope
[INFO] [stdout] 
[INFO] [stdout] error[E0425]: cannot find value `options_manager` in this scope
[INFO] [stdout]  --> src/options_manager.rs:73:20
[INFO] [stdout]   |
[INFO] [stdout] 5 |     for option in &options_manager.options {
[INFO] [stdout]   |                    ^^^^^^^^^^^^^^^ not found in this scope
[INFO] [stdout] 
[INFO] [stdout] error[E0425]: cannot find value `options_manager` in this scope
[INFO] [stdout]  --> src/options_manager.rs:75:32
[INFO] [stdout]   |
[INFO] [stdout] 7 |         if option.required && !options_manager.is_present(&option.short_name) {
[INFO] [stdout]   |                                ^^^^^^^^^^^^^^^ not found in this scope
[INFO] [stdout] 
[INFO] [stdout] error: aborting due to 3 previous errors
[INFO] [stdout] 
[INFO] [stdout] For more information about this error, try `rustc --explain E0425`.
[INFO] [stdout] Couldn't compile the test.
[INFO] [stdout] 
[INFO] [stdout] failures:
[INFO] [stdout]     src/option.rs - option (line 25)
[INFO] [stdout]     src/option.rs - option (line 34)
[INFO] [stdout]     src/option.rs - option (line 7)
[INFO] [stdout]     src/options_manager.rs - options_manager (line 34)
[INFO] [stdout]     src/options_manager.rs - options_manager (line 49)
[INFO] [stdout]     src/options_manager.rs - options_manager (line 7)
[INFO] [stdout]     src/options_manager.rs - options_manager (line 70)
[INFO] [stdout] 
[INFO] [stdout] test result: FAILED. 0 passed; 7 failed; 0 ignored; 0 measured; 0 filtered out; finished in 0.04s
[INFO] [stdout] 
[INFO] [stderr] error: doctest failed, to rerun pass `--doc`
[INFO] running `Command { std: "docker" "inspect" "18a955d4fb2489a6ffc3a7568d423d28e4ebec66c397e42ff63e019a37730c30", kill_on_drop: false }`
[INFO] running `Command { std: "docker" "rm" "-f" "18a955d4fb2489a6ffc3a7568d423d28e4ebec66c397e42ff63e019a37730c30", kill_on_drop: false }`
[INFO] [stdout] 18a955d4fb2489a6ffc3a7568d423d28e4ebec66c397e42ff63e019a37730c30
