[INFO] fetching crate ratsat 0.0.1...
[INFO] testing ratsat-0.0.1 against 1.75.0 for beta-1.76-1
[INFO] extracting crate ratsat 0.0.1 into /workspace/builds/worker-1-tc1/source
[INFO] validating manifest of crates.io crate ratsat 0.0.1 on toolchain 1.75.0
[INFO] running `Command { std: CARGO_HOME="/workspace/cargo-home" RUSTUP_HOME="/workspace/rustup-home" "/workspace/cargo-home/bin/cargo" "+1.75.0" "metadata" "--manifest-path" "Cargo.toml" "--no-deps", kill_on_drop: false }`
[INFO] started tweaking crates.io crate ratsat 0.0.1
[INFO] finished tweaking crates.io crate ratsat 0.0.1
[INFO] tweaked toml for crates.io crate ratsat 0.0.1 written to /workspace/builds/worker-1-tc1/source/Cargo.toml
[INFO] running `Command { std: CARGO_HOME="/workspace/cargo-home" RUSTUP_HOME="/workspace/rustup-home" "/workspace/cargo-home/bin/cargo" "+1.75.0" "generate-lockfile" "--manifest-path" "Cargo.toml", kill_on_drop: false }`
[INFO] running `Command { std: CARGO_HOME="/workspace/cargo-home" RUSTUP_HOME="/workspace/rustup-home" "/workspace/cargo-home/bin/cargo" "+1.75.0" "fetch" "--manifest-path" "Cargo.toml", kill_on_drop: false }`
[INFO] running `Command { std: "docker" "create" "-v" "/var/lib/crater-agent-workspace/builds/worker-1-tc1/target:/opt/rustwide/target:rw,Z" "-v" "/var/lib/crater-agent-workspace/builds/worker-1-tc1/source:/opt/rustwide/workdir:ro,Z" "-v" "/var/lib/crater-agent-workspace/cargo-home:/opt/rustwide/cargo-home:ro,Z" "-v" "/var/lib/crater-agent-workspace/rustup-home:/opt/rustwide/rustup-home:ro,Z" "-e" "SOURCE_DIR=/opt/rustwide/workdir" "-e" "CARGO_TARGET_DIR=/opt/rustwide/target" "-e" "CARGO_HOME=/opt/rustwide/cargo-home" "-e" "RUSTUP_HOME=/opt/rustwide/rustup-home" "-w" "/opt/rustwide/workdir" "-m" "1610612736" "--user" "0:0" "--network" "none" "ghcr.io/rust-lang/crates-build-env/linux@sha256:2788e3201cd34a07e3172128adcd8b3090168a8e3bcc40d7c032b9dda1df7d1c" "/opt/rustwide/cargo-home/bin/cargo" "+1.75.0" "metadata" "--no-deps" "--format-version=1", kill_on_drop: false }`
[INFO] [stdout] 0fbfff43dfa88bd6db0a1c31db27283bcb81357cadca69f1f966e8487ac1aec2
[INFO] running `Command { std: "docker" "start" "-a" "0fbfff43dfa88bd6db0a1c31db27283bcb81357cadca69f1f966e8487ac1aec2", kill_on_drop: false }`
[INFO] running `Command { std: "docker" "inspect" "0fbfff43dfa88bd6db0a1c31db27283bcb81357cadca69f1f966e8487ac1aec2", kill_on_drop: false }`
[INFO] running `Command { std: "docker" "rm" "-f" "0fbfff43dfa88bd6db0a1c31db27283bcb81357cadca69f1f966e8487ac1aec2", kill_on_drop: false }`
[INFO] [stdout] 0fbfff43dfa88bd6db0a1c31db27283bcb81357cadca69f1f966e8487ac1aec2
[INFO] running `Command { std: "docker" "create" "-v" "/var/lib/crater-agent-workspace/builds/worker-1-tc1/target:/opt/rustwide/target:rw,Z" "-v" "/var/lib/crater-agent-workspace/builds/worker-1-tc1/source:/opt/rustwide/workdir:ro,Z" "-v" "/var/lib/crater-agent-workspace/cargo-home:/opt/rustwide/cargo-home:ro,Z" "-v" "/var/lib/crater-agent-workspace/rustup-home:/opt/rustwide/rustup-home:ro,Z" "-e" "SOURCE_DIR=/opt/rustwide/workdir" "-e" "CARGO_TARGET_DIR=/opt/rustwide/target" "-e" "CARGO_INCREMENTAL=0" "-e" "RUST_BACKTRACE=full" "-e" "RUSTFLAGS=--cap-lints=warn" "-e" "RUSTDOCFLAGS=--cap-lints=warn" "-e" "CARGO_HOME=/opt/rustwide/cargo-home" "-e" "RUSTUP_HOME=/opt/rustwide/rustup-home" "-w" "/opt/rustwide/workdir" "-m" "1610612736" "--user" "0:0" "--network" "none" "ghcr.io/rust-lang/crates-build-env/linux@sha256:2788e3201cd34a07e3172128adcd8b3090168a8e3bcc40d7c032b9dda1df7d1c" "/opt/rustwide/cargo-home/bin/cargo" "+1.75.0" "build" "--frozen" "--message-format=json", kill_on_drop: false }`
[INFO] [stdout] f34ad508d8fbfa405a1327ab5b54f22a32ee043c442d619aade37de9280a79bd
[INFO] running `Command { std: "docker" "start" "-a" "f34ad508d8fbfa405a1327ab5b54f22a32ee043c442d619aade37de9280a79bd", kill_on_drop: false }`
[INFO] [stderr]    Compiling ratsat v0.0.1 (/opt/rustwide/workdir)
[INFO] [stdout] warning: anonymous parameters are deprecated and will be removed in the next edition
[INFO] [stdout]    --> src/clause.rs:628:23
[INFO] [stdout]     |
[INFO] [stdout] 628 |     fn deleted(&self, &V) -> bool;
[INFO] [stdout]     |                       ^^ help: try naming the parameter or explicitly ignoring it: `_: &V`
[INFO] [stdout]     |
[INFO] [stdout]     = warning: this is accepted in the current edition (Rust 2015) but is a hard error in Rust 2018!
[INFO] [stdout]     = note: for more information, see issue #41686 <https://github.com/rust-lang/rust/issues/41686>
[INFO] [stdout]     = note: `#[warn(anonymous_parameters)]` on by default
[INFO] [stdout] 
[INFO] [stdout] 
[INFO] [stdout] warning: field `add_tmp` is never read
[INFO] [stdout]    --> src/core.rs:141:5
[INFO] [stdout]     |
[INFO] [stdout] 30  | pub struct Solver {
[INFO] [stdout]     |            ------ field in this struct
[INFO] [stdout] ...
[INFO] [stdout] 141 |     add_tmp: Vec<Lit>,
[INFO] [stdout]     |     ^^^^^^^
[INFO] [stdout]     |
[INFO] [stdout]     = note: `Solver` has a derived impl for the trait `Debug`, but this is intentionally ignored during dead code analysis
[INFO] [stdout]     = note: `#[warn(dead_code)]` on by default
[INFO] [stdout] 
[INFO] [stdout] 
[INFO] [stdout] warning: 2 warnings emitted
[INFO] [stdout] 
[INFO] [stdout] 
[INFO] [stderr]     Finished dev [unoptimized + debuginfo] target(s) in 0.40s
[INFO] running `Command { std: "docker" "inspect" "f34ad508d8fbfa405a1327ab5b54f22a32ee043c442d619aade37de9280a79bd", kill_on_drop: false }`
[INFO] running `Command { std: "docker" "rm" "-f" "f34ad508d8fbfa405a1327ab5b54f22a32ee043c442d619aade37de9280a79bd", kill_on_drop: false }`
[INFO] [stdout] f34ad508d8fbfa405a1327ab5b54f22a32ee043c442d619aade37de9280a79bd
[INFO] running `Command { std: "docker" "create" "-v" "/var/lib/crater-agent-workspace/builds/worker-1-tc1/target:/opt/rustwide/target:rw,Z" "-v" "/var/lib/crater-agent-workspace/builds/worker-1-tc1/source:/opt/rustwide/workdir:ro,Z" "-v" "/var/lib/crater-agent-workspace/cargo-home:/opt/rustwide/cargo-home:ro,Z" "-v" "/var/lib/crater-agent-workspace/rustup-home:/opt/rustwide/rustup-home:ro,Z" "-e" "SOURCE_DIR=/opt/rustwide/workdir" "-e" "CARGO_TARGET_DIR=/opt/rustwide/target" "-e" "CARGO_INCREMENTAL=0" "-e" "RUST_BACKTRACE=full" "-e" "RUSTFLAGS=--cap-lints=warn" "-e" "RUSTDOCFLAGS=--cap-lints=warn" "-e" "CARGO_HOME=/opt/rustwide/cargo-home" "-e" "RUSTUP_HOME=/opt/rustwide/rustup-home" "-w" "/opt/rustwide/workdir" "-m" "1610612736" "--user" "0:0" "--network" "none" "ghcr.io/rust-lang/crates-build-env/linux@sha256:2788e3201cd34a07e3172128adcd8b3090168a8e3bcc40d7c032b9dda1df7d1c" "/opt/rustwide/cargo-home/bin/cargo" "+1.75.0" "test" "--frozen" "--no-run" "--message-format=json", kill_on_drop: false }`
[INFO] [stdout] 1f3a32db0293c8ba04f24782e718749808944567aaea8c16618b573b30c13fff
[INFO] running `Command { std: "docker" "start" "-a" "1f3a32db0293c8ba04f24782e718749808944567aaea8c16618b573b30c13fff", kill_on_drop: false }`
[INFO] [stdout] warning: anonymous parameters are deprecated and will be removed in the next edition
[INFO] [stdout]    --> src/clause.rs:628:23
[INFO] [stdout]     |
[INFO] [stdout] 628 |     fn deleted(&self, &V) -> bool;
[INFO] [stdout]     |                       ^^ help: try naming the parameter or explicitly ignoring it: `_: &V`
[INFO] [stdout]     |
[INFO] [stdout]     = warning: this is accepted in the current edition (Rust 2015) but is a hard error in Rust 2018!
[INFO] [stdout]     = note: for more information, see issue #41686 <https://github.com/rust-lang/rust/issues/41686>
[INFO] [stdout]     = note: `#[warn(anonymous_parameters)]` on by default
[INFO] [stdout] 
[INFO] [stdout] 
[INFO] [stderr]    Compiling ratsat v0.0.1 (/opt/rustwide/workdir)
[INFO] [stdout] warning: field `add_tmp` is never read
[INFO] [stdout]    --> src/core.rs:141:5
[INFO] [stdout]     |
[INFO] [stdout] 30  | pub struct Solver {
[INFO] [stdout]     |            ------ field in this struct
[INFO] [stdout] ...
[INFO] [stdout] 141 |     add_tmp: Vec<Lit>,
[INFO] [stdout]     |     ^^^^^^^
[INFO] [stdout]     |
[INFO] [stdout]     = note: `Solver` has a derived impl for the trait `Debug`, but this is intentionally ignored during dead code analysis
[INFO] [stdout]     = note: `#[warn(dead_code)]` on by default
[INFO] [stdout] 
[INFO] [stdout] 
[INFO] [stdout] warning: 2 warnings emitted
[INFO] [stdout] 
[INFO] [stdout] 
[INFO] [stdout] warning: anonymous parameters are deprecated and will be removed in the next edition
[INFO] [stdout]    --> src/clause.rs:628:23
[INFO] [stdout]     |
[INFO] [stdout] 628 |     fn deleted(&self, &V) -> bool;
[INFO] [stdout]     |                       ^^ help: try naming the parameter or explicitly ignoring it: `_: &V`
[INFO] [stdout]     |
[INFO] [stdout]     = warning: this is accepted in the current edition (Rust 2015) but is a hard error in Rust 2018!
[INFO] [stdout]     = note: for more information, see issue #41686 <https://github.com/rust-lang/rust/issues/41686>
[INFO] [stdout]     = note: `#[warn(anonymous_parameters)]` on by default
[INFO] [stdout] 
[INFO] [stdout] 
[INFO] [stdout] warning: field `add_tmp` is never read
[INFO] [stdout]    --> src/core.rs:141:5
[INFO] [stdout]     |
[INFO] [stdout] 30  | pub struct Solver {
[INFO] [stdout]     |            ------ field in this struct
[INFO] [stdout] ...
[INFO] [stdout] 141 |     add_tmp: Vec<Lit>,
[INFO] [stdout]     |     ^^^^^^^
[INFO] [stdout]     |
[INFO] [stdout]     = note: `Solver` has a derived impl for the trait `Debug`, but this is intentionally ignored during dead code analysis
[INFO] [stdout]     = note: `#[warn(dead_code)]` on by default
[INFO] [stdout] 
[INFO] [stdout] 
[INFO] [stdout] warning: 2 warnings emitted
[INFO] [stdout] 
[INFO] [stdout] 
[INFO] [stderr]     Finished test [unoptimized + debuginfo] target(s) in 0.38s
[INFO] running `Command { std: "docker" "inspect" "1f3a32db0293c8ba04f24782e718749808944567aaea8c16618b573b30c13fff", kill_on_drop: false }`
[INFO] running `Command { std: "docker" "rm" "-f" "1f3a32db0293c8ba04f24782e718749808944567aaea8c16618b573b30c13fff", kill_on_drop: false }`
[INFO] [stdout] 1f3a32db0293c8ba04f24782e718749808944567aaea8c16618b573b30c13fff
[INFO] running `Command { std: "docker" "create" "-v" "/var/lib/crater-agent-workspace/builds/worker-1-tc1/target:/opt/rustwide/target:rw,Z" "-v" "/var/lib/crater-agent-workspace/builds/worker-1-tc1/source:/opt/rustwide/workdir:ro,Z" "-v" "/var/lib/crater-agent-workspace/cargo-home:/opt/rustwide/cargo-home:ro,Z" "-v" "/var/lib/crater-agent-workspace/rustup-home:/opt/rustwide/rustup-home:ro,Z" "-e" "SOURCE_DIR=/opt/rustwide/workdir" "-e" "CARGO_TARGET_DIR=/opt/rustwide/target" "-e" "CARGO_INCREMENTAL=0" "-e" "RUST_BACKTRACE=full" "-e" "RUSTFLAGS=--cap-lints=warn" "-e" "RUSTDOCFLAGS=--cap-lints=warn" "-e" "CARGO_HOME=/opt/rustwide/cargo-home" "-e" "RUSTUP_HOME=/opt/rustwide/rustup-home" "-w" "/opt/rustwide/workdir" "-m" "1610612736" "--user" "0:0" "--network" "none" "ghcr.io/rust-lang/crates-build-env/linux@sha256:2788e3201cd34a07e3172128adcd8b3090168a8e3bcc40d7c032b9dda1df7d1c" "/opt/rustwide/cargo-home/bin/cargo" "+1.75.0" "test" "--frozen", kill_on_drop: false }`
[INFO] [stdout] 25ac44a1e1c4eeecff26d0034cfdd2418b2fd78c2b0c62b5690316fd1d6d4278
[INFO] running `Command { std: "docker" "start" "-a" "25ac44a1e1c4eeecff26d0034cfdd2418b2fd78c2b0c62b5690316fd1d6d4278", kill_on_drop: false }`
[INFO] [stderr] warning: anonymous parameters are deprecated and will be removed in the next edition
[INFO] [stderr]    --> src/clause.rs:628:23
[INFO] [stderr]     |
[INFO] [stderr] 628 |     fn deleted(&self, &V) -> bool;
[INFO] [stderr]     |                       ^^ help: try naming the parameter or explicitly ignoring it: `_: &V`
[INFO] [stderr]     |
[INFO] [stderr]     = warning: this is accepted in the current edition (Rust 2015) but is a hard error in Rust 2018!
[INFO] [stderr]     = note: for more information, see issue #41686 <https://github.com/rust-lang/rust/issues/41686>
[INFO] [stderr]     = note: `#[warn(anonymous_parameters)]` on by default
[INFO] [stderr] 
[INFO] [stderr] warning: field `add_tmp` is never read
[INFO] [stderr]    --> src/core.rs:141:5
[INFO] [stderr]     |
[INFO] [stderr] 30  | pub struct Solver {
[INFO] [stderr]     |            ------ field in this struct
[INFO] [stderr] ...
[INFO] [stderr] 141 |     add_tmp: Vec<Lit>,
[INFO] [stderr]     |     ^^^^^^^
[INFO] [stderr]     |
[INFO] [stderr]     = note: `Solver` has a derived impl for the trait `Debug`, but this is intentionally ignored during dead code analysis
[INFO] [stderr]     = note: `#[warn(dead_code)]` on by default
[INFO] [stderr] 
[INFO] [stderr] warning: `ratsat` (lib) generated 2 warnings (run `cargo fix --lib -p ratsat` to apply 1 suggestion)
[INFO] [stderr] warning: `ratsat` (lib test) generated 2 warnings (2 duplicates)
[INFO] [stderr]     Finished test [unoptimized + debuginfo] target(s) in 0.00s
[INFO] [stderr]      Running unittests src/lib.rs (/opt/rustwide/target/debug/deps/ratsat-becd9439ac8678f3)
[INFO] [stdout] 
[INFO] [stdout] running 1 test
[INFO] [stdout] test tests::it_works ... ok
[INFO] [stdout] 
[INFO] [stdout] test result: ok. 1 passed; 0 failed; 0 ignored; 0 measured; 0 filtered out; finished in 0.00s
[INFO] [stdout] 
[INFO] [stderr]    Doc-tests ratsat
[INFO] [stdout] 
[INFO] [stdout] running 1 test
[INFO] [stdout] test src/core.rs - core::luby (line 1592) ... FAILED
[INFO] [stdout] 
[INFO] [stdout] failures:
[INFO] [stdout] 
[INFO] [stdout] ---- src/core.rs - core::luby (line 1592) stdout ----
[INFO] [stdout] error: expected one of `.`, `;`, `?`, `}`, or an operator, found `:`
[INFO] [stdout]  --> src/core.rs:1593:2
[INFO] [stdout]   |
[INFO] [stdout] 3 | 0: 1
[INFO] [stdout]   |  ^ expected one of `.`, `;`, `?`, `}`, or an operator
[INFO] [stdout] 
[INFO] [stdout] error: aborting due to previous error
[INFO] [stdout] 
[INFO] [stdout] Couldn't compile the test.
[INFO] [stdout] 
[INFO] [stdout] failures:
[INFO] [stdout]     src/core.rs - core::luby (line 1592)
[INFO] [stdout] 
[INFO] [stdout] test result: FAILED. 0 passed; 1 failed; 0 ignored; 0 measured; 0 filtered out; finished in 0.02s
[INFO] [stdout] 
[INFO] [stderr] error: doctest failed, to rerun pass `--doc`
[INFO] running `Command { std: "docker" "inspect" "25ac44a1e1c4eeecff26d0034cfdd2418b2fd78c2b0c62b5690316fd1d6d4278", kill_on_drop: false }`
[INFO] running `Command { std: "docker" "rm" "-f" "25ac44a1e1c4eeecff26d0034cfdd2418b2fd78c2b0c62b5690316fd1d6d4278", kill_on_drop: false }`
[INFO] [stdout] 25ac44a1e1c4eeecff26d0034cfdd2418b2fd78c2b0c62b5690316fd1d6d4278
[INFO] testing ratsat-0.0.1 against beta-2023-12-22 for beta-1.76-1
[INFO] extracting crate ratsat 0.0.1 into /workspace/builds/worker-1-tc2/source
[INFO] validating manifest of crates.io crate ratsat 0.0.1 on toolchain beta-2023-12-22
[INFO] running `Command { std: CARGO_HOME="/workspace/cargo-home" RUSTUP_HOME="/workspace/rustup-home" "/workspace/cargo-home/bin/cargo" "+beta-2023-12-22" "metadata" "--manifest-path" "Cargo.toml" "--no-deps", kill_on_drop: false }`
[INFO] started tweaking crates.io crate ratsat 0.0.1
[INFO] finished tweaking crates.io crate ratsat 0.0.1
[INFO] tweaked toml for crates.io crate ratsat 0.0.1 written to /workspace/builds/worker-1-tc2/source/Cargo.toml
[INFO] running `Command { std: CARGO_HOME="/workspace/cargo-home" RUSTUP_HOME="/workspace/rustup-home" "/workspace/cargo-home/bin/cargo" "+beta-2023-12-22" "generate-lockfile" "--manifest-path" "Cargo.toml", kill_on_drop: false }`
[INFO] running `Command { std: CARGO_HOME="/workspace/cargo-home" RUSTUP_HOME="/workspace/rustup-home" "/workspace/cargo-home/bin/cargo" "+beta-2023-12-22" "fetch" "--manifest-path" "Cargo.toml", kill_on_drop: false }`
[INFO] running `Command { std: "docker" "create" "-v" "/var/lib/crater-agent-workspace/builds/worker-1-tc2/target:/opt/rustwide/target:rw,Z" "-v" "/var/lib/crater-agent-workspace/builds/worker-1-tc2/source:/opt/rustwide/workdir:ro,Z" "-v" "/var/lib/crater-agent-workspace/cargo-home:/opt/rustwide/cargo-home:ro,Z" "-v" "/var/lib/crater-agent-workspace/rustup-home:/opt/rustwide/rustup-home:ro,Z" "-e" "SOURCE_DIR=/opt/rustwide/workdir" "-e" "CARGO_TARGET_DIR=/opt/rustwide/target" "-e" "CARGO_HOME=/opt/rustwide/cargo-home" "-e" "RUSTUP_HOME=/opt/rustwide/rustup-home" "-w" "/opt/rustwide/workdir" "-m" "1610612736" "--user" "0:0" "--network" "none" "ghcr.io/rust-lang/crates-build-env/linux@sha256:2788e3201cd34a07e3172128adcd8b3090168a8e3bcc40d7c032b9dda1df7d1c" "/opt/rustwide/cargo-home/bin/cargo" "+beta-2023-12-22" "metadata" "--no-deps" "--format-version=1", kill_on_drop: false }`
[INFO] [stdout] 0e10b598a5b0a711ac9c5f902a8efd7c9d64d57fec851179aee181d9b450aaf3
[INFO] running `Command { std: "docker" "start" "-a" "0e10b598a5b0a711ac9c5f902a8efd7c9d64d57fec851179aee181d9b450aaf3", kill_on_drop: false }`
[INFO] running `Command { std: "docker" "inspect" "0e10b598a5b0a711ac9c5f902a8efd7c9d64d57fec851179aee181d9b450aaf3", kill_on_drop: false }`
[INFO] running `Command { std: "docker" "rm" "-f" "0e10b598a5b0a711ac9c5f902a8efd7c9d64d57fec851179aee181d9b450aaf3", kill_on_drop: false }`
[INFO] [stdout] 0e10b598a5b0a711ac9c5f902a8efd7c9d64d57fec851179aee181d9b450aaf3
[INFO] running `Command { std: "docker" "create" "-v" "/var/lib/crater-agent-workspace/builds/worker-1-tc2/target:/opt/rustwide/target:rw,Z" "-v" "/var/lib/crater-agent-workspace/builds/worker-1-tc2/source:/opt/rustwide/workdir:ro,Z" "-v" "/var/lib/crater-agent-workspace/cargo-home:/opt/rustwide/cargo-home:ro,Z" "-v" "/var/lib/crater-agent-workspace/rustup-home:/opt/rustwide/rustup-home:ro,Z" "-e" "SOURCE_DIR=/opt/rustwide/workdir" "-e" "CARGO_TARGET_DIR=/opt/rustwide/target" "-e" "CARGO_INCREMENTAL=0" "-e" "RUST_BACKTRACE=full" "-e" "RUSTFLAGS=--cap-lints=warn" "-e" "RUSTDOCFLAGS=--cap-lints=warn" "-e" "CARGO_HOME=/opt/rustwide/cargo-home" "-e" "RUSTUP_HOME=/opt/rustwide/rustup-home" "-w" "/opt/rustwide/workdir" "-m" "1610612736" "--user" "0:0" "--network" "none" "ghcr.io/rust-lang/crates-build-env/linux@sha256:2788e3201cd34a07e3172128adcd8b3090168a8e3bcc40d7c032b9dda1df7d1c" "/opt/rustwide/cargo-home/bin/cargo" "+beta-2023-12-22" "build" "--frozen" "--message-format=json", kill_on_drop: false }`
[INFO] [stdout] 1c655cc64f5b0274f50a53e20b831ad1a39ae9ccef1d5ce8af69d38cb3166ba8
[INFO] running `Command { std: "docker" "start" "-a" "1c655cc64f5b0274f50a53e20b831ad1a39ae9ccef1d5ce8af69d38cb3166ba8", kill_on_drop: false }`
[INFO] [stderr]    Compiling ratsat v0.0.1 (/opt/rustwide/workdir)
[INFO] [stdout] warning: anonymous parameters are deprecated and will be removed in the next edition
[INFO] [stdout]    --> src/clause.rs:628:23
[INFO] [stdout]     |
[INFO] [stdout] 628 |     fn deleted(&self, &V) -> bool;
[INFO] [stdout]     |                       ^^ help: try naming the parameter or explicitly ignoring it: `_: &V`
[INFO] [stdout]     |
[INFO] [stdout]     = warning: this is accepted in the current edition (Rust 2015) but is a hard error in Rust 2018!
[INFO] [stdout]     = note: for more information, see issue #41686 <https://github.com/rust-lang/rust/issues/41686>
[INFO] [stdout]     = note: `#[warn(anonymous_parameters)]` on by default
[INFO] [stdout] 
[INFO] [stdout] 
[INFO] [stdout] warning: field `add_tmp` is never read
[INFO] [stdout]    --> src/core.rs:141:5
[INFO] [stdout]     |
[INFO] [stdout] 30  | pub struct Solver {
[INFO] [stdout]     |            ------ field in this struct
[INFO] [stdout] ...
[INFO] [stdout] 141 |     add_tmp: Vec<Lit>,
[INFO] [stdout]     |     ^^^^^^^
[INFO] [stdout]     |
[INFO] [stdout]     = note: `Solver` has a derived impl for the trait `Debug`, but this is intentionally ignored during dead code analysis
[INFO] [stdout]     = note: `#[warn(dead_code)]` on by default
[INFO] [stdout] 
[INFO] [stdout] 
[INFO] [stdout] warning: 2 warnings emitted
[INFO] [stdout] 
[INFO] [stdout] 
[INFO] [stderr]     Finished dev [unoptimized + debuginfo] target(s) in 0.42s
[INFO] running `Command { std: "docker" "inspect" "1c655cc64f5b0274f50a53e20b831ad1a39ae9ccef1d5ce8af69d38cb3166ba8", kill_on_drop: false }`
[INFO] running `Command { std: "docker" "rm" "-f" "1c655cc64f5b0274f50a53e20b831ad1a39ae9ccef1d5ce8af69d38cb3166ba8", kill_on_drop: false }`
[INFO] [stdout] 1c655cc64f5b0274f50a53e20b831ad1a39ae9ccef1d5ce8af69d38cb3166ba8
[INFO] running `Command { std: "docker" "create" "-v" "/var/lib/crater-agent-workspace/builds/worker-1-tc2/target:/opt/rustwide/target:rw,Z" "-v" "/var/lib/crater-agent-workspace/builds/worker-1-tc2/source:/opt/rustwide/workdir:ro,Z" "-v" "/var/lib/crater-agent-workspace/cargo-home:/opt/rustwide/cargo-home:ro,Z" "-v" "/var/lib/crater-agent-workspace/rustup-home:/opt/rustwide/rustup-home:ro,Z" "-e" "SOURCE_DIR=/opt/rustwide/workdir" "-e" "CARGO_TARGET_DIR=/opt/rustwide/target" "-e" "CARGO_INCREMENTAL=0" "-e" "RUST_BACKTRACE=full" "-e" "RUSTFLAGS=--cap-lints=warn" "-e" "RUSTDOCFLAGS=--cap-lints=warn" "-e" "CARGO_HOME=/opt/rustwide/cargo-home" "-e" "RUSTUP_HOME=/opt/rustwide/rustup-home" "-w" "/opt/rustwide/workdir" "-m" "1610612736" "--user" "0:0" "--network" "none" "ghcr.io/rust-lang/crates-build-env/linux@sha256:2788e3201cd34a07e3172128adcd8b3090168a8e3bcc40d7c032b9dda1df7d1c" "/opt/rustwide/cargo-home/bin/cargo" "+beta-2023-12-22" "test" "--frozen" "--no-run" "--message-format=json", kill_on_drop: false }`
[INFO] [stdout] 87e2d22e416c9a31c3e6095b58c7f0c49867a3945b10b7c9f538902b584fe2c5
[INFO] running `Command { std: "docker" "start" "-a" "87e2d22e416c9a31c3e6095b58c7f0c49867a3945b10b7c9f538902b584fe2c5", kill_on_drop: false }`
[INFO] [stdout] warning: anonymous parameters are deprecated and will be removed in the next edition
[INFO] [stdout]    --> src/clause.rs:628:23
[INFO] [stdout]     |
[INFO] [stdout] 628 |     fn deleted(&self, &V) -> bool;
[INFO] [stdout]     |                       ^^ help: try naming the parameter or explicitly ignoring it: `_: &V`
[INFO] [stdout]     |
[INFO] [stdout]     = warning: this is accepted in the current edition (Rust 2015) but is a hard error in Rust 2018!
[INFO] [stdout]     = note: for more information, see issue #41686 <https://github.com/rust-lang/rust/issues/41686>
[INFO] [stdout]     = note: `#[warn(anonymous_parameters)]` on by default
[INFO] [stdout] 
[INFO] [stdout] 
[INFO] [stderr]    Compiling ratsat v0.0.1 (/opt/rustwide/workdir)
[INFO] [stdout] warning: field `add_tmp` is never read
[INFO] [stdout]    --> src/core.rs:141:5
[INFO] [stdout]     |
[INFO] [stdout] 30  | pub struct Solver {
[INFO] [stdout]     |            ------ field in this struct
[INFO] [stdout] ...
[INFO] [stdout] 141 |     add_tmp: Vec<Lit>,
[INFO] [stdout]     |     ^^^^^^^
[INFO] [stdout]     |
[INFO] [stdout]     = note: `Solver` has a derived impl for the trait `Debug`, but this is intentionally ignored during dead code analysis
[INFO] [stdout]     = note: `#[warn(dead_code)]` on by default
[INFO] [stdout] 
[INFO] [stdout] 
[INFO] [stdout] warning: 2 warnings emitted
[INFO] [stdout] 
[INFO] [stdout] 
[INFO] [stdout] warning: anonymous parameters are deprecated and will be removed in the next edition
[INFO] [stdout]    --> src/clause.rs:628:23
[INFO] [stdout]     |
[INFO] [stdout] 628 |     fn deleted(&self, &V) -> bool;
[INFO] [stdout]     |                       ^^ help: try naming the parameter or explicitly ignoring it: `_: &V`
[INFO] [stdout]     |
[INFO] [stdout]     = warning: this is accepted in the current edition (Rust 2015) but is a hard error in Rust 2018!
[INFO] [stdout]     = note: for more information, see issue #41686 <https://github.com/rust-lang/rust/issues/41686>
[INFO] [stdout]     = note: `#[warn(anonymous_parameters)]` on by default
[INFO] [stdout] 
[INFO] [stdout] 
[INFO] [stdout] warning: field `add_tmp` is never read
[INFO] [stdout]    --> src/core.rs:141:5
[INFO] [stdout]     |
[INFO] [stdout] 30  | pub struct Solver {
[INFO] [stdout]     |            ------ field in this struct
[INFO] [stdout] ...
[INFO] [stdout] 141 |     add_tmp: Vec<Lit>,
[INFO] [stdout]     |     ^^^^^^^
[INFO] [stdout]     |
[INFO] [stdout]     = note: `Solver` has a derived impl for the trait `Debug`, but this is intentionally ignored during dead code analysis
[INFO] [stdout]     = note: `#[warn(dead_code)]` on by default
[INFO] [stdout] 
[INFO] [stdout] 
[INFO] [stdout] warning: 2 warnings emitted
[INFO] [stdout] 
[INFO] [stdout] 
[INFO] [stderr]     Finished test [unoptimized + debuginfo] target(s) in 0.37s
[INFO] running `Command { std: "docker" "inspect" "87e2d22e416c9a31c3e6095b58c7f0c49867a3945b10b7c9f538902b584fe2c5", kill_on_drop: false }`
[INFO] running `Command { std: "docker" "rm" "-f" "87e2d22e416c9a31c3e6095b58c7f0c49867a3945b10b7c9f538902b584fe2c5", kill_on_drop: false }`
[INFO] [stdout] 87e2d22e416c9a31c3e6095b58c7f0c49867a3945b10b7c9f538902b584fe2c5
[INFO] running `Command { std: "docker" "create" "-v" "/var/lib/crater-agent-workspace/builds/worker-1-tc2/target:/opt/rustwide/target:rw,Z" "-v" "/var/lib/crater-agent-workspace/builds/worker-1-tc2/source:/opt/rustwide/workdir:ro,Z" "-v" "/var/lib/crater-agent-workspace/cargo-home:/opt/rustwide/cargo-home:ro,Z" "-v" "/var/lib/crater-agent-workspace/rustup-home:/opt/rustwide/rustup-home:ro,Z" "-e" "SOURCE_DIR=/opt/rustwide/workdir" "-e" "CARGO_TARGET_DIR=/opt/rustwide/target" "-e" "CARGO_INCREMENTAL=0" "-e" "RUST_BACKTRACE=full" "-e" "RUSTFLAGS=--cap-lints=warn" "-e" "RUSTDOCFLAGS=--cap-lints=warn" "-e" "CARGO_HOME=/opt/rustwide/cargo-home" "-e" "RUSTUP_HOME=/opt/rustwide/rustup-home" "-w" "/opt/rustwide/workdir" "-m" "1610612736" "--user" "0:0" "--network" "none" "ghcr.io/rust-lang/crates-build-env/linux@sha256:2788e3201cd34a07e3172128adcd8b3090168a8e3bcc40d7c032b9dda1df7d1c" "/opt/rustwide/cargo-home/bin/cargo" "+beta-2023-12-22" "test" "--frozen", kill_on_drop: false }`
[INFO] [stdout] 5e2a3aaa5b70f9b50bdf4ecfefcbc3e4edab5a42a83e7823c21b7fce3a7ce7d5
[INFO] running `Command { std: "docker" "start" "-a" "5e2a3aaa5b70f9b50bdf4ecfefcbc3e4edab5a42a83e7823c21b7fce3a7ce7d5", kill_on_drop: false }`
[INFO] [stderr] warning: anonymous parameters are deprecated and will be removed in the next edition
[INFO] [stderr]    --> src/clause.rs:628:23
[INFO] [stderr]     |
[INFO] [stderr] 628 |     fn deleted(&self, &V) -> bool;
[INFO] [stderr]     |                       ^^ help: try naming the parameter or explicitly ignoring it: `_: &V`
[INFO] [stderr]     |
[INFO] [stderr]     = warning: this is accepted in the current edition (Rust 2015) but is a hard error in Rust 2018!
[INFO] [stderr]     = note: for more information, see issue #41686 <https://github.com/rust-lang/rust/issues/41686>
[INFO] [stderr]     = note: `#[warn(anonymous_parameters)]` on by default
[INFO] [stderr] 
[INFO] [stderr] warning: field `add_tmp` is never read
[INFO] [stderr]    --> src/core.rs:141:5
[INFO] [stderr]     |
[INFO] [stderr] 30  | pub struct Solver {
[INFO] [stderr]     |            ------ field in this struct
[INFO] [stderr] ...
[INFO] [stderr] 141 |     add_tmp: Vec<Lit>,
[INFO] [stderr]     |     ^^^^^^^
[INFO] [stderr]     |
[INFO] [stderr]     = note: `Solver` has a derived impl for the trait `Debug`, but this is intentionally ignored during dead code analysis
[INFO] [stderr]     = note: `#[warn(dead_code)]` on by default
[INFO] [stderr] 
[INFO] [stderr] warning: `ratsat` (lib) generated 2 warnings (run `cargo fix --lib -p ratsat` to apply 1 suggestion)
[INFO] [stderr] warning: `ratsat` (lib test) generated 2 warnings (2 duplicates)
[INFO] [stderr]     Finished test [unoptimized + debuginfo] target(s) in 0.00s
[INFO] [stderr]      Running unittests src/lib.rs (/opt/rustwide/target/debug/deps/ratsat-18e2737d558563cc)
[INFO] [stdout] 
[INFO] [stdout] running 1 test
[INFO] [stdout] test tests::it_works ... ok
[INFO] [stdout] 
[INFO] [stdout] test result: ok. 1 passed; 0 failed; 0 ignored; 0 measured; 0 filtered out; finished in 0.00s
[INFO] [stdout] 
[INFO] [stderr]    Doc-tests ratsat
[INFO] [stdout] 
[INFO] [stdout] running 1 test
[INFO] [stdout] test src/core.rs - core::luby (line 1592) ... FAILED
[INFO] [stdout] 
[INFO] [stdout] failures:
[INFO] [stdout] 
[INFO] [stdout] ---- src/core.rs - core::luby (line 1592) stdout ----
[INFO] [stdout] error: expected one of `.`, `;`, `?`, `}`, or an operator, found `:`
[INFO] [stdout]  --> src/core.rs:1593:2
[INFO] [stdout]   |
[INFO] [stdout] 3 | 0: 1
[INFO] [stdout]   |  ^ expected one of `.`, `;`, `?`, `}`, or an operator
[INFO] [stdout] 
[INFO] [stdout] error: aborting due to 1 previous error
[INFO] [stdout] 
[INFO] [stdout] Couldn't compile the test.
[INFO] [stdout] 
[INFO] [stdout] failures:
[INFO] [stdout]     src/core.rs - core::luby (line 1592)
[INFO] [stdout] 
[INFO] [stdout] test result: FAILED. 0 passed; 1 failed; 0 ignored; 0 measured; 0 filtered out; finished in 0.02s
[INFO] [stdout] 
[INFO] [stderr] error: doctest failed, to rerun pass `--doc`
[INFO] running `Command { std: "docker" "inspect" "5e2a3aaa5b70f9b50bdf4ecfefcbc3e4edab5a42a83e7823c21b7fce3a7ce7d5", kill_on_drop: false }`
[INFO] running `Command { std: "docker" "rm" "-f" "5e2a3aaa5b70f9b50bdf4ecfefcbc3e4edab5a42a83e7823c21b7fce3a7ce7d5", kill_on_drop: false }`
[INFO] [stdout] 5e2a3aaa5b70f9b50bdf4ecfefcbc3e4edab5a42a83e7823c21b7fce3a7ce7d5
