[INFO] fetching crate rathole 0.5.0...
[INFO] testing rathole-0.5.0 against 1.75.0 for beta-1.76-1
[INFO] extracting crate rathole 0.5.0 into /workspace/builds/worker-7-tc1/source
[INFO] validating manifest of crates.io crate rathole 0.5.0 on toolchain 1.75.0
[INFO] running `Command { std: CARGO_HOME="/workspace/cargo-home" RUSTUP_HOME="/workspace/rustup-home" "/workspace/cargo-home/bin/cargo" "+1.75.0" "metadata" "--manifest-path" "Cargo.toml" "--no-deps", kill_on_drop: false }`
[INFO] started tweaking crates.io crate rathole 0.5.0
[INFO] finished tweaking crates.io crate rathole 0.5.0
[INFO] tweaked toml for crates.io crate rathole 0.5.0 written to /workspace/builds/worker-7-tc1/source/Cargo.toml
[INFO] crate crates.io crate rathole 0.5.0 already has a lockfile, it will not be regenerated
[INFO] running `Command { std: CARGO_HOME="/workspace/cargo-home" RUSTUP_HOME="/workspace/rustup-home" "/workspace/cargo-home/bin/cargo" "+1.75.0" "fetch" "--manifest-path" "Cargo.toml", kill_on_drop: false }`
[INFO] [stderr]     Updating crates.io index
[INFO] [stderr]  Downloading crates ...
[INFO] [stderr]   Downloaded async-socks5 v0.5.1
[INFO] [stderr]   Downloaded vergen v7.5.1
[INFO] [stderr]   Downloaded sharded-slab v0.1.6
[INFO] [stderr]   Downloaded ctr v0.7.0
[INFO] [stderr]   Downloaded async-http-proxy v1.2.5
[INFO] [stderr]   Downloaded console-api v0.5.0
[INFO] [stderr]   Downloaded console-subscriber v0.1.10
[INFO] [stderr]   Downloaded aes-gcm v0.9.2
[INFO] [stderr]   Downloaded snow v0.9.3
[INFO] [stderr]   Downloaded snowstorm v0.4.0
[INFO] running `Command { std: "docker" "create" "-v" "/var/lib/crater-agent-workspace/builds/worker-7-tc1/target:/opt/rustwide/target:rw,Z" "-v" "/var/lib/crater-agent-workspace/builds/worker-7-tc1/source:/opt/rustwide/workdir:ro,Z" "-v" "/var/lib/crater-agent-workspace/cargo-home:/opt/rustwide/cargo-home:ro,Z" "-v" "/var/lib/crater-agent-workspace/rustup-home:/opt/rustwide/rustup-home:ro,Z" "-e" "SOURCE_DIR=/opt/rustwide/workdir" "-e" "CARGO_TARGET_DIR=/opt/rustwide/target" "-e" "CARGO_HOME=/opt/rustwide/cargo-home" "-e" "RUSTUP_HOME=/opt/rustwide/rustup-home" "-w" "/opt/rustwide/workdir" "-m" "1610612736" "--user" "0:0" "--network" "none" "ghcr.io/rust-lang/crates-build-env/linux@sha256:2788e3201cd34a07e3172128adcd8b3090168a8e3bcc40d7c032b9dda1df7d1c" "/opt/rustwide/cargo-home/bin/cargo" "+1.75.0" "metadata" "--no-deps" "--format-version=1", kill_on_drop: false }`
[INFO] [stdout] 182987b5a9b96bb7df84ce846d8bda6afb1b398a4222c820ba39b7247e63aacd
[INFO] running `Command { std: "docker" "start" "-a" "182987b5a9b96bb7df84ce846d8bda6afb1b398a4222c820ba39b7247e63aacd", kill_on_drop: false }`
[INFO] running `Command { std: "docker" "inspect" "182987b5a9b96bb7df84ce846d8bda6afb1b398a4222c820ba39b7247e63aacd", kill_on_drop: false }`
[INFO] running `Command { std: "docker" "rm" "-f" "182987b5a9b96bb7df84ce846d8bda6afb1b398a4222c820ba39b7247e63aacd", kill_on_drop: false }`
[INFO] [stdout] 182987b5a9b96bb7df84ce846d8bda6afb1b398a4222c820ba39b7247e63aacd
[INFO] running `Command { std: "docker" "create" "-v" "/var/lib/crater-agent-workspace/builds/worker-7-tc1/target:/opt/rustwide/target:rw,Z" "-v" "/var/lib/crater-agent-workspace/builds/worker-7-tc1/source:/opt/rustwide/workdir:ro,Z" "-v" "/var/lib/crater-agent-workspace/cargo-home:/opt/rustwide/cargo-home:ro,Z" "-v" "/var/lib/crater-agent-workspace/rustup-home:/opt/rustwide/rustup-home:ro,Z" "-e" "SOURCE_DIR=/opt/rustwide/workdir" "-e" "CARGO_TARGET_DIR=/opt/rustwide/target" "-e" "CARGO_INCREMENTAL=0" "-e" "RUST_BACKTRACE=full" "-e" "RUSTFLAGS=--cap-lints=warn" "-e" "RUSTDOCFLAGS=--cap-lints=warn" "-e" "CARGO_HOME=/opt/rustwide/cargo-home" "-e" "RUSTUP_HOME=/opt/rustwide/rustup-home" "-w" "/opt/rustwide/workdir" "-m" "1610612736" "--user" "0:0" "--network" "none" "ghcr.io/rust-lang/crates-build-env/linux@sha256:2788e3201cd34a07e3172128adcd8b3090168a8e3bcc40d7c032b9dda1df7d1c" "/opt/rustwide/cargo-home/bin/cargo" "+1.75.0" "build" "--frozen" "--message-format=json", kill_on_drop: false }`
[INFO] [stdout] e5d6a0a36f7cbfafa3ebeff3d37d3f05939a49772cb6a296dd3c64fa3b2484af
[INFO] running `Command { std: "docker" "start" "-a" "e5d6a0a36f7cbfafa3ebeff3d37d3f05939a49772cb6a296dd3c64fa3b2484af", kill_on_drop: false }`
[INFO] [stderr]    Compiling libc v0.2.148
[INFO] [stderr]    Compiling proc-macro2 v1.0.67
[INFO] [stderr]    Compiling cfg-if v1.0.0
[INFO] [stderr]    Compiling pkg-config v0.3.27
[INFO] [stderr]    Compiling generic-array v0.14.7
[INFO] [stderr]    Compiling serde v1.0.188
[INFO] [stderr]    Compiling typenum v1.17.0
[INFO] [stderr]    Compiling subtle v2.5.0
[INFO] [stderr]    Compiling log v0.4.20
[INFO] [stderr]    Compiling cpufeatures v0.2.9
[INFO] [stderr]    Compiling lock_api v0.4.10
[INFO] [stderr]    Compiling parking_lot_core v0.9.8
[INFO] [stderr]    Compiling pin-project-lite v0.2.13
[INFO] [stderr]    Compiling thiserror v1.0.49
[INFO] [stderr]    Compiling smallvec v1.11.1
[INFO] [stderr]    Compiling semver v1.0.19
[INFO] [stderr]    Compiling scopeguard v1.2.0
[INFO] [stderr]    Compiling proc-macro-error-attr v1.0.4
[INFO] [stderr]    Compiling syn v1.0.109
[INFO] [stderr]    Compiling once_cell v1.18.0
[INFO] [stderr]    Compiling proc-macro-error v1.0.4
[INFO] [stderr]    Compiling quote v1.0.33
[INFO] [stderr]    Compiling opaque-debug v0.3.0
[INFO] [stderr]    Compiling tinyvec_macros v0.1.1
[INFO] [stderr]    Compiling mio v0.8.8
[INFO] [stderr]    Compiling jobserver v0.1.26
[INFO] [stderr]    Compiling signal-hook-registry v1.4.1
[INFO] [stderr]    Compiling syn v2.0.37
[INFO] [stderr]    Compiling socket2 v0.5.4
[INFO] [stderr]    Compiling cc v1.0.83
[INFO] [stderr]    Compiling parking_lot v0.12.1
[INFO] [stderr]    Compiling block-buffer v0.10.4
[INFO] [stderr]    Compiling crypto-common v0.1.6
[INFO] [stderr]    Compiling getrandom v0.2.10
[INFO] [stderr]    Compiling num_cpus v1.16.0
[INFO] [stderr]    Compiling digest v0.10.7
[INFO] [stderr]    Compiling rand_core v0.6.4
[INFO] [stderr]    Compiling cipher v0.3.0
[INFO] [stderr]    Compiling universal-hash v0.4.0
[INFO] [stderr]    Compiling tinyvec v1.6.0
[INFO] [stderr]    Compiling rustc_version v0.4.0
[INFO] [stderr]    Compiling rustversion v1.0.14
[INFO] [stderr]    Compiling futures-core v0.3.28
[INFO] [stderr]    Compiling unicode-bidi v0.3.13
[INFO] [stderr]    Compiling deranged v0.3.8
[INFO] [stderr]    Compiling itoa v1.0.9
[INFO] [stderr]    Compiling percent-encoding v2.3.0
[INFO] [stderr]    Compiling time-core v0.1.2
[INFO] [stderr]    Compiling form_urlencoded v1.2.0
[INFO] [stderr]    Compiling libz-sys v1.1.12
[INFO] [stderr]    Compiling openssl-sys v0.9.93
[INFO] [stderr]    Compiling libgit2-sys v0.14.2+1.5.1
[INFO] [stderr]    Compiling unicode-normalization v0.1.22
[INFO] [stderr]    Compiling time v0.3.29
[INFO] [stderr]    Compiling idna v0.4.0
[INFO] [stderr]    Compiling anyhow v1.0.75
[INFO] [stderr]    Compiling platforms v3.1.2
[INFO] [stderr]    Compiling zeroize v1.6.0
[INFO] [stderr]    Compiling ppv-lite86 v0.2.17
[INFO] [stderr]    Compiling futures-task v0.3.28
[INFO] [stderr]    Compiling curve25519-dalek v4.1.1
[INFO] [stderr]    Compiling rand_chacha v0.3.1
[INFO] [stderr]    Compiling url v2.4.1
[INFO] [stderr]    Compiling polyval v0.5.3
[INFO] [stderr]    Compiling aead v0.4.3
[INFO] [stderr]    Compiling futures-util v0.3.28
[INFO] [stderr]    Compiling foreign-types-shared v0.1.1
[INFO] [stderr]    Compiling futures-sink v0.3.28
[INFO] [stderr]    Compiling crossbeam-utils v0.8.16
[INFO] [stderr]    Compiling openssl v0.10.57
[INFO] [stderr]    Compiling bitflags v1.3.2
[INFO] [stderr]    Compiling foreign-types v0.3.2
[INFO] [stderr]    Compiling vergen v7.5.1
[INFO] [stderr]    Compiling rand v0.8.5
[INFO] [stderr]    Compiling ghash v0.4.4
[INFO] [stderr]    Compiling slab v0.4.9
[INFO] [stderr]    Compiling httparse v1.8.0
[INFO] [stderr]    Compiling chacha20 v0.8.2
[INFO] [stderr]    Compiling snow v0.9.3
[INFO] [stderr]    Compiling ctr v0.7.0
[INFO] [stderr]    Compiling aes v0.7.5
[INFO] [stderr]    Compiling poly1305 v0.7.2
[INFO] [stderr]    Compiling tracing-core v0.1.31
[INFO] [stderr]    Compiling indexmap v1.9.3
[INFO] [stderr]    Compiling lazy_static v1.4.0
[INFO] [stderr]    Compiling async-trait v0.1.73
[INFO] [stderr]    Compiling fnv v1.0.7
[INFO] [stderr]    Compiling regex-syntax v0.6.29
[INFO] [stderr]    Compiling regex-syntax v0.7.5
[INFO] [stderr]    Compiling pin-utils v0.1.0
[INFO] [stderr]    Compiling bitflags v2.4.0
[INFO] [stderr]    Compiling native-tls v0.2.11
[INFO] [stderr]    Compiling chacha20poly1305 v0.9.1
[INFO] [stderr]    Compiling aes-gcm v0.9.2
[INFO] [stderr]    Compiling sha1 v0.10.6
[INFO] [stderr]    Compiling getset v0.1.2
[INFO] [stderr]    Compiling blake2 v0.10.6
[INFO] [stderr]    Compiling sha2 v0.10.8
[INFO] [stderr]    Compiling inotify-sys v0.1.5
[INFO] [stderr]    Compiling utf-8 v0.7.6
[INFO] [stderr]    Compiling hashbrown v0.12.3
[INFO] [stderr]    Compiling same-file v1.0.6
[INFO] [stderr]    Compiling heck v0.4.1
[INFO] [stderr]    Compiling openssl-probe v0.1.5
[INFO] [stderr]    Compiling serde_derive v1.0.188
[INFO] [stderr]    Compiling thiserror-impl v1.0.49
[INFO] [stderr]    Compiling tokio-macros v2.1.0
[INFO] [stderr]    Compiling enum-iterator-derive v1.2.1
[INFO] [stderr]    Compiling futures-macro v0.3.28
[INFO] [stderr]    Compiling curve25519-dalek-derive v0.1.0
[INFO] [stderr]    Compiling openssl-macros v0.1.1
[INFO] [stderr]    Compiling enum-iterator v1.4.1
[INFO] [stderr]    Compiling regex-automata v0.3.9
[INFO] [stderr]    Compiling regex-automata v0.1.10
[INFO] [stderr]    Compiling tracing-attributes v0.1.26
[INFO] [stderr]    Compiling pin-project-internal v1.1.3
[INFO] [stderr]    Compiling byteorder v1.4.3
[INFO] [stderr]    Compiling os_str_bytes v6.5.1
[INFO] [stderr]    Compiling overload v0.1.1
[INFO] [stderr]    Compiling data-encoding v2.4.0
[INFO] [stderr]    Compiling nu-ansi-term v0.46.0
[INFO] [stderr]    Compiling clap_lex v0.2.4
[INFO] [stderr]    Compiling regex v1.9.6
[INFO] [stderr]    Compiling tracing v0.1.37
[INFO] [stderr]    Compiling matchers v0.1.0
[INFO] [stderr]    Compiling clap_derive v3.2.25
[INFO] [stderr]    Compiling pin-project v1.1.3
[INFO] [stderr]    Compiling walkdir v2.4.0
[INFO] [stderr]    Compiling crossbeam-channel v0.5.8
[INFO] [stderr]    Compiling inotify v0.9.6
[INFO] [stderr]    Compiling tracing-log v0.1.3
[INFO] [stderr]    Compiling sharded-slab v0.1.6
[INFO] [stderr]    Compiling atty v0.2.14
[INFO] [stderr]    Compiling filetime v0.2.22
[INFO] [stderr]    Compiling thread_local v1.1.7
[INFO] [stderr]    Compiling instant v0.1.12
[INFO] [stderr]    Compiling textwrap v0.16.0
[INFO] [stderr]    Compiling strsim v0.10.0
[INFO] [stderr]    Compiling base64 v0.13.1
[INFO] [stderr]    Compiling termcolor v1.3.0
[INFO] [stderr]    Compiling tracing-subscriber v0.3.17
[INFO] [stderr]    Compiling notify v5.2.0
[INFO] [stderr]    Compiling socket2 v0.4.9
[INFO] [stderr]    Compiling fdlimit v0.2.1
[INFO] [stderr]    Compiling hex v0.4.3
[INFO] [stderr]    Compiling clap v3.2.25
[INFO] [stderr]    Compiling bytes v1.5.0
[INFO] [stderr]    Compiling toml v0.5.11
[INFO] [stderr]    Compiling bincode v1.3.3
[INFO] [stderr]    Compiling tokio v1.32.0
[INFO] [stderr]    Compiling http v0.2.9
[INFO] [stderr]    Compiling tungstenite v0.20.1
[INFO] [stderr]    Compiling backoff v0.4.0
[INFO] [stderr]    Compiling snowstorm v0.4.0
[INFO] [stderr]    Compiling async-socks5 v0.5.1
[INFO] [stderr]    Compiling async-http-proxy v1.2.5
[INFO] [stderr]    Compiling tokio-util v0.7.9
[INFO] [stderr]    Compiling tokio-native-tls v0.3.1
[INFO] [stderr]    Compiling tokio-tungstenite v0.20.1
[INFO] [stderr]    Compiling git2 v0.16.1
[INFO] [stderr]    Compiling rathole v0.5.0 (/opt/rustwide/workdir)
[INFO] [stderr]     Finished dev [unoptimized + debuginfo] target(s) in 52.65s
[INFO] running `Command { std: "docker" "inspect" "e5d6a0a36f7cbfafa3ebeff3d37d3f05939a49772cb6a296dd3c64fa3b2484af", kill_on_drop: false }`
[INFO] running `Command { std: "docker" "rm" "-f" "e5d6a0a36f7cbfafa3ebeff3d37d3f05939a49772cb6a296dd3c64fa3b2484af", kill_on_drop: false }`
[INFO] [stdout] e5d6a0a36f7cbfafa3ebeff3d37d3f05939a49772cb6a296dd3c64fa3b2484af
[INFO] running `Command { std: "docker" "create" "-v" "/var/lib/crater-agent-workspace/builds/worker-7-tc1/target:/opt/rustwide/target:rw,Z" "-v" "/var/lib/crater-agent-workspace/builds/worker-7-tc1/source:/opt/rustwide/workdir:ro,Z" "-v" "/var/lib/crater-agent-workspace/cargo-home:/opt/rustwide/cargo-home:ro,Z" "-v" "/var/lib/crater-agent-workspace/rustup-home:/opt/rustwide/rustup-home:ro,Z" "-e" "SOURCE_DIR=/opt/rustwide/workdir" "-e" "CARGO_TARGET_DIR=/opt/rustwide/target" "-e" "CARGO_INCREMENTAL=0" "-e" "RUST_BACKTRACE=full" "-e" "RUSTFLAGS=--cap-lints=warn" "-e" "RUSTDOCFLAGS=--cap-lints=warn" "-e" "CARGO_HOME=/opt/rustwide/cargo-home" "-e" "RUSTUP_HOME=/opt/rustwide/rustup-home" "-w" "/opt/rustwide/workdir" "-m" "1610612736" "--user" "0:0" "--network" "none" "ghcr.io/rust-lang/crates-build-env/linux@sha256:2788e3201cd34a07e3172128adcd8b3090168a8e3bcc40d7c032b9dda1df7d1c" "/opt/rustwide/cargo-home/bin/cargo" "+1.75.0" "test" "--frozen" "--no-run" "--message-format=json", kill_on_drop: false }`
[INFO] [stdout] d2f8bb17a263c5f822d0b6639d2032b5b48a57fc7d9dfd4731e22d419ef96b77
[INFO] running `Command { std: "docker" "start" "-a" "d2f8bb17a263c5f822d0b6639d2032b5b48a57fc7d9dfd4731e22d419ef96b77", kill_on_drop: false }`
[INFO] [stderr]    Compiling libc v0.2.148
[INFO] [stderr]    Compiling subtle v2.5.0
[INFO] [stderr]    Compiling log v0.4.20
[INFO] [stderr]    Compiling cpufeatures v0.2.9
[INFO] [stderr]    Compiling generic-array v0.14.7
[INFO] [stderr]    Compiling smallvec v1.11.1
[INFO] [stderr]    Compiling tinyvec_macros v0.1.1
[INFO] [stderr]    Compiling serde v1.0.188
[INFO] [stderr]    Compiling tinyvec v1.6.0
[INFO] [stderr]    Compiling lock_api v0.4.10
[INFO] [stderr]    Compiling unicode-bidi v0.3.13
[INFO] [stderr]    Compiling percent-encoding v2.3.0
[INFO] [stderr]    Compiling itoa v1.0.9
[INFO] [stderr]    Compiling once_cell v1.18.0
[INFO] [stderr]    Compiling form_urlencoded v1.2.0
[INFO] [stderr]    Compiling thiserror v1.0.49
[INFO] [stderr]    Compiling time v0.3.29
[INFO] [stderr]    Compiling jobserver v0.1.26
[INFO] [stderr]    Compiling parking_lot_core v0.9.8
[INFO] [stderr]    Compiling mio v0.8.8
[INFO] [stderr]    Compiling block-buffer v0.10.4
[INFO] [stderr]    Compiling cc v1.0.83
[INFO] [stderr]    Compiling crypto-common v0.1.6
[INFO] [stderr]    Compiling unicode-normalization v0.1.22
[INFO] [stderr]    Compiling parking_lot v0.12.1
[INFO] [stderr]    Compiling num_cpus v1.16.0
[INFO] [stderr]    Compiling signal-hook-registry v1.4.1
[INFO] [stderr]    Compiling getrandom v0.2.10
[INFO] [stderr]    Compiling idna v0.4.0
[INFO] [stderr]    Compiling socket2 v0.5.4
[INFO] [stderr]    Compiling rand_core v0.6.4
[INFO] [stderr]    Compiling digest v0.10.7
[INFO] [stderr]    Compiling universal-hash v0.4.0
[INFO] [stderr]    Compiling cipher v0.3.0
[INFO] [stderr]    Compiling futures-core v0.3.28
[INFO] [stderr]    Compiling zeroize v1.6.0
[INFO] [stderr]    Compiling rand_chacha v0.3.1
[INFO] [stderr]    Compiling polyval v0.5.3
[INFO] [stderr]    Compiling aead v0.4.3
[INFO] [stderr]    Compiling url v2.4.1
[INFO] [stderr]    Compiling futures-sink v0.3.28
[INFO] [stderr]    Compiling ghash v0.4.4
[INFO] [stderr]    Compiling rand v0.8.5
[INFO] [stderr]    Compiling chacha20 v0.8.2
[INFO] [stderr]    Compiling aes v0.7.5
[INFO] [stderr]    Compiling ctr v0.7.0
[INFO] [stderr]    Compiling vergen v7.5.1
[INFO] [stderr]    Compiling libz-sys v1.1.12
[INFO] [stderr]    Compiling openssl-sys v0.9.93
[INFO] [stderr]    Compiling libgit2-sys v0.14.2+1.5.1
[INFO] [stderr]    Compiling bytes v1.5.0
[INFO] [stderr]    Compiling futures-task v0.3.28
[INFO] [stderr]    Compiling poly1305 v0.7.2
[INFO] [stderr]    Compiling tracing-core v0.1.31
[INFO] [stderr]    Compiling regex-syntax v0.6.29
[INFO] [stderr]    Compiling bitflags v2.4.0
[INFO] [stderr]    Compiling regex-syntax v0.7.5
[INFO] [stderr]    Compiling tokio v1.32.0
[INFO] [stderr]    Compiling openssl v0.10.57
[INFO] [stderr]    Compiling http v0.2.9
[INFO] [stderr]    Compiling native-tls v0.2.11
[INFO] [stderr]    Compiling chacha20poly1305 v0.9.1
[INFO] [stderr]    Compiling futures-util v0.3.28
[INFO] [stderr]    Compiling curve25519-dalek v4.1.1
[INFO] [stderr]    Compiling aes-gcm v0.9.2
[INFO] [stderr]    Compiling crossbeam-utils v0.8.16
[INFO] [stderr]    Compiling regex-automata v0.1.10
[INFO] [stderr]    Compiling regex-automata v0.3.9
[INFO] [stderr]    Compiling sha2 v0.10.8
[INFO] [stderr]    Compiling blake2 v0.10.6
[INFO] [stderr]    Compiling sha1 v0.10.6
[INFO] [stderr]    Compiling inotify-sys v0.1.5
[INFO] [stderr]    Compiling utf-8 v0.7.6
[INFO] [stderr]    Compiling os_str_bytes v6.5.1
[INFO] [stderr]    Compiling byteorder v1.4.3
[INFO] [stderr]    Compiling data-encoding v2.4.0
[INFO] [stderr]    Compiling overload v0.1.1
[INFO] [stderr]    Compiling indexmap v1.9.3
[INFO] [stderr]    Compiling nu-ansi-term v0.46.0
[INFO] [stderr]    Compiling clap_lex v0.2.4
[INFO] [stderr]    Compiling tungstenite v0.20.1
[INFO] [stderr]    Compiling pin-project v1.1.3
[INFO] [stderr]    Compiling tracing v0.1.37
[INFO] [stderr]    Compiling inotify v0.9.6
[INFO] [stderr]    Compiling snow v0.9.3
[INFO] [stderr]    Compiling regex v1.9.6
[INFO] [stderr]    Compiling matchers v0.1.0
[INFO] [stderr]    Compiling crossbeam-channel v0.5.8
[INFO] [stderr]    Compiling tracing-log v0.1.3
[INFO] [stderr]    Compiling sharded-slab v0.1.6
[INFO] [stderr]    Compiling atty v0.2.14
[INFO] [stderr]    Compiling filetime v0.2.22
[INFO] [stderr]    Compiling thread_local v1.1.7
[INFO] [stderr]    Compiling instant v0.1.12
[INFO] [stderr]    Compiling termcolor v1.3.0
[INFO] [stderr]    Compiling textwrap v0.16.0
[INFO] [stderr]    Compiling async-http-proxy v1.2.5
[INFO] [stderr]    Compiling tracing-subscriber v0.3.17
[INFO] [stderr]    Compiling backoff v0.4.0
[INFO] [stderr]    Compiling clap v3.2.25
[INFO] [stderr]    Compiling notify v5.2.0
[INFO] [stderr]    Compiling async-socks5 v0.5.1
[INFO] [stderr]    Compiling tokio-util v0.7.9
[INFO] [stderr]    Compiling tokio-tungstenite v0.20.1
[INFO] [stderr]    Compiling tokio-native-tls v0.3.1
[INFO] [stderr]    Compiling snowstorm v0.4.0
[INFO] [stderr]    Compiling bincode v1.3.3
[INFO] [stderr]    Compiling toml v0.5.11
[INFO] [stderr]    Compiling fdlimit v0.2.1
[INFO] [stderr]    Compiling socket2 v0.4.9
[INFO] [stderr]    Compiling git2 v0.16.1
[INFO] [stderr]    Compiling rathole v0.5.0 (/opt/rustwide/workdir)
[INFO] [stderr]     Finished test [unoptimized + debuginfo] target(s) in 57.46s
[INFO] running `Command { std: "docker" "inspect" "d2f8bb17a263c5f822d0b6639d2032b5b48a57fc7d9dfd4731e22d419ef96b77", kill_on_drop: false }`
[INFO] running `Command { std: "docker" "rm" "-f" "d2f8bb17a263c5f822d0b6639d2032b5b48a57fc7d9dfd4731e22d419ef96b77", kill_on_drop: false }`
[INFO] [stdout] d2f8bb17a263c5f822d0b6639d2032b5b48a57fc7d9dfd4731e22d419ef96b77
[INFO] running `Command { std: "docker" "create" "-v" "/var/lib/crater-agent-workspace/builds/worker-7-tc1/target:/opt/rustwide/target:rw,Z" "-v" "/var/lib/crater-agent-workspace/builds/worker-7-tc1/source:/opt/rustwide/workdir:ro,Z" "-v" "/var/lib/crater-agent-workspace/cargo-home:/opt/rustwide/cargo-home:ro,Z" "-v" "/var/lib/crater-agent-workspace/rustup-home:/opt/rustwide/rustup-home:ro,Z" "-e" "SOURCE_DIR=/opt/rustwide/workdir" "-e" "CARGO_TARGET_DIR=/opt/rustwide/target" "-e" "CARGO_INCREMENTAL=0" "-e" "RUST_BACKTRACE=full" "-e" "RUSTFLAGS=--cap-lints=warn" "-e" "RUSTDOCFLAGS=--cap-lints=warn" "-e" "CARGO_HOME=/opt/rustwide/cargo-home" "-e" "RUSTUP_HOME=/opt/rustwide/rustup-home" "-w" "/opt/rustwide/workdir" "-m" "1610612736" "--user" "0:0" "--network" "none" "ghcr.io/rust-lang/crates-build-env/linux@sha256:2788e3201cd34a07e3172128adcd8b3090168a8e3bcc40d7c032b9dda1df7d1c" "/opt/rustwide/cargo-home/bin/cargo" "+1.75.0" "test" "--frozen", kill_on_drop: false }`
[INFO] [stdout] c8e3429f98ea0ca7a2d2e7f121ad25fb3c33731ef62cdab6e098c081aedcfe78
[INFO] running `Command { std: "docker" "start" "-a" "c8e3429f98ea0ca7a2d2e7f121ad25fb3c33731ef62cdab6e098c081aedcfe78", kill_on_drop: false }`
[INFO] [stderr]     Finished test [unoptimized + debuginfo] target(s) in 0.27s
[INFO] [stderr]      Running unittests src/lib.rs (/opt/rustwide/target/debug/deps/rathole-fc6e06fb91bf6571)
[INFO] [stdout] 
[INFO] [stdout] running 7 tests
[INFO] [stdout] test tests::test_determine_run_mode ... ok
[INFO] [stdout] test config::tests::test_validate_server_config ... ok
[INFO] [stdout] test config::tests::test_example_config ... ok
[INFO] [stdout] test config::tests::test_validate_client_config ... ok
[INFO] [stdout] test config::tests::test_valid_config ... FAILED
[INFO] [stdout] test config::tests::test_invalid_config ... FAILED
[INFO] [stdout] test config_watcher::test::test_calculate_events ... ok
[INFO] [stdout] 
[INFO] [stdout] failures:
[INFO] [stdout] 
[INFO] [stdout] ---- config::tests::test_valid_config stdout ----
[INFO] [stdout] Error: No such file or directory (os error 2)
[INFO] [stdout] 
[INFO] [stdout] ---- config::tests::test_invalid_config stdout ----
[INFO] [stdout] Error: No such file or directory (os error 2)
[INFO] [stdout] 
[INFO] [stdout] 
[INFO] [stdout] failures:
[INFO] [stdout]     config::tests::test_invalid_config
[INFO] [stdout]     config::tests::test_valid_config
[INFO] [stdout] 
[INFO] [stdout] test result: FAILED. 5 passed; 2 failed; 0 ignored; 0 measured; 0 filtered out; finished in 0.02s
[INFO] [stdout] 
[INFO] [stderr] error: test failed, to rerun pass `--lib`
[INFO] running `Command { std: "docker" "inspect" "c8e3429f98ea0ca7a2d2e7f121ad25fb3c33731ef62cdab6e098c081aedcfe78", kill_on_drop: false }`
[INFO] running `Command { std: "docker" "rm" "-f" "c8e3429f98ea0ca7a2d2e7f121ad25fb3c33731ef62cdab6e098c081aedcfe78", kill_on_drop: false }`
[INFO] [stdout] c8e3429f98ea0ca7a2d2e7f121ad25fb3c33731ef62cdab6e098c081aedcfe78
[INFO] testing rathole-0.5.0 against beta-2023-12-22 for beta-1.76-1
[INFO] extracting crate rathole 0.5.0 into /workspace/builds/worker-7-tc2/source
[INFO] validating manifest of crates.io crate rathole 0.5.0 on toolchain beta-2023-12-22
[INFO] running `Command { std: CARGO_HOME="/workspace/cargo-home" RUSTUP_HOME="/workspace/rustup-home" "/workspace/cargo-home/bin/cargo" "+beta-2023-12-22" "metadata" "--manifest-path" "Cargo.toml" "--no-deps", kill_on_drop: false }`
[INFO] started tweaking crates.io crate rathole 0.5.0
[INFO] finished tweaking crates.io crate rathole 0.5.0
[INFO] tweaked toml for crates.io crate rathole 0.5.0 written to /workspace/builds/worker-7-tc2/source/Cargo.toml
[INFO] crate crates.io crate rathole 0.5.0 already has a lockfile, it will not be regenerated
[INFO] running `Command { std: CARGO_HOME="/workspace/cargo-home" RUSTUP_HOME="/workspace/rustup-home" "/workspace/cargo-home/bin/cargo" "+beta-2023-12-22" "fetch" "--manifest-path" "Cargo.toml", kill_on_drop: false }`
[INFO] running `Command { std: "docker" "create" "-v" "/var/lib/crater-agent-workspace/builds/worker-7-tc2/target:/opt/rustwide/target:rw,Z" "-v" "/var/lib/crater-agent-workspace/builds/worker-7-tc2/source:/opt/rustwide/workdir:ro,Z" "-v" "/var/lib/crater-agent-workspace/cargo-home:/opt/rustwide/cargo-home:ro,Z" "-v" "/var/lib/crater-agent-workspace/rustup-home:/opt/rustwide/rustup-home:ro,Z" "-e" "SOURCE_DIR=/opt/rustwide/workdir" "-e" "CARGO_TARGET_DIR=/opt/rustwide/target" "-e" "CARGO_HOME=/opt/rustwide/cargo-home" "-e" "RUSTUP_HOME=/opt/rustwide/rustup-home" "-w" "/opt/rustwide/workdir" "-m" "1610612736" "--user" "0:0" "--network" "none" "ghcr.io/rust-lang/crates-build-env/linux@sha256:2788e3201cd34a07e3172128adcd8b3090168a8e3bcc40d7c032b9dda1df7d1c" "/opt/rustwide/cargo-home/bin/cargo" "+beta-2023-12-22" "metadata" "--no-deps" "--format-version=1", kill_on_drop: false }`
[INFO] [stdout] 063d053edba1c36953481528c76ca3d233426961ab7b915c8e17d664c51acbd4
[INFO] running `Command { std: "docker" "start" "-a" "063d053edba1c36953481528c76ca3d233426961ab7b915c8e17d664c51acbd4", kill_on_drop: false }`
[INFO] running `Command { std: "docker" "inspect" "063d053edba1c36953481528c76ca3d233426961ab7b915c8e17d664c51acbd4", kill_on_drop: false }`
[INFO] running `Command { std: "docker" "rm" "-f" "063d053edba1c36953481528c76ca3d233426961ab7b915c8e17d664c51acbd4", kill_on_drop: false }`
[INFO] [stdout] 063d053edba1c36953481528c76ca3d233426961ab7b915c8e17d664c51acbd4
[INFO] running `Command { std: "docker" "create" "-v" "/var/lib/crater-agent-workspace/builds/worker-7-tc2/target:/opt/rustwide/target:rw,Z" "-v" "/var/lib/crater-agent-workspace/builds/worker-7-tc2/source:/opt/rustwide/workdir:ro,Z" "-v" "/var/lib/crater-agent-workspace/cargo-home:/opt/rustwide/cargo-home:ro,Z" "-v" "/var/lib/crater-agent-workspace/rustup-home:/opt/rustwide/rustup-home:ro,Z" "-e" "SOURCE_DIR=/opt/rustwide/workdir" "-e" "CARGO_TARGET_DIR=/opt/rustwide/target" "-e" "CARGO_INCREMENTAL=0" "-e" "RUST_BACKTRACE=full" "-e" "RUSTFLAGS=--cap-lints=warn" "-e" "RUSTDOCFLAGS=--cap-lints=warn" "-e" "CARGO_HOME=/opt/rustwide/cargo-home" "-e" "RUSTUP_HOME=/opt/rustwide/rustup-home" "-w" "/opt/rustwide/workdir" "-m" "1610612736" "--user" "0:0" "--network" "none" "ghcr.io/rust-lang/crates-build-env/linux@sha256:2788e3201cd34a07e3172128adcd8b3090168a8e3bcc40d7c032b9dda1df7d1c" "/opt/rustwide/cargo-home/bin/cargo" "+beta-2023-12-22" "build" "--frozen" "--message-format=json", kill_on_drop: false }`
[INFO] [stdout] 0f2e6bf854d39fbf3645e1afb07877da8ef22a8837807d3aa96d1c725ba8e0c0
[INFO] running `Command { std: "docker" "start" "-a" "0f2e6bf854d39fbf3645e1afb07877da8ef22a8837807d3aa96d1c725ba8e0c0", kill_on_drop: false }`
[INFO] [stderr]    Compiling libc v0.2.148
[INFO] [stderr]    Compiling proc-macro2 v1.0.67
[INFO] [stderr]    Compiling cfg-if v1.0.0
[INFO] [stderr]    Compiling pkg-config v0.3.27
[INFO] [stderr]    Compiling generic-array v0.14.7
[INFO] [stderr]    Compiling serde v1.0.188
[INFO] [stderr]    Compiling typenum v1.17.0
[INFO] [stderr]    Compiling subtle v2.5.0
[INFO] [stderr]    Compiling cpufeatures v0.2.9
[INFO] [stderr]    Compiling log v0.4.20
[INFO] [stderr]    Compiling lock_api v0.4.10
[INFO] [stderr]    Compiling pin-project-lite v0.2.13
[INFO] [stderr]    Compiling thiserror v1.0.49
[INFO] [stderr]    Compiling smallvec v1.11.1
[INFO] [stderr]    Compiling parking_lot_core v0.9.8
[INFO] [stderr]    Compiling semver v1.0.19
[INFO] [stderr]    Compiling scopeguard v1.2.0
[INFO] [stderr]    Compiling proc-macro-error-attr v1.0.4
[INFO] [stderr]    Compiling quote v1.0.33
[INFO] [stderr]    Compiling once_cell v1.18.0
[INFO] [stderr]    Compiling syn v1.0.109
[INFO] [stderr]    Compiling syn v2.0.37
[INFO] [stderr]    Compiling jobserver v0.1.26
[INFO] [stderr]    Compiling mio v0.8.8
[INFO] [stderr]    Compiling num_cpus v1.16.0
[INFO] [stderr]    Compiling cc v1.0.83
[INFO] [stderr]    Compiling parking_lot v0.12.1
[INFO] [stderr]    Compiling getrandom v0.2.10
[INFO] [stderr]    Compiling crypto-common v0.1.6
[INFO] [stderr]    Compiling block-buffer v0.10.4
[INFO] [stderr]    Compiling signal-hook-registry v1.4.1
[INFO] [stderr]    Compiling socket2 v0.5.4
[INFO] [stderr]    Compiling proc-macro-error v1.0.4
[INFO] [stderr]    Compiling opaque-debug v0.3.0
[INFO] [stderr]    Compiling tinyvec_macros v0.1.1
[INFO] [stderr]    Compiling tinyvec v1.6.0
[INFO] [stderr]    Compiling digest v0.10.7
[INFO] [stderr]    Compiling rand_core v0.6.4
[INFO] [stderr]    Compiling universal-hash v0.4.0
[INFO] [stderr]    Compiling cipher v0.3.0
[INFO] [stderr]    Compiling rustc_version v0.4.0
[INFO] [stderr]    Compiling rustversion v1.0.14
[INFO] [stderr]    Compiling futures-core v0.3.28
[INFO] [stderr]    Compiling unicode-bidi v0.3.13
[INFO] [stderr]    Compiling unicode-normalization v0.1.22
[INFO] [stderr]    Compiling deranged v0.3.8
[INFO] [stderr]    Compiling percent-encoding v2.3.0
[INFO] [stderr]    Compiling time-core v0.1.2
[INFO] [stderr]    Compiling itoa v1.0.9
[INFO] [stderr]    Compiling libz-sys v1.1.12
[INFO] [stderr]    Compiling openssl-sys v0.9.93
[INFO] [stderr]    Compiling libgit2-sys v0.14.2+1.5.1
[INFO] [stderr]    Compiling idna v0.4.0
[INFO] [stderr]    Compiling time v0.3.29
[INFO] [stderr]    Compiling form_urlencoded v1.2.0
[INFO] [stderr]    Compiling anyhow v1.0.75
[INFO] [stderr]    Compiling futures-task v0.3.28
[INFO] [stderr]    Compiling zeroize v1.6.0
[INFO] [stderr]    Compiling platforms v3.1.2
[INFO] [stderr]    Compiling ppv-lite86 v0.2.17
[INFO] [stderr]    Compiling url v2.4.1
[INFO] [stderr]    Compiling curve25519-dalek v4.1.1
[INFO] [stderr]    Compiling polyval v0.5.3
[INFO] [stderr]    Compiling aead v0.4.3
[INFO] [stderr]    Compiling rand_chacha v0.3.1
[INFO] [stderr]    Compiling openssl v0.10.57
[INFO] [stderr]    Compiling bitflags v1.3.2
[INFO] [stderr]    Compiling foreign-types-shared v0.1.1
[INFO] [stderr]    Compiling futures-sink v0.3.28
[INFO] [stderr]    Compiling crossbeam-utils v0.8.16
[INFO] [stderr]    Compiling futures-util v0.3.28
[INFO] [stderr]    Compiling foreign-types v0.3.2
[INFO] [stderr]    Compiling rand v0.8.5
[INFO] [stderr]    Compiling ghash v0.4.4
[INFO] [stderr]    Compiling slab v0.4.9
[INFO] [stderr]    Compiling httparse v1.8.0
[INFO] [stderr]    Compiling vergen v7.5.1
[INFO] [stderr]    Compiling chacha20 v0.8.2
[INFO] [stderr]    Compiling snow v0.9.3
[INFO] [stderr]    Compiling ctr v0.7.0
[INFO] [stderr]    Compiling aes v0.7.5
[INFO] [stderr]    Compiling poly1305 v0.7.2
[INFO] [stderr]    Compiling tracing-core v0.1.31
[INFO] [stderr]    Compiling indexmap v1.9.3
[INFO] [stderr]    Compiling lazy_static v1.4.0
[INFO] [stderr]    Compiling async-trait v0.1.73
[INFO] [stderr]    Compiling regex-syntax v0.7.5
[INFO] [stderr]    Compiling bitflags v2.4.0
[INFO] [stderr]    Compiling fnv v1.0.7
[INFO] [stderr]    Compiling regex-syntax v0.6.29
[INFO] [stderr]    Compiling pin-utils v0.1.0
[INFO] [stderr]    Compiling native-tls v0.2.11
[INFO] [stderr]    Compiling aes-gcm v0.9.2
[INFO] [stderr]    Compiling chacha20poly1305 v0.9.1
[INFO] [stderr]    Compiling blake2 v0.10.6
[INFO] [stderr]    Compiling sha1 v0.10.6
[INFO] [stderr]    Compiling sha2 v0.10.8
[INFO] [stderr]    Compiling inotify-sys v0.1.5
[INFO] [stderr]    Compiling same-file v1.0.6
[INFO] [stderr]    Compiling utf-8 v0.7.6
[INFO] [stderr]    Compiling hashbrown v0.12.3
[INFO] [stderr]    Compiling os_str_bytes v6.5.1
[INFO] [stderr]    Compiling data-encoding v2.4.0
[INFO] [stderr]    Compiling heck v0.4.1
[INFO] [stderr]    Compiling getset v0.1.2
[INFO] [stderr]    Compiling regex-automata v0.3.9
[INFO] [stderr]    Compiling byteorder v1.4.3
[INFO] [stderr]    Compiling overload v0.1.1
[INFO] [stderr]    Compiling openssl-probe v0.1.5
[INFO] [stderr]    Compiling nu-ansi-term v0.46.0
[INFO] [stderr]    Compiling serde_derive v1.0.188
[INFO] [stderr]    Compiling thiserror-impl v1.0.49
[INFO] [stderr]    Compiling tokio-macros v2.1.0
[INFO] [stderr]    Compiling enum-iterator-derive v1.2.1
[INFO] [stderr]    Compiling openssl-macros v0.1.1
[INFO] [stderr]    Compiling curve25519-dalek-derive v0.1.0
[INFO] [stderr]    Compiling futures-macro v0.3.28
[INFO] [stderr]    Compiling regex-automata v0.1.10
[INFO] [stderr]    Compiling enum-iterator v1.4.1
[INFO] [stderr]    Compiling pin-project-internal v1.1.3
[INFO] [stderr]    Compiling tracing-attributes v0.1.26
[INFO] [stderr]    Compiling pin-project v1.1.3
[INFO] [stderr]    Compiling matchers v0.1.0
[INFO] [stderr]    Compiling regex v1.9.6
[INFO] [stderr]    Compiling clap_derive v3.2.25
[INFO] [stderr]    Compiling clap_lex v0.2.4
[INFO] [stderr]    Compiling walkdir v2.4.0
[INFO] [stderr]    Compiling inotify v0.9.6
[INFO] [stderr]    Compiling tracing v0.1.37
[INFO] [stderr]    Compiling crossbeam-channel v0.5.8
[INFO] [stderr]    Compiling tracing-log v0.1.3
[INFO] [stderr]    Compiling sharded-slab v0.1.6
[INFO] [stderr]    Compiling thread_local v1.1.7
[INFO] [stderr]    Compiling atty v0.2.14
[INFO] [stderr]    Compiling filetime v0.2.22
[INFO] [stderr]    Compiling instant v0.1.12
[INFO] [stderr]    Compiling base64 v0.13.1
[INFO] [stderr]    Compiling textwrap v0.16.0
[INFO] [stderr]    Compiling termcolor v1.3.0
[INFO] [stderr]    Compiling strsim v0.10.0
[INFO] [stderr]    Compiling tracing-subscriber v0.3.17
[INFO] [stderr]    Compiling notify v5.2.0
[INFO] [stderr]    Compiling socket2 v0.4.9
[INFO] [stderr]    Compiling fdlimit v0.2.1
[INFO] [stderr]    Compiling hex v0.4.3
[INFO] [stderr]    Compiling clap v3.2.25
[INFO] [stderr]    Compiling bytes v1.5.0
[INFO] [stderr]    Compiling bincode v1.3.3
[INFO] [stderr]    Compiling toml v0.5.11
[INFO] [stderr]    Compiling tokio v1.32.0
[INFO] [stderr]    Compiling http v0.2.9
[INFO] [stderr]    Compiling tungstenite v0.20.1
[INFO] [stderr]    Compiling tokio-native-tls v0.3.1
[INFO] [stderr]    Compiling backoff v0.4.0
[INFO] [stderr]    Compiling async-socks5 v0.5.1
[INFO] [stderr]    Compiling tokio-tungstenite v0.20.1
[INFO] [stderr]    Compiling tokio-util v0.7.9
[INFO] [stderr]    Compiling async-http-proxy v1.2.5
[INFO] [stderr]    Compiling snowstorm v0.4.0
[INFO] [stderr]    Compiling git2 v0.16.1
[INFO] [stderr]    Compiling rathole v0.5.0 (/opt/rustwide/workdir)
[INFO] [stderr]     Finished dev [unoptimized + debuginfo] target(s) in 1m 06s
[INFO] running `Command { std: "docker" "inspect" "0f2e6bf854d39fbf3645e1afb07877da8ef22a8837807d3aa96d1c725ba8e0c0", kill_on_drop: false }`
[INFO] running `Command { std: "docker" "rm" "-f" "0f2e6bf854d39fbf3645e1afb07877da8ef22a8837807d3aa96d1c725ba8e0c0", kill_on_drop: false }`
[INFO] [stdout] 0f2e6bf854d39fbf3645e1afb07877da8ef22a8837807d3aa96d1c725ba8e0c0
[INFO] running `Command { std: "docker" "create" "-v" "/var/lib/crater-agent-workspace/builds/worker-7-tc2/target:/opt/rustwide/target:rw,Z" "-v" "/var/lib/crater-agent-workspace/builds/worker-7-tc2/source:/opt/rustwide/workdir:ro,Z" "-v" "/var/lib/crater-agent-workspace/cargo-home:/opt/rustwide/cargo-home:ro,Z" "-v" "/var/lib/crater-agent-workspace/rustup-home:/opt/rustwide/rustup-home:ro,Z" "-e" "SOURCE_DIR=/opt/rustwide/workdir" "-e" "CARGO_TARGET_DIR=/opt/rustwide/target" "-e" "CARGO_INCREMENTAL=0" "-e" "RUST_BACKTRACE=full" "-e" "RUSTFLAGS=--cap-lints=warn" "-e" "RUSTDOCFLAGS=--cap-lints=warn" "-e" "CARGO_HOME=/opt/rustwide/cargo-home" "-e" "RUSTUP_HOME=/opt/rustwide/rustup-home" "-w" "/opt/rustwide/workdir" "-m" "1610612736" "--user" "0:0" "--network" "none" "ghcr.io/rust-lang/crates-build-env/linux@sha256:2788e3201cd34a07e3172128adcd8b3090168a8e3bcc40d7c032b9dda1df7d1c" "/opt/rustwide/cargo-home/bin/cargo" "+beta-2023-12-22" "test" "--frozen" "--no-run" "--message-format=json", kill_on_drop: false }`
[INFO] [stdout] 74d876edd2d2fd8382589c329e500b6a9c16994dc867bc0b5ff4a799ad556191
[INFO] running `Command { std: "docker" "start" "-a" "74d876edd2d2fd8382589c329e500b6a9c16994dc867bc0b5ff4a799ad556191", kill_on_drop: false }`
[INFO] [stderr]    Compiling libc v0.2.148
[INFO] [stderr]    Compiling subtle v2.5.0
[INFO] [stderr]    Compiling cpufeatures v0.2.9
[INFO] [stderr]    Compiling log v0.4.20
[INFO] [stderr]    Compiling generic-array v0.14.7
[INFO] [stderr]    Compiling tinyvec_macros v0.1.1
[INFO] [stderr]    Compiling smallvec v1.11.1
[INFO] [stderr]    Compiling serde v1.0.188
[INFO] [stderr]    Compiling tinyvec v1.6.0
[INFO] [stderr]    Compiling lock_api v0.4.10
[INFO] [stderr]    Compiling once_cell v1.18.0
[INFO] [stderr]    Compiling percent-encoding v2.3.0
[INFO] [stderr]    Compiling itoa v1.0.9
[INFO] [stderr]    Compiling unicode-bidi v0.3.13
[INFO] [stderr]    Compiling form_urlencoded v1.2.0
[INFO] [stderr]    Compiling thiserror v1.0.49
[INFO] [stderr]    Compiling time v0.3.29
[INFO] [stderr]    Compiling futures-core v0.3.28
[INFO] [stderr]    Compiling zeroize v1.6.0
[INFO] [stderr]    Compiling crypto-common v0.1.6
[INFO] [stderr]    Compiling block-buffer v0.10.4
[INFO] [stderr]    Compiling jobserver v0.1.26
[INFO] [stderr]    Compiling mio v0.8.8
[INFO] [stderr]    Compiling parking_lot_core v0.9.8
[INFO] [stderr]    Compiling socket2 v0.5.4
[INFO] [stderr]    Compiling cc v1.0.83
[INFO] [stderr]    Compiling unicode-normalization v0.1.22
[INFO] [stderr]    Compiling parking_lot v0.12.1
[INFO] [stderr]    Compiling getrandom v0.2.10
[INFO] [stderr]    Compiling num_cpus v1.16.0
[INFO] [stderr]    Compiling signal-hook-registry v1.4.1
[INFO] [stderr]    Compiling idna v0.4.0
[INFO] [stderr]    Compiling rand_core v0.6.4
[INFO] [stderr]    Compiling digest v0.10.7
[INFO] [stderr]    Compiling cipher v0.3.0
[INFO] [stderr]    Compiling universal-hash v0.4.0
[INFO] [stderr]    Compiling rand_chacha v0.3.1
[INFO] [stderr]    Compiling polyval v0.5.3
[INFO] [stderr]    Compiling aead v0.4.3
[INFO] [stderr]    Compiling futures-sink v0.3.28
[INFO] [stderr]    Compiling url v2.4.1
[INFO] [stderr]    Compiling ghash v0.4.4
[INFO] [stderr]    Compiling poly1305 v0.7.2
[INFO] [stderr]    Compiling aes v0.7.5
[INFO] [stderr]    Compiling vergen v7.5.1
[INFO] [stderr]    Compiling rand v0.8.5
[INFO] [stderr]    Compiling chacha20 v0.8.2
[INFO] [stderr]    Compiling libz-sys v1.1.12
[INFO] [stderr]    Compiling openssl-sys v0.9.93
[INFO] [stderr]    Compiling libgit2-sys v0.14.2+1.5.1
[INFO] [stderr]    Compiling ctr v0.7.0
[INFO] [stderr]    Compiling futures-task v0.3.28
[INFO] [stderr]    Compiling bytes v1.5.0
[INFO] [stderr]    Compiling tracing-core v0.1.31
[INFO] [stderr]    Compiling regex-syntax v0.7.5
[INFO] [stderr]    Compiling bitflags v2.4.0
[INFO] [stderr]    Compiling regex-syntax v0.6.29
[INFO] [stderr]    Compiling futures-util v0.3.28
[INFO] [stderr]    Compiling openssl v0.10.57
[INFO] [stderr]    Compiling tokio v1.32.0
[INFO] [stderr]    Compiling http v0.2.9
[INFO] [stderr]    Compiling native-tls v0.2.11
[INFO] [stderr]    Compiling curve25519-dalek v4.1.1
[INFO] [stderr]    Compiling regex-automata v0.3.9
[INFO] [stderr]    Compiling regex-automata v0.1.10
[INFO] [stderr]    Compiling aes-gcm v0.9.2
[INFO] [stderr]    Compiling crossbeam-utils v0.8.16
[INFO] [stderr]    Compiling chacha20poly1305 v0.9.1
[INFO] [stderr]    Compiling blake2 v0.10.6
[INFO] [stderr]    Compiling sha2 v0.10.8
[INFO] [stderr]    Compiling sha1 v0.10.6
[INFO] [stderr]    Compiling inotify-sys v0.1.5
[INFO] [stderr]    Compiling data-encoding v2.4.0
[INFO] [stderr]    Compiling byteorder v1.4.3
[INFO] [stderr]    Compiling os_str_bytes v6.5.1
[INFO] [stderr]    Compiling utf-8 v0.7.6
[INFO] [stderr]    Compiling overload v0.1.1
[INFO] [stderr]    Compiling nu-ansi-term v0.46.0
[INFO] [stderr]    Compiling tungstenite v0.20.1
[INFO] [stderr]    Compiling clap_lex v0.2.4
[INFO] [stderr]    Compiling indexmap v1.9.3
[INFO] [stderr]    Compiling tracing v0.1.37
[INFO] [stderr]    Compiling pin-project v1.1.3
[INFO] [stderr]    Compiling inotify v0.9.6
[INFO] [stderr]    Compiling snow v0.9.3
[INFO] [stderr]    Compiling crossbeam-channel v0.5.8
[INFO] [stderr]    Compiling regex v1.9.6
[INFO] [stderr]    Compiling matchers v0.1.0
[INFO] [stderr]    Compiling tracing-log v0.1.3
[INFO] [stderr]    Compiling sharded-slab v0.1.6
[INFO] [stderr]    Compiling filetime v0.2.22
[INFO] [stderr]    Compiling atty v0.2.14
[INFO] [stderr]    Compiling thread_local v1.1.7
[INFO] [stderr]    Compiling instant v0.1.12
[INFO] [stderr]    Compiling textwrap v0.16.0
[INFO] [stderr]    Compiling termcolor v1.3.0
[INFO] [stderr]    Compiling async-http-proxy v1.2.5
[INFO] [stderr]    Compiling backoff v0.4.0
[INFO] [stderr]    Compiling tracing-subscriber v0.3.17
[INFO] [stderr]    Compiling clap v3.2.25
[INFO] [stderr]    Compiling notify v5.2.0
[INFO] [stderr]    Compiling async-socks5 v0.5.1
[INFO] [stderr]    Compiling snowstorm v0.4.0
[INFO] [stderr]    Compiling tokio-tungstenite v0.20.1
[INFO] [stderr]    Compiling tokio-native-tls v0.3.1
[INFO] [stderr]    Compiling tokio-util v0.7.9
[INFO] [stderr]    Compiling toml v0.5.11
[INFO] [stderr]    Compiling bincode v1.3.3
[INFO] [stderr]    Compiling socket2 v0.4.9
[INFO] [stderr]    Compiling fdlimit v0.2.1
[INFO] [stderr]    Compiling git2 v0.16.1
[INFO] [stderr]    Compiling rathole v0.5.0 (/opt/rustwide/workdir)
[INFO] [stderr]     Finished test [unoptimized + debuginfo] target(s) in 46.88s
[INFO] running `Command { std: "docker" "inspect" "74d876edd2d2fd8382589c329e500b6a9c16994dc867bc0b5ff4a799ad556191", kill_on_drop: false }`
[INFO] running `Command { std: "docker" "rm" "-f" "74d876edd2d2fd8382589c329e500b6a9c16994dc867bc0b5ff4a799ad556191", kill_on_drop: false }`
[INFO] [stdout] 74d876edd2d2fd8382589c329e500b6a9c16994dc867bc0b5ff4a799ad556191
[INFO] running `Command { std: "docker" "create" "-v" "/var/lib/crater-agent-workspace/builds/worker-7-tc2/target:/opt/rustwide/target:rw,Z" "-v" "/var/lib/crater-agent-workspace/builds/worker-7-tc2/source:/opt/rustwide/workdir:ro,Z" "-v" "/var/lib/crater-agent-workspace/cargo-home:/opt/rustwide/cargo-home:ro,Z" "-v" "/var/lib/crater-agent-workspace/rustup-home:/opt/rustwide/rustup-home:ro,Z" "-e" "SOURCE_DIR=/opt/rustwide/workdir" "-e" "CARGO_TARGET_DIR=/opt/rustwide/target" "-e" "CARGO_INCREMENTAL=0" "-e" "RUST_BACKTRACE=full" "-e" "RUSTFLAGS=--cap-lints=warn" "-e" "RUSTDOCFLAGS=--cap-lints=warn" "-e" "CARGO_HOME=/opt/rustwide/cargo-home" "-e" "RUSTUP_HOME=/opt/rustwide/rustup-home" "-w" "/opt/rustwide/workdir" "-m" "1610612736" "--user" "0:0" "--network" "none" "ghcr.io/rust-lang/crates-build-env/linux@sha256:2788e3201cd34a07e3172128adcd8b3090168a8e3bcc40d7c032b9dda1df7d1c" "/opt/rustwide/cargo-home/bin/cargo" "+beta-2023-12-22" "test" "--frozen", kill_on_drop: false }`
[INFO] [stdout] eb3cb862282be09dc462b57990084b7b1d6bc49a21731fc87f0cb73ed221e521
[INFO] running `Command { std: "docker" "start" "-a" "eb3cb862282be09dc462b57990084b7b1d6bc49a21731fc87f0cb73ed221e521", kill_on_drop: false }`
[INFO] [stderr]     Finished test [unoptimized + debuginfo] target(s) in 0.18s
[INFO] [stderr]      Running unittests src/lib.rs (/opt/rustwide/target/debug/deps/rathole-96f662663f7f8bd6)
[INFO] [stdout] 
[INFO] [stdout] running 7 tests
[INFO] [stdout] test config::tests::test_invalid_config ... FAILED
[INFO] [stdout] test config::tests::test_example_config ... ok
[INFO] [stdout] test config::tests::test_valid_config ... FAILED
[INFO] [stdout] test config::tests::test_validate_server_config ... ok
[INFO] [stdout] test config::tests::test_validate_client_config ... ok
[INFO] [stdout] test tests::test_determine_run_mode ... ok
[INFO] [stdout] test config_watcher::test::test_calculate_events ... ok
[INFO] [stdout] 
[INFO] [stdout] failures:
[INFO] [stdout] 
[INFO] [stdout] ---- config::tests::test_invalid_config stdout ----
[INFO] [stdout] Error: No such file or directory (os error 2)
[INFO] [stdout] 
[INFO] [stdout] ---- config::tests::test_valid_config stdout ----
[INFO] [stdout] Error: No such file or directory (os error 2)
[INFO] [stdout] 
[INFO] [stdout] 
[INFO] [stdout] failures:
[INFO] [stdout]     config::tests::test_invalid_config
[INFO] [stdout]     config::tests::test_valid_config
[INFO] [stdout] 
[INFO] [stdout] test result: FAILED. 5 passed; 2 failed; 0 ignored; 0 measured; 0 filtered out; finished in 0.00s
[INFO] [stdout] 
[INFO] [stderr] error: test failed, to rerun pass `--lib`
[INFO] running `Command { std: "docker" "inspect" "eb3cb862282be09dc462b57990084b7b1d6bc49a21731fc87f0cb73ed221e521", kill_on_drop: false }`
[INFO] running `Command { std: "docker" "rm" "-f" "eb3cb862282be09dc462b57990084b7b1d6bc49a21731fc87f0cb73ed221e521", kill_on_drop: false }`
[INFO] [stdout] eb3cb862282be09dc462b57990084b7b1d6bc49a21731fc87f0cb73ed221e521
