[INFO] fetching crate ratatat 0.1.1...
[INFO] testing ratatat-0.1.1 against 1.75.0 for beta-1.76-1
[INFO] extracting crate ratatat 0.1.1 into /workspace/builds/worker-2-tc1/source
[INFO] validating manifest of crates.io crate ratatat 0.1.1 on toolchain 1.75.0
[INFO] running `Command { std: CARGO_HOME="/workspace/cargo-home" RUSTUP_HOME="/workspace/rustup-home" "/workspace/cargo-home/bin/cargo" "+1.75.0" "metadata" "--manifest-path" "Cargo.toml" "--no-deps", kill_on_drop: false }`
[INFO] started tweaking crates.io crate ratatat 0.1.1
[INFO] finished tweaking crates.io crate ratatat 0.1.1
[INFO] tweaked toml for crates.io crate ratatat 0.1.1 written to /workspace/builds/worker-2-tc1/source/Cargo.toml
[INFO] running `Command { std: CARGO_HOME="/workspace/cargo-home" RUSTUP_HOME="/workspace/rustup-home" "/workspace/cargo-home/bin/cargo" "+1.75.0" "generate-lockfile" "--manifest-path" "Cargo.toml", kill_on_drop: false }`
[INFO] [stderr]     Updating crates.io index
[INFO] running `Command { std: CARGO_HOME="/workspace/cargo-home" RUSTUP_HOME="/workspace/rustup-home" "/workspace/cargo-home/bin/cargo" "+1.75.0" "fetch" "--manifest-path" "Cargo.toml", kill_on_drop: false }`
[INFO] [stderr]     Blocking waiting for file lock on package cache
[INFO] [stderr]  Downloading crates ...
[INFO] [stderr]   Downloaded elsa v1.10.0
[INFO] running `Command { std: "docker" "create" "-v" "/var/lib/crater-agent-workspace/builds/worker-2-tc1/target:/opt/rustwide/target:rw,Z" "-v" "/var/lib/crater-agent-workspace/builds/worker-2-tc1/source:/opt/rustwide/workdir:ro,Z" "-v" "/var/lib/crater-agent-workspace/cargo-home:/opt/rustwide/cargo-home:ro,Z" "-v" "/var/lib/crater-agent-workspace/rustup-home:/opt/rustwide/rustup-home:ro,Z" "-e" "SOURCE_DIR=/opt/rustwide/workdir" "-e" "CARGO_TARGET_DIR=/opt/rustwide/target" "-e" "CARGO_HOME=/opt/rustwide/cargo-home" "-e" "RUSTUP_HOME=/opt/rustwide/rustup-home" "-w" "/opt/rustwide/workdir" "-m" "1610612736" "--user" "0:0" "--network" "none" "ghcr.io/rust-lang/crates-build-env/linux@sha256:2788e3201cd34a07e3172128adcd8b3090168a8e3bcc40d7c032b9dda1df7d1c" "/opt/rustwide/cargo-home/bin/cargo" "+1.75.0" "metadata" "--no-deps" "--format-version=1", kill_on_drop: false }`
[INFO] [stdout] e999624dae229652847fac8cae9f26eede3300c5208c1579a0dcd58175228a29
[INFO] running `Command { std: "docker" "start" "-a" "e999624dae229652847fac8cae9f26eede3300c5208c1579a0dcd58175228a29", kill_on_drop: false }`
[INFO] running `Command { std: "docker" "inspect" "e999624dae229652847fac8cae9f26eede3300c5208c1579a0dcd58175228a29", kill_on_drop: false }`
[INFO] running `Command { std: "docker" "rm" "-f" "e999624dae229652847fac8cae9f26eede3300c5208c1579a0dcd58175228a29", kill_on_drop: false }`
[INFO] [stdout] e999624dae229652847fac8cae9f26eede3300c5208c1579a0dcd58175228a29
[INFO] running `Command { std: "docker" "create" "-v" "/var/lib/crater-agent-workspace/builds/worker-2-tc1/target:/opt/rustwide/target:rw,Z" "-v" "/var/lib/crater-agent-workspace/builds/worker-2-tc1/source:/opt/rustwide/workdir:ro,Z" "-v" "/var/lib/crater-agent-workspace/cargo-home:/opt/rustwide/cargo-home:ro,Z" "-v" "/var/lib/crater-agent-workspace/rustup-home:/opt/rustwide/rustup-home:ro,Z" "-e" "SOURCE_DIR=/opt/rustwide/workdir" "-e" "CARGO_TARGET_DIR=/opt/rustwide/target" "-e" "CARGO_INCREMENTAL=0" "-e" "RUST_BACKTRACE=full" "-e" "RUSTFLAGS=--cap-lints=warn" "-e" "RUSTDOCFLAGS=--cap-lints=warn" "-e" "CARGO_HOME=/opt/rustwide/cargo-home" "-e" "RUSTUP_HOME=/opt/rustwide/rustup-home" "-w" "/opt/rustwide/workdir" "-m" "1610612736" "--user" "0:0" "--network" "none" "ghcr.io/rust-lang/crates-build-env/linux@sha256:2788e3201cd34a07e3172128adcd8b3090168a8e3bcc40d7c032b9dda1df7d1c" "/opt/rustwide/cargo-home/bin/cargo" "+1.75.0" "build" "--frozen" "--message-format=json", kill_on_drop: false }`
[INFO] [stdout] 96644389fb26fce390fb228644505a5dfdc8d97d942d425bd2a1598adbb09282
[INFO] running `Command { std: "docker" "start" "-a" "96644389fb26fce390fb228644505a5dfdc8d97d942d425bd2a1598adbb09282", kill_on_drop: false }`
[INFO] [stderr]    Compiling libm v0.2.8
[INFO] [stderr]    Compiling num-traits v0.2.17
[INFO] [stderr]    Compiling num-integer v0.1.45
[INFO] [stderr]    Compiling memchr v2.7.1
[INFO] [stderr]    Compiling num-bigint v0.4.4
[INFO] [stderr]    Compiling libc v0.2.151
[INFO] [stderr]    Compiling serde v1.0.194
[INFO] [stderr]    Compiling num-rational v0.4.1
[INFO] [stderr]    Compiling num-iter v0.1.43
[INFO] [stderr]    Compiling yaml-rust v0.4.5
[INFO] [stderr]    Compiling regex-automata v0.1.10
[INFO] [stderr]    Compiling similar v2.4.0
[INFO] [stderr]    Compiling aho-corasick v1.1.2
[INFO] [stderr]    Compiling bstr v1.9.0
[INFO] [stderr]    Compiling regex-automata v0.4.3
[INFO] [stderr]    Compiling stable_deref_trait v1.2.0
[INFO] [stderr]    Compiling elsa v1.10.0
[INFO] [stderr]    Compiling bstr v0.2.17
[INFO] [stderr]    Compiling array-init v2.1.0
[INFO] [stderr]    Compiling num-complex v0.4.4
[INFO] [stderr]    Compiling console v0.15.7
[INFO] [stderr]    Compiling globset v0.4.14
[INFO] [stderr]    Compiling ron v0.7.1
[INFO] [stderr]    Compiling num v0.4.1
[INFO] [stderr]    Compiling insta v1.34.0
[INFO] [stderr]    Compiling ratatat v0.1.1 (/opt/rustwide/workdir)
[INFO] [stderr]     Finished dev [unoptimized + debuginfo] target(s) in 18.46s
[INFO] running `Command { std: "docker" "inspect" "96644389fb26fce390fb228644505a5dfdc8d97d942d425bd2a1598adbb09282", kill_on_drop: false }`
[INFO] running `Command { std: "docker" "rm" "-f" "96644389fb26fce390fb228644505a5dfdc8d97d942d425bd2a1598adbb09282", kill_on_drop: false }`
[INFO] [stdout] 96644389fb26fce390fb228644505a5dfdc8d97d942d425bd2a1598adbb09282
[INFO] running `Command { std: "docker" "create" "-v" "/var/lib/crater-agent-workspace/builds/worker-2-tc1/target:/opt/rustwide/target:rw,Z" "-v" "/var/lib/crater-agent-workspace/builds/worker-2-tc1/source:/opt/rustwide/workdir:ro,Z" "-v" "/var/lib/crater-agent-workspace/cargo-home:/opt/rustwide/cargo-home:ro,Z" "-v" "/var/lib/crater-agent-workspace/rustup-home:/opt/rustwide/rustup-home:ro,Z" "-e" "SOURCE_DIR=/opt/rustwide/workdir" "-e" "CARGO_TARGET_DIR=/opt/rustwide/target" "-e" "CARGO_INCREMENTAL=0" "-e" "RUST_BACKTRACE=full" "-e" "RUSTFLAGS=--cap-lints=warn" "-e" "RUSTDOCFLAGS=--cap-lints=warn" "-e" "CARGO_HOME=/opt/rustwide/cargo-home" "-e" "RUSTUP_HOME=/opt/rustwide/rustup-home" "-w" "/opt/rustwide/workdir" "-m" "1610612736" "--user" "0:0" "--network" "none" "ghcr.io/rust-lang/crates-build-env/linux@sha256:2788e3201cd34a07e3172128adcd8b3090168a8e3bcc40d7c032b9dda1df7d1c" "/opt/rustwide/cargo-home/bin/cargo" "+1.75.0" "test" "--frozen" "--no-run" "--message-format=json", kill_on_drop: false }`
[INFO] [stdout] f35ebe102e80dacf6a671d7f0e3ffeb580b936e9104b8e8a33e1a6d82f26633a
[INFO] running `Command { std: "docker" "start" "-a" "f35ebe102e80dacf6a671d7f0e3ffeb580b936e9104b8e8a33e1a6d82f26633a", kill_on_drop: false }`
[INFO] [stderr]    Compiling rustix v0.38.28
[INFO] [stderr]    Compiling getrandom v0.2.11
[INFO] [stderr]    Compiling fastrand v2.0.1
[INFO] [stderr]    Compiling wait-timeout v0.2.0
[INFO] [stderr]    Compiling indexmap v1.9.3
[INFO] [stderr]    Compiling bit-vec v0.6.3
[INFO] [stderr]    Compiling unarray v0.1.4
[INFO] [stderr]    Compiling rand_core v0.6.4
[INFO] [stderr]    Compiling bit-set v0.5.3
[INFO] [stderr]    Compiling rand_chacha v0.3.1
[INFO] [stderr]    Compiling rand_xorshift v0.3.0
[INFO] [stderr]    Compiling rand v0.8.5
[INFO] [stderr]    Compiling tempfile v3.9.0
[INFO] [stderr]    Compiling rusty-fork v0.3.0
[INFO] [stderr]    Compiling proptest v1.4.0
[INFO] [stderr]    Compiling ratatat v0.1.1 (/opt/rustwide/workdir)
[INFO] [stderr]     Finished test [unoptimized + debuginfo] target(s) in 15.02s
[INFO] running `Command { std: "docker" "inspect" "f35ebe102e80dacf6a671d7f0e3ffeb580b936e9104b8e8a33e1a6d82f26633a", kill_on_drop: false }`
[INFO] running `Command { std: "docker" "rm" "-f" "f35ebe102e80dacf6a671d7f0e3ffeb580b936e9104b8e8a33e1a6d82f26633a", kill_on_drop: false }`
[INFO] [stdout] f35ebe102e80dacf6a671d7f0e3ffeb580b936e9104b8e8a33e1a6d82f26633a
[INFO] running `Command { std: "docker" "create" "-v" "/var/lib/crater-agent-workspace/builds/worker-2-tc1/target:/opt/rustwide/target:rw,Z" "-v" "/var/lib/crater-agent-workspace/builds/worker-2-tc1/source:/opt/rustwide/workdir:ro,Z" "-v" "/var/lib/crater-agent-workspace/cargo-home:/opt/rustwide/cargo-home:ro,Z" "-v" "/var/lib/crater-agent-workspace/rustup-home:/opt/rustwide/rustup-home:ro,Z" "-e" "SOURCE_DIR=/opt/rustwide/workdir" "-e" "CARGO_TARGET_DIR=/opt/rustwide/target" "-e" "CARGO_INCREMENTAL=0" "-e" "RUST_BACKTRACE=full" "-e" "RUSTFLAGS=--cap-lints=warn" "-e" "RUSTDOCFLAGS=--cap-lints=warn" "-e" "CARGO_HOME=/opt/rustwide/cargo-home" "-e" "RUSTUP_HOME=/opt/rustwide/rustup-home" "-w" "/opt/rustwide/workdir" "-m" "1610612736" "--user" "0:0" "--network" "none" "ghcr.io/rust-lang/crates-build-env/linux@sha256:2788e3201cd34a07e3172128adcd8b3090168a8e3bcc40d7c032b9dda1df7d1c" "/opt/rustwide/cargo-home/bin/cargo" "+1.75.0" "test" "--frozen", kill_on_drop: false }`
[INFO] [stdout] d0ee9905a6b5d2764ea5a221ed2ae62495a58cc6e47d61d9c2e9394210cb14d9
[INFO] running `Command { std: "docker" "start" "-a" "d0ee9905a6b5d2764ea5a221ed2ae62495a58cc6e47d61d9c2e9394210cb14d9", kill_on_drop: false }`
[INFO] [stderr]     Finished test [unoptimized + debuginfo] target(s) in 0.10s
[INFO] [stderr]      Running unittests src/lib.rs (/opt/rustwide/target/debug/deps/ratatat-96bc0b3c3abb7f4e)
[INFO] [stdout] 
[INFO] [stdout] running 20 tests
[INFO] [stdout] test parsers::char::test::char_parser ... ok
[INFO] [stdout] test parsers::numbe::test::bigint_parser ... ok
[INFO] [stdout] test parsers::bool::test::bool_parser ... ok
[INFO] [stdout] test parsers::memo::test::memo_parser ... ok
[INFO] [stdout] test parsers::array::test::char_parser ... ok
[INFO] [stdout] test parsers::many::test::char_parser ... ok
[INFO] [stdout] test parsers::numbe::test::f32_parser ... ok
[INFO] [stdout] test parsers::numbe::test::proptest_u8_dec ... ok
[INFO] [stdout] test parsers::numbe::test::proptest_u8_hex ... ok
[INFO] [stdout] test parsers::numbe::test::proptest_u8_bin ... ok
[INFO] [stdout] test parsers::range::test::range_parser ... ok
[INFO] [stdout] test parsers::numbe::test::proptest_u8_oct ... ok
[INFO] [stdout] test parsers::numbe::test::u8_parser ... ok
[INFO] [stdout] test parsers::string::test::string_parser ... ok
[INFO] [stdout] test parsers::str::test::str_parser ... ok
[INFO] [stdout] test parsers::tuple::test::parse_tuple ... ok
[INFO] [stdout] test parsers::numbe::test::proptest_usize_dec ... ok
[INFO] [stdout] test parsers::numbe::test::proptest_i32_dec ... ok
[INFO] [stdout] test parsers::numbe::test::proptest_isize_dec ... ok
[INFO] [stdout] test parsers::numbe::test::proptest_f32 ... ok
[INFO] [stdout] 
[INFO] [stdout] test result: ok. 20 passed; 0 failed; 0 ignored; 0 measured; 0 filtered out; finished in 0.21s
[INFO] [stdout] 
[INFO] [stderr]      Running tests/json.rs (/opt/rustwide/target/debug/deps/json-7019459e0035169c)
[INFO] [stdout] 
[INFO] [stdout] running 1 test
[INFO] [stdout] test parse_json ... FAILED
[INFO] [stdout] 
[INFO] [stdout] failures:
[INFO] [stdout] 
[INFO] [stdout] ---- parse_json stdout ----
[INFO] [stdout] ━━━━━━━━━━━━━━━━━━━━━━━━━━━━━━━ Snapshot Summary ━━━━━━━━━━━━━━━━━━━━━━━━━━━━━━━
[INFO] [stdout] Snapshot file: tests/snapshots/json__parse_json.snap
[INFO] [stdout] Snapshot: parse_json
[INFO] [stdout] Source: tests/json.rs:72
[INFO] [stdout] Input file: tests/json_inputs/example.json
[INFO] [stdout] ────────────────────────────────────────────────────────────────────────────────
[INFO] [stdout] Expression: val
[INFO] [stdout] ────────────────────────────────────────────────────────────────────────────────
[INFO] [stdout] +new results
[INFO] [stdout] ────────────┬───────────────────────────────────────────────────────────────────
[INFO] [stdout]           0 │+Some(Object({
[INFO] [stdout]           1 │+  "glossary": Object({
[INFO] [stdout]           2 │+    "title": String("example glossary"),
[INFO] [stdout]           3 │+    "GlossDiv": Object({
[INFO] [stdout]           4 │+      "title": String("S"),
[INFO] [stdout]           5 │+      "GlossList": Object({
[INFO] [stdout]           6 │+        "GlossEntry": Object({
[INFO] [stdout]           7 │+          "ID": String("SGML"),
[INFO] [stdout]           8 │+          "SortAs": String("SGML"),
[INFO] [stdout]           9 │+          "GlossTerm": String("Standard Generalized Markup Language"),
[INFO] [stdout]          10 │+          "Acronym": String("SGML"),
[INFO] [stdout]          11 │+          "Abbrev": String("ISO 8879:1986"),
[INFO] [stdout]          12 │+          "GlossDef": Object({
[INFO] [stdout]          13 │+            "para": String("A meta-markup language, used to create markup languages such as DocBook."),
[INFO] [stdout]          14 │+            "GlossSeeAlso": Array([
[INFO] [stdout]          15 │+              String("GML"),
[INFO] [stdout]          16 │+              String("XML"),
[INFO] [stdout]          17 │+            ]),
[INFO] [stdout]          18 │+          }),
[INFO] [stdout]          19 │+          "GlossSee": String("markup"),
[INFO] [stdout]          20 │+        }),
[INFO] [stdout]          21 │+      }),
[INFO] [stdout]          22 │+    }),
[INFO] [stdout]          23 │+  }),
[INFO] [stdout]          24 │+}))
[INFO] [stdout] ────────────┴───────────────────────────────────────────────────────────────────
[INFO] [stdout] thread 'parse_json' panicked at tests/json.rs:72:9:
[INFO] [stdout] called `Result::unwrap()` on an `Err` value: Os { code: 30, kind: ReadOnlyFilesystem, message: "Read-only file system" }
[INFO] [stdout] stack backtrace:
[INFO] [stdout]    0:     0x55858005f1dc - std::backtrace_rs::backtrace::libunwind::trace::ha637c64ce894333a
[INFO] [stdout]                                at /rustc/82e1608dfa6e0b5569232559e3d385fea5a93112/library/std/src/../../backtrace/src/backtrace/libunwind.rs:104:5
[INFO] [stdout]    1:     0x55858005f1dc - std::backtrace_rs::backtrace::trace_unsynchronized::h47f62dea28e0c88d
[INFO] [stdout]                                at /rustc/82e1608dfa6e0b5569232559e3d385fea5a93112/library/std/src/../../backtrace/src/backtrace/mod.rs:66:5
[INFO] [stdout]    2:     0x55858005f1dc - std::sys_common::backtrace::_print_fmt::h9eef0abe20ede486
[INFO] [stdout]                                at /rustc/82e1608dfa6e0b5569232559e3d385fea5a93112/library/std/src/sys_common/backtrace.rs:67:5
[INFO] [stdout]    3:     0x55858005f1dc - <std::sys_common::backtrace::_print::DisplayBacktrace as core::fmt::Display>::fmt::hed7f999df88cc644
[INFO] [stdout]                                at /rustc/82e1608dfa6e0b5569232559e3d385fea5a93112/library/std/src/sys_common/backtrace.rs:44:22
[INFO] [stdout]    4:     0x55858008bbc0 - core::fmt::rt::Argument::fmt::h1539a9308b8d058d
[INFO] [stdout]                                at /rustc/82e1608dfa6e0b5569232559e3d385fea5a93112/library/core/src/fmt/rt.rs:142:9
[INFO] [stdout]    5:     0x55858008bbc0 - core::fmt::write::h3a39390d8560d9c9
[INFO] [stdout]                                at /rustc/82e1608dfa6e0b5569232559e3d385fea5a93112/library/core/src/fmt/mod.rs:1120:17
[INFO] [stdout]    6:     0x55858005bc9f - std::io::Write::write_fmt::h040b369f3a0f9cbc
[INFO] [stdout]                                at /rustc/82e1608dfa6e0b5569232559e3d385fea5a93112/library/std/src/io/mod.rs:1762:15
[INFO] [stdout]    7:     0x55858005efc4 - std::sys_common::backtrace::_print::h894006fb5c6f3d45
[INFO] [stdout]                                at /rustc/82e1608dfa6e0b5569232559e3d385fea5a93112/library/std/src/sys_common/backtrace.rs:47:5
[INFO] [stdout]    8:     0x55858005efc4 - std::sys_common::backtrace::print::h23a2d212c6fff936
[INFO] [stdout]                                at /rustc/82e1608dfa6e0b5569232559e3d385fea5a93112/library/std/src/sys_common/backtrace.rs:34:9
[INFO] [stdout]    9:     0x558580060c87 - std::panicking::default_hook::{{closure}}::h8a1d2ee00185001a
[INFO] [stdout]   10:     0x558580060973 - std::panicking::default_hook::h6038f2eba384e475
[INFO] [stdout]                                at /rustc/82e1608dfa6e0b5569232559e3d385fea5a93112/library/std/src/panicking.rs:289:9
[INFO] [stdout]   11:     0x55857ffc4e67 - <alloc::boxed::Box<F,A> as core::ops::function::Fn<Args>>::call::h0ad024c9bdc6d768
[INFO] [stdout]                                at /rustc/82e1608dfa6e0b5569232559e3d385fea5a93112/library/alloc/src/boxed.rs:2021:9
[INFO] [stdout]   12:     0x55857ffc4e67 - test::test_main::{{closure}}::h7500b54257359db6
[INFO] [stdout]                                at /rustc/82e1608dfa6e0b5569232559e3d385fea5a93112/library/test/src/lib.rs:138:21
[INFO] [stdout]   13:     0x558580061298 - <alloc::boxed::Box<F,A> as core::ops::function::Fn<Args>>::call::h1f8f335eaa9cfaee
[INFO] [stdout]                                at /rustc/82e1608dfa6e0b5569232559e3d385fea5a93112/library/alloc/src/boxed.rs:2021:9
[INFO] [stdout]   14:     0x558580061298 - std::panicking::rust_panic_with_hook::h2b5517d590cab22e
[INFO] [stdout]                                at /rustc/82e1608dfa6e0b5569232559e3d385fea5a93112/library/std/src/panicking.rs:783:13
[INFO] [stdout]   15:     0x558580060fee - std::panicking::begin_panic_handler::{{closure}}::h233112c06e0ef43e
[INFO] [stdout]                                at /rustc/82e1608dfa6e0b5569232559e3d385fea5a93112/library/std/src/panicking.rs:657:13
[INFO] [stdout]   16:     0x55858005f6a6 - std::sys_common::backtrace::__rust_end_short_backtrace::h6e893f24d7ebbff8
[INFO] [stdout]                                at /rustc/82e1608dfa6e0b5569232559e3d385fea5a93112/library/std/src/sys_common/backtrace.rs:170:18
[INFO] [stdout]   17:     0x558580060d52 - rust_begin_unwind
[INFO] [stdout]                                at /rustc/82e1608dfa6e0b5569232559e3d385fea5a93112/library/std/src/panicking.rs:645:5
[INFO] [stdout]   18:     0x55857fb775f5 - core::panicking::panic_fmt::hbf0e066aabfa482c
[INFO] [stdout]                                at /rustc/82e1608dfa6e0b5569232559e3d385fea5a93112/library/core/src/panicking.rs:72:14
[INFO] [stdout]   19:     0x55857fb77bc3 - core::result::unwrap_failed::hddb4fea594200c52
[INFO] [stdout]                                at /rustc/82e1608dfa6e0b5569232559e3d385fea5a93112/library/core/src/result.rs:1653:5
[INFO] [stdout]   20:     0x55857fb88dfc - core::result::Result<T,E>::unwrap::hf93d8c593c1bf719
[INFO] [stdout]                                at /rustc/82e1608dfa6e0b5569232559e3d385fea5a93112/library/core/src/result.rs:1077:23
[INFO] [stdout]   21:     0x55857fb8492b - json::parse_json::{{closure}}::h3694e6044656db6c
[INFO] [stdout]                                at /opt/rustwide/workdir/tests/json.rs:72:9
[INFO] [stdout]   22:     0x55857fb8ef31 - insta::glob::glob_exec::{{closure}}::hc1cc7011cc143bff
[INFO] [stdout]                                at /opt/rustwide/cargo-home/registry/src/index.crates.io-6f17d22bba15001f/insta-1.34.0/src/glob.rs:106:13
[INFO] [stdout]   23:     0x55857fb8984e - insta::settings::Settings::bind::h69bba7733f14bf01
[INFO] [stdout]                                at /opt/rustwide/cargo-home/registry/src/index.crates.io-6f17d22bba15001f/insta-1.34.0/src/settings.rs:510:9
[INFO] [stdout]   24:     0x55857fb8eb8a - insta::glob::glob_exec::hc3a2552cac50c982
[INFO] [stdout]                                at /opt/rustwide/cargo-home/registry/src/index.crates.io-6f17d22bba15001f/insta-1.34.0/src/glob.rs:105:9
[INFO] [stdout]   25:     0x55857fb84489 - json::parse_json::h8a4c1f4a28192726
[INFO] [stdout]                                at /opt/rustwide/workdir/tests/json.rs:66:5
[INFO] [stdout]   26:     0x55857fb840b7 - json::parse_json::{{closure}}::hb088fc486fb635c7
[INFO] [stdout]                                at /opt/rustwide/workdir/tests/json.rs:65:16
[INFO] [stdout]   27:     0x55857fb86526 - core::ops::function::FnOnce::call_once::h650336fc826cbf6a
[INFO] [stdout]                                at /rustc/82e1608dfa6e0b5569232559e3d385fea5a93112/library/core/src/ops/function.rs:250:5
[INFO] [stdout]   28:     0x55857ffca4bf - core::ops::function::FnOnce::call_once::h2b5d431d5046312d
[INFO] [stdout]                                at /rustc/82e1608dfa6e0b5569232559e3d385fea5a93112/library/core/src/ops/function.rs:250:5
[INFO] [stdout]   29:     0x55857ffca4bf - test::__rust_begin_short_backtrace::h7714669af176e207
[INFO] [stdout]                                at /rustc/82e1608dfa6e0b5569232559e3d385fea5a93112/library/test/src/lib.rs:628:18
[INFO] [stdout]   30:     0x55857ffc94d5 - test::run_test_in_process::{{closure}}::h85218797dcbcec12
[INFO] [stdout]                                at /rustc/82e1608dfa6e0b5569232559e3d385fea5a93112/library/test/src/lib.rs:651:60
[INFO] [stdout]   31:     0x55857ffc94d5 - <core::panic::unwind_safe::AssertUnwindSafe<F> as core::ops::function::FnOnce<()>>::call_once::h76c106ea31c14d7b
[INFO] [stdout]                                at /rustc/82e1608dfa6e0b5569232559e3d385fea5a93112/library/core/src/panic/unwind_safe.rs:272:9
[INFO] [stdout]   32:     0x55857ffc94d5 - std::panicking::try::do_call::h3bd5d0f6620ee946
[INFO] [stdout]                                at /rustc/82e1608dfa6e0b5569232559e3d385fea5a93112/library/std/src/panicking.rs:552:40
[INFO] [stdout]   33:     0x55857ffc94d5 - std::panicking::try::h232e535e4744fe31
[INFO] [stdout]                                at /rustc/82e1608dfa6e0b5569232559e3d385fea5a93112/library/std/src/panicking.rs:516:19
[INFO] [stdout]   34:     0x55857ffc94d5 - std::panic::catch_unwind::h3ce3bd6ca8dbac68
[INFO] [stdout]                                at /rustc/82e1608dfa6e0b5569232559e3d385fea5a93112/library/std/src/panic.rs:142:14
[INFO] [stdout]   35:     0x55857ffc94d5 - test::run_test_in_process::hc97b257c9621286a
[INFO] [stdout]                                at /rustc/82e1608dfa6e0b5569232559e3d385fea5a93112/library/test/src/lib.rs:651:27
[INFO] [stdout]   36:     0x55857ffc94d5 - test::run_test::{{closure}}::h2aa798823a438d38
[INFO] [stdout]                                at /rustc/82e1608dfa6e0b5569232559e3d385fea5a93112/library/test/src/lib.rs:574:43
[INFO] [stdout]   37:     0x55857ff91796 - test::run_test::{{closure}}::h87d231c78fb59832
[INFO] [stdout]                                at /rustc/82e1608dfa6e0b5569232559e3d385fea5a93112/library/test/src/lib.rs:602:41
[INFO] [stdout]   38:     0x55857ff91796 - std::sys_common::backtrace::__rust_begin_short_backtrace::he6df152596625789
[INFO] [stdout]                                at /rustc/82e1608dfa6e0b5569232559e3d385fea5a93112/library/std/src/sys_common/backtrace.rs:154:18
[INFO] [stdout]   39:     0x55857ff96847 - std::thread::Builder::spawn_unchecked_::{{closure}}::{{closure}}::ha94be15d1e0acf36
[INFO] [stdout]                                at /rustc/82e1608dfa6e0b5569232559e3d385fea5a93112/library/std/src/thread/mod.rs:529:17
[INFO] [stdout]   40:     0x55857ff96847 - <core::panic::unwind_safe::AssertUnwindSafe<F> as core::ops::function::FnOnce<()>>::call_once::h9dc6bd6372f16606
[INFO] [stdout]                                at /rustc/82e1608dfa6e0b5569232559e3d385fea5a93112/library/core/src/panic/unwind_safe.rs:272:9
[INFO] [stdout]   41:     0x55857ff96847 - std::panicking::try::do_call::h9057517f80303cd4
[INFO] [stdout]                                at /rustc/82e1608dfa6e0b5569232559e3d385fea5a93112/library/std/src/panicking.rs:552:40
[INFO] [stdout]   42:     0x55857ff96847 - std::panicking::try::he3a30b11ee45340c
[INFO] [stdout]                                at /rustc/82e1608dfa6e0b5569232559e3d385fea5a93112/library/std/src/panicking.rs:516:19
[INFO] [stdout]   43:     0x55857ff96847 - std::panic::catch_unwind::h410458cfd3528b8b
[INFO] [stdout]                                at /rustc/82e1608dfa6e0b5569232559e3d385fea5a93112/library/std/src/panic.rs:142:14
[INFO] [stdout]   44:     0x55857ff96847 - std::thread::Builder::spawn_unchecked_::{{closure}}::h72ac3bdb567b737b
[INFO] [stdout]                                at /rustc/82e1608dfa6e0b5569232559e3d385fea5a93112/library/std/src/thread/mod.rs:528:30
[INFO] [stdout]   45:     0x55857ff96847 - core::ops::function::FnOnce::call_once{{vtable.shim}}::h38f34da3654a8344
[INFO] [stdout]                                at /rustc/82e1608dfa6e0b5569232559e3d385fea5a93112/library/core/src/ops/function.rs:250:5
[INFO] [stdout]   46:     0x5585800666c5 - <alloc::boxed::Box<F,A> as core::ops::function::FnOnce<Args>>::call_once::hc7eafaff61e32df9
[INFO] [stdout]                                at /rustc/82e1608dfa6e0b5569232559e3d385fea5a93112/library/alloc/src/boxed.rs:2007:9
[INFO] [stdout]   47:     0x5585800666c5 - <alloc::boxed::Box<F,A> as core::ops::function::FnOnce<Args>>::call_once::h6ba4a5de48dd2304
[INFO] [stdout]                                at /rustc/82e1608dfa6e0b5569232559e3d385fea5a93112/library/alloc/src/boxed.rs:2007:9
[INFO] [stdout]   48:     0x5585800666c5 - std::sys::unix::thread::Thread::new::thread_start::he469335aef763e45
[INFO] [stdout]                                at /rustc/82e1608dfa6e0b5569232559e3d385fea5a93112/library/std/src/sys/unix/thread.rs:108:17
[INFO] [stdout]   49:     0x7f484359eac3 - <unknown>
[INFO] [stdout]   50:     0x7f484362fbf4 - __clone
[INFO] [stdout]   51:                0x0 - <unknown>
[INFO] [stdout] 
[INFO] [stdout] 
[INFO] [stdout] failures:
[INFO] [stdout]     parse_json
[INFO] [stdout] 
[INFO] [stdout] test result: FAILED. 0 passed; 1 failed; 0 ignored; 0 measured; 0 filtered out; finished in 1.27s
[INFO] [stdout] 
[INFO] [stderr] error: test failed, to rerun pass `--test json`
[INFO] running `Command { std: "docker" "inspect" "d0ee9905a6b5d2764ea5a221ed2ae62495a58cc6e47d61d9c2e9394210cb14d9", kill_on_drop: false }`
[INFO] running `Command { std: "docker" "rm" "-f" "d0ee9905a6b5d2764ea5a221ed2ae62495a58cc6e47d61d9c2e9394210cb14d9", kill_on_drop: false }`
[INFO] [stdout] d0ee9905a6b5d2764ea5a221ed2ae62495a58cc6e47d61d9c2e9394210cb14d9
